{"id":265462,"date":"2026-04-01T23:21:23","date_gmt":"2026-04-02T05:21:23","guid":{"rendered":"https:\/\/compuviper.mx\/tienda\/producto\/lg-wp601-b-player-para-sealizacion-digital-inteligente-webos-6-0-reproduccin-de-video-ultra-hd-experiencia-de-usuario-intuitiva\/"},"modified":"2026-04-01T23:21:23","modified_gmt":"2026-04-02T05:21:23","slug":"lg-wp601-b-player-para-sealizacion-digital-inteligente-webos-6-0-reproduccin-de-video-ultra-hd-experiencia-de-usuario-intuitiva","status":"publish","type":"product","link":"https:\/\/compuviper.mx\/tienda\/producto\/lg-wp601-b-player-para-sealizacion-digital-inteligente-webos-6-0-reproduccin-de-video-ultra-hd-experiencia-de-usuario-intuitiva\/","title":{"rendered":"Lg Wp601-b Player  Para Se?alizacion Digital Inteligente  Webos 6.0; Reproducci?n De Video Ultra Hd; Experiencia De Usuario Intuitiva"},"content":{"rendered":"<table class=\"descripcion\">\n<tr>\n<td>Conectividad<\/td>\n<\/tr>\n<tr>\n<td>Entrada hdmi<\/td>\n<\/tr>\n<tr>\n<td>O(2), hdcp2.2<\/td>\n<\/tr>\n<tr>\n<td>Dp in<\/td>\n<\/tr>\n<tr>\n<td>O(1), hdcp1.3<\/td>\n<\/tr>\n<tr>\n<td>Entrada rs232c<\/td>\n<\/tr>\n<tr>\n<td>O(1), conector telef\u00f3nico<\/td>\n<\/tr>\n<tr>\n<td>Entrada rj45 (lan)<\/td>\n<\/tr>\n<tr>\n<td>O(1)<\/td>\n<\/tr>\n<tr>\n<td>Entrada de infrarrojos<\/td>\n<\/tr>\n<tr>\n<td>O(1), conector telef\u00f3nico<\/td>\n<\/tr>\n<tr>\n<td>Entrada usb<\/td>\n<\/tr>\n<tr>\n<td>Usb 2.0 tipo a (2)<\/td>\n<\/tr>\n<tr>\n<td>Salida de hdmi<\/td>\n<\/tr>\n<tr>\n<td>O(1), fhd o uhd (4k, 60)<\/td>\n<\/tr>\n<tr>\n<td>Salida de dp<\/td>\n<\/tr>\n<tr>\n<td>O(1), sst, solo encadenamiento de margaritas (entrada: dp)<\/td>\n<\/tr>\n<tr>\n<td>Salida rs232c<\/td>\n<\/tr>\n<tr>\n<td>O(1, conector telef\u00f3nico)<\/td>\n<\/tr>\n<tr>\n<td>Especificaciones mec\u00e1nicas<\/td>\n<\/tr>\n<tr>\n<td>Color del marco<\/td>\n<\/tr>\n<tr>\n<td>Negra<\/td>\n<\/tr>\n<tr>\n<td>Peso (cabezal)<\/td>\n<\/tr>\n<tr>\n<td>1,12 kg<\/td>\n<\/tr>\n<tr>\n<td>Peso empaquetado<\/td>\n<\/tr>\n<tr>\n<td>2.01 kg<\/td>\n<\/tr>\n<tr>\n<td>Dimensiones del monitor (ancho x alto x profundidad)<\/td>\n<\/tr>\n<tr>\n<td>258 x 36.5 x 186 mm<\/td>\n<\/tr>\n<tr>\n<td>Dimensiones de la caja (ancho x alto x profundidad)<\/td>\n<\/tr>\n<tr>\n<td>339 x 124 x 314 mm<\/td>\n<\/tr>\n<tr>\n<td>Caracter\u00edstica \u0096 hardware<\/td>\n<\/tr>\n<tr>\n<td>Memoria interna (emmc)<\/td>\n<\/tr>\n<tr>\n<td>8 gb<\/td>\n<\/tr>\n<tr>\n<td>Wi-fi\/bt (incorporado)<\/td>\n<\/tr>\n<tr>\n<td>Si<\/td>\n<\/tr>\n<tr>\n<td>Sensor de temperatura<\/td>\n<\/tr>\n<tr>\n<td>Si<\/td>\n<\/tr>\n<tr>\n<td>Llave local de operaci\u00f3n<\/td>\n<\/tr>\n<tr>\n<td>Si<\/td>\n<\/tr>\n<tr>\n<td>Caracter\u00edstica \u0096 software<\/td>\n<\/tr>\n<tr>\n<td>Versi\u00f3n del sistema operativo (webos)<\/td>\n<\/tr>\n<tr>\n<td>Webos 6.0<\/td>\n<\/tr>\n<tr>\n<td>Programaci\u00f3n de contenidos locales<\/td>\n<\/tr>\n<tr>\n<td>Si<\/td>\n<\/tr>\n<tr>\n<td>Usb plug  and  play<\/td>\n<\/tr>\n<tr>\n<td>Si<\/td>\n<\/tr>\n<tr>\n<td>Imagen sin se\u00f1al<\/td>\n<\/tr>\n<tr>\n<td>Si<\/td>\n<\/tr>\n<tr>\n<td>Sincronizaci\u00f3n de red local<\/td>\n<\/tr>\n<tr>\n<td>Si<\/td>\n<\/tr>\n<tr>\n<td>Pip<\/td>\n<\/tr>\n<tr>\n<td>Si<\/td>\n<\/tr>\n<tr>\n<td>Compartir pantalla<\/td>\n<\/tr>\n<tr>\n<td>Si<\/td>\n<\/tr>\n<tr>\n<td>Etiqueta de video<\/td>\n<\/tr>\n<tr>\n<td>Si (4)<\/td>\n<\/tr>\n<tr>\n<td>Reproducir v\u00eda url<\/td>\n<\/tr>\n<tr>\n<td>Si<\/td>\n<\/tr>\n<tr>\n<td>Rotaci\u00f3n de pantalla<\/td>\n<\/tr>\n<tr>\n<td>Si<\/td>\n<\/tr>\n<tr>\n<td>Rotaci\u00f3n de entrada externa<\/td>\n<\/tr>\n<tr>\n<td>Si<\/td>\n<\/tr>\n<tr>\n<td>Configuraci\u00f3n del modo mosaico<\/td>\n<\/tr>\n<tr>\n<td>Si (max. 15 x 15)<\/td>\n<\/tr>\n<tr>\n<td>Configuraci\u00f3n de clonaci\u00f3n de datos<\/td>\n<\/tr>\n<tr>\n<td>Si (rs-232c, network, usb)<\/td>\n<\/tr>\n<tr>\n<td>Snmp<\/td>\n<\/tr>\n<tr>\n<td>Si<\/td>\n<\/tr>\n<tr>\n<td>M\u00e9todo ism<\/td>\n<\/tr>\n<tr>\n<td>Si<\/td>\n<\/tr>\n<tr>\n<td>Estado del env\u00edo<\/td>\n<\/tr>\n<tr>\n<td>Si<\/td>\n<\/tr>\n<tr>\n<td>Despertador en lan<\/td>\n<\/tr>\n<tr>\n<td>Si<\/td>\n<\/tr>\n<tr>\n<td>Faro<\/td>\n<\/tr>\n<tr>\n<td>Si<\/td>\n<\/tr>\n<tr>\n<td>Hdmi-cec<\/td>\n<\/tr>\n<tr>\n<td>Si (hdmi out)<\/td>\n<\/tr>\n<tr>\n<td>Configuraci\u00f3n del servidor de si<\/td>\n<\/tr>\n<tr>\n<td>Si<\/td>\n<\/tr>\n<tr>\n<td>Webrtc<\/td>\n<\/tr>\n<tr>\n<td>Si<\/td>\n<\/tr>\n<tr>\n<td>Pro:idiom<\/td>\n<\/tr>\n<tr>\n<td>Si (4)<\/td>\n<\/tr>\n<tr>\n<td>Condiciones ambientales<\/td>\n<\/tr>\n<tr>\n<td>Temperatura de funcionamiento<\/td>\n<\/tr>\n<tr>\n<td>0 \u00b0c a 40 \u00b0c<\/td>\n<\/tr>\n<tr>\n<td>Humedad de funcionamiento<\/td>\n<\/tr>\n<tr>\n<td>10 % a 80 %<\/td>\n<\/tr>\n<\/table>\n","protected":false},"excerpt":{"rendered":"<p>La plataforma de se\u00f1alizaci\u00f3n inteligente f\u00e1cil de usar. La caja wp601 webos funciona con webos 6.0, la plataforma de se\u00f1alizaci\u00f3n inteligente de lg f\u00e1cil de usar, y se conecta a las se\u00f1alizaciones digitales lg existentes y las actualiza independientemente de su plataforma original. Puede ejecutar varias tareas a la vez mientras proporciona una reproducci\u00f3n fluida del contenido, y ofrece una excelente experiencia de usuario con un men\u00fa intuitivo y funciones pr\u00e1cticas. Plataforma de se\u00f1alizaci\u00f3n inteligente webos 6.0. El wp601 se puede aplicar a cualquier tipo de se\u00f1alizaci\u00f3n digital lg. La caja webos ofrece funciones f\u00e1ciles de usar con men\u00fas espec\u00edficos esenciales para el uso empresarial. De esta manera, los usuarios pueden gestionar y distribuir f\u00e1cilmente contenidos o desarrollar aplicaciones basadas en la web para m\u00faltiples se\u00f1alizaciones simult\u00e1neamente. Adem\u00e1s, el wp601 ha ampliado su vers\u00e1til capacidad para controlar pantallas. Compatibilidad con reproducci\u00f3n de video uhd. El wp601 es compatible con la reproducci\u00f3n de video ultra hd de alta calidad, que ofrece colores y detalles vivos, con una definici\u00f3n cuatro veces superior a la de fhd. Solo se necesita un \u00fanico dispositivo webos para disfrutar de esta calidad de imagen superior. Capacidad de control de la pantalla. M\u00e1s all\u00e1 de la gesti\u00f3n de contenidos, los comandos de control del wp601 se pueden enviar a los letreros digitales lg a trav\u00e9s de la conexi\u00f3n por cable rs-232c. Esto permite a los usuarios configurar de manera flexible valores de visualizaci\u00f3n como la potencia, el brillo o el volumen para un funcionamiento \u00f3ptimo. Men\u00fa principal todo en uno. El wp601 ofrece un men\u00fa de inicio espec\u00edfico para se\u00f1alizaci\u00f3n que muestra de un vistazo la informaci\u00f3n clave relacionada con el funcionamiento de la se\u00f1alizaci\u00f3n. Un panel de control que muestra el estado de los dispositivos, un men\u00fa de gesti\u00f3n de contenidos y accesos directos que permiten acceder r\u00e1pidamente a los ajustes mejoran considerablemente la comodidad del usuario. Gesti\u00f3n de contenido integrado. El cms (sistema de gesti\u00f3n de contenidos) integrado permite a los usuarios editar contenidos utilizando fuentes internas\/externas y configurar listas de reproducci\u00f3n para que se reproduzcan en el horario deseado. Los usuarios pueden explorar y gestionar f\u00e1cilmente los contenidos a trav\u00e9s de la intuitiva interfaz gr\u00e1fica de usuario, utilizando diversos dispositivos de entrada, desde un control remoto hasta una computadora port\u00e1til. Etiquetas de v\u00eddeo m\u00faltiples. Se pueden reproducir varios videos diferentes al mismo tiempo utilizando la funci\u00f3n de etiquetas multivideo. Esto le ofrece una gran flexibilidad para organizar e implementar contenido cuando es necesario distribuir varios elementos de contenido simult\u00e1neamente a trav\u00e9s de aplicaciones web. Pantalla m\u00faltiple con pbp\/pip. Pbp (picture-by-picture) ofrece m\u00faltiples pantallas en una sola pantalla con hasta 4 fuentes de entrada, mientras que pip (picture-in-picture) permite reproducir la pantalla principal y la pantalla secundaria al mismo tiempo con varios dise\u00f1os. Esto ofrece una gran flexibilidad para asignar espacio a cada fuente de contenido. Compatibilidad con las soluciones lg supersign. Lg supersign es una soluci\u00f3n de software completa e indispensable para la gesti\u00f3n integrada de los letreros digitales de lg. Con supersign, la creaci\u00f3n y distribuci\u00f3n de contenido se vuelve intuitiva y la supervisi\u00f3n y el control centralizados se simplifican, lo que ayuda a su empresa a ahorrar tiempo y a operar de manera eficaz en diferentes ubicaciones. Lg connectedcare en tiempo real. El mantenimiento es f\u00e1cil y r\u00e1pido con el servicio opcional lg connectedcare, una soluci\u00f3n de servicio en la nube proporcionada por lg. Gestiona de forma remota el estado de las pantallas en los lugares de trabajo de los clientes para el diagn\u00f3stico de fallos y los servicios de control remoto, lo que permite el funcionamiento estable de los negocios de los clientes.<\/p>\n","protected":false},"featured_media":0,"comment_status":"open","ping_status":"open","template":"","meta":[],"product_cat":[1485,2041],"product_tag":[1687],"acf":[],"yoast_head":"<!-- This site is optimized with the Yoast SEO plugin v21.7 - https:\/\/yoast.com\/wordpress\/plugins\/seo\/ -->\n<title>[ Lg ] &#129351; Wp601-b Player Para Se\u00f1alizacion Digital Inteligente Webos 6.0; Reproducci\u00f3n De Video Ultra Hd; Experiencia De Usuario Intuitiva<\/title>\n<meta name=\"description\" content=\"Compra Wp601-b Player Para Se\u00f1alizacion Digital Inteligente Webos 6.0; Reproducci\u00f3n De Video Ultra Hd; Experiencia De Usuario Intuitiva + Env\u00edo a domicilio + Pago seguro + Garant\u00eda\" \/>\n<meta name=\"robots\" content=\"index, follow, max-snippet:-1, max-image-preview:large, max-video-preview:-1\" \/>\n<link rel=\"canonical\" href=\"https:\/\/compuviper.mx\/tienda\/producto\/lg-wp601-b-player-para-sealizacion-digital-inteligente-webos-6-0-reproduccin-de-video-ultra-hd-experiencia-de-usuario-intuitiva\/\" \/>\n<meta property=\"og:locale\" content=\"es_MX\" \/>\n<meta property=\"og:type\" content=\"article\" \/>\n<meta property=\"og:title\" content=\"[ Lg ] &#129351; Wp601-b Player Para Se\u00f1alizacion Digital Inteligente Webos 6.0; Reproducci\u00f3n De Video Ultra Hd; Experiencia De Usuario Intuitiva\" \/>\n<meta property=\"og:description\" content=\"Compra Wp601-b Player Para Se\u00f1alizacion Digital Inteligente Webos 6.0; Reproducci\u00f3n De Video Ultra Hd; Experiencia De Usuario Intuitiva + Env\u00edo a domicilio + Pago seguro + Garant\u00eda\" \/>\n<meta property=\"og:url\" content=\"https:\/\/compuviper.mx\/tienda\/producto\/lg-wp601-b-player-para-sealizacion-digital-inteligente-webos-6-0-reproduccin-de-video-ultra-hd-experiencia-de-usuario-intuitiva\/\" \/>\n<meta property=\"og:site_name\" content=\"Compuviper\" \/>\n<meta property=\"article:publisher\" content=\"https:\/\/www.facebook.com\/compuviper\" \/>\n<meta name=\"twitter:card\" content=\"summary_large_image\" \/>\n<meta name=\"twitter:label1\" content=\"Precio\" \/>\n\t<meta name=\"twitter:data1\" content=\"&#36;5,693 con IVA\" \/>\n\t<meta name=\"twitter:label2\" content=\"Availability\" \/>\n\t<meta name=\"twitter:data2\" content=\"In stock\" \/>\n<script type=\"application\/ld+json\" class=\"yoast-schema-graph\">{\"@context\":\"https:\/\/schema.org\",\"@graph\":[{\"@type\":\"WebPage\",\"@id\":\"https:\/\/compuviper.mx\/tienda\/producto\/lg-wp601-b-player-para-sealizacion-digital-inteligente-webos-6-0-reproduccin-de-video-ultra-hd-experiencia-de-usuario-intuitiva\/\",\"url\":\"https:\/\/compuviper.mx\/tienda\/producto\/lg-wp601-b-player-para-sealizacion-digital-inteligente-webos-6-0-reproduccin-de-video-ultra-hd-experiencia-de-usuario-intuitiva\/\",\"name\":\"[ Lg ] &#129351; Wp601-b Player Para Se\u00f1alizacion Digital Inteligente Webos 6.0; Reproducci\u00f3n De Video Ultra Hd; Experiencia De Usuario Intuitiva\",\"isPartOf\":{\"@id\":\"https:\/\/compuviper.mx\/tienda\/#website\"},\"datePublished\":\"2026-04-02T05:21:23+00:00\",\"dateModified\":\"2026-04-02T05:21:23+00:00\",\"description\":\"Compra Wp601-b Player Para Se\u00f1alizacion Digital Inteligente Webos 6.0; Reproducci\u00f3n De Video Ultra Hd; Experiencia De Usuario Intuitiva + Env\u00edo a domicilio + Pago seguro + Garant\u00eda\",\"breadcrumb\":{\"@id\":\"https:\/\/compuviper.mx\/tienda\/producto\/lg-wp601-b-player-para-sealizacion-digital-inteligente-webos-6-0-reproduccin-de-video-ultra-hd-experiencia-de-usuario-intuitiva\/#breadcrumb\"},\"inLanguage\":\"es-MX\",\"potentialAction\":[{\"@type\":\"ReadAction\",\"target\":[\"https:\/\/compuviper.mx\/tienda\/producto\/lg-wp601-b-player-para-sealizacion-digital-inteligente-webos-6-0-reproduccin-de-video-ultra-hd-experiencia-de-usuario-intuitiva\/\"]}]},{\"@type\":\"BreadcrumbList\",\"@id\":\"https:\/\/compuviper.mx\/tienda\/producto\/lg-wp601-b-player-para-sealizacion-digital-inteligente-webos-6-0-reproduccin-de-video-ultra-hd-experiencia-de-usuario-intuitiva\/#breadcrumb\",\"itemListElement\":[{\"@type\":\"ListItem\",\"position\":1,\"name\":\"Inicio\",\"item\":\"https:\/\/compuviper.mx\/tienda\/\"},{\"@type\":\"ListItem\",\"position\":2,\"name\":\"Productos\",\"item\":\"https:\/\/compuviper.mx\/tienda\/productos\/\"},{\"@type\":\"ListItem\",\"position\":3,\"name\":\"Accesorios\",\"item\":\"https:\/\/compuviper.mx\/tienda\/categoria-producto\/accesorios\/\"},{\"@type\":\"ListItem\",\"position\":4,\"name\":\"Player Para Se?alizacion Digital\",\"item\":\"https:\/\/compuviper.mx\/tienda\/categoria-producto\/accesorios\/player-para-sealizacion-digital\/\"},{\"@type\":\"ListItem\",\"position\":5,\"name\":\"Lg Wp601-b Player Para Se?alizacion Digital Inteligente Webos 6.0; Reproducci?n De Video Ultra Hd; Experiencia De Usuario Intuitiva\"}]},{\"@type\":\"WebSite\",\"@id\":\"https:\/\/compuviper.mx\/tienda\/#website\",\"url\":\"https:\/\/compuviper.mx\/tienda\/\",\"name\":\"Compuviper\",\"description\":\"Proveedor de Computadoras, Laptops, Servidores, Monitores, Puntos de Venta, Teclados,   Impresoras, T\u00f3ner, C\u00e1maras de Seguridad y m\u00e1s en tu tienda en l\u00ednea\",\"publisher\":{\"@id\":\"https:\/\/compuviper.mx\/tienda\/#organization\"},\"potentialAction\":[{\"@type\":\"SearchAction\",\"target\":{\"@type\":\"EntryPoint\",\"urlTemplate\":\"https:\/\/compuviper.mx\/tienda\/?s={search_term_string}\"},\"query-input\":\"required name=search_term_string\"}],\"inLanguage\":\"es-MX\"},{\"@type\":\"Organization\",\"@id\":\"https:\/\/compuviper.mx\/tienda\/#organization\",\"name\":\"Compuviper\",\"url\":\"https:\/\/compuviper.mx\/tienda\/\",\"logo\":{\"@type\":\"ImageObject\",\"inLanguage\":\"es-MX\",\"@id\":\"https:\/\/compuviper.mx\/tienda\/#\/schema\/logo\/image\/\",\"url\":\"https:\/\/compuviper.mx\/tienda\/wp-content\/uploads\/2021\/08\/Logo-Compuviper-10.png\",\"contentUrl\":\"https:\/\/compuviper.mx\/tienda\/wp-content\/uploads\/2021\/08\/Logo-Compuviper-10.png\",\"width\":1000,\"height\":500,\"caption\":\"Compuviper\"},\"image\":{\"@id\":\"https:\/\/compuviper.mx\/tienda\/#\/schema\/logo\/image\/\"},\"sameAs\":[\"https:\/\/www.facebook.com\/compuviper\",\"https:\/\/www.youtube.com\/channel\/UCf73dERp9Y3cfOq7q8BhLjA?view_as=subscriber\"]}]}<\/script>\n<meta property=\"product:brand\" content=\"LG\" \/>\n<meta property=\"product:price:amount\" content=\"5693\" \/>\n<meta property=\"product:price:currency\" content=\"MXN\" \/>\n<meta property=\"og:availability\" content=\"instock\" \/>\n<meta property=\"product:availability\" content=\"instock\" \/>\n<meta property=\"product:retailer_item_id\" content=\"WP601-B\" \/>\n<meta property=\"product:condition\" content=\"new\" \/>\n<!-- \/ Yoast SEO plugin. -->","yoast_head_json":{"title":"[ Lg ] &#129351; Wp601-b Player Para Se\u00f1alizacion Digital Inteligente Webos 6.0; Reproducci\u00f3n De Video Ultra Hd; Experiencia De Usuario Intuitiva","description":"Compra Wp601-b Player Para Se\u00f1alizacion Digital Inteligente Webos 6.0; Reproducci\u00f3n De Video Ultra Hd; Experiencia De Usuario Intuitiva + Env\u00edo a domicilio + Pago seguro + Garant\u00eda","robots":{"index":"index","follow":"follow","max-snippet":"max-snippet:-1","max-image-preview":"max-image-preview:large","max-video-preview":"max-video-preview:-1"},"canonical":"https:\/\/compuviper.mx\/tienda\/producto\/lg-wp601-b-player-para-sealizacion-digital-inteligente-webos-6-0-reproduccin-de-video-ultra-hd-experiencia-de-usuario-intuitiva\/","og_locale":"es_MX","og_type":"article","og_title":"[ Lg ] &#129351; Wp601-b Player Para Se\u00f1alizacion Digital Inteligente Webos 6.0; Reproducci\u00f3n De Video Ultra Hd; Experiencia De Usuario Intuitiva","og_description":"Compra Wp601-b Player Para Se\u00f1alizacion Digital Inteligente Webos 6.0; Reproducci\u00f3n De Video Ultra Hd; Experiencia De Usuario Intuitiva + Env\u00edo a domicilio + Pago seguro + Garant\u00eda","og_url":"https:\/\/compuviper.mx\/tienda\/producto\/lg-wp601-b-player-para-sealizacion-digital-inteligente-webos-6-0-reproduccin-de-video-ultra-hd-experiencia-de-usuario-intuitiva\/","og_site_name":"Compuviper","article_publisher":"https:\/\/www.facebook.com\/compuviper","twitter_card":"summary_large_image","twitter_misc":{"Precio":"&#36;5,693 con IVA","Availability":"In stock"},"schema":{"@context":"https:\/\/schema.org","@graph":[{"@type":"WebPage","@id":"https:\/\/compuviper.mx\/tienda\/producto\/lg-wp601-b-player-para-sealizacion-digital-inteligente-webos-6-0-reproduccin-de-video-ultra-hd-experiencia-de-usuario-intuitiva\/","url":"https:\/\/compuviper.mx\/tienda\/producto\/lg-wp601-b-player-para-sealizacion-digital-inteligente-webos-6-0-reproduccin-de-video-ultra-hd-experiencia-de-usuario-intuitiva\/","name":"[ Lg ] &#129351; Wp601-b Player Para Se\u00f1alizacion Digital Inteligente Webos 6.0; Reproducci\u00f3n De Video Ultra Hd; Experiencia De Usuario Intuitiva","isPartOf":{"@id":"https:\/\/compuviper.mx\/tienda\/#website"},"datePublished":"2026-04-02T05:21:23+00:00","dateModified":"2026-04-02T05:21:23+00:00","description":"Compra Wp601-b Player Para Se\u00f1alizacion Digital Inteligente Webos 6.0; Reproducci\u00f3n De Video Ultra Hd; Experiencia De Usuario Intuitiva + Env\u00edo a domicilio + Pago seguro + Garant\u00eda","breadcrumb":{"@id":"https:\/\/compuviper.mx\/tienda\/producto\/lg-wp601-b-player-para-sealizacion-digital-inteligente-webos-6-0-reproduccin-de-video-ultra-hd-experiencia-de-usuario-intuitiva\/#breadcrumb"},"inLanguage":"es-MX","potentialAction":[{"@type":"ReadAction","target":["https:\/\/compuviper.mx\/tienda\/producto\/lg-wp601-b-player-para-sealizacion-digital-inteligente-webos-6-0-reproduccin-de-video-ultra-hd-experiencia-de-usuario-intuitiva\/"]}]},{"@type":"BreadcrumbList","@id":"https:\/\/compuviper.mx\/tienda\/producto\/lg-wp601-b-player-para-sealizacion-digital-inteligente-webos-6-0-reproduccin-de-video-ultra-hd-experiencia-de-usuario-intuitiva\/#breadcrumb","itemListElement":[{"@type":"ListItem","position":1,"name":"Inicio","item":"https:\/\/compuviper.mx\/tienda\/"},{"@type":"ListItem","position":2,"name":"Productos","item":"https:\/\/compuviper.mx\/tienda\/productos\/"},{"@type":"ListItem","position":3,"name":"Accesorios","item":"https:\/\/compuviper.mx\/tienda\/categoria-producto\/accesorios\/"},{"@type":"ListItem","position":4,"name":"Player Para Se?alizacion Digital","item":"https:\/\/compuviper.mx\/tienda\/categoria-producto\/accesorios\/player-para-sealizacion-digital\/"},{"@type":"ListItem","position":5,"name":"Lg Wp601-b Player Para Se?alizacion Digital Inteligente Webos 6.0; Reproducci?n De Video Ultra Hd; Experiencia De Usuario Intuitiva"}]},{"@type":"WebSite","@id":"https:\/\/compuviper.mx\/tienda\/#website","url":"https:\/\/compuviper.mx\/tienda\/","name":"Compuviper","description":"Proveedor de Computadoras, Laptops, Servidores, Monitores, Puntos de Venta, Teclados,   Impresoras, T\u00f3ner, C\u00e1maras de Seguridad y m\u00e1s en tu tienda en l\u00ednea","publisher":{"@id":"https:\/\/compuviper.mx\/tienda\/#organization"},"potentialAction":[{"@type":"SearchAction","target":{"@type":"EntryPoint","urlTemplate":"https:\/\/compuviper.mx\/tienda\/?s={search_term_string}"},"query-input":"required name=search_term_string"}],"inLanguage":"es-MX"},{"@type":"Organization","@id":"https:\/\/compuviper.mx\/tienda\/#organization","name":"Compuviper","url":"https:\/\/compuviper.mx\/tienda\/","logo":{"@type":"ImageObject","inLanguage":"es-MX","@id":"https:\/\/compuviper.mx\/tienda\/#\/schema\/logo\/image\/","url":"https:\/\/compuviper.mx\/tienda\/wp-content\/uploads\/2021\/08\/Logo-Compuviper-10.png","contentUrl":"https:\/\/compuviper.mx\/tienda\/wp-content\/uploads\/2021\/08\/Logo-Compuviper-10.png","width":1000,"height":500,"caption":"Compuviper"},"image":{"@id":"https:\/\/compuviper.mx\/tienda\/#\/schema\/logo\/image\/"},"sameAs":["https:\/\/www.facebook.com\/compuviper","https:\/\/www.youtube.com\/channel\/UCf73dERp9Y3cfOq7q8BhLjA?view_as=subscriber"]}]},"product_brand":"LG","product_price_amount":"5693","product_price_currency":"MXN","og_availability":"instock","product_availability":"instock","product_retailer_item_id":"WP601-B","product_condition":"new"},"_links":{"self":[{"href":"https:\/\/compuviper.mx\/tienda\/wp-json\/wp\/v2\/product\/265462"}],"collection":[{"href":"https:\/\/compuviper.mx\/tienda\/wp-json\/wp\/v2\/product"}],"about":[{"href":"https:\/\/compuviper.mx\/tienda\/wp-json\/wp\/v2\/types\/product"}],"replies":[{"embeddable":true,"href":"https:\/\/compuviper.mx\/tienda\/wp-json\/wp\/v2\/comments?post=265462"}],"wp:attachment":[{"href":"https:\/\/compuviper.mx\/tienda\/wp-json\/wp\/v2\/media?parent=265462"}],"wp:term":[{"taxonomy":"product_cat","embeddable":true,"href":"https:\/\/compuviper.mx\/tienda\/wp-json\/wp\/v2\/product_cat?post=265462"},{"taxonomy":"product_tag","embeddable":true,"href":"https:\/\/compuviper.mx\/tienda\/wp-json\/wp\/v2\/product_tag?post=265462"}],"curies":[{"name":"wp","href":"https:\/\/api.w.org\/{rel}","templated":true}]}}