{"id":265352,"date":"2026-04-16T01:17:04","date_gmt":"2026-04-16T07:17:04","guid":{"rendered":"https:\/\/compuviper.mx\/tienda\/producto\/msi-thin-15-b13vf-2829us-portatil-gamer-thin-15-b13vf-15-6-fhd-144hz-intel-core-i5-13420h-hasta-4-6-ghz-ddr4-16gb-28gb-512gb-ssd-nvidia-rtx-4060-gddr6-8gb-win-11-home-teclado-en-ingl\/"},"modified":"2026-04-16T01:17:04","modified_gmt":"2026-04-16T07:17:04","slug":"msi-thin-15-b13vf-2829us-laptop-portatil-gamer-thin-15-b13vf-15-6-fhd-144hz-intel-core-i5-13420h-hasta-4-6-ghz-ddr4-16gb-28gb-512gb-ssd-nvidia-rtx-4060-gddr6-8gb-win-11-home-teclado","status":"publish","type":"product","link":"https:\/\/compuviper.mx\/tienda\/producto\/msi-thin-15-b13vf-2829us-laptop-portatil-gamer-thin-15-b13vf-15-6-fhd-144hz-intel-core-i5-13420h-hasta-4-6-ghz-ddr4-16gb-28gb-512gb-ssd-nvidia-rtx-4060-gddr6-8gb-win-11-home-teclado\/","title":{"rendered":"Msi Thin 15 B13vf-2829us Laptop Portatil Gamer  Thin 15 B13vf \/ 15.6 Fhd 144hz \/ Intel Core I5 13420h Hasta 4.6 Ghz \/ Ddr4 16gb (2*8gb) \/ 512gb Ssd \/ Nvidia Rtx 4060 Gddr6 8gb \/ Win 11 Home \/ Teclado En Ingles"},"content":{"rendered":"<table class=\"descripcion\">\n<tr>\n<td>Modelo thin 15 b13vf-2829us<\/td>\n<\/tr>\n<tr>\n<td>P\/n 9s7-16r831-2829<\/td>\n<\/tr>\n<tr>\n<td>Project code ms-16r8<\/td>\n<\/tr>\n<tr>\n<td>Color cosmos gray<\/td>\n<\/tr>\n<tr>\n<td>Pantalla 15.6 fhd (1920&#215;1080), 144hz 45%ntsc ips-level<\/td>\n<\/tr>\n<tr>\n<td>Resoluci\u00f3n \/ aspecto 1920&#215;1080<\/td>\n<\/tr>\n<tr>\n<td>G-sync na<\/td>\n<\/tr>\n<tr>\n<td>Cpu raptor lake core i5-13420h<\/td>\n<\/tr>\n<tr>\n<td>Frecuencia del cpu hasta 4.60 ghz<\/td>\n<\/tr>\n<tr>\n<td>Chipset integrated soc<\/td>\n<\/tr>\n<tr>\n<td>Lista para vr na<\/td>\n<\/tr>\n<tr>\n<td>Tarjeta de video nvidia geforce rtx 4060<\/td>\n<\/tr>\n<tr>\n<td>Vram 8gb gddr6<\/td>\n<\/tr>\n<tr>\n<td>Memoria en el sistema ddr4 16gb (8gb*2)<\/td>\n<\/tr>\n<tr>\n<td>Sodimm 2 sockets<\/td>\n<\/tr>\n<tr>\n<td>Hdd\/ssd 512gb ssd<\/td>\n<\/tr>\n<tr>\n<td>Format nvme pcie gen4<\/td>\n<\/tr>\n<tr>\n<td>Lector \u00f3ptico na<\/td>\n<\/tr>\n<tr>\n<td>Lan gb lan<\/td>\n<\/tr>\n<tr>\n<td>Wireless intel\u00ae wi-fi 6e ax211<\/td>\n<\/tr>\n<tr>\n<td>Bluetooth bt 5.3<\/td>\n<\/tr>\n<tr>\n<td>Lector de tarjetas na<\/td>\n<\/tr>\n<tr>\n<td>Salida hdmi hdmi\u0099 (4k @ 30hz)<\/td>\n<\/tr>\n<tr>\n<td>Mini-display port na<\/td>\n<\/tr>\n<tr>\n<td>Usb tipo c 1x type-c (usb3.2 gen1 \/ displayport\u0099)<\/td>\n<\/tr>\n<tr>\n<td>Usb 3 x type-a usb3.2 gen1<\/td>\n<\/tr>\n<tr>\n<td>Teclado single backlit keyboard (blue) (configuracion en ingles)<\/td>\n<\/tr>\n<tr>\n<td>Touch pad multi touch<\/td>\n<\/tr>\n<tr>\n<td>Entrada micr\u00f3fono \/ salida aud\u00edfono 1 mic in\/ 1 headphone out<\/td>\n<\/tr>\n<tr>\n<td>Bocinas speakers 2w*2<\/td>\n<\/tr>\n<tr>\n<td>Webcam hd type (30fps@720p)<\/td>\n<\/tr>\n<tr>\n<td>Bater\u00eda 3 cell , 52.4whr li-polymer<\/td>\n<\/tr>\n<tr>\n<td>Adaptador de corriente si 120w<\/td>\n<\/tr>\n<tr>\n<td>Sistema operativo win 11 home plus olc<\/td>\n<\/tr>\n<tr>\n<td>Energy star si<\/td>\n<\/tr>\n<tr>\n<td>Peso unidad 1.86 kg<\/td>\n<\/tr>\n<tr>\n<td>Dimensiones unidad 359 x 254 x 21.7 mm<\/td>\n<\/tr>\n<tr>\n<td>Dimensiones con caja 466 x 88 x 318 mm<\/td>\n<\/tr>\n<tr>\n<td>Peso total 3.3 kg<\/td>\n<\/tr>\n<tr>\n<td>Dimensiones totales 466 x 88 x 318 mm<\/td>\n<\/tr>\n<tr>\n<td>Unidades 1<\/td>\n<\/tr>\n<tr>\n<td>Upc 824142394977<\/td>\n<\/tr>\n<tr>\n<td>Ucc-14 00824142394977<\/td>\n<\/tr>\n<tr>\n<td>Garant\u00eda 1 a\u00f1o garant\u00eda limitada (mx)<\/td>\n<\/tr>\n<\/table>\n","protected":false},"excerpt":{"rendered":"<p>\u00a1aprovecha la potencia y experimenta el mundo de los videojuegos con libertad y rapidez con el thin 15!<\/p>\n","protected":false},"featured_media":0,"comment_status":"open","ping_status":"open","template":"","meta":[],"product_cat":[1886,1891],"product_tag":[1970],"acf":[],"yoast_head":"<!-- This site is optimized with the Yoast SEO plugin v21.7 - https:\/\/yoast.com\/wordpress\/plugins\/seo\/ -->\n<title>[ Msi ] &#129351; Thin 15 B13vf-2829us Laptop Portatil Gamer Thin 15 B13vf \/ 15.6 Fhd 144hz \/ Intel Core I5 13420h Hasta 4.6 Ghz \/ Ddr4 16gb (2*8gb) \/ 512gb Ssd \/ Nvidia Rtx 4060 Gddr6 8gb \/ Win 11 Home \/ Teclado En Ingles<\/title>\n<meta name=\"description\" content=\"Compra Thin 15 B13vf-2829us Laptop Portatil Gamer Thin 15 B13vf \/ 15.6 Fhd 144hz \/ Intel Core I5 13420h Hasta 4.6 Ghz \/ Ddr4 16gb (2*8gb) \/ 512gb Ssd \/ Nvidia Rtx 4060 Gddr6 8gb \/ Win 11 Home \/ Teclado En Ingles + Env\u00edo a domicilio + Pago seguro + Garant\u00eda\" \/>\n<meta name=\"robots\" content=\"index, follow, max-snippet:-1, max-image-preview:large, max-video-preview:-1\" \/>\n<link rel=\"canonical\" href=\"https:\/\/compuviper.mx\/tienda\/producto\/msi-thin-15-b13vf-2829us-laptop-portatil-gamer-thin-15-b13vf-15-6-fhd-144hz-intel-core-i5-13420h-hasta-4-6-ghz-ddr4-16gb-28gb-512gb-ssd-nvidia-rtx-4060-gddr6-8gb-win-11-home-teclado\/\" \/>\n<meta property=\"og:locale\" content=\"es_MX\" \/>\n<meta property=\"og:type\" content=\"article\" \/>\n<meta property=\"og:title\" content=\"[ Msi ] &#129351; Thin 15 B13vf-2829us Laptop Portatil Gamer Thin 15 B13vf \/ 15.6 Fhd 144hz \/ Intel Core I5 13420h Hasta 4.6 Ghz \/ Ddr4 16gb (2*8gb) \/ 512gb Ssd \/ Nvidia Rtx 4060 Gddr6 8gb \/ Win 11 Home \/ Teclado En Ingles\" \/>\n<meta property=\"og:description\" content=\"Compra Thin 15 B13vf-2829us Laptop Portatil Gamer Thin 15 B13vf \/ 15.6 Fhd 144hz \/ Intel Core I5 13420h Hasta 4.6 Ghz \/ Ddr4 16gb (2*8gb) \/ 512gb Ssd \/ Nvidia Rtx 4060 Gddr6 8gb \/ Win 11 Home \/ Teclado En Ingles + Env\u00edo a domicilio + Pago seguro + Garant\u00eda\" \/>\n<meta property=\"og:url\" content=\"https:\/\/compuviper.mx\/tienda\/producto\/msi-thin-15-b13vf-2829us-laptop-portatil-gamer-thin-15-b13vf-15-6-fhd-144hz-intel-core-i5-13420h-hasta-4-6-ghz-ddr4-16gb-28gb-512gb-ssd-nvidia-rtx-4060-gddr6-8gb-win-11-home-teclado\/\" \/>\n<meta property=\"og:site_name\" content=\"Compuviper\" \/>\n<meta property=\"article:publisher\" content=\"https:\/\/www.facebook.com\/compuviper\" \/>\n<meta name=\"twitter:card\" content=\"summary_large_image\" \/>\n<meta name=\"twitter:label1\" content=\"Precio\" \/>\n\t<meta name=\"twitter:data1\" content=\"&#36;16,185 con IVA\" \/>\n\t<meta name=\"twitter:label2\" content=\"Availability\" \/>\n\t<meta name=\"twitter:data2\" content=\"In stock\" \/>\n<script type=\"application\/ld+json\" class=\"yoast-schema-graph\">{\"@context\":\"https:\/\/schema.org\",\"@graph\":[{\"@type\":\"WebPage\",\"@id\":\"https:\/\/compuviper.mx\/tienda\/producto\/msi-thin-15-b13vf-2829us-laptop-portatil-gamer-thin-15-b13vf-15-6-fhd-144hz-intel-core-i5-13420h-hasta-4-6-ghz-ddr4-16gb-28gb-512gb-ssd-nvidia-rtx-4060-gddr6-8gb-win-11-home-teclado\/\",\"url\":\"https:\/\/compuviper.mx\/tienda\/producto\/msi-thin-15-b13vf-2829us-laptop-portatil-gamer-thin-15-b13vf-15-6-fhd-144hz-intel-core-i5-13420h-hasta-4-6-ghz-ddr4-16gb-28gb-512gb-ssd-nvidia-rtx-4060-gddr6-8gb-win-11-home-teclado\/\",\"name\":\"[ Msi ] &#129351; Thin 15 B13vf-2829us Laptop Portatil Gamer Thin 15 B13vf \/ 15.6 Fhd 144hz \/ Intel Core I5 13420h Hasta 4.6 Ghz \/ Ddr4 16gb (2*8gb) \/ 512gb Ssd \/ Nvidia Rtx 4060 Gddr6 8gb \/ Win 11 Home \/ Teclado En Ingles\",\"isPartOf\":{\"@id\":\"https:\/\/compuviper.mx\/tienda\/#website\"},\"datePublished\":\"2026-04-16T07:17:04+00:00\",\"dateModified\":\"2026-04-16T07:17:04+00:00\",\"description\":\"Compra Thin 15 B13vf-2829us Laptop Portatil Gamer Thin 15 B13vf \/ 15.6 Fhd 144hz \/ Intel Core I5 13420h Hasta 4.6 Ghz \/ Ddr4 16gb (2*8gb) \/ 512gb Ssd \/ Nvidia Rtx 4060 Gddr6 8gb \/ Win 11 Home \/ Teclado En Ingles + Env\u00edo a domicilio + Pago seguro + Garant\u00eda\",\"breadcrumb\":{\"@id\":\"https:\/\/compuviper.mx\/tienda\/producto\/msi-thin-15-b13vf-2829us-laptop-portatil-gamer-thin-15-b13vf-15-6-fhd-144hz-intel-core-i5-13420h-hasta-4-6-ghz-ddr4-16gb-28gb-512gb-ssd-nvidia-rtx-4060-gddr6-8gb-win-11-home-teclado\/#breadcrumb\"},\"inLanguage\":\"es-MX\",\"potentialAction\":[{\"@type\":\"ReadAction\",\"target\":[\"https:\/\/compuviper.mx\/tienda\/producto\/msi-thin-15-b13vf-2829us-laptop-portatil-gamer-thin-15-b13vf-15-6-fhd-144hz-intel-core-i5-13420h-hasta-4-6-ghz-ddr4-16gb-28gb-512gb-ssd-nvidia-rtx-4060-gddr6-8gb-win-11-home-teclado\/\"]}]},{\"@type\":\"BreadcrumbList\",\"@id\":\"https:\/\/compuviper.mx\/tienda\/producto\/msi-thin-15-b13vf-2829us-laptop-portatil-gamer-thin-15-b13vf-15-6-fhd-144hz-intel-core-i5-13420h-hasta-4-6-ghz-ddr4-16gb-28gb-512gb-ssd-nvidia-rtx-4060-gddr6-8gb-win-11-home-teclado\/#breadcrumb\",\"itemListElement\":[{\"@type\":\"ListItem\",\"position\":1,\"name\":\"Inicio\",\"item\":\"https:\/\/compuviper.mx\/tienda\/\"},{\"@type\":\"ListItem\",\"position\":2,\"name\":\"Productos\",\"item\":\"https:\/\/compuviper.mx\/tienda\/productos\/\"},{\"@type\":\"ListItem\",\"position\":3,\"name\":\"Laptops\",\"item\":\"https:\/\/compuviper.mx\/tienda\/categoria-producto\/laptops\/\"},{\"@type\":\"ListItem\",\"position\":4,\"name\":\"Gaming\",\"item\":\"https:\/\/compuviper.mx\/tienda\/categoria-producto\/laptops\/gaming-laptops\/\"},{\"@type\":\"ListItem\",\"position\":5,\"name\":\"Msi Thin 15 B13vf-2829us Laptop Portatil Gamer Thin 15 B13vf \/ 15.6 Fhd 144hz \/ Intel Core I5 13420h Hasta 4.6 Ghz \/ Ddr4 16gb (2*8gb) \/ 512gb Ssd \/ Nvidia Rtx 4060 Gddr6 8gb \/ Win 11 Home \/ Teclado En Ingles\"}]},{\"@type\":\"WebSite\",\"@id\":\"https:\/\/compuviper.mx\/tienda\/#website\",\"url\":\"https:\/\/compuviper.mx\/tienda\/\",\"name\":\"Compuviper\",\"description\":\"Proveedor de Computadoras, Laptops, Servidores, Monitores, Puntos de Venta, Teclados,   Impresoras, T\u00f3ner, C\u00e1maras de Seguridad y m\u00e1s en tu tienda en l\u00ednea\",\"publisher\":{\"@id\":\"https:\/\/compuviper.mx\/tienda\/#organization\"},\"potentialAction\":[{\"@type\":\"SearchAction\",\"target\":{\"@type\":\"EntryPoint\",\"urlTemplate\":\"https:\/\/compuviper.mx\/tienda\/?s={search_term_string}\"},\"query-input\":\"required name=search_term_string\"}],\"inLanguage\":\"es-MX\"},{\"@type\":\"Organization\",\"@id\":\"https:\/\/compuviper.mx\/tienda\/#organization\",\"name\":\"Compuviper\",\"url\":\"https:\/\/compuviper.mx\/tienda\/\",\"logo\":{\"@type\":\"ImageObject\",\"inLanguage\":\"es-MX\",\"@id\":\"https:\/\/compuviper.mx\/tienda\/#\/schema\/logo\/image\/\",\"url\":\"https:\/\/compuviper.mx\/tienda\/wp-content\/uploads\/2021\/08\/Logo-Compuviper-10.png\",\"contentUrl\":\"https:\/\/compuviper.mx\/tienda\/wp-content\/uploads\/2021\/08\/Logo-Compuviper-10.png\",\"width\":1000,\"height\":500,\"caption\":\"Compuviper\"},\"image\":{\"@id\":\"https:\/\/compuviper.mx\/tienda\/#\/schema\/logo\/image\/\"},\"sameAs\":[\"https:\/\/www.facebook.com\/compuviper\",\"https:\/\/www.youtube.com\/channel\/UCf73dERp9Y3cfOq7q8BhLjA?view_as=subscriber\"]}]}<\/script>\n<meta property=\"product:brand\" content=\"MSI\" \/>\n<meta property=\"product:price:amount\" content=\"16185\" \/>\n<meta property=\"product:price:currency\" content=\"MXN\" \/>\n<meta property=\"og:availability\" content=\"instock\" \/>\n<meta property=\"product:availability\" content=\"instock\" \/>\n<meta property=\"product:retailer_item_id\" content=\"THIN 15 B13VF-2829US\" \/>\n<meta property=\"product:condition\" content=\"new\" \/>\n<!-- \/ Yoast SEO plugin. -->","yoast_head_json":{"title":"[ Msi ] &#129351; Thin 15 B13vf-2829us Laptop Portatil Gamer Thin 15 B13vf \/ 15.6 Fhd 144hz \/ Intel Core I5 13420h Hasta 4.6 Ghz \/ Ddr4 16gb (2*8gb) \/ 512gb Ssd \/ Nvidia Rtx 4060 Gddr6 8gb \/ Win 11 Home \/ Teclado En Ingles","description":"Compra Thin 15 B13vf-2829us Laptop Portatil Gamer Thin 15 B13vf \/ 15.6 Fhd 144hz \/ Intel Core I5 13420h Hasta 4.6 Ghz \/ Ddr4 16gb (2*8gb) \/ 512gb Ssd \/ Nvidia Rtx 4060 Gddr6 8gb \/ Win 11 Home \/ Teclado En Ingles + Env\u00edo a domicilio + Pago seguro + Garant\u00eda","robots":{"index":"index","follow":"follow","max-snippet":"max-snippet:-1","max-image-preview":"max-image-preview:large","max-video-preview":"max-video-preview:-1"},"canonical":"https:\/\/compuviper.mx\/tienda\/producto\/msi-thin-15-b13vf-2829us-laptop-portatil-gamer-thin-15-b13vf-15-6-fhd-144hz-intel-core-i5-13420h-hasta-4-6-ghz-ddr4-16gb-28gb-512gb-ssd-nvidia-rtx-4060-gddr6-8gb-win-11-home-teclado\/","og_locale":"es_MX","og_type":"article","og_title":"[ Msi ] &#129351; Thin 15 B13vf-2829us Laptop Portatil Gamer Thin 15 B13vf \/ 15.6 Fhd 144hz \/ Intel Core I5 13420h Hasta 4.6 Ghz \/ Ddr4 16gb (2*8gb) \/ 512gb Ssd \/ Nvidia Rtx 4060 Gddr6 8gb \/ Win 11 Home \/ Teclado En Ingles","og_description":"Compra Thin 15 B13vf-2829us Laptop Portatil Gamer Thin 15 B13vf \/ 15.6 Fhd 144hz \/ Intel Core I5 13420h Hasta 4.6 Ghz \/ Ddr4 16gb (2*8gb) \/ 512gb Ssd \/ Nvidia Rtx 4060 Gddr6 8gb \/ Win 11 Home \/ Teclado En Ingles + Env\u00edo a domicilio + Pago seguro + Garant\u00eda","og_url":"https:\/\/compuviper.mx\/tienda\/producto\/msi-thin-15-b13vf-2829us-laptop-portatil-gamer-thin-15-b13vf-15-6-fhd-144hz-intel-core-i5-13420h-hasta-4-6-ghz-ddr4-16gb-28gb-512gb-ssd-nvidia-rtx-4060-gddr6-8gb-win-11-home-teclado\/","og_site_name":"Compuviper","article_publisher":"https:\/\/www.facebook.com\/compuviper","twitter_card":"summary_large_image","twitter_misc":{"Precio":"&#36;16,185 con IVA","Availability":"In stock"},"schema":{"@context":"https:\/\/schema.org","@graph":[{"@type":"WebPage","@id":"https:\/\/compuviper.mx\/tienda\/producto\/msi-thin-15-b13vf-2829us-laptop-portatil-gamer-thin-15-b13vf-15-6-fhd-144hz-intel-core-i5-13420h-hasta-4-6-ghz-ddr4-16gb-28gb-512gb-ssd-nvidia-rtx-4060-gddr6-8gb-win-11-home-teclado\/","url":"https:\/\/compuviper.mx\/tienda\/producto\/msi-thin-15-b13vf-2829us-laptop-portatil-gamer-thin-15-b13vf-15-6-fhd-144hz-intel-core-i5-13420h-hasta-4-6-ghz-ddr4-16gb-28gb-512gb-ssd-nvidia-rtx-4060-gddr6-8gb-win-11-home-teclado\/","name":"[ Msi ] &#129351; Thin 15 B13vf-2829us Laptop Portatil Gamer Thin 15 B13vf \/ 15.6 Fhd 144hz \/ Intel Core I5 13420h Hasta 4.6 Ghz \/ Ddr4 16gb (2*8gb) \/ 512gb Ssd \/ Nvidia Rtx 4060 Gddr6 8gb \/ Win 11 Home \/ Teclado En Ingles","isPartOf":{"@id":"https:\/\/compuviper.mx\/tienda\/#website"},"datePublished":"2026-04-16T07:17:04+00:00","dateModified":"2026-04-16T07:17:04+00:00","description":"Compra Thin 15 B13vf-2829us Laptop Portatil Gamer Thin 15 B13vf \/ 15.6 Fhd 144hz \/ Intel Core I5 13420h Hasta 4.6 Ghz \/ Ddr4 16gb (2*8gb) \/ 512gb Ssd \/ Nvidia Rtx 4060 Gddr6 8gb \/ Win 11 Home \/ Teclado En Ingles + Env\u00edo a domicilio + Pago seguro + Garant\u00eda","breadcrumb":{"@id":"https:\/\/compuviper.mx\/tienda\/producto\/msi-thin-15-b13vf-2829us-laptop-portatil-gamer-thin-15-b13vf-15-6-fhd-144hz-intel-core-i5-13420h-hasta-4-6-ghz-ddr4-16gb-28gb-512gb-ssd-nvidia-rtx-4060-gddr6-8gb-win-11-home-teclado\/#breadcrumb"},"inLanguage":"es-MX","potentialAction":[{"@type":"ReadAction","target":["https:\/\/compuviper.mx\/tienda\/producto\/msi-thin-15-b13vf-2829us-laptop-portatil-gamer-thin-15-b13vf-15-6-fhd-144hz-intel-core-i5-13420h-hasta-4-6-ghz-ddr4-16gb-28gb-512gb-ssd-nvidia-rtx-4060-gddr6-8gb-win-11-home-teclado\/"]}]},{"@type":"BreadcrumbList","@id":"https:\/\/compuviper.mx\/tienda\/producto\/msi-thin-15-b13vf-2829us-laptop-portatil-gamer-thin-15-b13vf-15-6-fhd-144hz-intel-core-i5-13420h-hasta-4-6-ghz-ddr4-16gb-28gb-512gb-ssd-nvidia-rtx-4060-gddr6-8gb-win-11-home-teclado\/#breadcrumb","itemListElement":[{"@type":"ListItem","position":1,"name":"Inicio","item":"https:\/\/compuviper.mx\/tienda\/"},{"@type":"ListItem","position":2,"name":"Productos","item":"https:\/\/compuviper.mx\/tienda\/productos\/"},{"@type":"ListItem","position":3,"name":"Laptops","item":"https:\/\/compuviper.mx\/tienda\/categoria-producto\/laptops\/"},{"@type":"ListItem","position":4,"name":"Gaming","item":"https:\/\/compuviper.mx\/tienda\/categoria-producto\/laptops\/gaming-laptops\/"},{"@type":"ListItem","position":5,"name":"Msi Thin 15 B13vf-2829us Laptop Portatil Gamer Thin 15 B13vf \/ 15.6 Fhd 144hz \/ Intel Core I5 13420h Hasta 4.6 Ghz \/ Ddr4 16gb (2*8gb) \/ 512gb Ssd \/ Nvidia Rtx 4060 Gddr6 8gb \/ Win 11 Home \/ Teclado En Ingles"}]},{"@type":"WebSite","@id":"https:\/\/compuviper.mx\/tienda\/#website","url":"https:\/\/compuviper.mx\/tienda\/","name":"Compuviper","description":"Proveedor de Computadoras, Laptops, Servidores, Monitores, Puntos de Venta, Teclados,   Impresoras, T\u00f3ner, C\u00e1maras de Seguridad y m\u00e1s en tu tienda en l\u00ednea","publisher":{"@id":"https:\/\/compuviper.mx\/tienda\/#organization"},"potentialAction":[{"@type":"SearchAction","target":{"@type":"EntryPoint","urlTemplate":"https:\/\/compuviper.mx\/tienda\/?s={search_term_string}"},"query-input":"required name=search_term_string"}],"inLanguage":"es-MX"},{"@type":"Organization","@id":"https:\/\/compuviper.mx\/tienda\/#organization","name":"Compuviper","url":"https:\/\/compuviper.mx\/tienda\/","logo":{"@type":"ImageObject","inLanguage":"es-MX","@id":"https:\/\/compuviper.mx\/tienda\/#\/schema\/logo\/image\/","url":"https:\/\/compuviper.mx\/tienda\/wp-content\/uploads\/2021\/08\/Logo-Compuviper-10.png","contentUrl":"https:\/\/compuviper.mx\/tienda\/wp-content\/uploads\/2021\/08\/Logo-Compuviper-10.png","width":1000,"height":500,"caption":"Compuviper"},"image":{"@id":"https:\/\/compuviper.mx\/tienda\/#\/schema\/logo\/image\/"},"sameAs":["https:\/\/www.facebook.com\/compuviper","https:\/\/www.youtube.com\/channel\/UCf73dERp9Y3cfOq7q8BhLjA?view_as=subscriber"]}]},"product_brand":"MSI","product_price_amount":"16185","product_price_currency":"MXN","og_availability":"instock","product_availability":"instock","product_retailer_item_id":"THIN 15 B13VF-2829US","product_condition":"new"},"_links":{"self":[{"href":"https:\/\/compuviper.mx\/tienda\/wp-json\/wp\/v2\/product\/265352"}],"collection":[{"href":"https:\/\/compuviper.mx\/tienda\/wp-json\/wp\/v2\/product"}],"about":[{"href":"https:\/\/compuviper.mx\/tienda\/wp-json\/wp\/v2\/types\/product"}],"replies":[{"embeddable":true,"href":"https:\/\/compuviper.mx\/tienda\/wp-json\/wp\/v2\/comments?post=265352"}],"wp:attachment":[{"href":"https:\/\/compuviper.mx\/tienda\/wp-json\/wp\/v2\/media?parent=265352"}],"wp:term":[{"taxonomy":"product_cat","embeddable":true,"href":"https:\/\/compuviper.mx\/tienda\/wp-json\/wp\/v2\/product_cat?post=265352"},{"taxonomy":"product_tag","embeddable":true,"href":"https:\/\/compuviper.mx\/tienda\/wp-json\/wp\/v2\/product_tag?post=265352"}],"curies":[{"name":"wp","href":"https:\/\/api.w.org\/{rel}","templated":true}]}}