{"id":265208,"date":"2026-04-01T23:21:08","date_gmt":"2026-04-02T05:21:08","guid":{"rendered":"https:\/\/compuviper.mx\/tienda\/producto\/acteck-ac-941105-mousepad-vibe-flow-vitro-mt464t-alfombrilla-mouse-pad-tela-goma-80-x-35-cm-alta-resistencia-facil-de-limpiar-diseo-moderno\/"},"modified":"2026-04-01T23:21:08","modified_gmt":"2026-04-02T05:21:08","slug":"acteck-ac-941105-mousepad-vibe-flow-vitro-mt464t-alfombrilla-mouse-pad-tela-goma-80-x-35-cm-alta-resistencia-facil-de-limpiar-diseo-moderno","status":"publish","type":"product","link":"https:\/\/compuviper.mx\/tienda\/producto\/acteck-ac-941105-mousepad-vibe-flow-vitro-mt464t-alfombrilla-mouse-pad-tela-goma-80-x-35-cm-alta-resistencia-facil-de-limpiar-diseo-moderno\/","title":{"rendered":"Acteck Ac-941105 Mousepad  Vibe Flow Vitro Mt464t \/ Alfombrilla Mouse Pad \/ Tela + Goma \/ 80 X 35 Cm \/ Alta Resistencia \/ Facil De Limpiar \/ Dise?o Moderno \/"},"content":{"rendered":"<table class=\"descripcion\">\n<tr>\n<td>Ficha tecnica<\/td>\n<\/tr>\n<tr>\n<td>Vibe flow vitro mt494t<\/td>\n<\/tr>\n<tr>\n<td>\u0095 producto: alfombrilla para escritorio<\/td>\n<\/tr>\n<tr>\n<td>\u0095 sku: ac-941105<\/td>\n<\/tr>\n<tr>\n<td>\u0095 color: color<\/td>\n<\/tr>\n<tr>\n<td>\u0095 material: tela \/ goma<\/td>\n<\/tr>\n<tr>\n<td>\u0095 dimensiones: 80 x 35 cm<\/td>\n<\/tr>\n<\/table>\n","protected":false},"excerpt":{"rendered":"<p>Deslizante optimo. La superficie textil suave permite un deslizamiento fluido del mouse, mejorando la precision en tus movimientos. Mejora tu rendimiento y manten la concentracion en lo que realmente importa. Con su base de goma garantizada que se mantenga en su lugar, incluso en las sesiones mas intensas. Ajusted perfecto. Con sus generosas dimensiones de 80&#215;35 cm, esta alfombrilla te ofrece el espacio perfecto para colocar tu tecado, mouse y otros accesorios, creando una estacion de trabajo organizada. Se adapta perfectamente a superficies de vidrio, escritorios y mesas.<\/p>\n","protected":false},"featured_media":0,"comment_status":"open","ping_status":"open","template":"","meta":[],"product_cat":[1485,2303],"product_tag":[1582],"acf":[],"yoast_head":"<!-- This site is optimized with the Yoast SEO plugin v21.7 - https:\/\/yoast.com\/wordpress\/plugins\/seo\/ -->\n<title>[ Acteck ] &#129351; Ac-941105 Mousepad Vibe Flow Vitro Mt464t \/ Alfombrilla Mouse Pad \/ Tela + Goma \/ 80 X 35 Cm \/ Alta Resistencia \/ Facil De Limpiar \/ Dise\u00f1o Moderno \/<\/title>\n<meta name=\"description\" content=\"Compra Ac-941105 Mousepad Vibe Flow Vitro Mt464t \/ Alfombrilla Mouse Pad \/ Tela + Goma \/ 80 X 35 Cm \/ Alta Resistencia \/ Facil De Limpiar \/ Dise\u00f1o Moderno \/ + Env\u00edo a domicilio + Pago seguro + Garant\u00eda\" \/>\n<meta name=\"robots\" content=\"index, follow, max-snippet:-1, max-image-preview:large, max-video-preview:-1\" \/>\n<link rel=\"canonical\" href=\"https:\/\/compuviper.mx\/tienda\/producto\/acteck-ac-941105-mousepad-vibe-flow-vitro-mt464t-alfombrilla-mouse-pad-tela-goma-80-x-35-cm-alta-resistencia-facil-de-limpiar-diseo-moderno\/\" \/>\n<meta property=\"og:locale\" content=\"es_MX\" \/>\n<meta property=\"og:type\" content=\"article\" \/>\n<meta property=\"og:title\" content=\"[ Acteck ] &#129351; Ac-941105 Mousepad Vibe Flow Vitro Mt464t \/ Alfombrilla Mouse Pad \/ Tela + Goma \/ 80 X 35 Cm \/ Alta Resistencia \/ Facil De Limpiar \/ Dise\u00f1o Moderno \/\" \/>\n<meta property=\"og:description\" content=\"Compra Ac-941105 Mousepad Vibe Flow Vitro Mt464t \/ Alfombrilla Mouse Pad \/ Tela + Goma \/ 80 X 35 Cm \/ Alta Resistencia \/ Facil De Limpiar \/ Dise\u00f1o Moderno \/ + Env\u00edo a domicilio + Pago seguro + Garant\u00eda\" \/>\n<meta property=\"og:url\" content=\"https:\/\/compuviper.mx\/tienda\/producto\/acteck-ac-941105-mousepad-vibe-flow-vitro-mt464t-alfombrilla-mouse-pad-tela-goma-80-x-35-cm-alta-resistencia-facil-de-limpiar-diseo-moderno\/\" \/>\n<meta property=\"og:site_name\" content=\"Compuviper\" \/>\n<meta property=\"article:publisher\" content=\"https:\/\/www.facebook.com\/compuviper\" \/>\n<meta name=\"twitter:card\" content=\"summary_large_image\" \/>\n<meta name=\"twitter:label1\" content=\"Precio\" \/>\n\t<meta name=\"twitter:data1\" content=\"&#36;154 con IVA\" \/>\n\t<meta name=\"twitter:label2\" content=\"Availability\" \/>\n\t<meta name=\"twitter:data2\" content=\"On backorder\" \/>\n<script type=\"application\/ld+json\" class=\"yoast-schema-graph\">{\"@context\":\"https:\/\/schema.org\",\"@graph\":[{\"@type\":\"WebPage\",\"@id\":\"https:\/\/compuviper.mx\/tienda\/producto\/acteck-ac-941105-mousepad-vibe-flow-vitro-mt464t-alfombrilla-mouse-pad-tela-goma-80-x-35-cm-alta-resistencia-facil-de-limpiar-diseo-moderno\/\",\"url\":\"https:\/\/compuviper.mx\/tienda\/producto\/acteck-ac-941105-mousepad-vibe-flow-vitro-mt464t-alfombrilla-mouse-pad-tela-goma-80-x-35-cm-alta-resistencia-facil-de-limpiar-diseo-moderno\/\",\"name\":\"[ Acteck ] &#129351; Ac-941105 Mousepad Vibe Flow Vitro Mt464t \/ Alfombrilla Mouse Pad \/ Tela + Goma \/ 80 X 35 Cm \/ Alta Resistencia \/ Facil De Limpiar \/ Dise\u00f1o Moderno \/\",\"isPartOf\":{\"@id\":\"https:\/\/compuviper.mx\/tienda\/#website\"},\"datePublished\":\"2026-04-02T05:21:08+00:00\",\"dateModified\":\"2026-04-02T05:21:08+00:00\",\"description\":\"Compra Ac-941105 Mousepad Vibe Flow Vitro Mt464t \/ Alfombrilla Mouse Pad \/ Tela + Goma \/ 80 X 35 Cm \/ Alta Resistencia \/ Facil De Limpiar \/ Dise\u00f1o Moderno \/ + Env\u00edo a domicilio + Pago seguro + Garant\u00eda\",\"breadcrumb\":{\"@id\":\"https:\/\/compuviper.mx\/tienda\/producto\/acteck-ac-941105-mousepad-vibe-flow-vitro-mt464t-alfombrilla-mouse-pad-tela-goma-80-x-35-cm-alta-resistencia-facil-de-limpiar-diseo-moderno\/#breadcrumb\"},\"inLanguage\":\"es-MX\",\"potentialAction\":[{\"@type\":\"ReadAction\",\"target\":[\"https:\/\/compuviper.mx\/tienda\/producto\/acteck-ac-941105-mousepad-vibe-flow-vitro-mt464t-alfombrilla-mouse-pad-tela-goma-80-x-35-cm-alta-resistencia-facil-de-limpiar-diseo-moderno\/\"]}]},{\"@type\":\"BreadcrumbList\",\"@id\":\"https:\/\/compuviper.mx\/tienda\/producto\/acteck-ac-941105-mousepad-vibe-flow-vitro-mt464t-alfombrilla-mouse-pad-tela-goma-80-x-35-cm-alta-resistencia-facil-de-limpiar-diseo-moderno\/#breadcrumb\",\"itemListElement\":[{\"@type\":\"ListItem\",\"position\":1,\"name\":\"Inicio\",\"item\":\"https:\/\/compuviper.mx\/tienda\/\"},{\"@type\":\"ListItem\",\"position\":2,\"name\":\"Productos\",\"item\":\"https:\/\/compuviper.mx\/tienda\/productos\/\"},{\"@type\":\"ListItem\",\"position\":3,\"name\":\"Accesorios\",\"item\":\"https:\/\/compuviper.mx\/tienda\/categoria-producto\/accesorios\/\"},{\"@type\":\"ListItem\",\"position\":4,\"name\":\"Mouse Pads\",\"item\":\"https:\/\/compuviper.mx\/tienda\/categoria-producto\/accesorios\/mouse-pads\/\"},{\"@type\":\"ListItem\",\"position\":5,\"name\":\"Acteck Ac-941105 Mousepad Vibe Flow Vitro Mt464t \/ Alfombrilla Mouse Pad \/ Tela + Goma \/ 80 X 35 Cm \/ Alta Resistencia \/ Facil De Limpiar \/ Dise?o Moderno \/\"}]},{\"@type\":\"WebSite\",\"@id\":\"https:\/\/compuviper.mx\/tienda\/#website\",\"url\":\"https:\/\/compuviper.mx\/tienda\/\",\"name\":\"Compuviper\",\"description\":\"Proveedor de Computadoras, Laptops, Servidores, Monitores, Puntos de Venta, Teclados,   Impresoras, T\u00f3ner, C\u00e1maras de Seguridad y m\u00e1s en tu tienda en l\u00ednea\",\"publisher\":{\"@id\":\"https:\/\/compuviper.mx\/tienda\/#organization\"},\"potentialAction\":[{\"@type\":\"SearchAction\",\"target\":{\"@type\":\"EntryPoint\",\"urlTemplate\":\"https:\/\/compuviper.mx\/tienda\/?s={search_term_string}\"},\"query-input\":\"required name=search_term_string\"}],\"inLanguage\":\"es-MX\"},{\"@type\":\"Organization\",\"@id\":\"https:\/\/compuviper.mx\/tienda\/#organization\",\"name\":\"Compuviper\",\"url\":\"https:\/\/compuviper.mx\/tienda\/\",\"logo\":{\"@type\":\"ImageObject\",\"inLanguage\":\"es-MX\",\"@id\":\"https:\/\/compuviper.mx\/tienda\/#\/schema\/logo\/image\/\",\"url\":\"https:\/\/compuviper.mx\/tienda\/wp-content\/uploads\/2021\/08\/Logo-Compuviper-10.png\",\"contentUrl\":\"https:\/\/compuviper.mx\/tienda\/wp-content\/uploads\/2021\/08\/Logo-Compuviper-10.png\",\"width\":1000,\"height\":500,\"caption\":\"Compuviper\"},\"image\":{\"@id\":\"https:\/\/compuviper.mx\/tienda\/#\/schema\/logo\/image\/\"},\"sameAs\":[\"https:\/\/www.facebook.com\/compuviper\",\"https:\/\/www.youtube.com\/channel\/UCf73dERp9Y3cfOq7q8BhLjA?view_as=subscriber\"]}]}<\/script>\n<meta property=\"product:brand\" content=\"ACTECK\" \/>\n<meta property=\"product:price:amount\" content=\"154\" \/>\n<meta property=\"product:price:currency\" content=\"MXN\" \/>\n<meta property=\"og:availability\" content=\"backorder\" \/>\n<meta property=\"product:availability\" content=\"available for order\" \/>\n<meta property=\"product:retailer_item_id\" content=\"AC-941105\" \/>\n<meta property=\"product:condition\" content=\"new\" \/>\n<!-- \/ Yoast SEO plugin. -->","yoast_head_json":{"title":"[ Acteck ] &#129351; Ac-941105 Mousepad Vibe Flow Vitro Mt464t \/ Alfombrilla Mouse Pad \/ Tela + Goma \/ 80 X 35 Cm \/ Alta Resistencia \/ Facil De Limpiar \/ Dise\u00f1o Moderno \/","description":"Compra Ac-941105 Mousepad Vibe Flow Vitro Mt464t \/ Alfombrilla Mouse Pad \/ Tela + Goma \/ 80 X 35 Cm \/ Alta Resistencia \/ Facil De Limpiar \/ Dise\u00f1o Moderno \/ + Env\u00edo a domicilio + Pago seguro + Garant\u00eda","robots":{"index":"index","follow":"follow","max-snippet":"max-snippet:-1","max-image-preview":"max-image-preview:large","max-video-preview":"max-video-preview:-1"},"canonical":"https:\/\/compuviper.mx\/tienda\/producto\/acteck-ac-941105-mousepad-vibe-flow-vitro-mt464t-alfombrilla-mouse-pad-tela-goma-80-x-35-cm-alta-resistencia-facil-de-limpiar-diseo-moderno\/","og_locale":"es_MX","og_type":"article","og_title":"[ Acteck ] &#129351; Ac-941105 Mousepad Vibe Flow Vitro Mt464t \/ Alfombrilla Mouse Pad \/ Tela + Goma \/ 80 X 35 Cm \/ Alta Resistencia \/ Facil De Limpiar \/ Dise\u00f1o Moderno \/","og_description":"Compra Ac-941105 Mousepad Vibe Flow Vitro Mt464t \/ Alfombrilla Mouse Pad \/ Tela + Goma \/ 80 X 35 Cm \/ Alta Resistencia \/ Facil De Limpiar \/ Dise\u00f1o Moderno \/ + Env\u00edo a domicilio + Pago seguro + Garant\u00eda","og_url":"https:\/\/compuviper.mx\/tienda\/producto\/acteck-ac-941105-mousepad-vibe-flow-vitro-mt464t-alfombrilla-mouse-pad-tela-goma-80-x-35-cm-alta-resistencia-facil-de-limpiar-diseo-moderno\/","og_site_name":"Compuviper","article_publisher":"https:\/\/www.facebook.com\/compuviper","twitter_card":"summary_large_image","twitter_misc":{"Precio":"&#36;154 con IVA","Availability":"On backorder"},"schema":{"@context":"https:\/\/schema.org","@graph":[{"@type":"WebPage","@id":"https:\/\/compuviper.mx\/tienda\/producto\/acteck-ac-941105-mousepad-vibe-flow-vitro-mt464t-alfombrilla-mouse-pad-tela-goma-80-x-35-cm-alta-resistencia-facil-de-limpiar-diseo-moderno\/","url":"https:\/\/compuviper.mx\/tienda\/producto\/acteck-ac-941105-mousepad-vibe-flow-vitro-mt464t-alfombrilla-mouse-pad-tela-goma-80-x-35-cm-alta-resistencia-facil-de-limpiar-diseo-moderno\/","name":"[ Acteck ] &#129351; Ac-941105 Mousepad Vibe Flow Vitro Mt464t \/ Alfombrilla Mouse Pad \/ Tela + Goma \/ 80 X 35 Cm \/ Alta Resistencia \/ Facil De Limpiar \/ Dise\u00f1o Moderno \/","isPartOf":{"@id":"https:\/\/compuviper.mx\/tienda\/#website"},"datePublished":"2026-04-02T05:21:08+00:00","dateModified":"2026-04-02T05:21:08+00:00","description":"Compra Ac-941105 Mousepad Vibe Flow Vitro Mt464t \/ Alfombrilla Mouse Pad \/ Tela + Goma \/ 80 X 35 Cm \/ Alta Resistencia \/ Facil De Limpiar \/ Dise\u00f1o Moderno \/ + Env\u00edo a domicilio + Pago seguro + Garant\u00eda","breadcrumb":{"@id":"https:\/\/compuviper.mx\/tienda\/producto\/acteck-ac-941105-mousepad-vibe-flow-vitro-mt464t-alfombrilla-mouse-pad-tela-goma-80-x-35-cm-alta-resistencia-facil-de-limpiar-diseo-moderno\/#breadcrumb"},"inLanguage":"es-MX","potentialAction":[{"@type":"ReadAction","target":["https:\/\/compuviper.mx\/tienda\/producto\/acteck-ac-941105-mousepad-vibe-flow-vitro-mt464t-alfombrilla-mouse-pad-tela-goma-80-x-35-cm-alta-resistencia-facil-de-limpiar-diseo-moderno\/"]}]},{"@type":"BreadcrumbList","@id":"https:\/\/compuviper.mx\/tienda\/producto\/acteck-ac-941105-mousepad-vibe-flow-vitro-mt464t-alfombrilla-mouse-pad-tela-goma-80-x-35-cm-alta-resistencia-facil-de-limpiar-diseo-moderno\/#breadcrumb","itemListElement":[{"@type":"ListItem","position":1,"name":"Inicio","item":"https:\/\/compuviper.mx\/tienda\/"},{"@type":"ListItem","position":2,"name":"Productos","item":"https:\/\/compuviper.mx\/tienda\/productos\/"},{"@type":"ListItem","position":3,"name":"Accesorios","item":"https:\/\/compuviper.mx\/tienda\/categoria-producto\/accesorios\/"},{"@type":"ListItem","position":4,"name":"Mouse Pads","item":"https:\/\/compuviper.mx\/tienda\/categoria-producto\/accesorios\/mouse-pads\/"},{"@type":"ListItem","position":5,"name":"Acteck Ac-941105 Mousepad Vibe Flow Vitro Mt464t \/ Alfombrilla Mouse Pad \/ Tela + Goma \/ 80 X 35 Cm \/ Alta Resistencia \/ Facil De Limpiar \/ Dise?o Moderno \/"}]},{"@type":"WebSite","@id":"https:\/\/compuviper.mx\/tienda\/#website","url":"https:\/\/compuviper.mx\/tienda\/","name":"Compuviper","description":"Proveedor de Computadoras, Laptops, Servidores, Monitores, Puntos de Venta, Teclados,   Impresoras, T\u00f3ner, C\u00e1maras de Seguridad y m\u00e1s en tu tienda en l\u00ednea","publisher":{"@id":"https:\/\/compuviper.mx\/tienda\/#organization"},"potentialAction":[{"@type":"SearchAction","target":{"@type":"EntryPoint","urlTemplate":"https:\/\/compuviper.mx\/tienda\/?s={search_term_string}"},"query-input":"required name=search_term_string"}],"inLanguage":"es-MX"},{"@type":"Organization","@id":"https:\/\/compuviper.mx\/tienda\/#organization","name":"Compuviper","url":"https:\/\/compuviper.mx\/tienda\/","logo":{"@type":"ImageObject","inLanguage":"es-MX","@id":"https:\/\/compuviper.mx\/tienda\/#\/schema\/logo\/image\/","url":"https:\/\/compuviper.mx\/tienda\/wp-content\/uploads\/2021\/08\/Logo-Compuviper-10.png","contentUrl":"https:\/\/compuviper.mx\/tienda\/wp-content\/uploads\/2021\/08\/Logo-Compuviper-10.png","width":1000,"height":500,"caption":"Compuviper"},"image":{"@id":"https:\/\/compuviper.mx\/tienda\/#\/schema\/logo\/image\/"},"sameAs":["https:\/\/www.facebook.com\/compuviper","https:\/\/www.youtube.com\/channel\/UCf73dERp9Y3cfOq7q8BhLjA?view_as=subscriber"]}]},"product_brand":"ACTECK","product_price_amount":"154","product_price_currency":"MXN","og_availability":"backorder","product_availability":"available for order","product_retailer_item_id":"AC-941105","product_condition":"new"},"_links":{"self":[{"href":"https:\/\/compuviper.mx\/tienda\/wp-json\/wp\/v2\/product\/265208"}],"collection":[{"href":"https:\/\/compuviper.mx\/tienda\/wp-json\/wp\/v2\/product"}],"about":[{"href":"https:\/\/compuviper.mx\/tienda\/wp-json\/wp\/v2\/types\/product"}],"replies":[{"embeddable":true,"href":"https:\/\/compuviper.mx\/tienda\/wp-json\/wp\/v2\/comments?post=265208"}],"wp:attachment":[{"href":"https:\/\/compuviper.mx\/tienda\/wp-json\/wp\/v2\/media?parent=265208"}],"wp:term":[{"taxonomy":"product_cat","embeddable":true,"href":"https:\/\/compuviper.mx\/tienda\/wp-json\/wp\/v2\/product_cat?post=265208"},{"taxonomy":"product_tag","embeddable":true,"href":"https:\/\/compuviper.mx\/tienda\/wp-json\/wp\/v2\/product_tag?post=265208"}],"curies":[{"name":"wp","href":"https:\/\/api.w.org\/{rel}","templated":true}]}}