{"id":265093,"date":"2026-04-10T00:39:50","date_gmt":"2026-04-10T06:39:50","guid":{"rendered":"https:\/\/compuviper.mx\/tienda\/producto\/gigabyte-b550m-k-mb-amd-s-am4-5a-gen-4x-ddr4-3200-dp-hdmi-m-2-4x-usb-3-2-micro-atx-gama-media-gamer\/"},"modified":"2026-04-10T00:39:50","modified_gmt":"2026-04-10T06:39:50","slug":"gigabyte-b550m-k-mb-amd-s-am4-5a-gen-4x-ddr4-3200-dp-hdmi-m-2-4x-usb-3-2-micro-atx-gama-media-gamer","status":"publish","type":"product","link":"https:\/\/compuviper.mx\/tienda\/producto\/gigabyte-b550m-k-mb-amd-s-am4-5a-gen-4x-ddr4-3200-dp-hdmi-m-2-4x-usb-3-2-micro-atx-gama-media-gamer\/","title":{"rendered":"Gigabyte B550m K Mb  Amd  S-am4 5a Gen\/4x Ddr4 3200\/dp\/hdmi\/m.2\/4x Usb 3.2\/micro Atx\/gama Media\/gamer"},"content":{"rendered":"<table class=\"descripcion\">\n<tr>\n<td>Procesador<\/td>\n<\/tr>\n<tr>\n<td>Amd socket am4, soporte para: procesadores amd ryzen\u0099 5000 series\/ ryzen\u0099 5000 g-series\/ ryzen\u0099 4000 g-series y ryzen\u0099 3000 series<\/td>\n<\/tr>\n<tr>\n<td>(consulte la lista de compatibilidad de cpu para obtener m\u00e1s informaci\u00f3n).<\/td>\n<\/tr>\n<tr>\n<td>Conjunto de chips<\/td>\n<\/tr>\n<tr>\n<td>Amd b550<\/td>\n<\/tr>\n<tr>\n<td>Memoria<\/td>\n<\/tr>\n<tr>\n<td>4 x z\u00f3calos dimm ddr4 que admiten hasta 128 gb (32 gb de capacidad dimm \u00fanica) de memoria del sistema<\/td>\n<\/tr>\n<tr>\n<td>Soporte para ddr4 4733(oc) \/ 4600(oc) \/ 4400(oc) \/ 4266(oc) \/ 4133(oc) \/ 4000(oc) \/ 3866(oc) \/ 3733(oc) \/ 3600(oc) \/ 3466( oc) \/ 3400(oc) \/ 3200 \/ 2933 \/ 2667 \/ 2400 \/ 2133 mhz m\u00f3dulos de memoria<\/td>\n<\/tr>\n<tr>\n<td>Arquitectura de memoria de doble canal<\/td>\n<\/tr>\n<tr>\n<td>Compatibilidad con m\u00f3dulos de memoria dimm 1rx8\/2rx8 sin b\u00fafer ecc*<\/td>\n<\/tr>\n<tr>\n<td>* la compatibilidad con la memoria ecc (modo ecc) var\u00eda seg\u00fan la cpu<\/td>\n<\/tr>\n<tr>\n<td>Compatibilidad con m\u00f3dulos de memoria dimm 1rx8\/2rx8\/1rx16 sin b\u00fafer y sin ecc<\/td>\n<\/tr>\n<tr>\n<td>Soporte para m\u00f3dulos de memoria extreme memory profile (xmp)<\/td>\n<\/tr>\n<tr>\n<td>(consulte la lista de soporte de memoria para obtener m\u00e1s informaci\u00f3n).<\/td>\n<\/tr>\n<tr>\n<td>Gr\u00e1ficos integrados<\/td>\n<\/tr>\n<tr>\n<td>Procesador de gr\u00e1ficos integrado:<\/td>\n<\/tr>\n<tr>\n<td>1 x displayport, compatible con una resoluci\u00f3n m\u00e1xima de 5120&#215;2880@60 hz<\/td>\n<\/tr>\n<tr>\n<td>* compatibilidad con la versi\u00f3n displayport 1.4, hdcp 2.3 y hdr.<\/td>\n<\/tr>\n<tr>\n<td>1 x puerto hdmi, que admite una resoluci\u00f3n m\u00e1xima de 4096&#215;2160@60 hz<\/td>\n<\/tr>\n<tr>\n<td>* compatibilidad con la versi\u00f3n hdmi 2.1, hdcp 2.3 y hdr.<\/td>\n<\/tr>\n<tr>\n<td>Memoria compartida m\u00e1xima de 16 gb<\/td>\n<\/tr>\n<tr>\n<td>Audio<\/td>\n<\/tr>\n<tr>\n<td>Codec de audio realtek\u00ae<\/td>\n<\/tr>\n<tr>\n<td>Audio de alta definici\u00f3n<\/td>\n<\/tr>\n<tr>\n<td>2\/4\/5.1\/7.1 canales<\/td>\n<\/tr>\n<tr>\n<td>* puede cambiar la funcionalidad de un conector de audio utilizando el software de audio. para configurar el audio de 7.1 canales, acceda al software de audio para realizar la configuraci\u00f3n de audio.<\/td>\n<\/tr>\n<tr>\n<td>Lan<\/td>\n<\/tr>\n<tr>\n<td>Chip lan realtek\u00ae gbe (1 gbps\/100 mbps )<\/td>\n<\/tr>\n<tr>\n<td>Puertos de expansi\u00f3n<\/td>\n<\/tr>\n<tr>\n<td>1 x ranura pci express x16, integrada en la cpu:<\/td>\n<\/tr>\n<tr>\n<td>Los procesadores amd ryzen\u0099 serie 5000*\/3000 admiten el modo pcie 4.0 x16<\/td>\n<\/tr>\n<tr>\n<td>* la compatibilidad real puede variar seg\u00fan las especificaciones de la cpu amd.<\/td>\n<\/tr>\n<tr>\n<td>Los procesadores amd ryzen\u0099 5000 g-series\/4000 g-series admiten el modo pcie 3.0 x16<\/td>\n<\/tr>\n<tr>\n<td>1 x ranura pci express x1, integrada en el chipset:<\/td>\n<\/tr>\n<tr>\n<td>Compatible con el modo pcie 3.0 x1<\/td>\n<\/tr>\n<tr>\n<td>Interfaz de almacenamiento<\/td>\n<\/tr>\n<tr>\n<td>1 x conector m.2 (m2a_cpu), integrado en la cpu, compatible con ssd socket 3, clave m, tipo 2280:<\/td>\n<\/tr>\n<tr>\n<td>Los procesadores amd ryzen\u0099 serie 5000\/3000 admiten ssd sata y pcie 4.0 x4\/x2<\/td>\n<\/tr>\n<tr>\n<td>Los procesadores amd ryzen\u0099 5000 g-series\/4000 g-series admiten ssd sata y pcie 3.0 x4\/x2<\/td>\n<\/tr>\n<tr>\n<td>1 x conector m.2 (m2b_sb), integrado en el chipset, compatible con ssd socket 3, clave m, tipo 2280:<\/td>\n<\/tr>\n<tr>\n<td>Compatible con ssd pcie 3.0 x2<\/td>\n<\/tr>\n<tr>\n<td>4 x conectores sata 6gb\/s, integrados en el chipset:<\/td>\n<\/tr>\n<tr>\n<td>Compatibilidad con raid 0, raid 1 y raid 10<\/td>\n<\/tr>\n<tr>\n<td>Usb<\/td>\n<\/tr>\n<tr>\n<td>Upc:<\/td>\n<\/tr>\n<tr>\n<td>4 x puertos usb 3.2 gen 1 en el panel posterior<\/td>\n<\/tr>\n<tr>\n<td>Conjunto de chips:<\/td>\n<\/tr>\n<tr>\n<td>2 puertos usb 3.2 gen 1 disponibles a trav\u00e9s del encabezado usb interno<\/td>\n<\/tr>\n<tr>\n<td>6 puertos usb 2.0\/1.1 (4 puertos en el panel posterior, 2 puertos disponibles a trav\u00e9s del encabezado usb interno)<\/td>\n<\/tr>\n<tr>\n<td>Conectores internos de e\/s<\/td>\n<\/tr>\n<tr>\n<td>1 conector de alimentaci\u00f3n principal atx de 24 pines<\/td>\n<\/tr>\n<tr>\n<td>1 conector de alimentaci\u00f3n atx de 12 v de 8 pines<\/td>\n<\/tr>\n<tr>\n<td>1 x encabezado del ventilador de la cpu<\/td>\n<\/tr>\n<tr>\n<td>1 x cabezal del ventilador del sistema<\/td>\n<\/tr>\n<tr>\n<td>2 conectores m.2 hembra 3<\/td>\n<\/tr>\n<tr>\n<td>4 conectores sata de 6 gb\/s<\/td>\n<\/tr>\n<tr>\n<td>1 x encabezado del panel frontal<\/td>\n<\/tr>\n<tr>\n<td>1 x encabezado de audio del panel frontal<\/td>\n<\/tr>\n<tr>\n<td>1 conector usb 3.2 gen 1<\/td>\n<\/tr>\n<tr>\n<td>1 cabezal usb 2.0\/1.1<\/td>\n<\/tr>\n<tr>\n<td>1 x encabezado del m\u00f3dulo de plataforma segura (tpm) (2&#215;6 pines, solo para el m\u00f3dulo gc-tpm2.0_s)<\/td>\n<\/tr>\n<tr>\n<td>1 x puente cmos transparente<\/td>\n<\/tr>\n<tr>\n<td>Conectores del panel trasero<\/td>\n<\/tr>\n<tr>\n<td>1 x puerto de teclado\/rat\u00f3n ps\/2<\/td>\n<\/tr>\n<tr>\n<td>1 puerto displayport<\/td>\n<\/tr>\n<tr>\n<td>1 puerto hdmi<\/td>\n<\/tr>\n<tr>\n<td>4 puertos usb 3.2 gen 1<\/td>\n<\/tr>\n<tr>\n<td>4 puertos usb 2.0\/1.1<\/td>\n<\/tr>\n<tr>\n<td>1 puerto rj-45<\/td>\n<\/tr>\n<tr>\n<td>3 x conectores de audio<\/td>\n<\/tr>\n<tr>\n<td>Controlador de e\/s<\/td>\n<\/tr>\n<tr>\n<td>Chip controlador de e\/ s ite\u00ae<\/td>\n<\/tr>\n<tr>\n<td>Monitorizaci\u00f3n h\/w<\/td>\n<\/tr>\n<tr>\n<td>Detecci\u00f3n de voltaje<\/td>\n<\/tr>\n<tr>\n<td>Detecci\u00f3n de temperatura<\/td>\n<\/tr>\n<tr>\n<td>Detecci\u00f3n de velocidad del ventilador<\/td>\n<\/tr>\n<tr>\n<td>Advertencia de falla del ventilador<\/td>\n<\/tr>\n<tr>\n<td>Control de velocidad del ventilador<\/td>\n<\/tr>\n<tr>\n<td>* la compatibilidad de la funci\u00f3n de control de velocidad del ventilador depender\u00e1 del enfriador que instale.<\/td>\n<\/tr>\n<tr>\n<td>Bios<\/td>\n<\/tr>\n<tr>\n<td>1 flash de 128 mbit<\/td>\n<\/tr>\n<tr>\n<td>Uso de bios ami uefi con licencia<\/td>\n<\/tr>\n<tr>\n<td>Pnp 1.0a, dmi 2.7, wfm 2.0, sm bios 2.7, acpi 5.0<\/td>\n<\/tr>\n<tr>\n<td>Caracter\u00edsticas \u00fanicas<\/td>\n<\/tr>\n<tr>\n<td>Soporte para app center<\/td>\n<\/tr>\n<tr>\n<td>* las aplicaciones disponibles en app center pueden variar seg\u00fan el modelo de placa base. las funciones admitidas de cada aplicaci\u00f3n tambi\u00e9n pueden variar seg\u00fan las especificaciones de la placa base.<\/td>\n<\/tr>\n<tr>\n<td>@bios visor de informaci\u00f3n del sistema de copia de seguridad inteligente<\/td>\n<\/tr>\n<tr>\n<td>Easytune<\/td>\n<\/tr>\n<tr>\n<td>Soporte para q-flash<\/td>\n<\/tr>\n<tr>\n<td>Soporte para instalaci\u00f3n xpress<\/td>\n<\/tr>\n<tr>\n<td>Software incluido<\/td>\n<\/tr>\n<tr>\n<td>Norton\u00ae internet security ( versi\u00f3n oem)<\/td>\n<\/tr>\n<tr>\n<td>Software de gesti\u00f3n de ancho de banda lan<\/td>\n<\/tr>\n<tr>\n<td>Sistema operativo<\/td>\n<\/tr>\n<tr>\n<td>Soporte para windows 11 de 64 bits<\/td>\n<\/tr>\n<tr>\n<td>Soporte para windows 10 de 64 bits<\/td>\n<\/tr>\n<tr>\n<td>Dise\u00f1o<\/td>\n<\/tr>\n<tr>\n<td>Factor de forma micro atx; 24,4 x 24,4 cm.<\/td>\n<\/tr>\n<\/table>\n","protected":false},"excerpt":{"rendered":"<p>Placa base ultraduradera amd b550 con soluci\u00f3n vrm digital, ranura pcie 4.0 x16, conectores duales pcie 4.0\/3.0 m.2, lan gbe, smart fan 5 con fan stop. Compatible con los procesadores amd ryzen\u0099 5000 series\/ ryzen\u0099 5000 g-series\/ ryzen\u0099 4000 g-series y ryzen\u0099 3000 series. Ddr4 sin b\u00fafer ecc\/no ecc de doble canal, 4 dimm. Ranura x16 preparada para pcie 4.0 ultra durable?. Conectores duales nvme pcie 4.0\/3.0 m.2 ultrarr\u00e1pidos. Condensadores de audio de alta calidad y protecci\u00f3n contra ruido de audio para una m\u00e1xima calidad de audio. Lan gbe con gesti\u00f3n de ancho de banda. Displayport y hdmi traseros para compatibilidad con m\u00faltiples pantallas. Smart fan 5 cuenta con m\u00faltiples sensores de temperatura y cabezales de ventilador h\u00edbridos con fan stop. Dise\u00f1o de resistencias anti-azufre<\/p>\n","protected":false},"featured_media":265094,"comment_status":"open","ping_status":"open","template":"","meta":[],"product_cat":[1727,1734],"product_tag":[1732],"acf":[],"yoast_head":"<!-- This site is optimized with the Yoast SEO plugin v21.7 - https:\/\/yoast.com\/wordpress\/plugins\/seo\/ -->\n<title>[ Gigabyte ] &#129351; B550m K Mb Amd S-am4 5a Gen\/4x Ddr4 3200\/dp\/hdmi\/m.2\/4x Usb 3.2\/micro Atx\/gama Media\/gamer<\/title>\n<meta name=\"description\" content=\"Compra B550m K Mb Amd S-am4 5a Gen\/4x Ddr4 3200\/dp\/hdmi\/m.2\/4x Usb 3.2\/micro Atx\/gama Media\/gamer + Env\u00edo a domicilio + Pago seguro + Garant\u00eda\" \/>\n<meta name=\"robots\" content=\"index, follow, max-snippet:-1, max-image-preview:large, max-video-preview:-1\" \/>\n<link rel=\"canonical\" href=\"https:\/\/compuviper.mx\/tienda\/producto\/gigabyte-b550m-k-mb-amd-s-am4-5a-gen-4x-ddr4-3200-dp-hdmi-m-2-4x-usb-3-2-micro-atx-gama-media-gamer\/\" \/>\n<meta property=\"og:locale\" content=\"es_MX\" \/>\n<meta property=\"og:type\" content=\"article\" \/>\n<meta property=\"og:title\" content=\"[ Gigabyte ] &#129351; B550m K Mb Amd S-am4 5a Gen\/4x Ddr4 3200\/dp\/hdmi\/m.2\/4x Usb 3.2\/micro Atx\/gama Media\/gamer\" \/>\n<meta property=\"og:description\" content=\"Compra B550m K Mb Amd S-am4 5a Gen\/4x Ddr4 3200\/dp\/hdmi\/m.2\/4x Usb 3.2\/micro Atx\/gama Media\/gamer + Env\u00edo a domicilio + Pago seguro + Garant\u00eda\" \/>\n<meta property=\"og:url\" content=\"https:\/\/compuviper.mx\/tienda\/producto\/gigabyte-b550m-k-mb-amd-s-am4-5a-gen-4x-ddr4-3200-dp-hdmi-m-2-4x-usb-3-2-micro-atx-gama-media-gamer\/\" \/>\n<meta property=\"og:site_name\" content=\"Compuviper\" \/>\n<meta property=\"article:publisher\" content=\"https:\/\/www.facebook.com\/compuviper\" \/>\n<meta property=\"og:image\" content=\"https:\/\/compuviper.mx\/tienda\/wp-content\/uploads\/2026\/01\/Mb-gigabyte-amd-b550m-k-s-am4-5a-gen4x-ddr4-3200dphdmim.24x-usb-3.2micro-atxgama-mediagamer.jpg\" \/>\n\t<meta property=\"og:image:width\" content=\"200\" \/>\n\t<meta property=\"og:image:height\" content=\"200\" \/>\n\t<meta property=\"og:image:type\" content=\"image\/jpeg\" \/>\n<meta name=\"twitter:card\" content=\"summary_large_image\" \/>\n<meta name=\"twitter:label1\" content=\"Precio\" \/>\n\t<meta name=\"twitter:data1\" content=\"&#36;1,341 con IVA\" \/>\n\t<meta name=\"twitter:label2\" content=\"Availability\" \/>\n\t<meta name=\"twitter:data2\" content=\"Out of stock\" \/>\n<script type=\"application\/ld+json\" class=\"yoast-schema-graph\">{\"@context\":\"https:\/\/schema.org\",\"@graph\":[{\"@type\":\"WebPage\",\"@id\":\"https:\/\/compuviper.mx\/tienda\/producto\/gigabyte-b550m-k-mb-amd-s-am4-5a-gen-4x-ddr4-3200-dp-hdmi-m-2-4x-usb-3-2-micro-atx-gama-media-gamer\/\",\"url\":\"https:\/\/compuviper.mx\/tienda\/producto\/gigabyte-b550m-k-mb-amd-s-am4-5a-gen-4x-ddr4-3200-dp-hdmi-m-2-4x-usb-3-2-micro-atx-gama-media-gamer\/\",\"name\":\"[ Gigabyte ] &#129351; B550m K Mb Amd S-am4 5a Gen\/4x Ddr4 3200\/dp\/hdmi\/m.2\/4x Usb 3.2\/micro Atx\/gama Media\/gamer\",\"isPartOf\":{\"@id\":\"https:\/\/compuviper.mx\/tienda\/#website\"},\"datePublished\":\"2026-04-10T06:39:50+00:00\",\"dateModified\":\"2026-04-10T06:39:50+00:00\",\"description\":\"Compra B550m K Mb Amd S-am4 5a Gen\/4x Ddr4 3200\/dp\/hdmi\/m.2\/4x Usb 3.2\/micro Atx\/gama Media\/gamer + Env\u00edo a domicilio + Pago seguro + Garant\u00eda\",\"breadcrumb\":{\"@id\":\"https:\/\/compuviper.mx\/tienda\/producto\/gigabyte-b550m-k-mb-amd-s-am4-5a-gen-4x-ddr4-3200-dp-hdmi-m-2-4x-usb-3-2-micro-atx-gama-media-gamer\/#breadcrumb\"},\"inLanguage\":\"es-MX\",\"potentialAction\":[{\"@type\":\"ReadAction\",\"target\":[\"https:\/\/compuviper.mx\/tienda\/producto\/gigabyte-b550m-k-mb-amd-s-am4-5a-gen-4x-ddr4-3200-dp-hdmi-m-2-4x-usb-3-2-micro-atx-gama-media-gamer\/\"]}]},{\"@type\":\"BreadcrumbList\",\"@id\":\"https:\/\/compuviper.mx\/tienda\/producto\/gigabyte-b550m-k-mb-amd-s-am4-5a-gen-4x-ddr4-3200-dp-hdmi-m-2-4x-usb-3-2-micro-atx-gama-media-gamer\/#breadcrumb\",\"itemListElement\":[{\"@type\":\"ListItem\",\"position\":1,\"name\":\"Inicio\",\"item\":\"https:\/\/compuviper.mx\/tienda\/\"},{\"@type\":\"ListItem\",\"position\":2,\"name\":\"Productos\",\"item\":\"https:\/\/compuviper.mx\/tienda\/productos\/\"},{\"@type\":\"ListItem\",\"position\":3,\"name\":\"Tarjeta Madre\",\"item\":\"https:\/\/compuviper.mx\/tienda\/categoria-producto\/tarjeta-madre\/\"},{\"@type\":\"ListItem\",\"position\":4,\"name\":\"Socket Am4\",\"item\":\"https:\/\/compuviper.mx\/tienda\/categoria-producto\/tarjeta-madre\/socket-am4\/\"},{\"@type\":\"ListItem\",\"position\":5,\"name\":\"Gigabyte B550m K Mb Amd S-am4 5a Gen\/4x Ddr4 3200\/dp\/hdmi\/m.2\/4x Usb 3.2\/micro Atx\/gama Media\/gamer\"}]},{\"@type\":\"WebSite\",\"@id\":\"https:\/\/compuviper.mx\/tienda\/#website\",\"url\":\"https:\/\/compuviper.mx\/tienda\/\",\"name\":\"Compuviper\",\"description\":\"Proveedor de Computadoras, Laptops, Servidores, Monitores, Puntos de Venta, Teclados,   Impresoras, T\u00f3ner, C\u00e1maras de Seguridad y m\u00e1s en tu tienda en l\u00ednea\",\"publisher\":{\"@id\":\"https:\/\/compuviper.mx\/tienda\/#organization\"},\"potentialAction\":[{\"@type\":\"SearchAction\",\"target\":{\"@type\":\"EntryPoint\",\"urlTemplate\":\"https:\/\/compuviper.mx\/tienda\/?s={search_term_string}\"},\"query-input\":\"required name=search_term_string\"}],\"inLanguage\":\"es-MX\"},{\"@type\":\"Organization\",\"@id\":\"https:\/\/compuviper.mx\/tienda\/#organization\",\"name\":\"Compuviper\",\"url\":\"https:\/\/compuviper.mx\/tienda\/\",\"logo\":{\"@type\":\"ImageObject\",\"inLanguage\":\"es-MX\",\"@id\":\"https:\/\/compuviper.mx\/tienda\/#\/schema\/logo\/image\/\",\"url\":\"https:\/\/compuviper.mx\/tienda\/wp-content\/uploads\/2021\/08\/Logo-Compuviper-10.png\",\"contentUrl\":\"https:\/\/compuviper.mx\/tienda\/wp-content\/uploads\/2021\/08\/Logo-Compuviper-10.png\",\"width\":1000,\"height\":500,\"caption\":\"Compuviper\"},\"image\":{\"@id\":\"https:\/\/compuviper.mx\/tienda\/#\/schema\/logo\/image\/\"},\"sameAs\":[\"https:\/\/www.facebook.com\/compuviper\",\"https:\/\/www.youtube.com\/channel\/UCf73dERp9Y3cfOq7q8BhLjA?view_as=subscriber\"]}]}<\/script>\n<meta property=\"product:brand\" content=\"GIGABYTE\" \/>\n<meta property=\"product:price:amount\" content=\"1341\" \/>\n<meta property=\"product:price:currency\" content=\"MXN\" \/>\n<meta property=\"og:availability\" content=\"out of stock\" \/>\n<meta property=\"product:availability\" content=\"out of stock\" \/>\n<meta property=\"product:retailer_item_id\" content=\"B550M K\" \/>\n<meta property=\"product:condition\" content=\"new\" \/>\n<!-- \/ Yoast SEO plugin. -->","yoast_head_json":{"title":"[ Gigabyte ] &#129351; B550m K Mb Amd S-am4 5a Gen\/4x Ddr4 3200\/dp\/hdmi\/m.2\/4x Usb 3.2\/micro Atx\/gama Media\/gamer","description":"Compra B550m K Mb Amd S-am4 5a Gen\/4x Ddr4 3200\/dp\/hdmi\/m.2\/4x Usb 3.2\/micro Atx\/gama Media\/gamer + Env\u00edo a domicilio + Pago seguro + Garant\u00eda","robots":{"index":"index","follow":"follow","max-snippet":"max-snippet:-1","max-image-preview":"max-image-preview:large","max-video-preview":"max-video-preview:-1"},"canonical":"https:\/\/compuviper.mx\/tienda\/producto\/gigabyte-b550m-k-mb-amd-s-am4-5a-gen-4x-ddr4-3200-dp-hdmi-m-2-4x-usb-3-2-micro-atx-gama-media-gamer\/","og_locale":"es_MX","og_type":"article","og_title":"[ Gigabyte ] &#129351; B550m K Mb Amd S-am4 5a Gen\/4x Ddr4 3200\/dp\/hdmi\/m.2\/4x Usb 3.2\/micro Atx\/gama Media\/gamer","og_description":"Compra B550m K Mb Amd S-am4 5a Gen\/4x Ddr4 3200\/dp\/hdmi\/m.2\/4x Usb 3.2\/micro Atx\/gama Media\/gamer + Env\u00edo a domicilio + Pago seguro + Garant\u00eda","og_url":"https:\/\/compuviper.mx\/tienda\/producto\/gigabyte-b550m-k-mb-amd-s-am4-5a-gen-4x-ddr4-3200-dp-hdmi-m-2-4x-usb-3-2-micro-atx-gama-media-gamer\/","og_site_name":"Compuviper","article_publisher":"https:\/\/www.facebook.com\/compuviper","og_image":[{"width":200,"height":200,"url":"https:\/\/compuviper.mx\/tienda\/wp-content\/uploads\/2026\/01\/Mb-gigabyte-amd-b550m-k-s-am4-5a-gen4x-ddr4-3200dphdmim.24x-usb-3.2micro-atxgama-mediagamer.jpg","type":"image\/jpeg"}],"twitter_card":"summary_large_image","twitter_misc":{"Precio":"&#36;1,341 con IVA","Availability":"Out of stock"},"schema":{"@context":"https:\/\/schema.org","@graph":[{"@type":"WebPage","@id":"https:\/\/compuviper.mx\/tienda\/producto\/gigabyte-b550m-k-mb-amd-s-am4-5a-gen-4x-ddr4-3200-dp-hdmi-m-2-4x-usb-3-2-micro-atx-gama-media-gamer\/","url":"https:\/\/compuviper.mx\/tienda\/producto\/gigabyte-b550m-k-mb-amd-s-am4-5a-gen-4x-ddr4-3200-dp-hdmi-m-2-4x-usb-3-2-micro-atx-gama-media-gamer\/","name":"[ Gigabyte ] &#129351; B550m K Mb Amd S-am4 5a Gen\/4x Ddr4 3200\/dp\/hdmi\/m.2\/4x Usb 3.2\/micro Atx\/gama Media\/gamer","isPartOf":{"@id":"https:\/\/compuviper.mx\/tienda\/#website"},"datePublished":"2026-04-10T06:39:50+00:00","dateModified":"2026-04-10T06:39:50+00:00","description":"Compra B550m K Mb Amd S-am4 5a Gen\/4x Ddr4 3200\/dp\/hdmi\/m.2\/4x Usb 3.2\/micro Atx\/gama Media\/gamer + Env\u00edo a domicilio + Pago seguro + Garant\u00eda","breadcrumb":{"@id":"https:\/\/compuviper.mx\/tienda\/producto\/gigabyte-b550m-k-mb-amd-s-am4-5a-gen-4x-ddr4-3200-dp-hdmi-m-2-4x-usb-3-2-micro-atx-gama-media-gamer\/#breadcrumb"},"inLanguage":"es-MX","potentialAction":[{"@type":"ReadAction","target":["https:\/\/compuviper.mx\/tienda\/producto\/gigabyte-b550m-k-mb-amd-s-am4-5a-gen-4x-ddr4-3200-dp-hdmi-m-2-4x-usb-3-2-micro-atx-gama-media-gamer\/"]}]},{"@type":"BreadcrumbList","@id":"https:\/\/compuviper.mx\/tienda\/producto\/gigabyte-b550m-k-mb-amd-s-am4-5a-gen-4x-ddr4-3200-dp-hdmi-m-2-4x-usb-3-2-micro-atx-gama-media-gamer\/#breadcrumb","itemListElement":[{"@type":"ListItem","position":1,"name":"Inicio","item":"https:\/\/compuviper.mx\/tienda\/"},{"@type":"ListItem","position":2,"name":"Productos","item":"https:\/\/compuviper.mx\/tienda\/productos\/"},{"@type":"ListItem","position":3,"name":"Tarjeta Madre","item":"https:\/\/compuviper.mx\/tienda\/categoria-producto\/tarjeta-madre\/"},{"@type":"ListItem","position":4,"name":"Socket Am4","item":"https:\/\/compuviper.mx\/tienda\/categoria-producto\/tarjeta-madre\/socket-am4\/"},{"@type":"ListItem","position":5,"name":"Gigabyte B550m K Mb Amd S-am4 5a Gen\/4x Ddr4 3200\/dp\/hdmi\/m.2\/4x Usb 3.2\/micro Atx\/gama Media\/gamer"}]},{"@type":"WebSite","@id":"https:\/\/compuviper.mx\/tienda\/#website","url":"https:\/\/compuviper.mx\/tienda\/","name":"Compuviper","description":"Proveedor de Computadoras, Laptops, Servidores, Monitores, Puntos de Venta, Teclados,   Impresoras, T\u00f3ner, C\u00e1maras de Seguridad y m\u00e1s en tu tienda en l\u00ednea","publisher":{"@id":"https:\/\/compuviper.mx\/tienda\/#organization"},"potentialAction":[{"@type":"SearchAction","target":{"@type":"EntryPoint","urlTemplate":"https:\/\/compuviper.mx\/tienda\/?s={search_term_string}"},"query-input":"required name=search_term_string"}],"inLanguage":"es-MX"},{"@type":"Organization","@id":"https:\/\/compuviper.mx\/tienda\/#organization","name":"Compuviper","url":"https:\/\/compuviper.mx\/tienda\/","logo":{"@type":"ImageObject","inLanguage":"es-MX","@id":"https:\/\/compuviper.mx\/tienda\/#\/schema\/logo\/image\/","url":"https:\/\/compuviper.mx\/tienda\/wp-content\/uploads\/2021\/08\/Logo-Compuviper-10.png","contentUrl":"https:\/\/compuviper.mx\/tienda\/wp-content\/uploads\/2021\/08\/Logo-Compuviper-10.png","width":1000,"height":500,"caption":"Compuviper"},"image":{"@id":"https:\/\/compuviper.mx\/tienda\/#\/schema\/logo\/image\/"},"sameAs":["https:\/\/www.facebook.com\/compuviper","https:\/\/www.youtube.com\/channel\/UCf73dERp9Y3cfOq7q8BhLjA?view_as=subscriber"]}]},"product_brand":"GIGABYTE","product_price_amount":"1341","product_price_currency":"MXN","og_availability":"out of stock","product_availability":"out of stock","product_retailer_item_id":"B550M K","product_condition":"new"},"_links":{"self":[{"href":"https:\/\/compuviper.mx\/tienda\/wp-json\/wp\/v2\/product\/265093"}],"collection":[{"href":"https:\/\/compuviper.mx\/tienda\/wp-json\/wp\/v2\/product"}],"about":[{"href":"https:\/\/compuviper.mx\/tienda\/wp-json\/wp\/v2\/types\/product"}],"replies":[{"embeddable":true,"href":"https:\/\/compuviper.mx\/tienda\/wp-json\/wp\/v2\/comments?post=265093"}],"wp:featuredmedia":[{"embeddable":true,"href":"https:\/\/compuviper.mx\/tienda\/wp-json\/wp\/v2\/media\/265094"}],"wp:attachment":[{"href":"https:\/\/compuviper.mx\/tienda\/wp-json\/wp\/v2\/media?parent=265093"}],"wp:term":[{"taxonomy":"product_cat","embeddable":true,"href":"https:\/\/compuviper.mx\/tienda\/wp-json\/wp\/v2\/product_cat?post=265093"},{"taxonomy":"product_tag","embeddable":true,"href":"https:\/\/compuviper.mx\/tienda\/wp-json\/wp\/v2\/product_tag?post=265093"}],"curies":[{"name":"wp","href":"https:\/\/api.w.org\/{rel}","templated":true}]}}