{"id":265049,"date":"2026-04-18T02:09:19","date_gmt":"2026-04-18T08:09:19","guid":{"rendered":"https:\/\/compuviper.mx\/tienda\/producto\/mirati-msl03-cerradura-inteligente-con-cmara-y-timbre-deteccin-de-huella-dactilar-tarjeta-rfid-conectividad-wifi-combinacin-numrica-y-llave-fsica-de-aleacin-de-aluminio-y-cristal-templado\/"},"modified":"2026-04-18T02:09:20","modified_gmt":"2026-04-18T08:09:20","slug":"mirati-msl03-cerradura-inteligente-con-cmara-y-timbre-deteccin-de-huella-dactilar-tarjeta-rfid-conectividad-wifi-combinacin-numrica-y-llave-fsica-de-aleacin-de-aluminio-y-cristal-templado","status":"publish","type":"product","link":"https:\/\/compuviper.mx\/tienda\/producto\/mirati-msl03-cerradura-inteligente-con-cmara-y-timbre-deteccin-de-huella-dactilar-tarjeta-rfid-conectividad-wifi-combinacin-numrica-y-llave-fsica-de-aleacin-de-aluminio-y-cristal-templado\/","title":{"rendered":"Mirati Msl03 Cerradura Inteligente Con C?mara Y Timbre, Detecci?n De Huella Dactilar, Tarjeta Rfid, Conectividad Wifi, Combinaci?n Num?rica Y Llave F?sica, De Aleaci?n De Aluminio Y Cristal Templado."},"content":{"rendered":"<table class=\"descripcion\">\n<tr>\n<td>Resolucin de cmara: 720p<\/td>\n<\/tr>\n<tr>\n<td>Materiales: aleacin de aluminio  y cristal templado<\/td>\n<\/tr>\n<tr>\n<td>Mtodos de apertura: llave, huella dactilar, tarjeta rfid, password, wifi<\/td>\n<\/tr>\n<tr>\n<td>Mtodo de alimentacin: 4 bateras alcalinas o recargables de litio aa no utilizar bateras de zinc carbono o recargables de ni-mh de 1.2v<\/td>\n<\/tr>\n<tr>\n<td>Alimentacin de emergencia: 5v 1a mediante usb c<\/td>\n<\/tr>\n<tr>\n<td>Temperatura de operacin: -20 and 8451; &#8211; 55 and 8451;<\/td>\n<\/tr>\n<tr>\n<td>Red wifi: 2.4ghz<\/td>\n<\/tr>\n<tr>\n<td>Teclado: 12 teclas, 0-9,  y<\/td>\n<\/tr>\n<tr>\n<td>Longitud de password: 6-12 dgitos<\/td>\n<\/tr>\n<tr>\n<td>Bocina: 8ohm, 0.5w<\/td>\n<\/tr>\n<\/table>\n","protected":false},"excerpt":{"rendered":"<p>La cerradura con cmara mirat msl03 te ofrece la opcin de abrir y cerrar tu casa a travs de huella dactilar, tarjeta rfid, combinacin numrica, la aplicacin mirati en tu celular o la clsica llave fsica, con la ventaja de permitirte ver quin est en tu puerta. Adems, la cerradura mirat msl03 est fabricada con aleacin de aluminio y cristal templado, lo que te brinda, adems de la comodidad de todos sus mtodos de apertura, una proteccin de primera para tu hogar.<\/p>\n","protected":false},"featured_media":0,"comment_status":"open","ping_status":"open","template":"","meta":[],"product_cat":[1811,1998],"product_tag":[1684],"acf":[],"yoast_head":"<!-- This site is optimized with the Yoast SEO plugin v21.7 - https:\/\/yoast.com\/wordpress\/plugins\/seo\/ -->\n<title>[ Mirati ] &#129351; Msl03 Cerradura Inteligente Con C\u00e1mara Y Timbre, Detecci\u00f3n De Huella Dactilar, Tarjeta Rfid, Conectividad Wifi, Combinaci\u00f3n Num\u00e9rica Y Llave F\u00edsica, De Aleaci\u00f3n De Aluminio Y Cristal Templado.<\/title>\n<meta name=\"description\" content=\"Compra Msl03 Cerradura Inteligente Con C\u00e1mara Y Timbre, Detecci\u00f3n De Huella Dactilar, Tarjeta Rfid, Conectividad Wifi, Combinaci\u00f3n Num\u00e9rica Y Llave F\u00edsica, De Aleaci\u00f3n De Aluminio Y Cristal Templado. + Env\u00edo a domicilio + Pago seguro + Garant\u00eda\" \/>\n<meta name=\"robots\" content=\"index, follow, max-snippet:-1, max-image-preview:large, max-video-preview:-1\" \/>\n<link rel=\"canonical\" href=\"https:\/\/compuviper.mx\/tienda\/producto\/mirati-msl03-cerradura-inteligente-con-cmara-y-timbre-deteccin-de-huella-dactilar-tarjeta-rfid-conectividad-wifi-combinacin-numrica-y-llave-fsica-de-aleacin-de-aluminio-y-cristal-templado\/\" \/>\n<meta property=\"og:locale\" content=\"es_MX\" \/>\n<meta property=\"og:type\" content=\"article\" \/>\n<meta property=\"og:title\" content=\"[ Mirati ] &#129351; Msl03 Cerradura Inteligente Con C\u00e1mara Y Timbre, Detecci\u00f3n De Huella Dactilar, Tarjeta Rfid, Conectividad Wifi, Combinaci\u00f3n Num\u00e9rica Y Llave F\u00edsica, De Aleaci\u00f3n De Aluminio Y Cristal Templado.\" \/>\n<meta property=\"og:description\" content=\"Compra Msl03 Cerradura Inteligente Con C\u00e1mara Y Timbre, Detecci\u00f3n De Huella Dactilar, Tarjeta Rfid, Conectividad Wifi, Combinaci\u00f3n Num\u00e9rica Y Llave F\u00edsica, De Aleaci\u00f3n De Aluminio Y Cristal Templado. + Env\u00edo a domicilio + Pago seguro + Garant\u00eda\" \/>\n<meta property=\"og:url\" content=\"https:\/\/compuviper.mx\/tienda\/producto\/mirati-msl03-cerradura-inteligente-con-cmara-y-timbre-deteccin-de-huella-dactilar-tarjeta-rfid-conectividad-wifi-combinacin-numrica-y-llave-fsica-de-aleacin-de-aluminio-y-cristal-templado\/\" \/>\n<meta property=\"og:site_name\" content=\"Compuviper\" \/>\n<meta property=\"article:publisher\" content=\"https:\/\/www.facebook.com\/compuviper\" \/>\n<meta property=\"article:modified_time\" content=\"2026-04-18T08:09:20+00:00\" \/>\n<meta name=\"twitter:card\" content=\"summary_large_image\" \/>\n<meta name=\"twitter:label1\" content=\"Precio\" \/>\n\t<meta name=\"twitter:data1\" content=\"&#36;1,638 &#36;854 con IVA\" \/>\n\t<meta name=\"twitter:label2\" content=\"Availability\" \/>\n\t<meta name=\"twitter:data2\" content=\"In stock\" \/>\n<script type=\"application\/ld+json\" class=\"yoast-schema-graph\">{\"@context\":\"https:\/\/schema.org\",\"@graph\":[{\"@type\":\"WebPage\",\"@id\":\"https:\/\/compuviper.mx\/tienda\/producto\/mirati-msl03-cerradura-inteligente-con-cmara-y-timbre-deteccin-de-huella-dactilar-tarjeta-rfid-conectividad-wifi-combinacin-numrica-y-llave-fsica-de-aleacin-de-aluminio-y-cristal-templado\/\",\"url\":\"https:\/\/compuviper.mx\/tienda\/producto\/mirati-msl03-cerradura-inteligente-con-cmara-y-timbre-deteccin-de-huella-dactilar-tarjeta-rfid-conectividad-wifi-combinacin-numrica-y-llave-fsica-de-aleacin-de-aluminio-y-cristal-templado\/\",\"name\":\"[ Mirati ] &#129351; Msl03 Cerradura Inteligente Con C\u00e1mara Y Timbre, Detecci\u00f3n De Huella Dactilar, Tarjeta Rfid, Conectividad Wifi, Combinaci\u00f3n Num\u00e9rica Y Llave F\u00edsica, De Aleaci\u00f3n De Aluminio Y Cristal Templado.\",\"isPartOf\":{\"@id\":\"https:\/\/compuviper.mx\/tienda\/#website\"},\"datePublished\":\"2026-04-18T08:09:19+00:00\",\"dateModified\":\"2026-04-18T08:09:20+00:00\",\"description\":\"Compra Msl03 Cerradura Inteligente Con C\u00e1mara Y Timbre, Detecci\u00f3n De Huella Dactilar, Tarjeta Rfid, Conectividad Wifi, Combinaci\u00f3n Num\u00e9rica Y Llave F\u00edsica, De Aleaci\u00f3n De Aluminio Y Cristal Templado. + Env\u00edo a domicilio + Pago seguro + Garant\u00eda\",\"breadcrumb\":{\"@id\":\"https:\/\/compuviper.mx\/tienda\/producto\/mirati-msl03-cerradura-inteligente-con-cmara-y-timbre-deteccin-de-huella-dactilar-tarjeta-rfid-conectividad-wifi-combinacin-numrica-y-llave-fsica-de-aleacin-de-aluminio-y-cristal-templado\/#breadcrumb\"},\"inLanguage\":\"es-MX\",\"potentialAction\":[{\"@type\":\"ReadAction\",\"target\":[\"https:\/\/compuviper.mx\/tienda\/producto\/mirati-msl03-cerradura-inteligente-con-cmara-y-timbre-deteccin-de-huella-dactilar-tarjeta-rfid-conectividad-wifi-combinacin-numrica-y-llave-fsica-de-aleacin-de-aluminio-y-cristal-templado\/\"]}]},{\"@type\":\"BreadcrumbList\",\"@id\":\"https:\/\/compuviper.mx\/tienda\/producto\/mirati-msl03-cerradura-inteligente-con-cmara-y-timbre-deteccin-de-huella-dactilar-tarjeta-rfid-conectividad-wifi-combinacin-numrica-y-llave-fsica-de-aleacin-de-aluminio-y-cristal-templado\/#breadcrumb\",\"itemListElement\":[{\"@type\":\"ListItem\",\"position\":1,\"name\":\"Inicio\",\"item\":\"https:\/\/compuviper.mx\/tienda\/\"},{\"@type\":\"ListItem\",\"position\":2,\"name\":\"Productos\",\"item\":\"https:\/\/compuviper.mx\/tienda\/productos\/\"},{\"@type\":\"ListItem\",\"position\":3,\"name\":\"Smart Home\",\"item\":\"https:\/\/compuviper.mx\/tienda\/categoria-producto\/smart-home\/\"},{\"@type\":\"ListItem\",\"position\":4,\"name\":\"Cerradura Inteligente\",\"item\":\"https:\/\/compuviper.mx\/tienda\/categoria-producto\/smart-home\/cerradura-inteligente\/\"},{\"@type\":\"ListItem\",\"position\":5,\"name\":\"Mirati Msl03 Cerradura Inteligente Con C?mara Y Timbre, Detecci?n De Huella Dactilar, Tarjeta Rfid, Conectividad Wifi, Combinaci?n Num?rica Y Llave F?sica, De Aleaci?n De Aluminio Y Cristal Templado.\"}]},{\"@type\":\"WebSite\",\"@id\":\"https:\/\/compuviper.mx\/tienda\/#website\",\"url\":\"https:\/\/compuviper.mx\/tienda\/\",\"name\":\"Compuviper\",\"description\":\"Proveedor de Computadoras, Laptops, Servidores, Monitores, Puntos de Venta, Teclados,   Impresoras, T\u00f3ner, C\u00e1maras de Seguridad y m\u00e1s en tu tienda en l\u00ednea\",\"publisher\":{\"@id\":\"https:\/\/compuviper.mx\/tienda\/#organization\"},\"potentialAction\":[{\"@type\":\"SearchAction\",\"target\":{\"@type\":\"EntryPoint\",\"urlTemplate\":\"https:\/\/compuviper.mx\/tienda\/?s={search_term_string}\"},\"query-input\":\"required name=search_term_string\"}],\"inLanguage\":\"es-MX\"},{\"@type\":\"Organization\",\"@id\":\"https:\/\/compuviper.mx\/tienda\/#organization\",\"name\":\"Compuviper\",\"url\":\"https:\/\/compuviper.mx\/tienda\/\",\"logo\":{\"@type\":\"ImageObject\",\"inLanguage\":\"es-MX\",\"@id\":\"https:\/\/compuviper.mx\/tienda\/#\/schema\/logo\/image\/\",\"url\":\"https:\/\/compuviper.mx\/tienda\/wp-content\/uploads\/2021\/08\/Logo-Compuviper-10.png\",\"contentUrl\":\"https:\/\/compuviper.mx\/tienda\/wp-content\/uploads\/2021\/08\/Logo-Compuviper-10.png\",\"width\":1000,\"height\":500,\"caption\":\"Compuviper\"},\"image\":{\"@id\":\"https:\/\/compuviper.mx\/tienda\/#\/schema\/logo\/image\/\"},\"sameAs\":[\"https:\/\/www.facebook.com\/compuviper\",\"https:\/\/www.youtube.com\/channel\/UCf73dERp9Y3cfOq7q8BhLjA?view_as=subscriber\"]}]}<\/script>\n<meta property=\"product:brand\" content=\"MIRATI\" \/>\n<meta property=\"product:price:amount\" content=\"854\" \/>\n<meta property=\"product:price:currency\" content=\"MXN\" \/>\n<meta property=\"og:availability\" content=\"instock\" \/>\n<meta property=\"product:availability\" content=\"instock\" \/>\n<meta property=\"product:retailer_item_id\" content=\"MSL03\" \/>\n<meta property=\"product:condition\" content=\"new\" \/>\n<!-- \/ Yoast SEO plugin. -->","yoast_head_json":{"title":"[ Mirati ] &#129351; Msl03 Cerradura Inteligente Con C\u00e1mara Y Timbre, Detecci\u00f3n De Huella Dactilar, Tarjeta Rfid, Conectividad Wifi, Combinaci\u00f3n Num\u00e9rica Y Llave F\u00edsica, De Aleaci\u00f3n De Aluminio Y Cristal Templado.","description":"Compra Msl03 Cerradura Inteligente Con C\u00e1mara Y Timbre, Detecci\u00f3n De Huella Dactilar, Tarjeta Rfid, Conectividad Wifi, Combinaci\u00f3n Num\u00e9rica Y Llave F\u00edsica, De Aleaci\u00f3n De Aluminio Y Cristal Templado. + Env\u00edo a domicilio + Pago seguro + Garant\u00eda","robots":{"index":"index","follow":"follow","max-snippet":"max-snippet:-1","max-image-preview":"max-image-preview:large","max-video-preview":"max-video-preview:-1"},"canonical":"https:\/\/compuviper.mx\/tienda\/producto\/mirati-msl03-cerradura-inteligente-con-cmara-y-timbre-deteccin-de-huella-dactilar-tarjeta-rfid-conectividad-wifi-combinacin-numrica-y-llave-fsica-de-aleacin-de-aluminio-y-cristal-templado\/","og_locale":"es_MX","og_type":"article","og_title":"[ Mirati ] &#129351; Msl03 Cerradura Inteligente Con C\u00e1mara Y Timbre, Detecci\u00f3n De Huella Dactilar, Tarjeta Rfid, Conectividad Wifi, Combinaci\u00f3n Num\u00e9rica Y Llave F\u00edsica, De Aleaci\u00f3n De Aluminio Y Cristal Templado.","og_description":"Compra Msl03 Cerradura Inteligente Con C\u00e1mara Y Timbre, Detecci\u00f3n De Huella Dactilar, Tarjeta Rfid, Conectividad Wifi, Combinaci\u00f3n Num\u00e9rica Y Llave F\u00edsica, De Aleaci\u00f3n De Aluminio Y Cristal Templado. + Env\u00edo a domicilio + Pago seguro + Garant\u00eda","og_url":"https:\/\/compuviper.mx\/tienda\/producto\/mirati-msl03-cerradura-inteligente-con-cmara-y-timbre-deteccin-de-huella-dactilar-tarjeta-rfid-conectividad-wifi-combinacin-numrica-y-llave-fsica-de-aleacin-de-aluminio-y-cristal-templado\/","og_site_name":"Compuviper","article_publisher":"https:\/\/www.facebook.com\/compuviper","article_modified_time":"2026-04-18T08:09:20+00:00","twitter_card":"summary_large_image","twitter_misc":{"Precio":"&#36;1,638 &#36;854 con IVA","Availability":"In stock"},"schema":{"@context":"https:\/\/schema.org","@graph":[{"@type":"WebPage","@id":"https:\/\/compuviper.mx\/tienda\/producto\/mirati-msl03-cerradura-inteligente-con-cmara-y-timbre-deteccin-de-huella-dactilar-tarjeta-rfid-conectividad-wifi-combinacin-numrica-y-llave-fsica-de-aleacin-de-aluminio-y-cristal-templado\/","url":"https:\/\/compuviper.mx\/tienda\/producto\/mirati-msl03-cerradura-inteligente-con-cmara-y-timbre-deteccin-de-huella-dactilar-tarjeta-rfid-conectividad-wifi-combinacin-numrica-y-llave-fsica-de-aleacin-de-aluminio-y-cristal-templado\/","name":"[ Mirati ] &#129351; Msl03 Cerradura Inteligente Con C\u00e1mara Y Timbre, Detecci\u00f3n De Huella Dactilar, Tarjeta Rfid, Conectividad Wifi, Combinaci\u00f3n Num\u00e9rica Y Llave F\u00edsica, De Aleaci\u00f3n De Aluminio Y Cristal Templado.","isPartOf":{"@id":"https:\/\/compuviper.mx\/tienda\/#website"},"datePublished":"2026-04-18T08:09:19+00:00","dateModified":"2026-04-18T08:09:20+00:00","description":"Compra Msl03 Cerradura Inteligente Con C\u00e1mara Y Timbre, Detecci\u00f3n De Huella Dactilar, Tarjeta Rfid, Conectividad Wifi, Combinaci\u00f3n Num\u00e9rica Y Llave F\u00edsica, De Aleaci\u00f3n De Aluminio Y Cristal Templado. + Env\u00edo a domicilio + Pago seguro + Garant\u00eda","breadcrumb":{"@id":"https:\/\/compuviper.mx\/tienda\/producto\/mirati-msl03-cerradura-inteligente-con-cmara-y-timbre-deteccin-de-huella-dactilar-tarjeta-rfid-conectividad-wifi-combinacin-numrica-y-llave-fsica-de-aleacin-de-aluminio-y-cristal-templado\/#breadcrumb"},"inLanguage":"es-MX","potentialAction":[{"@type":"ReadAction","target":["https:\/\/compuviper.mx\/tienda\/producto\/mirati-msl03-cerradura-inteligente-con-cmara-y-timbre-deteccin-de-huella-dactilar-tarjeta-rfid-conectividad-wifi-combinacin-numrica-y-llave-fsica-de-aleacin-de-aluminio-y-cristal-templado\/"]}]},{"@type":"BreadcrumbList","@id":"https:\/\/compuviper.mx\/tienda\/producto\/mirati-msl03-cerradura-inteligente-con-cmara-y-timbre-deteccin-de-huella-dactilar-tarjeta-rfid-conectividad-wifi-combinacin-numrica-y-llave-fsica-de-aleacin-de-aluminio-y-cristal-templado\/#breadcrumb","itemListElement":[{"@type":"ListItem","position":1,"name":"Inicio","item":"https:\/\/compuviper.mx\/tienda\/"},{"@type":"ListItem","position":2,"name":"Productos","item":"https:\/\/compuviper.mx\/tienda\/productos\/"},{"@type":"ListItem","position":3,"name":"Smart Home","item":"https:\/\/compuviper.mx\/tienda\/categoria-producto\/smart-home\/"},{"@type":"ListItem","position":4,"name":"Cerradura Inteligente","item":"https:\/\/compuviper.mx\/tienda\/categoria-producto\/smart-home\/cerradura-inteligente\/"},{"@type":"ListItem","position":5,"name":"Mirati Msl03 Cerradura Inteligente Con C?mara Y Timbre, Detecci?n De Huella Dactilar, Tarjeta Rfid, Conectividad Wifi, Combinaci?n Num?rica Y Llave F?sica, De Aleaci?n De Aluminio Y Cristal Templado."}]},{"@type":"WebSite","@id":"https:\/\/compuviper.mx\/tienda\/#website","url":"https:\/\/compuviper.mx\/tienda\/","name":"Compuviper","description":"Proveedor de Computadoras, Laptops, Servidores, Monitores, Puntos de Venta, Teclados,   Impresoras, T\u00f3ner, C\u00e1maras de Seguridad y m\u00e1s en tu tienda en l\u00ednea","publisher":{"@id":"https:\/\/compuviper.mx\/tienda\/#organization"},"potentialAction":[{"@type":"SearchAction","target":{"@type":"EntryPoint","urlTemplate":"https:\/\/compuviper.mx\/tienda\/?s={search_term_string}"},"query-input":"required name=search_term_string"}],"inLanguage":"es-MX"},{"@type":"Organization","@id":"https:\/\/compuviper.mx\/tienda\/#organization","name":"Compuviper","url":"https:\/\/compuviper.mx\/tienda\/","logo":{"@type":"ImageObject","inLanguage":"es-MX","@id":"https:\/\/compuviper.mx\/tienda\/#\/schema\/logo\/image\/","url":"https:\/\/compuviper.mx\/tienda\/wp-content\/uploads\/2021\/08\/Logo-Compuviper-10.png","contentUrl":"https:\/\/compuviper.mx\/tienda\/wp-content\/uploads\/2021\/08\/Logo-Compuviper-10.png","width":1000,"height":500,"caption":"Compuviper"},"image":{"@id":"https:\/\/compuviper.mx\/tienda\/#\/schema\/logo\/image\/"},"sameAs":["https:\/\/www.facebook.com\/compuviper","https:\/\/www.youtube.com\/channel\/UCf73dERp9Y3cfOq7q8BhLjA?view_as=subscriber"]}]},"product_brand":"MIRATI","product_price_amount":"854","product_price_currency":"MXN","og_availability":"instock","product_availability":"instock","product_retailer_item_id":"MSL03","product_condition":"new"},"_links":{"self":[{"href":"https:\/\/compuviper.mx\/tienda\/wp-json\/wp\/v2\/product\/265049"}],"collection":[{"href":"https:\/\/compuviper.mx\/tienda\/wp-json\/wp\/v2\/product"}],"about":[{"href":"https:\/\/compuviper.mx\/tienda\/wp-json\/wp\/v2\/types\/product"}],"replies":[{"embeddable":true,"href":"https:\/\/compuviper.mx\/tienda\/wp-json\/wp\/v2\/comments?post=265049"}],"wp:attachment":[{"href":"https:\/\/compuviper.mx\/tienda\/wp-json\/wp\/v2\/media?parent=265049"}],"wp:term":[{"taxonomy":"product_cat","embeddable":true,"href":"https:\/\/compuviper.mx\/tienda\/wp-json\/wp\/v2\/product_cat?post=265049"},{"taxonomy":"product_tag","embeddable":true,"href":"https:\/\/compuviper.mx\/tienda\/wp-json\/wp\/v2\/product_tag?post=265049"}],"curies":[{"name":"wp","href":"https:\/\/api.w.org\/{rel}","templated":true}]}}