{"id":265018,"date":"2026-04-16T00:37:38","date_gmt":"2026-04-16T06:37:38","guid":{"rendered":"https:\/\/compuviper.mx\/tienda\/producto\/sandisk-wds500g2g0c-00cdh0wds500g2g0c-unidad-de-estado-solido-ssd-interno-wd-green-sn350-500gb-m-2-2280-nvme-pcie-gen3-lect-2400mbs-escrit-1500mbs-pc-laptop-minipc-wds500g2g0c\/"},"modified":"2026-04-16T00:37:38","modified_gmt":"2026-04-16T06:37:38","slug":"sandisk-wds500g2g0c-00cdh0wds500g2g0c-unidad-de-estado-solido-ssd-interno-wd-green-sn350-500gb-m-2-2280-nvme-pcie-gen3-lect-2400mbs-escrit-1500mbs-pc-laptop-minipc-wds500g2g0c","status":"publish","type":"product","link":"https:\/\/compuviper.mx\/tienda\/producto\/sandisk-wds500g2g0c-00cdh0wds500g2g0c-unidad-de-estado-solido-ssd-interno-wd-green-sn350-500gb-m-2-2280-nvme-pcie-gen3-lect-2400mbs-escrit-1500mbs-pc-laptop-minipc-wds500g2g0c\/","title":{"rendered":"Sandisk Wds500g2g0c-00cdh0,wds500g2g0c Unidad De Estado Solido Ssd Interno Wd Green Sn350 500gb M.2 2280 Nvme Pcie Gen3 Lect.2400mbs Escrit.1500mbs Pc Laptop Minipc Wds500g2g0c"},"content":{"rendered":"<table class=\"descripcion\">\n<tr>\n<td>Especificaciones<\/td>\n<\/tr>\n<tr>\n<td>Capacidades9 500 gb<\/td>\n<\/tr>\n<tr>\n<td>Interfaz ssd m.2 2280<\/td>\n<\/tr>\n<tr>\n<td>Tipo de nand tlc tlc<\/td>\n<\/tr>\n<tr>\n<td>Rendimiento<\/td>\n<\/tr>\n<tr>\n<td>Lectura secuencial (mb\/s) hasta 2.400<\/td>\n<\/tr>\n<tr>\n<td>Escritura secuencial (mb\/s) hasta 1500<\/td>\n<\/tr>\n<tr>\n<td>Lectura aleatoria de 4k (iops) hasta 300,000<\/td>\n<\/tr>\n<tr>\n<td>Escritura aleatoria de 4k (iops) hasta 300,000<\/td>\n<\/tr>\n<tr>\n<td>Resistencia (tbw) 60 tbw<\/td>\n<\/tr>\n<tr>\n<td>Potencia<\/td>\n<\/tr>\n<tr>\n<td>Promedio potencia activa 110 mw<\/td>\n<\/tr>\n<tr>\n<td>Consumo maximo de energia operativa 3,5 w<\/td>\n<\/tr>\n<tr>\n<td>Confiabilidad<\/td>\n<\/tr>\n<tr>\n<td>Mttf                                                                                                                                                                                                                                                         hasta 1 millon de horas<\/td>\n<\/tr>\n<tr>\n<td>Ambiental<\/td>\n<\/tr>\n<tr>\n<td>Temperaturas operativas                                                          desde 32 \u00baf hasta 158 \u00baf (desde 0 \u00bac hasta 70 \u00bac) temperaturas no operativas                                                                                  -40 \u00baf a 185 \u00baf (-40 \u00bac a 85 \u00bac)<\/td>\n<\/tr>\n<tr>\n<td>Vibracion operativa                                                                                                       5 grms, 10-2000 hz, 3 ejes<\/td>\n<\/tr>\n<tr>\n<td>Vibracion no operativa                                                                                                    4,9 grms, 7-800 hz, 3 ejes<\/td>\n<\/tr>\n<tr>\n<td>Choque                                                                                                                      1 500 g a 0,5 ms en forma semisinusoidal<\/td>\n<\/tr>\n<tr>\n<td>Certificaciones  bsmi, can ices-3(b)\/nmb-3(b), ce, fcc, kcc, morocco, rcm, tuv, ukca, ul, vcci<\/td>\n<\/tr>\n<tr>\n<td>Garantia limitada  3 a\u00f1os<\/td>\n<\/tr>\n<tr>\n<td>Dimensiones fisicas<\/td>\n<\/tr>\n<tr>\n<td>Tama\u00f1o: m.2 2280  80 mm x 22,00 mm x 2,38 mm<\/td>\n<\/tr>\n<tr>\n<td>Peso: m.2 2280  7,5 g \u00b1 1 g<\/td>\n<\/tr>\n<tr>\n<td>Pedido de informacion<\/td>\n<\/tr>\n<tr>\n<td>Numero de modelo                wds500g2g0c<\/td>\n<\/tr>\n<\/table>\n","protected":false},"excerpt":{"rendered":"<p>Conserva tu ordenador y mejora su rendimiento. El wd green sn350 nvm ssd puede revitalizar tu viejo ordenador para uso diario. Tanto si est\u00e1s en clase como de compras, chateando o navegando por internet, este disco puede funcionar hasta cuatro veces mas r\u00e1pido2 que los discos sata. Como no tienen piezas moviles, los ssd ofrecen un dise\u00f1o a prueba de golpes para ayudar a proteger tus datos mas importantes frente a caidas o choques accidentales.<\/p>\n","protected":false},"featured_media":265019,"comment_status":"open","ping_status":"open","template":"","meta":[],"product_cat":[1703,1708],"product_tag":[1709],"acf":[],"yoast_head":"<!-- This site is optimized with the Yoast SEO plugin v21.7 - https:\/\/yoast.com\/wordpress\/plugins\/seo\/ -->\n<title>[ Sandisk ] &#129351; Wds500g2g0c-00cdh0,wds500g2g0c Unidad De Estado Solido Ssd Interno Wd Green Sn350 500gb M.2 2280 Nvme Pcie Gen3 Lect.2400mbs Escrit.1500mbs Pc Laptop Minipc Wds500g2g0c<\/title>\n<meta name=\"description\" content=\"Compra Wds500g2g0c-00cdh0,wds500g2g0c Unidad De Estado Solido Ssd Interno Wd Green Sn350 500gb M.2 2280 Nvme Pcie Gen3 Lect.2400mbs Escrit.1500mbs Pc Laptop Minipc Wds500g2g0c + Env\u00edo a domicilio + Pago seguro + Garant\u00eda\" \/>\n<meta name=\"robots\" content=\"index, follow, max-snippet:-1, max-image-preview:large, max-video-preview:-1\" \/>\n<link rel=\"canonical\" href=\"https:\/\/compuviper.mx\/tienda\/producto\/sandisk-wds500g2g0c-00cdh0wds500g2g0c-unidad-de-estado-solido-ssd-interno-wd-green-sn350-500gb-m-2-2280-nvme-pcie-gen3-lect-2400mbs-escrit-1500mbs-pc-laptop-minipc-wds500g2g0c\/\" \/>\n<meta property=\"og:locale\" content=\"es_MX\" \/>\n<meta property=\"og:type\" content=\"article\" \/>\n<meta property=\"og:title\" content=\"[ Sandisk ] &#129351; Wds500g2g0c-00cdh0,wds500g2g0c Unidad De Estado Solido Ssd Interno Wd Green Sn350 500gb M.2 2280 Nvme Pcie Gen3 Lect.2400mbs Escrit.1500mbs Pc Laptop Minipc Wds500g2g0c\" \/>\n<meta property=\"og:description\" content=\"Compra Wds500g2g0c-00cdh0,wds500g2g0c Unidad De Estado Solido Ssd Interno Wd Green Sn350 500gb M.2 2280 Nvme Pcie Gen3 Lect.2400mbs Escrit.1500mbs Pc Laptop Minipc Wds500g2g0c + Env\u00edo a domicilio + Pago seguro + Garant\u00eda\" \/>\n<meta property=\"og:url\" content=\"https:\/\/compuviper.mx\/tienda\/producto\/sandisk-wds500g2g0c-00cdh0wds500g2g0c-unidad-de-estado-solido-ssd-interno-wd-green-sn350-500gb-m-2-2280-nvme-pcie-gen3-lect-2400mbs-escrit-1500mbs-pc-laptop-minipc-wds500g2g0c\/\" \/>\n<meta property=\"og:site_name\" content=\"Compuviper\" \/>\n<meta property=\"article:publisher\" content=\"https:\/\/www.facebook.com\/compuviper\" \/>\n<meta property=\"og:image\" content=\"https:\/\/compuviper.mx\/tienda\/wp-content\/uploads\/2026\/01\/Unidad-de-estado-solido-ssd-interno-wd-green-sn350-500gb-m.2-2280-nvme-pcie-gen3-lect.2400mbs-escrit.1500mbs-pc-laptop-minipc-wds500g2g0c.jpg\" \/>\n\t<meta property=\"og:image:width\" content=\"200\" \/>\n\t<meta property=\"og:image:height\" content=\"200\" \/>\n\t<meta property=\"og:image:type\" content=\"image\/jpeg\" \/>\n<meta name=\"twitter:card\" content=\"summary_large_image\" \/>\n<meta name=\"twitter:label1\" content=\"Precio\" \/>\n\t<meta name=\"twitter:data1\" content=\"&#36;2,772 &#36;1,495 con IVA\" \/>\n\t<meta name=\"twitter:label2\" content=\"Availability\" \/>\n\t<meta name=\"twitter:data2\" content=\"In stock\" \/>\n<script type=\"application\/ld+json\" class=\"yoast-schema-graph\">{\"@context\":\"https:\/\/schema.org\",\"@graph\":[{\"@type\":\"WebPage\",\"@id\":\"https:\/\/compuviper.mx\/tienda\/producto\/sandisk-wds500g2g0c-00cdh0wds500g2g0c-unidad-de-estado-solido-ssd-interno-wd-green-sn350-500gb-m-2-2280-nvme-pcie-gen3-lect-2400mbs-escrit-1500mbs-pc-laptop-minipc-wds500g2g0c\/\",\"url\":\"https:\/\/compuviper.mx\/tienda\/producto\/sandisk-wds500g2g0c-00cdh0wds500g2g0c-unidad-de-estado-solido-ssd-interno-wd-green-sn350-500gb-m-2-2280-nvme-pcie-gen3-lect-2400mbs-escrit-1500mbs-pc-laptop-minipc-wds500g2g0c\/\",\"name\":\"[ Sandisk ] &#129351; Wds500g2g0c-00cdh0,wds500g2g0c Unidad De Estado Solido Ssd Interno Wd Green Sn350 500gb M.2 2280 Nvme Pcie Gen3 Lect.2400mbs Escrit.1500mbs Pc Laptop Minipc Wds500g2g0c\",\"isPartOf\":{\"@id\":\"https:\/\/compuviper.mx\/tienda\/#website\"},\"datePublished\":\"2026-04-16T06:37:38+00:00\",\"dateModified\":\"2026-04-16T06:37:38+00:00\",\"description\":\"Compra Wds500g2g0c-00cdh0,wds500g2g0c Unidad De Estado Solido Ssd Interno Wd Green Sn350 500gb M.2 2280 Nvme Pcie Gen3 Lect.2400mbs Escrit.1500mbs Pc Laptop Minipc Wds500g2g0c + Env\u00edo a domicilio + Pago seguro + Garant\u00eda\",\"breadcrumb\":{\"@id\":\"https:\/\/compuviper.mx\/tienda\/producto\/sandisk-wds500g2g0c-00cdh0wds500g2g0c-unidad-de-estado-solido-ssd-interno-wd-green-sn350-500gb-m-2-2280-nvme-pcie-gen3-lect-2400mbs-escrit-1500mbs-pc-laptop-minipc-wds500g2g0c\/#breadcrumb\"},\"inLanguage\":\"es-MX\",\"potentialAction\":[{\"@type\":\"ReadAction\",\"target\":[\"https:\/\/compuviper.mx\/tienda\/producto\/sandisk-wds500g2g0c-00cdh0wds500g2g0c-unidad-de-estado-solido-ssd-interno-wd-green-sn350-500gb-m-2-2280-nvme-pcie-gen3-lect-2400mbs-escrit-1500mbs-pc-laptop-minipc-wds500g2g0c\/\"]}]},{\"@type\":\"BreadcrumbList\",\"@id\":\"https:\/\/compuviper.mx\/tienda\/producto\/sandisk-wds500g2g0c-00cdh0wds500g2g0c-unidad-de-estado-solido-ssd-interno-wd-green-sn350-500gb-m-2-2280-nvme-pcie-gen3-lect-2400mbs-escrit-1500mbs-pc-laptop-minipc-wds500g2g0c\/#breadcrumb\",\"itemListElement\":[{\"@type\":\"ListItem\",\"position\":1,\"name\":\"Inicio\",\"item\":\"https:\/\/compuviper.mx\/tienda\/\"},{\"@type\":\"ListItem\",\"position\":2,\"name\":\"Productos\",\"item\":\"https:\/\/compuviper.mx\/tienda\/productos\/\"},{\"@type\":\"ListItem\",\"position\":3,\"name\":\"Discos Duros\",\"item\":\"https:\/\/compuviper.mx\/tienda\/categoria-producto\/discos-duros\/\"},{\"@type\":\"ListItem\",\"position\":4,\"name\":\"Unidad De Estado Solido\",\"item\":\"https:\/\/compuviper.mx\/tienda\/categoria-producto\/discos-duros\/unidad-de-estado-solido\/\"},{\"@type\":\"ListItem\",\"position\":5,\"name\":\"Sandisk Wds500g2g0c-00cdh0,wds500g2g0c Unidad De Estado Solido Ssd Interno Wd Green Sn350 500gb M.2 2280 Nvme Pcie Gen3 Lect.2400mbs Escrit.1500mbs Pc Laptop Minipc Wds500g2g0c\"}]},{\"@type\":\"WebSite\",\"@id\":\"https:\/\/compuviper.mx\/tienda\/#website\",\"url\":\"https:\/\/compuviper.mx\/tienda\/\",\"name\":\"Compuviper\",\"description\":\"Proveedor de Computadoras, Laptops, Servidores, Monitores, Puntos de Venta, Teclados,   Impresoras, T\u00f3ner, C\u00e1maras de Seguridad y m\u00e1s en tu tienda en l\u00ednea\",\"publisher\":{\"@id\":\"https:\/\/compuviper.mx\/tienda\/#organization\"},\"potentialAction\":[{\"@type\":\"SearchAction\",\"target\":{\"@type\":\"EntryPoint\",\"urlTemplate\":\"https:\/\/compuviper.mx\/tienda\/?s={search_term_string}\"},\"query-input\":\"required name=search_term_string\"}],\"inLanguage\":\"es-MX\"},{\"@type\":\"Organization\",\"@id\":\"https:\/\/compuviper.mx\/tienda\/#organization\",\"name\":\"Compuviper\",\"url\":\"https:\/\/compuviper.mx\/tienda\/\",\"logo\":{\"@type\":\"ImageObject\",\"inLanguage\":\"es-MX\",\"@id\":\"https:\/\/compuviper.mx\/tienda\/#\/schema\/logo\/image\/\",\"url\":\"https:\/\/compuviper.mx\/tienda\/wp-content\/uploads\/2021\/08\/Logo-Compuviper-10.png\",\"contentUrl\":\"https:\/\/compuviper.mx\/tienda\/wp-content\/uploads\/2021\/08\/Logo-Compuviper-10.png\",\"width\":1000,\"height\":500,\"caption\":\"Compuviper\"},\"image\":{\"@id\":\"https:\/\/compuviper.mx\/tienda\/#\/schema\/logo\/image\/\"},\"sameAs\":[\"https:\/\/www.facebook.com\/compuviper\",\"https:\/\/www.youtube.com\/channel\/UCf73dERp9Y3cfOq7q8BhLjA?view_as=subscriber\"]}]}<\/script>\n<meta property=\"product:brand\" content=\"SANDISK\" \/>\n<meta property=\"product:price:amount\" content=\"1495\" \/>\n<meta property=\"product:price:currency\" content=\"MXN\" \/>\n<meta property=\"og:availability\" content=\"instock\" \/>\n<meta property=\"product:availability\" content=\"instock\" \/>\n<meta property=\"product:retailer_item_id\" content=\"WDS500G2G0C-00CDH0,WDS500G2G0C\" \/>\n<meta property=\"product:condition\" content=\"new\" \/>\n<!-- \/ Yoast SEO plugin. -->","yoast_head_json":{"title":"[ Sandisk ] &#129351; Wds500g2g0c-00cdh0,wds500g2g0c Unidad De Estado Solido Ssd Interno Wd Green Sn350 500gb M.2 2280 Nvme Pcie Gen3 Lect.2400mbs Escrit.1500mbs Pc Laptop Minipc Wds500g2g0c","description":"Compra Wds500g2g0c-00cdh0,wds500g2g0c Unidad De Estado Solido Ssd Interno Wd Green Sn350 500gb M.2 2280 Nvme Pcie Gen3 Lect.2400mbs Escrit.1500mbs Pc Laptop Minipc Wds500g2g0c + Env\u00edo a domicilio + Pago seguro + Garant\u00eda","robots":{"index":"index","follow":"follow","max-snippet":"max-snippet:-1","max-image-preview":"max-image-preview:large","max-video-preview":"max-video-preview:-1"},"canonical":"https:\/\/compuviper.mx\/tienda\/producto\/sandisk-wds500g2g0c-00cdh0wds500g2g0c-unidad-de-estado-solido-ssd-interno-wd-green-sn350-500gb-m-2-2280-nvme-pcie-gen3-lect-2400mbs-escrit-1500mbs-pc-laptop-minipc-wds500g2g0c\/","og_locale":"es_MX","og_type":"article","og_title":"[ Sandisk ] &#129351; Wds500g2g0c-00cdh0,wds500g2g0c Unidad De Estado Solido Ssd Interno Wd Green Sn350 500gb M.2 2280 Nvme Pcie Gen3 Lect.2400mbs Escrit.1500mbs Pc Laptop Minipc Wds500g2g0c","og_description":"Compra Wds500g2g0c-00cdh0,wds500g2g0c Unidad De Estado Solido Ssd Interno Wd Green Sn350 500gb M.2 2280 Nvme Pcie Gen3 Lect.2400mbs Escrit.1500mbs Pc Laptop Minipc Wds500g2g0c + Env\u00edo a domicilio + Pago seguro + Garant\u00eda","og_url":"https:\/\/compuviper.mx\/tienda\/producto\/sandisk-wds500g2g0c-00cdh0wds500g2g0c-unidad-de-estado-solido-ssd-interno-wd-green-sn350-500gb-m-2-2280-nvme-pcie-gen3-lect-2400mbs-escrit-1500mbs-pc-laptop-minipc-wds500g2g0c\/","og_site_name":"Compuviper","article_publisher":"https:\/\/www.facebook.com\/compuviper","og_image":[{"width":200,"height":200,"url":"https:\/\/compuviper.mx\/tienda\/wp-content\/uploads\/2026\/01\/Unidad-de-estado-solido-ssd-interno-wd-green-sn350-500gb-m.2-2280-nvme-pcie-gen3-lect.2400mbs-escrit.1500mbs-pc-laptop-minipc-wds500g2g0c.jpg","type":"image\/jpeg"}],"twitter_card":"summary_large_image","twitter_misc":{"Precio":"&#36;2,772 &#36;1,495 con IVA","Availability":"In stock"},"schema":{"@context":"https:\/\/schema.org","@graph":[{"@type":"WebPage","@id":"https:\/\/compuviper.mx\/tienda\/producto\/sandisk-wds500g2g0c-00cdh0wds500g2g0c-unidad-de-estado-solido-ssd-interno-wd-green-sn350-500gb-m-2-2280-nvme-pcie-gen3-lect-2400mbs-escrit-1500mbs-pc-laptop-minipc-wds500g2g0c\/","url":"https:\/\/compuviper.mx\/tienda\/producto\/sandisk-wds500g2g0c-00cdh0wds500g2g0c-unidad-de-estado-solido-ssd-interno-wd-green-sn350-500gb-m-2-2280-nvme-pcie-gen3-lect-2400mbs-escrit-1500mbs-pc-laptop-minipc-wds500g2g0c\/","name":"[ Sandisk ] &#129351; Wds500g2g0c-00cdh0,wds500g2g0c Unidad De Estado Solido Ssd Interno Wd Green Sn350 500gb M.2 2280 Nvme Pcie Gen3 Lect.2400mbs Escrit.1500mbs Pc Laptop Minipc Wds500g2g0c","isPartOf":{"@id":"https:\/\/compuviper.mx\/tienda\/#website"},"datePublished":"2026-04-16T06:37:38+00:00","dateModified":"2026-04-16T06:37:38+00:00","description":"Compra Wds500g2g0c-00cdh0,wds500g2g0c Unidad De Estado Solido Ssd Interno Wd Green Sn350 500gb M.2 2280 Nvme Pcie Gen3 Lect.2400mbs Escrit.1500mbs Pc Laptop Minipc Wds500g2g0c + Env\u00edo a domicilio + Pago seguro + Garant\u00eda","breadcrumb":{"@id":"https:\/\/compuviper.mx\/tienda\/producto\/sandisk-wds500g2g0c-00cdh0wds500g2g0c-unidad-de-estado-solido-ssd-interno-wd-green-sn350-500gb-m-2-2280-nvme-pcie-gen3-lect-2400mbs-escrit-1500mbs-pc-laptop-minipc-wds500g2g0c\/#breadcrumb"},"inLanguage":"es-MX","potentialAction":[{"@type":"ReadAction","target":["https:\/\/compuviper.mx\/tienda\/producto\/sandisk-wds500g2g0c-00cdh0wds500g2g0c-unidad-de-estado-solido-ssd-interno-wd-green-sn350-500gb-m-2-2280-nvme-pcie-gen3-lect-2400mbs-escrit-1500mbs-pc-laptop-minipc-wds500g2g0c\/"]}]},{"@type":"BreadcrumbList","@id":"https:\/\/compuviper.mx\/tienda\/producto\/sandisk-wds500g2g0c-00cdh0wds500g2g0c-unidad-de-estado-solido-ssd-interno-wd-green-sn350-500gb-m-2-2280-nvme-pcie-gen3-lect-2400mbs-escrit-1500mbs-pc-laptop-minipc-wds500g2g0c\/#breadcrumb","itemListElement":[{"@type":"ListItem","position":1,"name":"Inicio","item":"https:\/\/compuviper.mx\/tienda\/"},{"@type":"ListItem","position":2,"name":"Productos","item":"https:\/\/compuviper.mx\/tienda\/productos\/"},{"@type":"ListItem","position":3,"name":"Discos Duros","item":"https:\/\/compuviper.mx\/tienda\/categoria-producto\/discos-duros\/"},{"@type":"ListItem","position":4,"name":"Unidad De Estado Solido","item":"https:\/\/compuviper.mx\/tienda\/categoria-producto\/discos-duros\/unidad-de-estado-solido\/"},{"@type":"ListItem","position":5,"name":"Sandisk Wds500g2g0c-00cdh0,wds500g2g0c Unidad De Estado Solido Ssd Interno Wd Green Sn350 500gb M.2 2280 Nvme Pcie Gen3 Lect.2400mbs Escrit.1500mbs Pc Laptop Minipc Wds500g2g0c"}]},{"@type":"WebSite","@id":"https:\/\/compuviper.mx\/tienda\/#website","url":"https:\/\/compuviper.mx\/tienda\/","name":"Compuviper","description":"Proveedor de Computadoras, Laptops, Servidores, Monitores, Puntos de Venta, Teclados,   Impresoras, T\u00f3ner, C\u00e1maras de Seguridad y m\u00e1s en tu tienda en l\u00ednea","publisher":{"@id":"https:\/\/compuviper.mx\/tienda\/#organization"},"potentialAction":[{"@type":"SearchAction","target":{"@type":"EntryPoint","urlTemplate":"https:\/\/compuviper.mx\/tienda\/?s={search_term_string}"},"query-input":"required name=search_term_string"}],"inLanguage":"es-MX"},{"@type":"Organization","@id":"https:\/\/compuviper.mx\/tienda\/#organization","name":"Compuviper","url":"https:\/\/compuviper.mx\/tienda\/","logo":{"@type":"ImageObject","inLanguage":"es-MX","@id":"https:\/\/compuviper.mx\/tienda\/#\/schema\/logo\/image\/","url":"https:\/\/compuviper.mx\/tienda\/wp-content\/uploads\/2021\/08\/Logo-Compuviper-10.png","contentUrl":"https:\/\/compuviper.mx\/tienda\/wp-content\/uploads\/2021\/08\/Logo-Compuviper-10.png","width":1000,"height":500,"caption":"Compuviper"},"image":{"@id":"https:\/\/compuviper.mx\/tienda\/#\/schema\/logo\/image\/"},"sameAs":["https:\/\/www.facebook.com\/compuviper","https:\/\/www.youtube.com\/channel\/UCf73dERp9Y3cfOq7q8BhLjA?view_as=subscriber"]}]},"product_brand":"SANDISK","product_price_amount":"1495","product_price_currency":"MXN","og_availability":"instock","product_availability":"instock","product_retailer_item_id":"WDS500G2G0C-00CDH0,WDS500G2G0C","product_condition":"new"},"_links":{"self":[{"href":"https:\/\/compuviper.mx\/tienda\/wp-json\/wp\/v2\/product\/265018"}],"collection":[{"href":"https:\/\/compuviper.mx\/tienda\/wp-json\/wp\/v2\/product"}],"about":[{"href":"https:\/\/compuviper.mx\/tienda\/wp-json\/wp\/v2\/types\/product"}],"replies":[{"embeddable":true,"href":"https:\/\/compuviper.mx\/tienda\/wp-json\/wp\/v2\/comments?post=265018"}],"wp:featuredmedia":[{"embeddable":true,"href":"https:\/\/compuviper.mx\/tienda\/wp-json\/wp\/v2\/media\/265019"}],"wp:attachment":[{"href":"https:\/\/compuviper.mx\/tienda\/wp-json\/wp\/v2\/media?parent=265018"}],"wp:term":[{"taxonomy":"product_cat","embeddable":true,"href":"https:\/\/compuviper.mx\/tienda\/wp-json\/wp\/v2\/product_cat?post=265018"},{"taxonomy":"product_tag","embeddable":true,"href":"https:\/\/compuviper.mx\/tienda\/wp-json\/wp\/v2\/product_tag?post=265018"}],"curies":[{"name":"wp","href":"https:\/\/api.w.org\/{rel}","templated":true}]}}