{"id":264963,"date":"2026-04-16T01:45:19","date_gmt":"2026-04-16T07:45:19","guid":{"rendered":"https:\/\/compuviper.mx\/tienda\/producto\/sandisk-sdsqunr-064g-gn3ma-memoria-micro-sdxc-64gb-ultra-100mb-s-clase-10-c-adaptador\/"},"modified":"2026-04-16T01:45:20","modified_gmt":"2026-04-16T07:45:20","slug":"sandisk-sdsqunr-064g-gn3ma-memoria-micro-sdxc-64gb-ultra-100mb-s-clase-10-c-adaptador","status":"publish","type":"product","link":"https:\/\/compuviper.mx\/tienda\/producto\/sandisk-sdsqunr-064g-gn3ma-memoria-micro-sdxc-64gb-ultra-100mb-s-clase-10-c-adaptador\/","title":{"rendered":"Sandisk Sdsqunr-064g-gn3ma Memoria  Micro Sdxc 64gb Ultra 100mb\/s Clase 10 C\/adaptador"},"content":{"rendered":"<table class=\"descripcion\">\n<tr>\n<td>Informacin tcnica:<\/td>\n<\/tr>\n<tr>\n<td>Capacidad: 64 gb<\/td>\n<\/tr>\n<tr>\n<td>Velocidad de lectura: hasta 100mb\/s<\/td>\n<\/tr>\n<tr>\n<td>Velocidad de video: c102<\/td>\n<\/tr>\n<tr>\n<td>Factor de forma: microsdhc<\/td>\n<\/tr>\n<tr>\n<td>Rendimiento: hasta 100 mb\/s de velocidad de lectura.<\/td>\n<\/tr>\n<tr>\n<td>Dimensiones: 0,59 in x 0,43 in x 0,04 in 14,99 mm x 10,92 mm x 1,02 mm<\/td>\n<\/tr>\n<tr>\n<td>Temperatura de funcionamiento: de -13 \u00baf a 185 \u00baf de -25 \u00bac a 85 \u00bac<\/td>\n<\/tr>\n<tr>\n<td>Temperatura de almacenamiento: de -40 \u00baf a 185 \u00baf de -40 \u00bac a 85 \u00bac<\/td>\n<\/tr>\n<tr>\n<td>Compatibilidad: compatible con los dispositivos host que admiten microsdhc y microsdxc.<\/td>\n<\/tr>\n<tr>\n<td>Resistente al agua y a la temperatura, y a prueba de rayos x y golpes, clase 10 para video full hd 1920 x 1080.<\/td>\n<\/tr>\n<\/table>\n","protected":false},"excerpt":{"rendered":"<p>Informacin comercial. Captura y guarda m\u00e1s fotos de alta calidad y videos full hd en tu tableta o telfono inteligente android con las tarjetas sandisk ultra microsd uhs-i. Con capacidades de almacenamiento de hasta 128 gb, son el complemento ideal para los telfonos inteligentes y las tabletas android. Y la aplicacin sandisk memory zone, disponible en la tienda de google play, te permite ver todos los archivos de la memoria de tu telfono, hacer copias de seguridad y acceder a ellos en un lugar conveniente de manera sencilla. Para que tu telfono inteligente funcione a su m\u00e1ximo rendimiento, puedes configurar esta aplicacin para que descargue de forma autom\u00e1tica los archivos de la memoria interna de tu telfono inteligente a tu tarjeta de memoria. Las tarjetas sandisk ultra microsd uhs-i son resistentes al agua, a prueba de golpes, a prueba de rayos x y resistentes a la temperatura. Para proteger tus recuerdos de los contratiempos de la vida cotidiana. Lleva tu telfono o tableta a la nieve, a la piscina o al desierto. Incluso si tu dispositivo no perdura, la tarjeta de memoria s lo har\u00e1.<\/p>\n","protected":false},"featured_media":264964,"comment_status":"open","ping_status":"open","template":"","meta":[],"product_cat":[1793,1795],"product_tag":[1709],"acf":[],"yoast_head":"<!-- This site is optimized with the Yoast SEO plugin v21.7 - https:\/\/yoast.com\/wordpress\/plugins\/seo\/ -->\n<title>[ Sandisk ] &#129351; Sdsqunr-064g-gn3ma Memoria Micro Sdxc 64gb Ultra 100mb\/s Clase 10 C\/adaptador<\/title>\n<meta name=\"description\" content=\"Compra Sdsqunr-064g-gn3ma Memoria Micro Sdxc 64gb Ultra 100mb\/s Clase 10 C\/adaptador + Env\u00edo a domicilio + Pago seguro + Garant\u00eda\" \/>\n<meta name=\"robots\" content=\"index, follow, max-snippet:-1, max-image-preview:large, max-video-preview:-1\" \/>\n<link rel=\"canonical\" href=\"https:\/\/compuviper.mx\/tienda\/producto\/sandisk-sdsqunr-064g-gn3ma-memoria-micro-sdxc-64gb-ultra-100mb-s-clase-10-c-adaptador\/\" \/>\n<meta property=\"og:locale\" content=\"es_MX\" \/>\n<meta property=\"og:type\" content=\"article\" \/>\n<meta property=\"og:title\" content=\"[ Sandisk ] &#129351; Sdsqunr-064g-gn3ma Memoria Micro Sdxc 64gb Ultra 100mb\/s Clase 10 C\/adaptador\" \/>\n<meta property=\"og:description\" content=\"Compra Sdsqunr-064g-gn3ma Memoria Micro Sdxc 64gb Ultra 100mb\/s Clase 10 C\/adaptador + Env\u00edo a domicilio + Pago seguro + Garant\u00eda\" \/>\n<meta property=\"og:url\" content=\"https:\/\/compuviper.mx\/tienda\/producto\/sandisk-sdsqunr-064g-gn3ma-memoria-micro-sdxc-64gb-ultra-100mb-s-clase-10-c-adaptador\/\" \/>\n<meta property=\"og:site_name\" content=\"Compuviper\" \/>\n<meta property=\"article:publisher\" content=\"https:\/\/www.facebook.com\/compuviper\" \/>\n<meta property=\"article:modified_time\" content=\"2026-04-16T07:45:20+00:00\" \/>\n<meta property=\"og:image\" content=\"https:\/\/compuviper.mx\/tienda\/wp-content\/uploads\/2025\/12\/Memoria-sandisk-micro-sdxc-64gb-ultra-100mbs-clase-10-cadaptador-sdsqunr-064g-gn3ma.jpg\" \/>\n\t<meta property=\"og:image:width\" content=\"200\" \/>\n\t<meta property=\"og:image:height\" content=\"200\" \/>\n\t<meta property=\"og:image:type\" content=\"image\/jpeg\" \/>\n<meta name=\"twitter:card\" content=\"summary_large_image\" \/>\n<meta name=\"twitter:label1\" content=\"Precio\" \/>\n\t<meta name=\"twitter:data1\" content=\"&#36;273 &#36;231 con IVA\" \/>\n\t<meta name=\"twitter:label2\" content=\"Availability\" \/>\n\t<meta name=\"twitter:data2\" content=\"In stock\" \/>\n<script type=\"application\/ld+json\" class=\"yoast-schema-graph\">{\"@context\":\"https:\/\/schema.org\",\"@graph\":[{\"@type\":\"WebPage\",\"@id\":\"https:\/\/compuviper.mx\/tienda\/producto\/sandisk-sdsqunr-064g-gn3ma-memoria-micro-sdxc-64gb-ultra-100mb-s-clase-10-c-adaptador\/\",\"url\":\"https:\/\/compuviper.mx\/tienda\/producto\/sandisk-sdsqunr-064g-gn3ma-memoria-micro-sdxc-64gb-ultra-100mb-s-clase-10-c-adaptador\/\",\"name\":\"[ Sandisk ] &#129351; Sdsqunr-064g-gn3ma Memoria Micro Sdxc 64gb Ultra 100mb\/s Clase 10 C\/adaptador\",\"isPartOf\":{\"@id\":\"https:\/\/compuviper.mx\/tienda\/#website\"},\"datePublished\":\"2026-04-16T07:45:19+00:00\",\"dateModified\":\"2026-04-16T07:45:20+00:00\",\"description\":\"Compra Sdsqunr-064g-gn3ma Memoria Micro Sdxc 64gb Ultra 100mb\/s Clase 10 C\/adaptador + Env\u00edo a domicilio + Pago seguro + Garant\u00eda\",\"breadcrumb\":{\"@id\":\"https:\/\/compuviper.mx\/tienda\/producto\/sandisk-sdsqunr-064g-gn3ma-memoria-micro-sdxc-64gb-ultra-100mb-s-clase-10-c-adaptador\/#breadcrumb\"},\"inLanguage\":\"es-MX\",\"potentialAction\":[{\"@type\":\"ReadAction\",\"target\":[\"https:\/\/compuviper.mx\/tienda\/producto\/sandisk-sdsqunr-064g-gn3ma-memoria-micro-sdxc-64gb-ultra-100mb-s-clase-10-c-adaptador\/\"]}]},{\"@type\":\"BreadcrumbList\",\"@id\":\"https:\/\/compuviper.mx\/tienda\/producto\/sandisk-sdsqunr-064g-gn3ma-memoria-micro-sdxc-64gb-ultra-100mb-s-clase-10-c-adaptador\/#breadcrumb\",\"itemListElement\":[{\"@type\":\"ListItem\",\"position\":1,\"name\":\"Inicio\",\"item\":\"https:\/\/compuviper.mx\/tienda\/\"},{\"@type\":\"ListItem\",\"position\":2,\"name\":\"Productos\",\"item\":\"https:\/\/compuviper.mx\/tienda\/productos\/\"},{\"@type\":\"ListItem\",\"position\":3,\"name\":\"Memorias\",\"item\":\"https:\/\/compuviper.mx\/tienda\/categoria-producto\/memorias\/\"},{\"@type\":\"ListItem\",\"position\":4,\"name\":\"Memoria Flash Card\",\"item\":\"https:\/\/compuviper.mx\/tienda\/categoria-producto\/memorias\/memoria-flash-card\/\"},{\"@type\":\"ListItem\",\"position\":5,\"name\":\"Sandisk Sdsqunr-064g-gn3ma Memoria Micro Sdxc 64gb Ultra 100mb\/s Clase 10 C\/adaptador\"}]},{\"@type\":\"WebSite\",\"@id\":\"https:\/\/compuviper.mx\/tienda\/#website\",\"url\":\"https:\/\/compuviper.mx\/tienda\/\",\"name\":\"Compuviper\",\"description\":\"Proveedor de Computadoras, Laptops, Servidores, Monitores, Puntos de Venta, Teclados,   Impresoras, T\u00f3ner, C\u00e1maras de Seguridad y m\u00e1s en tu tienda en l\u00ednea\",\"publisher\":{\"@id\":\"https:\/\/compuviper.mx\/tienda\/#organization\"},\"potentialAction\":[{\"@type\":\"SearchAction\",\"target\":{\"@type\":\"EntryPoint\",\"urlTemplate\":\"https:\/\/compuviper.mx\/tienda\/?s={search_term_string}\"},\"query-input\":\"required name=search_term_string\"}],\"inLanguage\":\"es-MX\"},{\"@type\":\"Organization\",\"@id\":\"https:\/\/compuviper.mx\/tienda\/#organization\",\"name\":\"Compuviper\",\"url\":\"https:\/\/compuviper.mx\/tienda\/\",\"logo\":{\"@type\":\"ImageObject\",\"inLanguage\":\"es-MX\",\"@id\":\"https:\/\/compuviper.mx\/tienda\/#\/schema\/logo\/image\/\",\"url\":\"https:\/\/compuviper.mx\/tienda\/wp-content\/uploads\/2021\/08\/Logo-Compuviper-10.png\",\"contentUrl\":\"https:\/\/compuviper.mx\/tienda\/wp-content\/uploads\/2021\/08\/Logo-Compuviper-10.png\",\"width\":1000,\"height\":500,\"caption\":\"Compuviper\"},\"image\":{\"@id\":\"https:\/\/compuviper.mx\/tienda\/#\/schema\/logo\/image\/\"},\"sameAs\":[\"https:\/\/www.facebook.com\/compuviper\",\"https:\/\/www.youtube.com\/channel\/UCf73dERp9Y3cfOq7q8BhLjA?view_as=subscriber\"]}]}<\/script>\n<meta property=\"product:brand\" content=\"SANDISK\" \/>\n<meta property=\"product:price:amount\" content=\"231\" \/>\n<meta property=\"product:price:currency\" content=\"MXN\" \/>\n<meta property=\"og:availability\" content=\"instock\" \/>\n<meta property=\"product:availability\" content=\"instock\" \/>\n<meta property=\"product:retailer_item_id\" content=\"SDSQUNR-064G-GN3MA\" \/>\n<meta property=\"product:condition\" content=\"new\" \/>\n<!-- \/ Yoast SEO plugin. -->","yoast_head_json":{"title":"[ Sandisk ] &#129351; Sdsqunr-064g-gn3ma Memoria Micro Sdxc 64gb Ultra 100mb\/s Clase 10 C\/adaptador","description":"Compra Sdsqunr-064g-gn3ma Memoria Micro Sdxc 64gb Ultra 100mb\/s Clase 10 C\/adaptador + Env\u00edo a domicilio + Pago seguro + Garant\u00eda","robots":{"index":"index","follow":"follow","max-snippet":"max-snippet:-1","max-image-preview":"max-image-preview:large","max-video-preview":"max-video-preview:-1"},"canonical":"https:\/\/compuviper.mx\/tienda\/producto\/sandisk-sdsqunr-064g-gn3ma-memoria-micro-sdxc-64gb-ultra-100mb-s-clase-10-c-adaptador\/","og_locale":"es_MX","og_type":"article","og_title":"[ Sandisk ] &#129351; Sdsqunr-064g-gn3ma Memoria Micro Sdxc 64gb Ultra 100mb\/s Clase 10 C\/adaptador","og_description":"Compra Sdsqunr-064g-gn3ma Memoria Micro Sdxc 64gb Ultra 100mb\/s Clase 10 C\/adaptador + Env\u00edo a domicilio + Pago seguro + Garant\u00eda","og_url":"https:\/\/compuviper.mx\/tienda\/producto\/sandisk-sdsqunr-064g-gn3ma-memoria-micro-sdxc-64gb-ultra-100mb-s-clase-10-c-adaptador\/","og_site_name":"Compuviper","article_publisher":"https:\/\/www.facebook.com\/compuviper","article_modified_time":"2026-04-16T07:45:20+00:00","og_image":[{"width":200,"height":200,"url":"https:\/\/compuviper.mx\/tienda\/wp-content\/uploads\/2025\/12\/Memoria-sandisk-micro-sdxc-64gb-ultra-100mbs-clase-10-cadaptador-sdsqunr-064g-gn3ma.jpg","type":"image\/jpeg"}],"twitter_card":"summary_large_image","twitter_misc":{"Precio":"&#36;273 &#36;231 con IVA","Availability":"In stock"},"schema":{"@context":"https:\/\/schema.org","@graph":[{"@type":"WebPage","@id":"https:\/\/compuviper.mx\/tienda\/producto\/sandisk-sdsqunr-064g-gn3ma-memoria-micro-sdxc-64gb-ultra-100mb-s-clase-10-c-adaptador\/","url":"https:\/\/compuviper.mx\/tienda\/producto\/sandisk-sdsqunr-064g-gn3ma-memoria-micro-sdxc-64gb-ultra-100mb-s-clase-10-c-adaptador\/","name":"[ Sandisk ] &#129351; Sdsqunr-064g-gn3ma Memoria Micro Sdxc 64gb Ultra 100mb\/s Clase 10 C\/adaptador","isPartOf":{"@id":"https:\/\/compuviper.mx\/tienda\/#website"},"datePublished":"2026-04-16T07:45:19+00:00","dateModified":"2026-04-16T07:45:20+00:00","description":"Compra Sdsqunr-064g-gn3ma Memoria Micro Sdxc 64gb Ultra 100mb\/s Clase 10 C\/adaptador + Env\u00edo a domicilio + Pago seguro + Garant\u00eda","breadcrumb":{"@id":"https:\/\/compuviper.mx\/tienda\/producto\/sandisk-sdsqunr-064g-gn3ma-memoria-micro-sdxc-64gb-ultra-100mb-s-clase-10-c-adaptador\/#breadcrumb"},"inLanguage":"es-MX","potentialAction":[{"@type":"ReadAction","target":["https:\/\/compuviper.mx\/tienda\/producto\/sandisk-sdsqunr-064g-gn3ma-memoria-micro-sdxc-64gb-ultra-100mb-s-clase-10-c-adaptador\/"]}]},{"@type":"BreadcrumbList","@id":"https:\/\/compuviper.mx\/tienda\/producto\/sandisk-sdsqunr-064g-gn3ma-memoria-micro-sdxc-64gb-ultra-100mb-s-clase-10-c-adaptador\/#breadcrumb","itemListElement":[{"@type":"ListItem","position":1,"name":"Inicio","item":"https:\/\/compuviper.mx\/tienda\/"},{"@type":"ListItem","position":2,"name":"Productos","item":"https:\/\/compuviper.mx\/tienda\/productos\/"},{"@type":"ListItem","position":3,"name":"Memorias","item":"https:\/\/compuviper.mx\/tienda\/categoria-producto\/memorias\/"},{"@type":"ListItem","position":4,"name":"Memoria Flash Card","item":"https:\/\/compuviper.mx\/tienda\/categoria-producto\/memorias\/memoria-flash-card\/"},{"@type":"ListItem","position":5,"name":"Sandisk Sdsqunr-064g-gn3ma Memoria Micro Sdxc 64gb Ultra 100mb\/s Clase 10 C\/adaptador"}]},{"@type":"WebSite","@id":"https:\/\/compuviper.mx\/tienda\/#website","url":"https:\/\/compuviper.mx\/tienda\/","name":"Compuviper","description":"Proveedor de Computadoras, Laptops, Servidores, Monitores, Puntos de Venta, Teclados,   Impresoras, T\u00f3ner, C\u00e1maras de Seguridad y m\u00e1s en tu tienda en l\u00ednea","publisher":{"@id":"https:\/\/compuviper.mx\/tienda\/#organization"},"potentialAction":[{"@type":"SearchAction","target":{"@type":"EntryPoint","urlTemplate":"https:\/\/compuviper.mx\/tienda\/?s={search_term_string}"},"query-input":"required name=search_term_string"}],"inLanguage":"es-MX"},{"@type":"Organization","@id":"https:\/\/compuviper.mx\/tienda\/#organization","name":"Compuviper","url":"https:\/\/compuviper.mx\/tienda\/","logo":{"@type":"ImageObject","inLanguage":"es-MX","@id":"https:\/\/compuviper.mx\/tienda\/#\/schema\/logo\/image\/","url":"https:\/\/compuviper.mx\/tienda\/wp-content\/uploads\/2021\/08\/Logo-Compuviper-10.png","contentUrl":"https:\/\/compuviper.mx\/tienda\/wp-content\/uploads\/2021\/08\/Logo-Compuviper-10.png","width":1000,"height":500,"caption":"Compuviper"},"image":{"@id":"https:\/\/compuviper.mx\/tienda\/#\/schema\/logo\/image\/"},"sameAs":["https:\/\/www.facebook.com\/compuviper","https:\/\/www.youtube.com\/channel\/UCf73dERp9Y3cfOq7q8BhLjA?view_as=subscriber"]}]},"product_brand":"SANDISK","product_price_amount":"231","product_price_currency":"MXN","og_availability":"instock","product_availability":"instock","product_retailer_item_id":"SDSQUNR-064G-GN3MA","product_condition":"new"},"_links":{"self":[{"href":"https:\/\/compuviper.mx\/tienda\/wp-json\/wp\/v2\/product\/264963"}],"collection":[{"href":"https:\/\/compuviper.mx\/tienda\/wp-json\/wp\/v2\/product"}],"about":[{"href":"https:\/\/compuviper.mx\/tienda\/wp-json\/wp\/v2\/types\/product"}],"replies":[{"embeddable":true,"href":"https:\/\/compuviper.mx\/tienda\/wp-json\/wp\/v2\/comments?post=264963"}],"wp:featuredmedia":[{"embeddable":true,"href":"https:\/\/compuviper.mx\/tienda\/wp-json\/wp\/v2\/media\/264964"}],"wp:attachment":[{"href":"https:\/\/compuviper.mx\/tienda\/wp-json\/wp\/v2\/media?parent=264963"}],"wp:term":[{"taxonomy":"product_cat","embeddable":true,"href":"https:\/\/compuviper.mx\/tienda\/wp-json\/wp\/v2\/product_cat?post=264963"},{"taxonomy":"product_tag","embeddable":true,"href":"https:\/\/compuviper.mx\/tienda\/wp-json\/wp\/v2\/product_tag?post=264963"}],"curies":[{"name":"wp","href":"https:\/\/api.w.org\/{rel}","templated":true}]}}