{"id":264735,"date":"2026-04-11T01:07:09","date_gmt":"2026-04-11T07:07:09","guid":{"rendered":"https:\/\/compuviper.mx\/tienda\/producto\/x-fusion-0257y112n-xf-tarjetas-de-red-emulexfc-hba-32gb-slpe320022-portsfpwith-2x-multi-mode-optical-transceiverpcie-3-0-x8-vendor-id-10df-device-id-e300-2\/"},"modified":"2026-04-11T01:07:09","modified_gmt":"2026-04-11T07:07:09","slug":"x-fusion-0257y112n-xf-tarjetas-de-red-emulexfc-hba-32gb-slpe320022-portsfpwith-2x-multi-mode-optical-transceiverpcie-3-0-x8-vendor-id-10df-device-id-e300-2","status":"publish","type":"product","link":"https:\/\/compuviper.mx\/tienda\/producto\/x-fusion-0257y112n-xf-tarjetas-de-red-emulexfc-hba-32gb-slpe320022-portsfpwith-2x-multi-mode-optical-transceiverpcie-3-0-x8-vendor-id-10df-device-id-e300-2\/","title":{"rendered":"X-fusion 0257y112n-xf Tarjetas De Red Emulex,fc Hba,-32gb\/slpe32002,2-port,sfpwith 2x Multi-mode Optical Transceiver,pcie 3.0 X8-vendor Id 10df-device Id E300-2"},"content":{"rendered":"<table class=\"descripcion\">\n<tr>\n<td>Tarjetas de red emulex,fc hba,-32gb\/s(lpe32002),2-port,sfp+(with 2x multi-mode optical transceiver),pcie 3.0 x8-vendor id 10df-device id e300-2<\/td>\n<\/tr>\n<\/table>\n","protected":false},"excerpt":{"rendered":"<p>Tarjetas de red emulex,fc hba,-32gb\/s(lpe32002),2-port,sfp+(with 2x multi-mode optical transceiver),pcie 3.0 x8-vendor id 10df-device id e300-2<\/p>\n","protected":false},"featured_media":0,"comment_status":"open","ping_status":"open","template":"","meta":[],"product_cat":[1563,1572],"product_tag":[2205],"acf":[],"yoast_head":"<!-- This site is optimized with the Yoast SEO plugin v21.7 - https:\/\/yoast.com\/wordpress\/plugins\/seo\/ -->\n<title>[ X-fusion ] &#129351; 0257y112n-xf Tarjetas De Red Emulex,fc Hba,-32gb\/slpe32002,2-port,sfpwith 2x Multi-mode Optical Transceiver,pcie 3.0 X8-vendor Id 10df-device Id E300-2<\/title>\n<meta name=\"description\" content=\"Compra 0257y112n-xf Tarjetas De Red Emulex,fc Hba,-32gb\/slpe32002,2-port,sfpwith 2x Multi-mode Optical Transceiver,pcie 3.0 X8-vendor Id 10df-device Id E300-2 + Env\u00edo a domicilio + Pago seguro + Garant\u00eda\" \/>\n<meta name=\"robots\" content=\"index, follow, max-snippet:-1, max-image-preview:large, max-video-preview:-1\" \/>\n<link rel=\"canonical\" href=\"https:\/\/compuviper.mx\/tienda\/producto\/x-fusion-0257y112n-xf-tarjetas-de-red-emulexfc-hba-32gb-slpe320022-portsfpwith-2x-multi-mode-optical-transceiverpcie-3-0-x8-vendor-id-10df-device-id-e300-2\/\" \/>\n<meta property=\"og:locale\" content=\"es_MX\" \/>\n<meta property=\"og:type\" content=\"article\" \/>\n<meta property=\"og:title\" content=\"[ X-fusion ] &#129351; 0257y112n-xf Tarjetas De Red Emulex,fc Hba,-32gb\/slpe32002,2-port,sfpwith 2x Multi-mode Optical Transceiver,pcie 3.0 X8-vendor Id 10df-device Id E300-2\" \/>\n<meta property=\"og:description\" content=\"Compra 0257y112n-xf Tarjetas De Red Emulex,fc Hba,-32gb\/slpe32002,2-port,sfpwith 2x Multi-mode Optical Transceiver,pcie 3.0 X8-vendor Id 10df-device Id E300-2 + Env\u00edo a domicilio + Pago seguro + Garant\u00eda\" \/>\n<meta property=\"og:url\" content=\"https:\/\/compuviper.mx\/tienda\/producto\/x-fusion-0257y112n-xf-tarjetas-de-red-emulexfc-hba-32gb-slpe320022-portsfpwith-2x-multi-mode-optical-transceiverpcie-3-0-x8-vendor-id-10df-device-id-e300-2\/\" \/>\n<meta property=\"og:site_name\" content=\"Compuviper\" \/>\n<meta property=\"article:publisher\" content=\"https:\/\/www.facebook.com\/compuviper\" \/>\n<meta name=\"twitter:card\" content=\"summary_large_image\" \/>\n<meta name=\"twitter:label1\" content=\"Precio\" \/>\n\t<meta name=\"twitter:data1\" content=\"&#36;20,660 con IVA\" \/>\n\t<meta name=\"twitter:label2\" content=\"Availability\" \/>\n\t<meta name=\"twitter:data2\" content=\"Out of stock\" \/>\n<script type=\"application\/ld+json\" class=\"yoast-schema-graph\">{\"@context\":\"https:\/\/schema.org\",\"@graph\":[{\"@type\":\"WebPage\",\"@id\":\"https:\/\/compuviper.mx\/tienda\/producto\/x-fusion-0257y112n-xf-tarjetas-de-red-emulexfc-hba-32gb-slpe320022-portsfpwith-2x-multi-mode-optical-transceiverpcie-3-0-x8-vendor-id-10df-device-id-e300-2\/\",\"url\":\"https:\/\/compuviper.mx\/tienda\/producto\/x-fusion-0257y112n-xf-tarjetas-de-red-emulexfc-hba-32gb-slpe320022-portsfpwith-2x-multi-mode-optical-transceiverpcie-3-0-x8-vendor-id-10df-device-id-e300-2\/\",\"name\":\"[ X-fusion ] &#129351; 0257y112n-xf Tarjetas De Red Emulex,fc Hba,-32gb\/slpe32002,2-port,sfpwith 2x Multi-mode Optical Transceiver,pcie 3.0 X8-vendor Id 10df-device Id E300-2\",\"isPartOf\":{\"@id\":\"https:\/\/compuviper.mx\/tienda\/#website\"},\"datePublished\":\"2026-04-11T07:07:09+00:00\",\"dateModified\":\"2026-04-11T07:07:09+00:00\",\"description\":\"Compra 0257y112n-xf Tarjetas De Red Emulex,fc Hba,-32gb\/slpe32002,2-port,sfpwith 2x Multi-mode Optical Transceiver,pcie 3.0 X8-vendor Id 10df-device Id E300-2 + Env\u00edo a domicilio + Pago seguro + Garant\u00eda\",\"breadcrumb\":{\"@id\":\"https:\/\/compuviper.mx\/tienda\/producto\/x-fusion-0257y112n-xf-tarjetas-de-red-emulexfc-hba-32gb-slpe320022-portsfpwith-2x-multi-mode-optical-transceiverpcie-3-0-x8-vendor-id-10df-device-id-e300-2\/#breadcrumb\"},\"inLanguage\":\"es-MX\",\"potentialAction\":[{\"@type\":\"ReadAction\",\"target\":[\"https:\/\/compuviper.mx\/tienda\/producto\/x-fusion-0257y112n-xf-tarjetas-de-red-emulexfc-hba-32gb-slpe320022-portsfpwith-2x-multi-mode-optical-transceiverpcie-3-0-x8-vendor-id-10df-device-id-e300-2\/\"]}]},{\"@type\":\"BreadcrumbList\",\"@id\":\"https:\/\/compuviper.mx\/tienda\/producto\/x-fusion-0257y112n-xf-tarjetas-de-red-emulexfc-hba-32gb-slpe320022-portsfpwith-2x-multi-mode-optical-transceiverpcie-3-0-x8-vendor-id-10df-device-id-e300-2\/#breadcrumb\",\"itemListElement\":[{\"@type\":\"ListItem\",\"position\":1,\"name\":\"Inicio\",\"item\":\"https:\/\/compuviper.mx\/tienda\/\"},{\"@type\":\"ListItem\",\"position\":2,\"name\":\"Productos\",\"item\":\"https:\/\/compuviper.mx\/tienda\/productos\/\"},{\"@type\":\"ListItem\",\"position\":3,\"name\":\"Redes\",\"item\":\"https:\/\/compuviper.mx\/tienda\/categoria-producto\/redes\/\"},{\"@type\":\"ListItem\",\"position\":4,\"name\":\"Tarjetas De Red\",\"item\":\"https:\/\/compuviper.mx\/tienda\/categoria-producto\/redes\/tarjetas-de-red\/\"},{\"@type\":\"ListItem\",\"position\":5,\"name\":\"X-fusion 0257y112n-xf Tarjetas De Red Emulex,fc Hba,-32gb\/slpe32002,2-port,sfpwith 2x Multi-mode Optical Transceiver,pcie 3.0 X8-vendor Id 10df-device Id E300-2\"}]},{\"@type\":\"WebSite\",\"@id\":\"https:\/\/compuviper.mx\/tienda\/#website\",\"url\":\"https:\/\/compuviper.mx\/tienda\/\",\"name\":\"Compuviper\",\"description\":\"Proveedor de Computadoras, Laptops, Servidores, Monitores, Puntos de Venta, Teclados,   Impresoras, T\u00f3ner, C\u00e1maras de Seguridad y m\u00e1s en tu tienda en l\u00ednea\",\"publisher\":{\"@id\":\"https:\/\/compuviper.mx\/tienda\/#organization\"},\"potentialAction\":[{\"@type\":\"SearchAction\",\"target\":{\"@type\":\"EntryPoint\",\"urlTemplate\":\"https:\/\/compuviper.mx\/tienda\/?s={search_term_string}\"},\"query-input\":\"required name=search_term_string\"}],\"inLanguage\":\"es-MX\"},{\"@type\":\"Organization\",\"@id\":\"https:\/\/compuviper.mx\/tienda\/#organization\",\"name\":\"Compuviper\",\"url\":\"https:\/\/compuviper.mx\/tienda\/\",\"logo\":{\"@type\":\"ImageObject\",\"inLanguage\":\"es-MX\",\"@id\":\"https:\/\/compuviper.mx\/tienda\/#\/schema\/logo\/image\/\",\"url\":\"https:\/\/compuviper.mx\/tienda\/wp-content\/uploads\/2021\/08\/Logo-Compuviper-10.png\",\"contentUrl\":\"https:\/\/compuviper.mx\/tienda\/wp-content\/uploads\/2021\/08\/Logo-Compuviper-10.png\",\"width\":1000,\"height\":500,\"caption\":\"Compuviper\"},\"image\":{\"@id\":\"https:\/\/compuviper.mx\/tienda\/#\/schema\/logo\/image\/\"},\"sameAs\":[\"https:\/\/www.facebook.com\/compuviper\",\"https:\/\/www.youtube.com\/channel\/UCf73dERp9Y3cfOq7q8BhLjA?view_as=subscriber\"]}]}<\/script>\n<meta property=\"product:brand\" content=\"X-fusion\" \/>\n<meta property=\"product:price:amount\" content=\"20660\" \/>\n<meta property=\"product:price:currency\" content=\"MXN\" \/>\n<meta property=\"og:availability\" content=\"out of stock\" \/>\n<meta property=\"product:availability\" content=\"out of stock\" \/>\n<meta property=\"product:retailer_item_id\" content=\"0257Y112N-XF\" \/>\n<meta property=\"product:condition\" content=\"new\" \/>\n<!-- \/ Yoast SEO plugin. -->","yoast_head_json":{"title":"[ X-fusion ] &#129351; 0257y112n-xf Tarjetas De Red Emulex,fc Hba,-32gb\/slpe32002,2-port,sfpwith 2x Multi-mode Optical Transceiver,pcie 3.0 X8-vendor Id 10df-device Id E300-2","description":"Compra 0257y112n-xf Tarjetas De Red Emulex,fc Hba,-32gb\/slpe32002,2-port,sfpwith 2x Multi-mode Optical Transceiver,pcie 3.0 X8-vendor Id 10df-device Id E300-2 + Env\u00edo a domicilio + Pago seguro + Garant\u00eda","robots":{"index":"index","follow":"follow","max-snippet":"max-snippet:-1","max-image-preview":"max-image-preview:large","max-video-preview":"max-video-preview:-1"},"canonical":"https:\/\/compuviper.mx\/tienda\/producto\/x-fusion-0257y112n-xf-tarjetas-de-red-emulexfc-hba-32gb-slpe320022-portsfpwith-2x-multi-mode-optical-transceiverpcie-3-0-x8-vendor-id-10df-device-id-e300-2\/","og_locale":"es_MX","og_type":"article","og_title":"[ X-fusion ] &#129351; 0257y112n-xf Tarjetas De Red Emulex,fc Hba,-32gb\/slpe32002,2-port,sfpwith 2x Multi-mode Optical Transceiver,pcie 3.0 X8-vendor Id 10df-device Id E300-2","og_description":"Compra 0257y112n-xf Tarjetas De Red Emulex,fc Hba,-32gb\/slpe32002,2-port,sfpwith 2x Multi-mode Optical Transceiver,pcie 3.0 X8-vendor Id 10df-device Id E300-2 + Env\u00edo a domicilio + Pago seguro + Garant\u00eda","og_url":"https:\/\/compuviper.mx\/tienda\/producto\/x-fusion-0257y112n-xf-tarjetas-de-red-emulexfc-hba-32gb-slpe320022-portsfpwith-2x-multi-mode-optical-transceiverpcie-3-0-x8-vendor-id-10df-device-id-e300-2\/","og_site_name":"Compuviper","article_publisher":"https:\/\/www.facebook.com\/compuviper","twitter_card":"summary_large_image","twitter_misc":{"Precio":"&#36;20,660 con IVA","Availability":"Out of stock"},"schema":{"@context":"https:\/\/schema.org","@graph":[{"@type":"WebPage","@id":"https:\/\/compuviper.mx\/tienda\/producto\/x-fusion-0257y112n-xf-tarjetas-de-red-emulexfc-hba-32gb-slpe320022-portsfpwith-2x-multi-mode-optical-transceiverpcie-3-0-x8-vendor-id-10df-device-id-e300-2\/","url":"https:\/\/compuviper.mx\/tienda\/producto\/x-fusion-0257y112n-xf-tarjetas-de-red-emulexfc-hba-32gb-slpe320022-portsfpwith-2x-multi-mode-optical-transceiverpcie-3-0-x8-vendor-id-10df-device-id-e300-2\/","name":"[ X-fusion ] &#129351; 0257y112n-xf Tarjetas De Red Emulex,fc Hba,-32gb\/slpe32002,2-port,sfpwith 2x Multi-mode Optical Transceiver,pcie 3.0 X8-vendor Id 10df-device Id E300-2","isPartOf":{"@id":"https:\/\/compuviper.mx\/tienda\/#website"},"datePublished":"2026-04-11T07:07:09+00:00","dateModified":"2026-04-11T07:07:09+00:00","description":"Compra 0257y112n-xf Tarjetas De Red Emulex,fc Hba,-32gb\/slpe32002,2-port,sfpwith 2x Multi-mode Optical Transceiver,pcie 3.0 X8-vendor Id 10df-device Id E300-2 + Env\u00edo a domicilio + Pago seguro + Garant\u00eda","breadcrumb":{"@id":"https:\/\/compuviper.mx\/tienda\/producto\/x-fusion-0257y112n-xf-tarjetas-de-red-emulexfc-hba-32gb-slpe320022-portsfpwith-2x-multi-mode-optical-transceiverpcie-3-0-x8-vendor-id-10df-device-id-e300-2\/#breadcrumb"},"inLanguage":"es-MX","potentialAction":[{"@type":"ReadAction","target":["https:\/\/compuviper.mx\/tienda\/producto\/x-fusion-0257y112n-xf-tarjetas-de-red-emulexfc-hba-32gb-slpe320022-portsfpwith-2x-multi-mode-optical-transceiverpcie-3-0-x8-vendor-id-10df-device-id-e300-2\/"]}]},{"@type":"BreadcrumbList","@id":"https:\/\/compuviper.mx\/tienda\/producto\/x-fusion-0257y112n-xf-tarjetas-de-red-emulexfc-hba-32gb-slpe320022-portsfpwith-2x-multi-mode-optical-transceiverpcie-3-0-x8-vendor-id-10df-device-id-e300-2\/#breadcrumb","itemListElement":[{"@type":"ListItem","position":1,"name":"Inicio","item":"https:\/\/compuviper.mx\/tienda\/"},{"@type":"ListItem","position":2,"name":"Productos","item":"https:\/\/compuviper.mx\/tienda\/productos\/"},{"@type":"ListItem","position":3,"name":"Redes","item":"https:\/\/compuviper.mx\/tienda\/categoria-producto\/redes\/"},{"@type":"ListItem","position":4,"name":"Tarjetas De Red","item":"https:\/\/compuviper.mx\/tienda\/categoria-producto\/redes\/tarjetas-de-red\/"},{"@type":"ListItem","position":5,"name":"X-fusion 0257y112n-xf Tarjetas De Red Emulex,fc Hba,-32gb\/slpe32002,2-port,sfpwith 2x Multi-mode Optical Transceiver,pcie 3.0 X8-vendor Id 10df-device Id E300-2"}]},{"@type":"WebSite","@id":"https:\/\/compuviper.mx\/tienda\/#website","url":"https:\/\/compuviper.mx\/tienda\/","name":"Compuviper","description":"Proveedor de Computadoras, Laptops, Servidores, Monitores, Puntos de Venta, Teclados,   Impresoras, T\u00f3ner, C\u00e1maras de Seguridad y m\u00e1s en tu tienda en l\u00ednea","publisher":{"@id":"https:\/\/compuviper.mx\/tienda\/#organization"},"potentialAction":[{"@type":"SearchAction","target":{"@type":"EntryPoint","urlTemplate":"https:\/\/compuviper.mx\/tienda\/?s={search_term_string}"},"query-input":"required name=search_term_string"}],"inLanguage":"es-MX"},{"@type":"Organization","@id":"https:\/\/compuviper.mx\/tienda\/#organization","name":"Compuviper","url":"https:\/\/compuviper.mx\/tienda\/","logo":{"@type":"ImageObject","inLanguage":"es-MX","@id":"https:\/\/compuviper.mx\/tienda\/#\/schema\/logo\/image\/","url":"https:\/\/compuviper.mx\/tienda\/wp-content\/uploads\/2021\/08\/Logo-Compuviper-10.png","contentUrl":"https:\/\/compuviper.mx\/tienda\/wp-content\/uploads\/2021\/08\/Logo-Compuviper-10.png","width":1000,"height":500,"caption":"Compuviper"},"image":{"@id":"https:\/\/compuviper.mx\/tienda\/#\/schema\/logo\/image\/"},"sameAs":["https:\/\/www.facebook.com\/compuviper","https:\/\/www.youtube.com\/channel\/UCf73dERp9Y3cfOq7q8BhLjA?view_as=subscriber"]}]},"product_brand":"X-fusion","product_price_amount":"20660","product_price_currency":"MXN","og_availability":"out of stock","product_availability":"out of stock","product_retailer_item_id":"0257Y112N-XF","product_condition":"new"},"_links":{"self":[{"href":"https:\/\/compuviper.mx\/tienda\/wp-json\/wp\/v2\/product\/264735"}],"collection":[{"href":"https:\/\/compuviper.mx\/tienda\/wp-json\/wp\/v2\/product"}],"about":[{"href":"https:\/\/compuviper.mx\/tienda\/wp-json\/wp\/v2\/types\/product"}],"replies":[{"embeddable":true,"href":"https:\/\/compuviper.mx\/tienda\/wp-json\/wp\/v2\/comments?post=264735"}],"wp:attachment":[{"href":"https:\/\/compuviper.mx\/tienda\/wp-json\/wp\/v2\/media?parent=264735"}],"wp:term":[{"taxonomy":"product_cat","embeddable":true,"href":"https:\/\/compuviper.mx\/tienda\/wp-json\/wp\/v2\/product_cat?post=264735"},{"taxonomy":"product_tag","embeddable":true,"href":"https:\/\/compuviper.mx\/tienda\/wp-json\/wp\/v2\/product_tag?post=264735"}],"curies":[{"name":"wp","href":"https:\/\/api.w.org\/{rel}","templated":true}]}}