{"id":264726,"date":"2026-04-10T00:42:24","date_gmt":"2026-04-10T06:42:24","guid":{"rendered":"https:\/\/compuviper.mx\/tienda\/producto\/gigabyte-b760m-h-tarjeta-madre-intel-socket-1700-ddr5-8000-mt-s-hdmi-vga-micro-atx-gama-media\/"},"modified":"2026-04-10T00:42:24","modified_gmt":"2026-04-10T06:42:24","slug":"gigabyte-b760m-h-tarjeta-madre-intel-socket-1700-ddr5-8000-mt-s-hdmi-vga-micro-atx-gama-media","status":"publish","type":"product","link":"https:\/\/compuviper.mx\/tienda\/producto\/gigabyte-b760m-h-tarjeta-madre-intel-socket-1700-ddr5-8000-mt-s-hdmi-vga-micro-atx-gama-media\/","title":{"rendered":"Gigabyte B760m H Tarjeta Madre   \/ Intel Socket 1700 \/ Ddr5 8000 Mt\/s \/ Hdmi \/ Vga \/ Micro Atx \/ Gama Media"},"content":{"rendered":"<table class=\"descripcion\">\n<tr>\n<td>Procesador<\/td>\n<\/tr>\n<tr>\n<td>Z\u00f3calo lga1700: compatibilidad con los procesadores intel core, pentium\u00ae gold y celeron de 14.\u00aa, 13.\u00aa y 12.\u00aa generaci\u00f3n.<\/td>\n<\/tr>\n<tr>\n<td>La cach\u00e9 l3 var\u00eda seg\u00fan la cpu<\/td>\n<\/tr>\n<tr>\n<td>(consulte la lista de compatibilidad de cpu para obtener m\u00e1s informaci\u00f3n).<\/td>\n<\/tr>\n<tr>\n<td>Conjunto de chips<\/td>\n<\/tr>\n<tr>\n<td>Chipset intel b760 express<\/td>\n<\/tr>\n<tr>\n<td>Memoria<\/td>\n<\/tr>\n<tr>\n<td>Compatibilidad con m\u00f3dulos de memoria ddr5 8000(oc) \/7800(oc) \/7600(oc) \/7400(oc) \/7200(oc) \/7000(oc) \/6800(oc) \/6600(oc) \/ 6400(oc) \/ 6200(oc) \/ 6000(oc) \/ 5800(oc) \/ 5600(oc) \/ 5400(oc) \/ 5200(oc) \/ 4800 \/ 4000 mt\/s<\/td>\n<\/tr>\n<tr>\n<td>2 z\u00f3calos dimm ddr5 que admiten hasta 128 gb (64 gb de capacidad por dimm) de memoria del sistema<\/td>\n<\/tr>\n<tr>\n<td>Arquitectura de memoria de doble canal<\/td>\n<\/tr>\n<tr>\n<td>Compatibilidad con m\u00f3dulos de memoria ecc un-buffered dimm 1rx8\/2rx8 (funcionan en modo no ecc)<\/td>\n<\/tr>\n<tr>\n<td>Compatibilidad con m\u00f3dulos de memoria dimm sin b\u00fafer no ecc 1rx8\/2rx8\/1rx16<\/td>\n<\/tr>\n<tr>\n<td>Compatibilidad con m\u00f3dulos de memoria extreme memory profile (xmp)<\/td>\n<\/tr>\n<tr>\n<td>(la configuraci\u00f3n de la cpu y la memoria puede afectar los tipos de memoria compatibles, la velocidad de transferencia de datos y el n\u00famero de m\u00f3dulos dram; consulte la lista de compatibilidad de memoria para obtener m\u00e1s informaci\u00f3n).<\/td>\n<\/tr>\n<tr>\n<td>Gr\u00e1ficos integrados<\/td>\n<\/tr>\n<tr>\n<td>Procesador gr\u00e1fico integrado: compatible con intel hd graphics:<\/td>\n<\/tr>\n<tr>\n<td>&#8211; 1 puerto d-sub, compatible con una resoluci\u00f3n m\u00e1xima de 1920 x 1200 a 60 hz<\/td>\n<\/tr>\n<tr>\n<td>&#8211; 1 puerto hdmi, compatible con una resoluci\u00f3n m\u00e1xima de 4096 x 2160 a 60 hz<\/td>\n<\/tr>\n<tr>\n<td>* compatibilidad con hdmi 2.1 y hdcp 2.3.<\/td>\n<\/tr>\n<tr>\n<td>** compatibilidad con puertos compatibles con hdmi 2.1 tmds nativos.<\/td>\n<\/tr>\n<tr>\n<td>(las especificaciones gr\u00e1ficas pueden variar seg\u00fan la compatibilidad de la cpu).<\/td>\n<\/tr>\n<tr>\n<td>Audio<\/td>\n<\/tr>\n<tr>\n<td>C\u00f3dec de audio realtek\u00ae<\/td>\n<\/tr>\n<tr>\n<td>Audio de alta definici\u00f3n<\/td>\n<\/tr>\n<tr>\n<td>De 2\/4\/5.1\/7.1 canales<\/td>\n<\/tr>\n<tr>\n<td>* puedes cambiar la funcionalidad de una toma de audio mediante el software de audio. para configurar el audio de 7.1 canales, accede a la configuraci\u00f3n de audio del software.<\/td>\n<\/tr>\n<tr>\n<td>Compatibilidad con salida s\/pdif<\/td>\n<\/tr>\n<tr>\n<td>Y<\/td>\n<\/tr>\n<tr>\n<td>Chip lan realtek gbe (1 gbps\/100 mbps\/10 mbps)<\/td>\n<\/tr>\n<tr>\n<td>Puertos de expansi\u00f3n<\/td>\n<\/tr>\n<tr>\n<td>Cpu:<\/td>\n<\/tr>\n<tr>\n<td>&#8211; 1 ranura pci express x16, compatible con pcie 4.0 y funcionando a x16<\/td>\n<\/tr>\n<tr>\n<td>* la ranura pciex16 solo admite una tarjeta gr\u00e1fica o una unidad ssd nvme.<\/td>\n<\/tr>\n<tr>\n<td>Chipset:<\/td>\n<\/tr>\n<tr>\n<td>&#8211; 1 ranura pci express x1, compatible con pcie 3.0 y funcionando a x1<\/td>\n<\/tr>\n<tr>\n<td>Interfaz de almacenamiento<\/td>\n<\/tr>\n<tr>\n<td>Cpu:<\/td>\n<\/tr>\n<tr>\n<td>&#8211; 1 conector m.2 (socket 3, llave m, tipo 2280, compatible con ssd pcie 4.0 x4\/x2) (m2a_cpu)<\/td>\n<\/tr>\n<tr>\n<td>Chipset:<\/td>\n<\/tr>\n<tr>\n<td>&#8211; 1 conector m.2 (socket 3, llave m, tipo 2280, compatible con ssd pcie 4.0 x4\/x2) (m2p_sb)<\/td>\n<\/tr>\n<tr>\n<td>&#8211; 4 conectores sata 6 gb\/s.<\/td>\n<\/tr>\n<tr>\n<td>Compatible con raid 0, raid 1, raid 5 y raid 10 para dispositivos de almacenamiento sata.<\/td>\n<\/tr>\n<tr>\n<td>Usb<\/td>\n<\/tr>\n<tr>\n<td>Chipset:<\/td>\n<\/tr>\n<tr>\n<td>&#8211; 6 puertos usb 3.2 gen 1 (4 puertos en el panel posterior, 2 puertos disponibles a trav\u00e9s del conector usb interno)<\/td>\n<\/tr>\n<tr>\n<td>&#8211; 6 puertos usb 2.0\/1.1 (2 puertos en el panel posterior, 4 puertos disponibles a trav\u00e9s de los conectores usb internos)<\/td>\n<\/tr>\n<tr>\n<td>Conectores internos de e\/s<\/td>\n<\/tr>\n<tr>\n<td>1 conector de alimentaci\u00f3n principal atx de 24 pines,<\/td>\n<\/tr>\n<tr>\n<td>1 conector de alimentaci\u00f3n atx de 8 pines y 12 v,<\/td>\n<\/tr>\n<tr>\n<td>1 conector para ventilador de cpu,<\/td>\n<\/tr>\n<tr>\n<td>2 conectores para ventiladores del sistema,<\/td>\n<\/tr>\n<tr>\n<td>1 conector para tira led rgb,<\/td>\n<\/tr>\n<tr>\n<td>2 conectores m.2 socket 3,<\/td>\n<\/tr>\n<tr>\n<td>4 conectores sata 6 gb\/s,<\/td>\n<\/tr>\n<tr>\n<td>1 conector para panel frontal, 1<\/td>\n<\/tr>\n<tr>\n<td>Conector de audio para panel frontal,<\/td>\n<\/tr>\n<tr>\n<td>1 conector de salida s\/pdif,<\/td>\n<\/tr>\n<tr>\n<td>1 conector usb 3.2 gen 1,<\/td>\n<\/tr>\n<tr>\n<td>2 conectores usb 2.0\/1.1,<\/td>\n<\/tr>\n<tr>\n<td>1 conector para m\u00f3dulo de plataforma segura (solo para el m\u00f3dulo gc-tpm2.0 spi\/gc-tpm2.0 spi 2.0),<\/td>\n<\/tr>\n<tr>\n<td>1 conector para puerto serie<\/td>\n<\/tr>\n<tr>\n<td>, 1 puente para borrar la cmos.<\/td>\n<\/tr>\n<tr>\n<td>Conectores del panel trasero<\/td>\n<\/tr>\n<tr>\n<td>2 puertos usb 2.0\/1.1,<\/td>\n<\/tr>\n<tr>\n<td>1 puerto d-sub<\/td>\n<\/tr>\n<tr>\n<td>, 1 puerto hdmi,<\/td>\n<\/tr>\n<tr>\n<td>4 puertos usb 3.2 gen 1,<\/td>\n<\/tr>\n<tr>\n<td>1 puerto rj-45,<\/td>\n<\/tr>\n<tr>\n<td>3 conectores de audio.<\/td>\n<\/tr>\n<tr>\n<td>Controlador de e\/s<\/td>\n<\/tr>\n<tr>\n<td>Chip controlador de e\/s ite\u00ae<\/td>\n<\/tr>\n<tr>\n<td>Monitorizaci\u00f3n h\/w<\/td>\n<\/tr>\n<tr>\n<td>Detecci\u00f3n de voltaje,<\/td>\n<\/tr>\n<tr>\n<td>Detecci\u00f3n de temperatura<\/td>\n<\/tr>\n<tr>\n<td>, detecci\u00f3n de velocidad del ventilador,<\/td>\n<\/tr>\n<tr>\n<td>Detecci\u00f3n del caudal de refrigeraci\u00f3n por agua,<\/td>\n<\/tr>\n<tr>\n<td>Advertencia de fallo del ventilador,<\/td>\n<\/tr>\n<tr>\n<td>Control de velocidad del ventilador.<\/td>\n<\/tr>\n<tr>\n<td>* la compatibilidad con la funci\u00f3n de control de velocidad del ventilador depender\u00e1 del ventilador que instale.<\/td>\n<\/tr>\n<tr>\n<td>Bios<\/td>\n<\/tr>\n<tr>\n<td>1 x 128 mbit flash.<\/td>\n<\/tr>\n<tr>\n<td>Uso de bios uefi ami con licencia<\/td>\n<\/tr>\n<tr>\n<td>Pnp 1.0a, dmi 2.7, wfm 2.0, sm bios 2.7, acpi 5.0<\/td>\n<\/tr>\n<tr>\n<td>Caracter\u00edsticas \u00fanicas<\/td>\n<\/tr>\n<tr>\n<td>Compatibilidad con gigabyte control center (gcc)<\/td>\n<\/tr>\n<tr>\n<td>* las aplicaciones disponibles en gcc pueden variar seg\u00fan el modelo de la placa base. las funciones compatibles de cada aplicaci\u00f3n tambi\u00e9n pueden variar seg\u00fan las especificaciones de la placa base.<\/td>\n<\/tr>\n<tr>\n<td>Compatibilidad con q-flash<\/td>\n<\/tr>\n<tr>\n<td>Software incluido<\/td>\n<\/tr>\n<tr>\n<td>Software de gesti\u00f3n de ancho de banda lan norton\u00ae internet security (versi\u00f3n oem)<\/td>\n<\/tr>\n<tr>\n<td>Sistema operativo<\/td>\n<\/tr>\n<tr>\n<td>Compatibilidad con windows 11 de 64 bits<\/td>\n<\/tr>\n<tr>\n<td>Compatibilidad con windows 10 de 64 bits<\/td>\n<\/tr>\n<tr>\n<td>Dise\u00f1o<\/td>\n<\/tr>\n<tr>\n<td>Formato micro atx; 23,0 cm x 21,5 cm<\/td>\n<\/tr>\n<\/table>\n","protected":false},"excerpt":{"rendered":"<p>Compatible con procesadores intel core  de 14.\u00aa\/13.\u00aa\/12.\u00aa generaci\u00f3n. Rendimiento inigualable: soluci\u00f3n vrm digital h\u00edbrida de 6+1+1 fases. Ddr5 de doble canal: compatibilidad con m\u00f3dulos de memoria xmp para 2 dimm. Almacenamiento de \u00faltima generaci\u00f3n: 2 conectores m.2 pcie 4.0 x4. Ez-latch: ranura pcie 4.0&#215;16 con dise\u00f1o de liberaci\u00f3n r\u00e1pida. Redes r\u00e1pidas: lan gbe. Conectividad extendida: hdmi, d-sub. Ventilador inteligente 6: incluye m\u00faltiples sensores de temperatura y conectores h\u00edbridos para ventilador con funci\u00f3n fan stop.<\/p>\n","protected":false},"featured_media":0,"comment_status":"open","ping_status":"open","template":"","meta":[],"product_cat":[2239,1727],"product_tag":[1732],"acf":[],"yoast_head":"<!-- This site is optimized with the Yoast SEO plugin v21.7 - https:\/\/yoast.com\/wordpress\/plugins\/seo\/ -->\n<title>[ Gigabyte ] &#129351; B760m H Tarjeta Madre \/ Intel Socket 1700 \/ Ddr5 8000 Mt\/s \/ Hdmi \/ Vga \/ Micro Atx \/ Gama Media<\/title>\n<meta name=\"description\" content=\"Compra B760m H Tarjeta Madre \/ Intel Socket 1700 \/ Ddr5 8000 Mt\/s \/ Hdmi \/ Vga \/ Micro Atx \/ Gama Media + Env\u00edo a domicilio + Pago seguro + Garant\u00eda\" \/>\n<meta name=\"robots\" content=\"index, follow, max-snippet:-1, max-image-preview:large, max-video-preview:-1\" \/>\n<link rel=\"canonical\" href=\"https:\/\/compuviper.mx\/tienda\/producto\/gigabyte-b760m-h-tarjeta-madre-intel-socket-1700-ddr5-8000-mt-s-hdmi-vga-micro-atx-gama-media\/\" \/>\n<meta property=\"og:locale\" content=\"es_MX\" \/>\n<meta property=\"og:type\" content=\"article\" \/>\n<meta property=\"og:title\" content=\"[ Gigabyte ] &#129351; B760m H Tarjeta Madre \/ Intel Socket 1700 \/ Ddr5 8000 Mt\/s \/ Hdmi \/ Vga \/ Micro Atx \/ Gama Media\" \/>\n<meta property=\"og:description\" content=\"Compra B760m H Tarjeta Madre \/ Intel Socket 1700 \/ Ddr5 8000 Mt\/s \/ Hdmi \/ Vga \/ Micro Atx \/ Gama Media + Env\u00edo a domicilio + Pago seguro + Garant\u00eda\" \/>\n<meta property=\"og:url\" content=\"https:\/\/compuviper.mx\/tienda\/producto\/gigabyte-b760m-h-tarjeta-madre-intel-socket-1700-ddr5-8000-mt-s-hdmi-vga-micro-atx-gama-media\/\" \/>\n<meta property=\"og:site_name\" content=\"Compuviper\" \/>\n<meta property=\"article:publisher\" content=\"https:\/\/www.facebook.com\/compuviper\" \/>\n<meta name=\"twitter:card\" content=\"summary_large_image\" \/>\n<meta name=\"twitter:label1\" content=\"Precio\" \/>\n\t<meta name=\"twitter:data1\" content=\"&#36;1,592 con IVA\" \/>\n\t<meta name=\"twitter:label2\" content=\"Availability\" \/>\n\t<meta name=\"twitter:data2\" content=\"In stock\" \/>\n<script type=\"application\/ld+json\" class=\"yoast-schema-graph\">{\"@context\":\"https:\/\/schema.org\",\"@graph\":[{\"@type\":\"WebPage\",\"@id\":\"https:\/\/compuviper.mx\/tienda\/producto\/gigabyte-b760m-h-tarjeta-madre-intel-socket-1700-ddr5-8000-mt-s-hdmi-vga-micro-atx-gama-media\/\",\"url\":\"https:\/\/compuviper.mx\/tienda\/producto\/gigabyte-b760m-h-tarjeta-madre-intel-socket-1700-ddr5-8000-mt-s-hdmi-vga-micro-atx-gama-media\/\",\"name\":\"[ Gigabyte ] &#129351; B760m H Tarjeta Madre \/ Intel Socket 1700 \/ Ddr5 8000 Mt\/s \/ Hdmi \/ Vga \/ Micro Atx \/ Gama Media\",\"isPartOf\":{\"@id\":\"https:\/\/compuviper.mx\/tienda\/#website\"},\"datePublished\":\"2026-04-10T06:42:24+00:00\",\"dateModified\":\"2026-04-10T06:42:24+00:00\",\"description\":\"Compra B760m H Tarjeta Madre \/ Intel Socket 1700 \/ Ddr5 8000 Mt\/s \/ Hdmi \/ Vga \/ Micro Atx \/ Gama Media + Env\u00edo a domicilio + Pago seguro + Garant\u00eda\",\"breadcrumb\":{\"@id\":\"https:\/\/compuviper.mx\/tienda\/producto\/gigabyte-b760m-h-tarjeta-madre-intel-socket-1700-ddr5-8000-mt-s-hdmi-vga-micro-atx-gama-media\/#breadcrumb\"},\"inLanguage\":\"es-MX\",\"potentialAction\":[{\"@type\":\"ReadAction\",\"target\":[\"https:\/\/compuviper.mx\/tienda\/producto\/gigabyte-b760m-h-tarjeta-madre-intel-socket-1700-ddr5-8000-mt-s-hdmi-vga-micro-atx-gama-media\/\"]}]},{\"@type\":\"BreadcrumbList\",\"@id\":\"https:\/\/compuviper.mx\/tienda\/producto\/gigabyte-b760m-h-tarjeta-madre-intel-socket-1700-ddr5-8000-mt-s-hdmi-vga-micro-atx-gama-media\/#breadcrumb\",\"itemListElement\":[{\"@type\":\"ListItem\",\"position\":1,\"name\":\"Inicio\",\"item\":\"https:\/\/compuviper.mx\/tienda\/\"},{\"@type\":\"ListItem\",\"position\":2,\"name\":\"Productos\",\"item\":\"https:\/\/compuviper.mx\/tienda\/productos\/\"},{\"@type\":\"ListItem\",\"position\":3,\"name\":\"Tarjeta Madre\",\"item\":\"https:\/\/compuviper.mx\/tienda\/categoria-producto\/tarjeta-madre\/\"},{\"@type\":\"ListItem\",\"position\":4,\"name\":\"Socket 1700\",\"item\":\"https:\/\/compuviper.mx\/tienda\/categoria-producto\/tarjeta-madre\/socket-1700\/\"},{\"@type\":\"ListItem\",\"position\":5,\"name\":\"Gigabyte B760m H Tarjeta Madre \/ Intel Socket 1700 \/ Ddr5 8000 Mt\/s \/ Hdmi \/ Vga \/ Micro Atx \/ Gama Media\"}]},{\"@type\":\"WebSite\",\"@id\":\"https:\/\/compuviper.mx\/tienda\/#website\",\"url\":\"https:\/\/compuviper.mx\/tienda\/\",\"name\":\"Compuviper\",\"description\":\"Proveedor de Computadoras, Laptops, Servidores, Monitores, Puntos de Venta, Teclados,   Impresoras, T\u00f3ner, C\u00e1maras de Seguridad y m\u00e1s en tu tienda en l\u00ednea\",\"publisher\":{\"@id\":\"https:\/\/compuviper.mx\/tienda\/#organization\"},\"potentialAction\":[{\"@type\":\"SearchAction\",\"target\":{\"@type\":\"EntryPoint\",\"urlTemplate\":\"https:\/\/compuviper.mx\/tienda\/?s={search_term_string}\"},\"query-input\":\"required name=search_term_string\"}],\"inLanguage\":\"es-MX\"},{\"@type\":\"Organization\",\"@id\":\"https:\/\/compuviper.mx\/tienda\/#organization\",\"name\":\"Compuviper\",\"url\":\"https:\/\/compuviper.mx\/tienda\/\",\"logo\":{\"@type\":\"ImageObject\",\"inLanguage\":\"es-MX\",\"@id\":\"https:\/\/compuviper.mx\/tienda\/#\/schema\/logo\/image\/\",\"url\":\"https:\/\/compuviper.mx\/tienda\/wp-content\/uploads\/2021\/08\/Logo-Compuviper-10.png\",\"contentUrl\":\"https:\/\/compuviper.mx\/tienda\/wp-content\/uploads\/2021\/08\/Logo-Compuviper-10.png\",\"width\":1000,\"height\":500,\"caption\":\"Compuviper\"},\"image\":{\"@id\":\"https:\/\/compuviper.mx\/tienda\/#\/schema\/logo\/image\/\"},\"sameAs\":[\"https:\/\/www.facebook.com\/compuviper\",\"https:\/\/www.youtube.com\/channel\/UCf73dERp9Y3cfOq7q8BhLjA?view_as=subscriber\"]}]}<\/script>\n<meta property=\"product:brand\" content=\"GIGABYTE\" \/>\n<meta property=\"product:price:amount\" content=\"1592\" \/>\n<meta property=\"product:price:currency\" content=\"MXN\" \/>\n<meta property=\"og:availability\" content=\"instock\" \/>\n<meta property=\"product:availability\" content=\"instock\" \/>\n<meta property=\"product:retailer_item_id\" content=\"B760M H\" \/>\n<meta property=\"product:condition\" content=\"new\" \/>\n<!-- \/ Yoast SEO plugin. -->","yoast_head_json":{"title":"[ Gigabyte ] &#129351; B760m H Tarjeta Madre \/ Intel Socket 1700 \/ Ddr5 8000 Mt\/s \/ Hdmi \/ Vga \/ Micro Atx \/ Gama Media","description":"Compra B760m H Tarjeta Madre \/ Intel Socket 1700 \/ Ddr5 8000 Mt\/s \/ Hdmi \/ Vga \/ Micro Atx \/ Gama Media + Env\u00edo a domicilio + Pago seguro + Garant\u00eda","robots":{"index":"index","follow":"follow","max-snippet":"max-snippet:-1","max-image-preview":"max-image-preview:large","max-video-preview":"max-video-preview:-1"},"canonical":"https:\/\/compuviper.mx\/tienda\/producto\/gigabyte-b760m-h-tarjeta-madre-intel-socket-1700-ddr5-8000-mt-s-hdmi-vga-micro-atx-gama-media\/","og_locale":"es_MX","og_type":"article","og_title":"[ Gigabyte ] &#129351; B760m H Tarjeta Madre \/ Intel Socket 1700 \/ Ddr5 8000 Mt\/s \/ Hdmi \/ Vga \/ Micro Atx \/ Gama Media","og_description":"Compra B760m H Tarjeta Madre \/ Intel Socket 1700 \/ Ddr5 8000 Mt\/s \/ Hdmi \/ Vga \/ Micro Atx \/ Gama Media + Env\u00edo a domicilio + Pago seguro + Garant\u00eda","og_url":"https:\/\/compuviper.mx\/tienda\/producto\/gigabyte-b760m-h-tarjeta-madre-intel-socket-1700-ddr5-8000-mt-s-hdmi-vga-micro-atx-gama-media\/","og_site_name":"Compuviper","article_publisher":"https:\/\/www.facebook.com\/compuviper","twitter_card":"summary_large_image","twitter_misc":{"Precio":"&#36;1,592 con IVA","Availability":"In stock"},"schema":{"@context":"https:\/\/schema.org","@graph":[{"@type":"WebPage","@id":"https:\/\/compuviper.mx\/tienda\/producto\/gigabyte-b760m-h-tarjeta-madre-intel-socket-1700-ddr5-8000-mt-s-hdmi-vga-micro-atx-gama-media\/","url":"https:\/\/compuviper.mx\/tienda\/producto\/gigabyte-b760m-h-tarjeta-madre-intel-socket-1700-ddr5-8000-mt-s-hdmi-vga-micro-atx-gama-media\/","name":"[ Gigabyte ] &#129351; B760m H Tarjeta Madre \/ Intel Socket 1700 \/ Ddr5 8000 Mt\/s \/ Hdmi \/ Vga \/ Micro Atx \/ Gama Media","isPartOf":{"@id":"https:\/\/compuviper.mx\/tienda\/#website"},"datePublished":"2026-04-10T06:42:24+00:00","dateModified":"2026-04-10T06:42:24+00:00","description":"Compra B760m H Tarjeta Madre \/ Intel Socket 1700 \/ Ddr5 8000 Mt\/s \/ Hdmi \/ Vga \/ Micro Atx \/ Gama Media + Env\u00edo a domicilio + Pago seguro + Garant\u00eda","breadcrumb":{"@id":"https:\/\/compuviper.mx\/tienda\/producto\/gigabyte-b760m-h-tarjeta-madre-intel-socket-1700-ddr5-8000-mt-s-hdmi-vga-micro-atx-gama-media\/#breadcrumb"},"inLanguage":"es-MX","potentialAction":[{"@type":"ReadAction","target":["https:\/\/compuviper.mx\/tienda\/producto\/gigabyte-b760m-h-tarjeta-madre-intel-socket-1700-ddr5-8000-mt-s-hdmi-vga-micro-atx-gama-media\/"]}]},{"@type":"BreadcrumbList","@id":"https:\/\/compuviper.mx\/tienda\/producto\/gigabyte-b760m-h-tarjeta-madre-intel-socket-1700-ddr5-8000-mt-s-hdmi-vga-micro-atx-gama-media\/#breadcrumb","itemListElement":[{"@type":"ListItem","position":1,"name":"Inicio","item":"https:\/\/compuviper.mx\/tienda\/"},{"@type":"ListItem","position":2,"name":"Productos","item":"https:\/\/compuviper.mx\/tienda\/productos\/"},{"@type":"ListItem","position":3,"name":"Tarjeta Madre","item":"https:\/\/compuviper.mx\/tienda\/categoria-producto\/tarjeta-madre\/"},{"@type":"ListItem","position":4,"name":"Socket 1700","item":"https:\/\/compuviper.mx\/tienda\/categoria-producto\/tarjeta-madre\/socket-1700\/"},{"@type":"ListItem","position":5,"name":"Gigabyte B760m H Tarjeta Madre \/ Intel Socket 1700 \/ Ddr5 8000 Mt\/s \/ Hdmi \/ Vga \/ Micro Atx \/ Gama Media"}]},{"@type":"WebSite","@id":"https:\/\/compuviper.mx\/tienda\/#website","url":"https:\/\/compuviper.mx\/tienda\/","name":"Compuviper","description":"Proveedor de Computadoras, Laptops, Servidores, Monitores, Puntos de Venta, Teclados,   Impresoras, T\u00f3ner, C\u00e1maras de Seguridad y m\u00e1s en tu tienda en l\u00ednea","publisher":{"@id":"https:\/\/compuviper.mx\/tienda\/#organization"},"potentialAction":[{"@type":"SearchAction","target":{"@type":"EntryPoint","urlTemplate":"https:\/\/compuviper.mx\/tienda\/?s={search_term_string}"},"query-input":"required name=search_term_string"}],"inLanguage":"es-MX"},{"@type":"Organization","@id":"https:\/\/compuviper.mx\/tienda\/#organization","name":"Compuviper","url":"https:\/\/compuviper.mx\/tienda\/","logo":{"@type":"ImageObject","inLanguage":"es-MX","@id":"https:\/\/compuviper.mx\/tienda\/#\/schema\/logo\/image\/","url":"https:\/\/compuviper.mx\/tienda\/wp-content\/uploads\/2021\/08\/Logo-Compuviper-10.png","contentUrl":"https:\/\/compuviper.mx\/tienda\/wp-content\/uploads\/2021\/08\/Logo-Compuviper-10.png","width":1000,"height":500,"caption":"Compuviper"},"image":{"@id":"https:\/\/compuviper.mx\/tienda\/#\/schema\/logo\/image\/"},"sameAs":["https:\/\/www.facebook.com\/compuviper","https:\/\/www.youtube.com\/channel\/UCf73dERp9Y3cfOq7q8BhLjA?view_as=subscriber"]}]},"product_brand":"GIGABYTE","product_price_amount":"1592","product_price_currency":"MXN","og_availability":"instock","product_availability":"instock","product_retailer_item_id":"B760M H","product_condition":"new"},"_links":{"self":[{"href":"https:\/\/compuviper.mx\/tienda\/wp-json\/wp\/v2\/product\/264726"}],"collection":[{"href":"https:\/\/compuviper.mx\/tienda\/wp-json\/wp\/v2\/product"}],"about":[{"href":"https:\/\/compuviper.mx\/tienda\/wp-json\/wp\/v2\/types\/product"}],"replies":[{"embeddable":true,"href":"https:\/\/compuviper.mx\/tienda\/wp-json\/wp\/v2\/comments?post=264726"}],"wp:attachment":[{"href":"https:\/\/compuviper.mx\/tienda\/wp-json\/wp\/v2\/media?parent=264726"}],"wp:term":[{"taxonomy":"product_cat","embeddable":true,"href":"https:\/\/compuviper.mx\/tienda\/wp-json\/wp\/v2\/product_cat?post=264726"},{"taxonomy":"product_tag","embeddable":true,"href":"https:\/\/compuviper.mx\/tienda\/wp-json\/wp\/v2\/product_tag?post=264726"}],"curies":[{"name":"wp","href":"https:\/\/api.w.org\/{rel}","templated":true}]}}