{"id":264724,"date":"2026-04-11T00:45:59","date_gmt":"2026-04-11T06:45:59","guid":{"rendered":"https:\/\/compuviper.mx\/tienda\/producto\/gigabyte-z890-a-elite-wifi7-tarjeta-madre-ddr5-socket-1851-intel-serie-2-wifi-7-bt-gama-alta\/"},"modified":"2026-04-12T00:00:14","modified_gmt":"2026-04-12T06:00:14","slug":"gigabyte-z890-a-elite-wifi7-tarjeta-madre-ddr5-socket-1851-intel-serie-2-wifi-7-bt-gama-alta","status":"publish","type":"product","link":"https:\/\/compuviper.mx\/tienda\/producto\/gigabyte-z890-a-elite-wifi7-tarjeta-madre-ddr5-socket-1851-intel-serie-2-wifi-7-bt-gama-alta\/","title":{"rendered":"Gigabyte Z890 A Elite Wifi7 Tarjeta Madre   \/ Ddr5 \/ Socket 1851 Intel Serie 2 \/ Wifi 7 \/ Bt \/ Gama Alta"},"content":{"rendered":"<table class=\"descripcion\">\n<tr>\n<td>Z790 aorus elite x wifi7 1.0<\/td>\n<\/tr>\n<tr>\n<td>Z\u00f3calo lga1700: compatibilidad con procesadores intel \u00ae core\u0099, pentium \u00ae gold y celeron \u00ae de 14.\u00aa, 13.\u00aa y 12.\u00aa generaci\u00f3n *<\/td>\n<\/tr>\n<tr>\n<td>La cach\u00e9 l3 var\u00eda seg\u00fan la cpu<\/td>\n<\/tr>\n<tr>\n<td>* consulte la lista de cpu compatibles para obtener m\u00e1s informaci\u00f3n.<\/td>\n<\/tr>\n<tr>\n<td>Conjunto de chips intel\u00ae z790 express<\/td>\n<\/tr>\n<tr>\n<td>Soporte para m\u00f3dulos de memoria ddr5 8266(oc) \/ 8200(oc) \/ 8000(oc) \/ 7950(oc) \/ 7900(oc) \/ 7800(oc) \/ 7600(oc) \/ 7400(oc) \/ 7200(oc) \/ 7000(oc) \/ 6800(oc) \/ 6600(oc) \/ 6400(oc) \/ 6200(oc) \/ 6000(oc) \/ 5800(oc) \/ 5600(oc) \/ 5400(oc) \/ 5200(oc) \/ 4800 \/ 4000 mt\/s<\/td>\n<\/tr>\n<tr>\n<td>4 x z\u00f3calos dimm ddr5 que admiten hasta 256 gb (capacidad de dimm individual de 64 gb)<\/td>\n<\/tr>\n<tr>\n<td>De memoria del sistema<\/td>\n<\/tr>\n<tr>\n<td>Arquitectura de memoria de doble canal<\/td>\n<\/tr>\n<tr>\n<td>Soporte para dimm sin b\u00fafer ecc m\u00f3dulos de memoria 1rx8\/2rx8 (funcionan en<\/td>\n<\/tr>\n<tr>\n<td>Modo no ecc)<\/td>\n<\/tr>\n<tr>\n<td>Compatibilidad con m\u00f3dulos de memoria dimm sin b\u00fafer no ecc 1rx8\/2rx8\/1rx16<\/td>\n<\/tr>\n<tr>\n<td>Compatibilidad con m\u00f3dulos de memoria extreme memory profile (xmp)<\/td>\n<\/tr>\n<tr>\n<td>(la configuraci\u00f3n de la cpu y la memoria puede afectar los tipos de memoria admitidos, la velocidad de datos y la cantidad de m\u00f3dulos dram; consulte la lista de compatibilidad de memoria para obtener m\u00e1s informaci\u00f3n).<\/td>\n<\/tr>\n<tr>\n<td>Procesador de gr\u00e1ficos integrado: compatibilidad con gr\u00e1ficos intel\u00ae hd:<\/td>\n<\/tr>\n<tr>\n<td>&#8211; 1 puerto hdmi, compatible con una resoluci\u00f3n m\u00e1xima de 4096 x 2160 a 60 hz<\/td>\n<\/tr>\n<tr>\n<td>* soporte para la versi\u00f3n hdmi 2.1 y hdcp 2.3.<\/td>\n<\/tr>\n<tr>\n<td>** soporte para puertos compatibles con hdmi 2.1 tmds nativos.<\/td>\n<\/tr>\n<tr>\n<td>&#8211; 1 x displayport, que admite una resoluci\u00f3n m\u00e1xima de 4096&#215;2304 a 60 hz<\/td>\n<\/tr>\n<tr>\n<td>* compatibilidad con la versi\u00f3n displayport 1.2 y hdcp 2.3<\/td>\n<\/tr>\n<tr>\n<td>(las especificaciones gr\u00e1ficas pueden variar seg\u00fan el soporte de la cpu).<\/td>\n<\/tr>\n<tr>\n<td>C\u00f3dec realtek\u00ae alc1220-vb<\/td>\n<\/tr>\n<tr>\n<td>* el conector de salida de l\u00ednea del panel posterior admite audio dsd.<\/td>\n<\/tr>\n<tr>\n<td>Audio de alta definici\u00f3n<\/td>\n<\/tr>\n<tr>\n<td>De 2\/4\/5.1\/7.1 canales<\/td>\n<\/tr>\n<tr>\n<td>* puede cambiar la funcionalidad de un conector de audio mediante el software de audio. para configurar<\/td>\n<\/tr>\n<tr>\n<td>Audio de 7.1 canales, acceso al software de audio para realizar configuraciones de audio.<\/td>\n<\/tr>\n<tr>\n<td>Compatibilidad con salida s\/pdif<\/td>\n<\/tr>\n<tr>\n<td>Chip lan intel\u00ae 2.5gbe (2,5 gbps\/1 gbps\/100 mbps)<\/td>\n<\/tr>\n<tr>\n<td>Mediatek wi-fi 7 mt7927, rz738 (pcb rev. 1.0)<\/td>\n<\/tr>\n<tr>\n<td>&#8211; 802.11a, b, g, n, ac, ax, be, compatible con bandas de frecuencia portadora de 2,4\/5\/6 ghz<\/td>\n<\/tr>\n<tr>\n<td>&#8211; bluetooth 5.3<\/td>\n<\/tr>\n<tr>\n<td>&#8211; soporte para el est\u00e1ndar inal\u00e1mbrico 11be de 320 mhz<\/td>\n<\/tr>\n<tr>\n<td>Intel\u00ae wi-fi 7 be200 (pcb rev. 1.1)<\/td>\n<\/tr>\n<tr>\n<td>&#8211; 802.11a, b, g, n, ac, ax, be, compatible con bandas de frecuencia portadora de 2,4\/5\/6 ghz<\/td>\n<\/tr>\n<tr>\n<td>&#8211; bluetooth 5.3<\/td>\n<\/tr>\n<tr>\n<td>&#8211; soporte para el est\u00e1ndar inal\u00e1mbrico 11be de 320 mhz<\/td>\n<\/tr>\n<tr>\n<td>Qualcomm\u00ae wi-fi 7 qcncm865 (pcb rev. 1.2)<\/td>\n<\/tr>\n<tr>\n<td>&#8211; 802.11a, b, g, n, ac, ax, be, compatible con bandas de frecuencia portadora de 2,4\/5\/6 ghz<\/td>\n<\/tr>\n<tr>\n<td>&#8211; bluetooth 5.3<\/td>\n<\/tr>\n<tr>\n<td>&#8211; compatibilidad con el est\u00e1ndar inal\u00e1mbrico 11be de 320 mhz<\/td>\n<\/tr>\n<tr>\n<td>(la velocidad de datos real puede variar seg\u00fan el entorno y el equipo).<\/td>\n<\/tr>\n<tr>\n<td>Nota:<\/td>\n<\/tr>\n<tr>\n<td>Las funciones de wi-fi 7 requieren windows 11 sv3 para funcionar correctamente. (no hay ning\u00fan controlador de compatibilidad para windows 10)<\/td>\n<\/tr>\n<tr>\n<td>La disponibilidad de los canales de wi-fi 7 en la banda de 6 ghz depende de las regulaciones de cada pa\u00eds.<\/td>\n<\/tr>\n<tr>\n<td>Cpu:<\/td>\n<\/tr>\n<tr>\n<td>&#8211; 1 ranura pci express x16, compatible con pcie 5.0 y funcionando a x16 (pciex16)<\/td>\n<\/tr>\n<tr>\n<td>* para un rendimiento \u00f3ptimo, si solo se va a instalar una tarjeta gr\u00e1fica pci express,<\/td>\n<\/tr>\n<tr>\n<td>Aseg\u00farese de instalarlo en la ranura pciex16.<\/td>\n<\/tr>\n<tr>\n<td>Conjunto de chips:<\/td>\n<\/tr>\n<tr>\n<td>&#8211; 2 ranuras pci express x16, compatibles con pcie 4.0 y funcionando a x4<\/td>\n<\/tr>\n<tr>\n<td>(pciex4_1\/pciex4_2)<\/td>\n<\/tr>\n<tr>\n<td>Cpu:<\/td>\n<\/tr>\n<tr>\n<td>&#8211; 1 conector m.2 (socket 3, clave m,<\/td>\n<\/tr>\n<tr>\n<td>Soporte para ssd pcie 4.0 x4\/x2 tipo 22110\/2280) (m2a_cpu)<\/td>\n<\/tr>\n<tr>\n<td>Chipset:<\/td>\n<\/tr>\n<tr>\n<td>&#8211; 2 conectores m.2 (socket 3, clave m,<\/td>\n<\/tr>\n<tr>\n<td>Soporte para ssd pcie 4.0 x4\/x2 tipo 22110\/2280) (m2p_sb, m2q_sb)<\/td>\n<\/tr>\n<tr>\n<td>&#8211; 1 conector m.2 (socket 3, clave m, soporte para ssd sata y pcie 4.0 x4 tipo 22110\/2280<\/td>\n<\/tr>\n<tr>\n<td>) (m2m_sb)<\/td>\n<\/tr>\n<tr>\n<td>&#8211; 6 conectores sata 6gb\/s<\/td>\n<\/tr>\n<tr>\n<td>Compatibilidad con raid 0, raid 1, raid 5 y raid 10 para dispositivos de almacenamiento ssd nvme compatibilidad con<\/td>\n<\/tr>\n<tr>\n<td>Raid 0, raid 1, raid 5 y raid 10 para dispositivos de almacenamiento sata<\/td>\n<\/tr>\n<tr>\n<td>* consulte 2-8 conectores internos para conocer los avisos de instalaci\u00f3n para m.2 y sata<\/td>\n<\/tr>\n<tr>\n<td>Conectores.<\/td>\n<\/tr>\n<tr>\n<td>Chipset:<\/td>\n<\/tr>\n<tr>\n<td>&#8211; 1 puerto usb type-c\u00ae en el panel posterior, con soporte usb 3.2 gen 2&#215;2<\/td>\n<\/tr>\n<tr>\n<td>&#8211; 1 puerto usb type-c\u00ae con soporte usb 3.2 gen 2, disponible a trav\u00e9s del<\/td>\n<\/tr>\n<tr>\n<td>Encabezado usb interno<\/td>\n<\/tr>\n<tr>\n<td>&#8211; 2 puertos usb 3.2 gen 2 tipo a (rojos) en el panel posterior<\/td>\n<\/tr>\n<tr>\n<td>&#8211; 5 puertos usb 3.2 gen 1 (3 puertos en el panel posterior, 2 puertos disponibles<\/td>\n<\/tr>\n<tr>\n<td>A trav\u00e9s del encabezado usb interno)<\/td>\n<\/tr>\n<tr>\n<td>Chipset + 2 concentradores usb 2.0:<\/td>\n<\/tr>\n<tr>\n<td>&#8211; 8 puertos usb 2.0\/1.1 (4 puertos en el panel posterior, 4 puertos disponibles a trav\u00e9s de<\/td>\n<\/tr>\n<tr>\n<td>Los encabezados usb internos)<\/td>\n<\/tr>\n<tr>\n<td>1 conector de alimentaci\u00f3n principal atx de 24 pines<\/td>\n<\/tr>\n<tr>\n<td>2 conectores de alimentaci\u00f3n atx de 12 v y 8 pines<\/td>\n<\/tr>\n<tr>\n<td>1 encabezado de ventilador de cpu<\/td>\n<\/tr>\n<tr>\n<td>1 encabezado de bomba de refrigeraci\u00f3n por agua\/<\/td>\n<\/tr>\n<tr>\n<td>Ventilador de cpu 3 encabezados de ventilador del<\/td>\n<\/tr>\n<tr>\n<td>Sistema 1 encabezado de bomba de refrigeraci\u00f3n por agua\/ventilador del sistema<\/td>\n<\/tr>\n<tr>\n<td>3 encabezados de tiras led rgb gen2 direccionables<\/td>\n<\/tr>\n<tr>\n<td>1 encabezado de tira led rgb<\/td>\n<\/tr>\n<tr>\n<td>4 conectores m.2 socket 3<\/td>\n<\/tr>\n<tr>\n<td>6 conectores sata de 6 gb\/s<\/td>\n<\/tr>\n<tr>\n<td>1 encabezado del panel frontal<\/td>\n<\/tr>\n<tr>\n<td>1 encabezado de audio del panel frontal<\/td>\n<\/tr>\n<tr>\n<td>1 encabezado usb type-c\u00ae, compatible con usb 3.2 gen<\/td>\n<\/tr>\n<tr>\n<td>2 1 encabezado usb 3.2 gen 1<\/td>\n<\/tr>\n<tr>\n<td>2 encabezados usb 2.0\/1.1<\/td>\n<\/tr>\n<tr>\n<td>2 conectores de tarjeta complementaria thunderbolt\u0099<\/td>\n<\/tr>\n<tr>\n<td>1 encabezado de m\u00f3dulo de plataforma segura (solo para el m\u00f3dulo gc-tpm2.0 spi\/gc-tpm2.0 spi 2.0\/<\/td>\n<\/tr>\n<tr>\n<td>Gc-tpm2.0 spi v2)<\/td>\n<\/tr>\n<tr>\n<td>1 bot\u00f3n de reinicio<\/td>\n<\/tr>\n<tr>\n<td>1 bot\u00f3n q-flash plus<\/td>\n<\/tr>\n<tr>\n<td>1 x bot\u00f3n de borrado de cmos<\/td>\n<\/tr>\n<tr>\n<td>1 x puente de reinicio<\/td>\n<\/tr>\n<tr>\n<td>1 x puente de borrado de cmos<\/td>\n<\/tr>\n<tr>\n<td>1 puerto usb type-c\u00ae, compatible con usb 3.2 gen 2&#215;2<\/td>\n<\/tr>\n<tr>\n<td>2 puertos usb 3.2 gen 2 tipo-a (rojo)<\/td>\n<\/tr>\n<tr>\n<td>3 puertos usb 3.2 gen 1<\/td>\n<\/tr>\n<tr>\n<td>4 puertos usb 2.0\/1.1<\/td>\n<\/tr>\n<tr>\n<td>2 conectores de antena sma (2t2r) jk<\/td>\n<\/tr>\n<tr>\n<td>1 puerto hdmi<\/td>\n<\/tr>\n<tr>\n<td>1 displayport<\/td>\n<\/tr>\n<tr>\n<td>1 puerto rj-45<\/td>\n<\/tr>\n<tr>\n<td>1 conector de salida \u00f3ptica s\/pdif<\/td>\n<\/tr>\n<tr>\n<td>2 conectores de audio<\/td>\n<\/tr>\n<tr>\n<td>Chip controlador de e\/s ite\u00ae<\/td>\n<\/tr>\n<tr>\n<td>Detecci\u00f3n de voltaje<\/td>\n<\/tr>\n<tr>\n<td>Detecci\u00f3n de temperatura<\/td>\n<\/tr>\n<tr>\n<td>Detecci\u00f3n de velocidad del ventilador<\/td>\n<\/tr>\n<tr>\n<td>Detecci\u00f3n de caudal de enfriamiento de agua<\/td>\n<\/tr>\n<tr>\n<td>Advertencia de falla del ventilador<\/td>\n<\/tr>\n<tr>\n<td>Control de velocidad del ventilador<\/td>\n<\/tr>\n<tr>\n<td>* si la funci\u00f3n de control de velocidad del ventilador (bomba) es compatible depender\u00e1 del ventilador<\/td>\n<\/tr>\n<tr>\n<td>(bomba) que instalas.<\/td>\n<\/tr>\n<tr>\n<td>1 x 256 mbit flash<\/td>\n<\/tr>\n<tr>\n<td>Uso de ami uefi bios con licencia<\/td>\n<\/tr>\n<tr>\n<td>Pnp 1.0a, dmi 2.7, wfm 2.0, sm bios 2.7, acpi 5.0<\/td>\n<\/tr>\n<tr>\n<td>Soporte para el centro de control de gigabyte (gcc)<\/td>\n<\/tr>\n<tr>\n<td>* las aplicaciones disponibles en gcc pueden variar seg\u00fan el modelo de placa base. funciones admitidas<\/td>\n<\/tr>\n<tr>\n<td>El rendimiento de cada aplicaci\u00f3n tambi\u00e9n puede variar seg\u00fan las especificaciones de la placa base.<\/td>\n<\/tr>\n<tr>\n<td>Soporte para q-flash<\/td>\n<\/tr>\n<tr>\n<td>Soporte para q-flash plus<\/td>\n<\/tr>\n<tr>\n<td>Soporte para smart backup<\/td>\n<\/tr>\n<tr>\n<td>Software de gesti\u00f3n de ancho de banda lan norton\u00ae internet security (versi\u00f3n oem)<\/td>\n<\/tr>\n<tr>\n<td>Compatibilidad con windows 11 de 64 bits<\/td>\n<\/tr>\n<tr>\n<td>Factor de forma atx; 30,5 cm x 24,4 cm<\/td>\n<\/tr>\n<\/table>\n","protected":false},"excerpt":{"rendered":"<p>Caracter\u00edsticas clave. Admite procesadores intel\u00ae core\u0099 14.\u00ba y 13.\u00ba generaci\u00f3n. Soluci\u00f3n vrm digital twin 16+1+2 fases. Ddr5 de doble canal: 4*dimm con soporte para m\u00f3dulo de memoria xmp 3.0. Ranura pcie ud x: ranura pcie 5.0 x16 con potencia 10x para tarjeta gr\u00e1fica. Ez-latch click: disipadores de calor m.2 con dise\u00f1o sin tornillos. Ez-latch plus: ranuras m.2 con dise\u00f1o de liberaci\u00f3n r\u00e1pida. Uc bios: ux intuitivo centrado en el usuario con funci\u00f3n de acceso r\u00e1pido. Almacenamiento ultrarr\u00e1pido: 4 ranuras pcie 4.0 x4 m.2. T\u00e9rmica general eficiente: armadura t\u00e9rmica avanzada vrm  and  protector t\u00e9rmico m.2 l. Redes r\u00e1pidas: lan y amplificador de 2,5 gbe wi-fi 7 con antena de ganancia ultraalta. Conectividad extendida: dp, hdmi, usb-c\u00ae frontal de 10 gb\/s, usb-c\u00ae posterior de 20 gb\/s. Audio de precisi\u00f3n: alc1220 y condensadores de grado audi\u00f3filo<\/p>\n","protected":false},"featured_media":264725,"comment_status":"open","ping_status":"open","template":"","meta":[],"product_cat":[2239,1727],"product_tag":[1732],"acf":[],"yoast_head":"<!-- This site is optimized with the Yoast SEO plugin v21.7 - https:\/\/yoast.com\/wordpress\/plugins\/seo\/ -->\n<title>[ Gigabyte ] &#129351; Z890 A Elite Wifi7 Tarjeta Madre \/ Ddr5 \/ Socket 1851 Intel Serie 2 \/ Wifi 7 \/ Bt \/ Gama Alta<\/title>\n<meta name=\"description\" content=\"Compra Z890 A Elite Wifi7 Tarjeta Madre \/ Ddr5 \/ Socket 1851 Intel Serie 2 \/ Wifi 7 \/ Bt \/ Gama Alta + Env\u00edo a domicilio + Pago seguro + Garant\u00eda\" \/>\n<meta name=\"robots\" content=\"index, follow, max-snippet:-1, max-image-preview:large, max-video-preview:-1\" \/>\n<link rel=\"canonical\" href=\"https:\/\/compuviper.mx\/tienda\/producto\/gigabyte-z890-a-elite-wifi7-tarjeta-madre-ddr5-socket-1851-intel-serie-2-wifi-7-bt-gama-alta\/\" \/>\n<meta property=\"og:locale\" content=\"es_MX\" \/>\n<meta property=\"og:type\" content=\"article\" \/>\n<meta property=\"og:title\" content=\"[ Gigabyte ] &#129351; Z890 A Elite Wifi7 Tarjeta Madre \/ Ddr5 \/ Socket 1851 Intel Serie 2 \/ Wifi 7 \/ Bt \/ Gama Alta\" \/>\n<meta property=\"og:description\" content=\"Compra Z890 A Elite Wifi7 Tarjeta Madre \/ Ddr5 \/ Socket 1851 Intel Serie 2 \/ Wifi 7 \/ Bt \/ Gama Alta + Env\u00edo a domicilio + Pago seguro + Garant\u00eda\" \/>\n<meta property=\"og:url\" content=\"https:\/\/compuviper.mx\/tienda\/producto\/gigabyte-z890-a-elite-wifi7-tarjeta-madre-ddr5-socket-1851-intel-serie-2-wifi-7-bt-gama-alta\/\" \/>\n<meta property=\"og:site_name\" content=\"Compuviper\" \/>\n<meta property=\"article:publisher\" content=\"https:\/\/www.facebook.com\/compuviper\" \/>\n<meta property=\"article:modified_time\" content=\"2026-04-12T06:00:14+00:00\" \/>\n<meta property=\"og:image\" content=\"https:\/\/compuviper.mx\/tienda\/wp-content\/uploads\/2025\/12\/Tarjeta-madre-gigabyte-z890-a-elite-wifi7-ddr5-socket-1851-intel-serie-2-wifi-7-bt-gama-alta.jpg\" \/>\n\t<meta property=\"og:image:width\" content=\"200\" \/>\n\t<meta property=\"og:image:height\" content=\"200\" \/>\n\t<meta property=\"og:image:type\" content=\"image\/jpeg\" \/>\n<meta name=\"twitter:card\" content=\"summary_large_image\" \/>\n<meta name=\"twitter:label1\" content=\"Precio\" \/>\n\t<meta name=\"twitter:data1\" content=\"&#36;4,310 con IVA\" \/>\n\t<meta name=\"twitter:label2\" content=\"Availability\" \/>\n\t<meta name=\"twitter:data2\" content=\"Out of stock\" \/>\n<script type=\"application\/ld+json\" class=\"yoast-schema-graph\">{\"@context\":\"https:\/\/schema.org\",\"@graph\":[{\"@type\":\"WebPage\",\"@id\":\"https:\/\/compuviper.mx\/tienda\/producto\/gigabyte-z890-a-elite-wifi7-tarjeta-madre-ddr5-socket-1851-intel-serie-2-wifi-7-bt-gama-alta\/\",\"url\":\"https:\/\/compuviper.mx\/tienda\/producto\/gigabyte-z890-a-elite-wifi7-tarjeta-madre-ddr5-socket-1851-intel-serie-2-wifi-7-bt-gama-alta\/\",\"name\":\"[ Gigabyte ] &#129351; Z890 A Elite Wifi7 Tarjeta Madre \/ Ddr5 \/ Socket 1851 Intel Serie 2 \/ Wifi 7 \/ Bt \/ Gama Alta\",\"isPartOf\":{\"@id\":\"https:\/\/compuviper.mx\/tienda\/#website\"},\"datePublished\":\"2026-04-11T06:45:59+00:00\",\"dateModified\":\"2026-04-12T06:00:14+00:00\",\"description\":\"Compra Z890 A Elite Wifi7 Tarjeta Madre \/ Ddr5 \/ Socket 1851 Intel Serie 2 \/ Wifi 7 \/ Bt \/ Gama Alta + Env\u00edo a domicilio + Pago seguro + Garant\u00eda\",\"breadcrumb\":{\"@id\":\"https:\/\/compuviper.mx\/tienda\/producto\/gigabyte-z890-a-elite-wifi7-tarjeta-madre-ddr5-socket-1851-intel-serie-2-wifi-7-bt-gama-alta\/#breadcrumb\"},\"inLanguage\":\"es-MX\",\"potentialAction\":[{\"@type\":\"ReadAction\",\"target\":[\"https:\/\/compuviper.mx\/tienda\/producto\/gigabyte-z890-a-elite-wifi7-tarjeta-madre-ddr5-socket-1851-intel-serie-2-wifi-7-bt-gama-alta\/\"]}]},{\"@type\":\"BreadcrumbList\",\"@id\":\"https:\/\/compuviper.mx\/tienda\/producto\/gigabyte-z890-a-elite-wifi7-tarjeta-madre-ddr5-socket-1851-intel-serie-2-wifi-7-bt-gama-alta\/#breadcrumb\",\"itemListElement\":[{\"@type\":\"ListItem\",\"position\":1,\"name\":\"Inicio\",\"item\":\"https:\/\/compuviper.mx\/tienda\/\"},{\"@type\":\"ListItem\",\"position\":2,\"name\":\"Productos\",\"item\":\"https:\/\/compuviper.mx\/tienda\/productos\/\"},{\"@type\":\"ListItem\",\"position\":3,\"name\":\"Tarjeta Madre\",\"item\":\"https:\/\/compuviper.mx\/tienda\/categoria-producto\/tarjeta-madre\/\"},{\"@type\":\"ListItem\",\"position\":4,\"name\":\"Socket 1700\",\"item\":\"https:\/\/compuviper.mx\/tienda\/categoria-producto\/tarjeta-madre\/socket-1700\/\"},{\"@type\":\"ListItem\",\"position\":5,\"name\":\"Gigabyte Z890 A Elite Wifi7 Tarjeta Madre \/ Ddr5 \/ Socket 1851 Intel Serie 2 \/ Wifi 7 \/ Bt \/ Gama Alta\"}]},{\"@type\":\"WebSite\",\"@id\":\"https:\/\/compuviper.mx\/tienda\/#website\",\"url\":\"https:\/\/compuviper.mx\/tienda\/\",\"name\":\"Compuviper\",\"description\":\"Proveedor de Computadoras, Laptops, Servidores, Monitores, Puntos de Venta, Teclados,   Impresoras, T\u00f3ner, C\u00e1maras de Seguridad y m\u00e1s en tu tienda en l\u00ednea\",\"publisher\":{\"@id\":\"https:\/\/compuviper.mx\/tienda\/#organization\"},\"potentialAction\":[{\"@type\":\"SearchAction\",\"target\":{\"@type\":\"EntryPoint\",\"urlTemplate\":\"https:\/\/compuviper.mx\/tienda\/?s={search_term_string}\"},\"query-input\":\"required name=search_term_string\"}],\"inLanguage\":\"es-MX\"},{\"@type\":\"Organization\",\"@id\":\"https:\/\/compuviper.mx\/tienda\/#organization\",\"name\":\"Compuviper\",\"url\":\"https:\/\/compuviper.mx\/tienda\/\",\"logo\":{\"@type\":\"ImageObject\",\"inLanguage\":\"es-MX\",\"@id\":\"https:\/\/compuviper.mx\/tienda\/#\/schema\/logo\/image\/\",\"url\":\"https:\/\/compuviper.mx\/tienda\/wp-content\/uploads\/2021\/08\/Logo-Compuviper-10.png\",\"contentUrl\":\"https:\/\/compuviper.mx\/tienda\/wp-content\/uploads\/2021\/08\/Logo-Compuviper-10.png\",\"width\":1000,\"height\":500,\"caption\":\"Compuviper\"},\"image\":{\"@id\":\"https:\/\/compuviper.mx\/tienda\/#\/schema\/logo\/image\/\"},\"sameAs\":[\"https:\/\/www.facebook.com\/compuviper\",\"https:\/\/www.youtube.com\/channel\/UCf73dERp9Y3cfOq7q8BhLjA?view_as=subscriber\"]}]}<\/script>\n<meta property=\"product:brand\" content=\"GIGABYTE\" \/>\n<meta property=\"product:price:amount\" content=\"4310\" \/>\n<meta property=\"product:price:currency\" content=\"MXN\" \/>\n<meta property=\"og:availability\" content=\"out of stock\" \/>\n<meta property=\"product:availability\" content=\"out of stock\" \/>\n<meta property=\"product:retailer_item_id\" content=\"Z890 A ELITE WIFI7\" \/>\n<meta property=\"product:condition\" content=\"new\" \/>\n<!-- \/ Yoast SEO plugin. -->","yoast_head_json":{"title":"[ Gigabyte ] &#129351; Z890 A Elite Wifi7 Tarjeta Madre \/ Ddr5 \/ Socket 1851 Intel Serie 2 \/ Wifi 7 \/ Bt \/ Gama Alta","description":"Compra Z890 A Elite Wifi7 Tarjeta Madre \/ Ddr5 \/ Socket 1851 Intel Serie 2 \/ Wifi 7 \/ Bt \/ Gama Alta + Env\u00edo a domicilio + Pago seguro + Garant\u00eda","robots":{"index":"index","follow":"follow","max-snippet":"max-snippet:-1","max-image-preview":"max-image-preview:large","max-video-preview":"max-video-preview:-1"},"canonical":"https:\/\/compuviper.mx\/tienda\/producto\/gigabyte-z890-a-elite-wifi7-tarjeta-madre-ddr5-socket-1851-intel-serie-2-wifi-7-bt-gama-alta\/","og_locale":"es_MX","og_type":"article","og_title":"[ Gigabyte ] &#129351; Z890 A Elite Wifi7 Tarjeta Madre \/ Ddr5 \/ Socket 1851 Intel Serie 2 \/ Wifi 7 \/ Bt \/ Gama Alta","og_description":"Compra Z890 A Elite Wifi7 Tarjeta Madre \/ Ddr5 \/ Socket 1851 Intel Serie 2 \/ Wifi 7 \/ Bt \/ Gama Alta + Env\u00edo a domicilio + Pago seguro + Garant\u00eda","og_url":"https:\/\/compuviper.mx\/tienda\/producto\/gigabyte-z890-a-elite-wifi7-tarjeta-madre-ddr5-socket-1851-intel-serie-2-wifi-7-bt-gama-alta\/","og_site_name":"Compuviper","article_publisher":"https:\/\/www.facebook.com\/compuviper","article_modified_time":"2026-04-12T06:00:14+00:00","og_image":[{"width":200,"height":200,"url":"https:\/\/compuviper.mx\/tienda\/wp-content\/uploads\/2025\/12\/Tarjeta-madre-gigabyte-z890-a-elite-wifi7-ddr5-socket-1851-intel-serie-2-wifi-7-bt-gama-alta.jpg","type":"image\/jpeg"}],"twitter_card":"summary_large_image","twitter_misc":{"Precio":"&#36;4,310 con IVA","Availability":"Out of stock"},"schema":{"@context":"https:\/\/schema.org","@graph":[{"@type":"WebPage","@id":"https:\/\/compuviper.mx\/tienda\/producto\/gigabyte-z890-a-elite-wifi7-tarjeta-madre-ddr5-socket-1851-intel-serie-2-wifi-7-bt-gama-alta\/","url":"https:\/\/compuviper.mx\/tienda\/producto\/gigabyte-z890-a-elite-wifi7-tarjeta-madre-ddr5-socket-1851-intel-serie-2-wifi-7-bt-gama-alta\/","name":"[ Gigabyte ] &#129351; Z890 A Elite Wifi7 Tarjeta Madre \/ Ddr5 \/ Socket 1851 Intel Serie 2 \/ Wifi 7 \/ Bt \/ Gama Alta","isPartOf":{"@id":"https:\/\/compuviper.mx\/tienda\/#website"},"datePublished":"2026-04-11T06:45:59+00:00","dateModified":"2026-04-12T06:00:14+00:00","description":"Compra Z890 A Elite Wifi7 Tarjeta Madre \/ Ddr5 \/ Socket 1851 Intel Serie 2 \/ Wifi 7 \/ Bt \/ Gama Alta + Env\u00edo a domicilio + Pago seguro + Garant\u00eda","breadcrumb":{"@id":"https:\/\/compuviper.mx\/tienda\/producto\/gigabyte-z890-a-elite-wifi7-tarjeta-madre-ddr5-socket-1851-intel-serie-2-wifi-7-bt-gama-alta\/#breadcrumb"},"inLanguage":"es-MX","potentialAction":[{"@type":"ReadAction","target":["https:\/\/compuviper.mx\/tienda\/producto\/gigabyte-z890-a-elite-wifi7-tarjeta-madre-ddr5-socket-1851-intel-serie-2-wifi-7-bt-gama-alta\/"]}]},{"@type":"BreadcrumbList","@id":"https:\/\/compuviper.mx\/tienda\/producto\/gigabyte-z890-a-elite-wifi7-tarjeta-madre-ddr5-socket-1851-intel-serie-2-wifi-7-bt-gama-alta\/#breadcrumb","itemListElement":[{"@type":"ListItem","position":1,"name":"Inicio","item":"https:\/\/compuviper.mx\/tienda\/"},{"@type":"ListItem","position":2,"name":"Productos","item":"https:\/\/compuviper.mx\/tienda\/productos\/"},{"@type":"ListItem","position":3,"name":"Tarjeta Madre","item":"https:\/\/compuviper.mx\/tienda\/categoria-producto\/tarjeta-madre\/"},{"@type":"ListItem","position":4,"name":"Socket 1700","item":"https:\/\/compuviper.mx\/tienda\/categoria-producto\/tarjeta-madre\/socket-1700\/"},{"@type":"ListItem","position":5,"name":"Gigabyte Z890 A Elite Wifi7 Tarjeta Madre \/ Ddr5 \/ Socket 1851 Intel Serie 2 \/ Wifi 7 \/ Bt \/ Gama Alta"}]},{"@type":"WebSite","@id":"https:\/\/compuviper.mx\/tienda\/#website","url":"https:\/\/compuviper.mx\/tienda\/","name":"Compuviper","description":"Proveedor de Computadoras, Laptops, Servidores, Monitores, Puntos de Venta, Teclados,   Impresoras, T\u00f3ner, C\u00e1maras de Seguridad y m\u00e1s en tu tienda en l\u00ednea","publisher":{"@id":"https:\/\/compuviper.mx\/tienda\/#organization"},"potentialAction":[{"@type":"SearchAction","target":{"@type":"EntryPoint","urlTemplate":"https:\/\/compuviper.mx\/tienda\/?s={search_term_string}"},"query-input":"required name=search_term_string"}],"inLanguage":"es-MX"},{"@type":"Organization","@id":"https:\/\/compuviper.mx\/tienda\/#organization","name":"Compuviper","url":"https:\/\/compuviper.mx\/tienda\/","logo":{"@type":"ImageObject","inLanguage":"es-MX","@id":"https:\/\/compuviper.mx\/tienda\/#\/schema\/logo\/image\/","url":"https:\/\/compuviper.mx\/tienda\/wp-content\/uploads\/2021\/08\/Logo-Compuviper-10.png","contentUrl":"https:\/\/compuviper.mx\/tienda\/wp-content\/uploads\/2021\/08\/Logo-Compuviper-10.png","width":1000,"height":500,"caption":"Compuviper"},"image":{"@id":"https:\/\/compuviper.mx\/tienda\/#\/schema\/logo\/image\/"},"sameAs":["https:\/\/www.facebook.com\/compuviper","https:\/\/www.youtube.com\/channel\/UCf73dERp9Y3cfOq7q8BhLjA?view_as=subscriber"]}]},"product_brand":"GIGABYTE","product_price_amount":"4310","product_price_currency":"MXN","og_availability":"out of stock","product_availability":"out of stock","product_retailer_item_id":"Z890 A ELITE WIFI7","product_condition":"new"},"_links":{"self":[{"href":"https:\/\/compuviper.mx\/tienda\/wp-json\/wp\/v2\/product\/264724"}],"collection":[{"href":"https:\/\/compuviper.mx\/tienda\/wp-json\/wp\/v2\/product"}],"about":[{"href":"https:\/\/compuviper.mx\/tienda\/wp-json\/wp\/v2\/types\/product"}],"replies":[{"embeddable":true,"href":"https:\/\/compuviper.mx\/tienda\/wp-json\/wp\/v2\/comments?post=264724"}],"wp:featuredmedia":[{"embeddable":true,"href":"https:\/\/compuviper.mx\/tienda\/wp-json\/wp\/v2\/media\/264725"}],"wp:attachment":[{"href":"https:\/\/compuviper.mx\/tienda\/wp-json\/wp\/v2\/media?parent=264724"}],"wp:term":[{"taxonomy":"product_cat","embeddable":true,"href":"https:\/\/compuviper.mx\/tienda\/wp-json\/wp\/v2\/product_cat?post=264724"},{"taxonomy":"product_tag","embeddable":true,"href":"https:\/\/compuviper.mx\/tienda\/wp-json\/wp\/v2\/product_tag?post=264724"}],"curies":[{"name":"wp","href":"https:\/\/api.w.org\/{rel}","templated":true}]}}