{"id":264641,"date":"2026-05-01T01:39:00","date_gmt":"2026-05-01T07:39:00","guid":{"rendered":"https:\/\/compuviper.mx\/tienda\/producto\/canon-6880c004aa-multifuncional-gx7110-4-en-1-impresin-copia-escaneo-fax-tinta-continua-45-ppm-negro-y-25-ppm-a-color-usb-wifi-ethernet-consumibles-gi-16-bk-167-ml-cm-y-132-ml\/"},"modified":"2026-05-01T01:39:01","modified_gmt":"2026-05-01T07:39:01","slug":"canon-6880c004aa-multifuncional-gx7110-tinta-continua-ppm-45-negro-25-color-usb-wifi-ethernet-red-fax-consumibles-gi-16","status":"publish","type":"product","link":"https:\/\/compuviper.mx\/tienda\/producto\/canon-6880c004aa-multifuncional-gx7110-tinta-continua-ppm-45-negro-25-color-usb-wifi-ethernet-red-fax-consumibles-gi-16\/","title":{"rendered":"Canon 6880c004aa Multifuncional  Gx7110, Tinta Continua, Ppm 45 Negro\/25 Color, Usb, Wifi, Ethernet (red), Fax, Consumibles Gi-16"},"content":{"rendered":"<table class=\"descripcion\">\n<tr>\n<td>Espec\u00edficaciones de impresi\u00f3n:<\/td>\n<\/tr>\n<tr>\n<td>Rendimiento: 6,000 p\u00e1ginas b\/n y 14,000 a color<\/td>\n<\/tr>\n<tr>\n<td>Ciclo de trabajo mensual: hasta 45,000 p\u00e1ginas<\/td>\n<\/tr>\n<tr>\n<td>Pantalla: t\u00e1ctil lcd clor de 6.7 cm<\/td>\n<\/tr>\n<tr>\n<td>Velocidad simplex: negro 45 ppm y 25 ppm a color<\/td>\n<\/tr>\n<tr>\n<td>Salida 1a impresi\u00f3n: negro-7 seg \/ color-8 seg<\/td>\n<\/tr>\n<tr>\n<td>Capacidad de papel: 600 hojas, 2 bandejas delanteras: 500 hojas (250 por bandeja) y bandeja trasera: 100 hojas.<\/td>\n<\/tr>\n<tr>\n<td>Tama\u00f1o de papel: a4, a5, b5, carta, oficio.<\/td>\n<\/tr>\n<tr>\n<td>Adf: tama\u00f1o m\u00e1ximo oficio \/ capacidad de hojas: 50 hojas carta<\/td>\n<\/tr>\n<tr>\n<td>Resoluci\u00f3n impresi\u00f3n: hasta 600 x 1200 dpi. resoluci\u00f3n escaneo: hasta 1200 x 1200 dpi<\/td>\n<\/tr>\n<tr>\n<td>Duplex: impresi\u00f3n duplex (autom\u00e1tico) y escaneo d\u00faplex (autom\u00e1tico adf)<\/td>\n<\/tr>\n<tr>\n<td>Espec\u00edficaciones esc\u00e1ner:<\/td>\n<\/tr>\n<tr>\n<td>Cama plana \/ adf. tama\u00f1o m\u00e1ximo: oficio<\/td>\n<\/tr>\n<tr>\n<td>Espec\u00edficaciones fax:<\/td>\n<\/tr>\n<tr>\n<td>Velocidad del m\u00f3dem: m\u00e1x. 33.6 kbps (retorno autom\u00e1tico)<\/td>\n<\/tr>\n<tr>\n<td>Capacidad de memoria: aprox. 250 p\u00e1ginas.<\/td>\n<\/tr>\n<tr>\n<td>Marcaci\u00f3n r\u00e1pida: m\u00e1x. 99 contactos<\/td>\n<\/tr>\n<tr>\n<td>Espec\u00edficaciones de mantenimiento:<\/td>\n<\/tr>\n<tr>\n<td>Reemplazo de cabezal y cartucho de mantenimiento por el usuario.<\/td>\n<\/tr>\n<tr>\n<td>Conectividad:<\/td>\n<\/tr>\n<tr>\n<td>Usb, wifi, ethernet<\/td>\n<\/tr>\n<tr>\n<td>Sistemas operativos:<\/td>\n<\/tr>\n<tr>\n<td>Windows, ios, ipados, android.<\/td>\n<\/tr>\n<tr>\n<td>Tintas: botellas de tinta gi-16, negra: 167 ml y color (c,m.y) 132 ml<\/td>\n<\/tr>\n<tr>\n<td>Cartucho de mantenimiento: mc-g01<\/td>\n<\/tr>\n<\/table>\n","protected":false},"excerpt":{"rendered":"<p>Maxify gx7110 4 en 1: impresi\u00f3n, copia, escaneo y fax, tinta continua para alto volumen de impresi\u00f3n con bajo costo operativo, consumo sostenible, auto mantenimiento, flexibilidad para imprimir. Los equipos maxify gx cuentan con garant\u00eda extendida al registrarlos.<\/p>\n","protected":false},"featured_media":0,"comment_status":"open","ping_status":"open","template":"","meta":[],"product_cat":[1780,1781],"product_tag":[1554],"acf":[],"yoast_head":"<!-- This site is optimized with the Yoast SEO plugin v21.7 - https:\/\/yoast.com\/wordpress\/plugins\/seo\/ -->\n<title>[ Canon ] &#129351; 6880c004aa Multifuncional Gx7110, Tinta Continua, Ppm 45 Negro\/25 Color, Usb, Wifi, Ethernet (red), Fax, Consumibles Gi-16<\/title>\n<meta name=\"description\" content=\"Compra 6880c004aa Multifuncional Gx7110, Tinta Continua, Ppm 45 Negro\/25 Color, Usb, Wifi, Ethernet (red), Fax, Consumibles Gi-16 + Env\u00edo a domicilio + Pago seguro + Garant\u00eda\" \/>\n<meta name=\"robots\" content=\"index, follow, max-snippet:-1, max-image-preview:large, max-video-preview:-1\" \/>\n<link rel=\"canonical\" href=\"https:\/\/compuviper.mx\/tienda\/producto\/canon-6880c004aa-multifuncional-gx7110-tinta-continua-ppm-45-negro-25-color-usb-wifi-ethernet-red-fax-consumibles-gi-16\/\" \/>\n<meta property=\"og:locale\" content=\"es_MX\" \/>\n<meta property=\"og:type\" content=\"article\" \/>\n<meta property=\"og:title\" content=\"[ Canon ] &#129351; 6880c004aa Multifuncional Gx7110, Tinta Continua, Ppm 45 Negro\/25 Color, Usb, Wifi, Ethernet (red), Fax, Consumibles Gi-16\" \/>\n<meta property=\"og:description\" content=\"Compra 6880c004aa Multifuncional Gx7110, Tinta Continua, Ppm 45 Negro\/25 Color, Usb, Wifi, Ethernet (red), Fax, Consumibles Gi-16 + Env\u00edo a domicilio + Pago seguro + Garant\u00eda\" \/>\n<meta property=\"og:url\" content=\"https:\/\/compuviper.mx\/tienda\/producto\/canon-6880c004aa-multifuncional-gx7110-tinta-continua-ppm-45-negro-25-color-usb-wifi-ethernet-red-fax-consumibles-gi-16\/\" \/>\n<meta property=\"og:site_name\" content=\"Compuviper\" \/>\n<meta property=\"article:publisher\" content=\"https:\/\/www.facebook.com\/compuviper\" \/>\n<meta property=\"article:modified_time\" content=\"2026-05-01T07:39:01+00:00\" \/>\n<meta name=\"twitter:card\" content=\"summary_large_image\" \/>\n<meta name=\"twitter:label1\" content=\"Precio\" \/>\n\t<meta name=\"twitter:data1\" content=\"&#36;11,450 con IVA\" \/>\n\t<meta name=\"twitter:label2\" content=\"Availability\" \/>\n\t<meta name=\"twitter:data2\" content=\"In stock\" \/>\n<script type=\"application\/ld+json\" class=\"yoast-schema-graph\">{\"@context\":\"https:\/\/schema.org\",\"@graph\":[{\"@type\":\"WebPage\",\"@id\":\"https:\/\/compuviper.mx\/tienda\/producto\/canon-6880c004aa-multifuncional-gx7110-tinta-continua-ppm-45-negro-25-color-usb-wifi-ethernet-red-fax-consumibles-gi-16\/\",\"url\":\"https:\/\/compuviper.mx\/tienda\/producto\/canon-6880c004aa-multifuncional-gx7110-tinta-continua-ppm-45-negro-25-color-usb-wifi-ethernet-red-fax-consumibles-gi-16\/\",\"name\":\"[ Canon ] &#129351; 6880c004aa Multifuncional Gx7110, Tinta Continua, Ppm 45 Negro\/25 Color, Usb, Wifi, Ethernet (red), Fax, Consumibles Gi-16\",\"isPartOf\":{\"@id\":\"https:\/\/compuviper.mx\/tienda\/#website\"},\"datePublished\":\"2026-05-01T07:39:00+00:00\",\"dateModified\":\"2026-05-01T07:39:01+00:00\",\"description\":\"Compra 6880c004aa Multifuncional Gx7110, Tinta Continua, Ppm 45 Negro\/25 Color, Usb, Wifi, Ethernet (red), Fax, Consumibles Gi-16 + Env\u00edo a domicilio + Pago seguro + Garant\u00eda\",\"breadcrumb\":{\"@id\":\"https:\/\/compuviper.mx\/tienda\/producto\/canon-6880c004aa-multifuncional-gx7110-tinta-continua-ppm-45-negro-25-color-usb-wifi-ethernet-red-fax-consumibles-gi-16\/#breadcrumb\"},\"inLanguage\":\"es-MX\",\"potentialAction\":[{\"@type\":\"ReadAction\",\"target\":[\"https:\/\/compuviper.mx\/tienda\/producto\/canon-6880c004aa-multifuncional-gx7110-tinta-continua-ppm-45-negro-25-color-usb-wifi-ethernet-red-fax-consumibles-gi-16\/\"]}]},{\"@type\":\"BreadcrumbList\",\"@id\":\"https:\/\/compuviper.mx\/tienda\/producto\/canon-6880c004aa-multifuncional-gx7110-tinta-continua-ppm-45-negro-25-color-usb-wifi-ethernet-red-fax-consumibles-gi-16\/#breadcrumb\",\"itemListElement\":[{\"@type\":\"ListItem\",\"position\":1,\"name\":\"Inicio\",\"item\":\"https:\/\/compuviper.mx\/tienda\/\"},{\"@type\":\"ListItem\",\"position\":2,\"name\":\"Productos\",\"item\":\"https:\/\/compuviper.mx\/tienda\/productos\/\"},{\"@type\":\"ListItem\",\"position\":3,\"name\":\"Multifuncionales\",\"item\":\"https:\/\/compuviper.mx\/tienda\/categoria-producto\/multifuncionales\/\"},{\"@type\":\"ListItem\",\"position\":4,\"name\":\"Inyeccion De Tinta\",\"item\":\"https:\/\/compuviper.mx\/tienda\/categoria-producto\/multifuncionales\/inyeccion-de-tinta\/\"},{\"@type\":\"ListItem\",\"position\":5,\"name\":\"Canon 6880c004aa Multifuncional Gx7110, Tinta Continua, Ppm 45 Negro\/25 Color, Usb, Wifi, Ethernet (red), Fax, Consumibles Gi-16\"}]},{\"@type\":\"WebSite\",\"@id\":\"https:\/\/compuviper.mx\/tienda\/#website\",\"url\":\"https:\/\/compuviper.mx\/tienda\/\",\"name\":\"Compuviper\",\"description\":\"Proveedor de Computadoras, Laptops, Servidores, Monitores, Puntos de Venta, Teclados,   Impresoras, T\u00f3ner, C\u00e1maras de Seguridad y m\u00e1s en tu tienda en l\u00ednea\",\"publisher\":{\"@id\":\"https:\/\/compuviper.mx\/tienda\/#organization\"},\"potentialAction\":[{\"@type\":\"SearchAction\",\"target\":{\"@type\":\"EntryPoint\",\"urlTemplate\":\"https:\/\/compuviper.mx\/tienda\/?s={search_term_string}\"},\"query-input\":\"required name=search_term_string\"}],\"inLanguage\":\"es-MX\"},{\"@type\":\"Organization\",\"@id\":\"https:\/\/compuviper.mx\/tienda\/#organization\",\"name\":\"Compuviper\",\"url\":\"https:\/\/compuviper.mx\/tienda\/\",\"logo\":{\"@type\":\"ImageObject\",\"inLanguage\":\"es-MX\",\"@id\":\"https:\/\/compuviper.mx\/tienda\/#\/schema\/logo\/image\/\",\"url\":\"https:\/\/compuviper.mx\/tienda\/wp-content\/uploads\/2021\/08\/Logo-Compuviper-10.png\",\"contentUrl\":\"https:\/\/compuviper.mx\/tienda\/wp-content\/uploads\/2021\/08\/Logo-Compuviper-10.png\",\"width\":1000,\"height\":500,\"caption\":\"Compuviper\"},\"image\":{\"@id\":\"https:\/\/compuviper.mx\/tienda\/#\/schema\/logo\/image\/\"},\"sameAs\":[\"https:\/\/www.facebook.com\/compuviper\",\"https:\/\/www.youtube.com\/channel\/UCf73dERp9Y3cfOq7q8BhLjA?view_as=subscriber\"]}]}<\/script>\n<meta property=\"product:brand\" content=\"CANON\" \/>\n<meta property=\"product:price:amount\" content=\"11450\" \/>\n<meta property=\"product:price:currency\" content=\"MXN\" \/>\n<meta property=\"og:availability\" content=\"instock\" \/>\n<meta property=\"product:availability\" content=\"instock\" \/>\n<meta property=\"product:retailer_item_id\" content=\"6880C004AA\" \/>\n<meta property=\"product:condition\" content=\"new\" \/>\n<!-- \/ Yoast SEO plugin. -->","yoast_head_json":{"title":"[ Canon ] &#129351; 6880c004aa Multifuncional Gx7110, Tinta Continua, Ppm 45 Negro\/25 Color, Usb, Wifi, Ethernet (red), Fax, Consumibles Gi-16","description":"Compra 6880c004aa Multifuncional Gx7110, Tinta Continua, Ppm 45 Negro\/25 Color, Usb, Wifi, Ethernet (red), Fax, Consumibles Gi-16 + Env\u00edo a domicilio + Pago seguro + Garant\u00eda","robots":{"index":"index","follow":"follow","max-snippet":"max-snippet:-1","max-image-preview":"max-image-preview:large","max-video-preview":"max-video-preview:-1"},"canonical":"https:\/\/compuviper.mx\/tienda\/producto\/canon-6880c004aa-multifuncional-gx7110-tinta-continua-ppm-45-negro-25-color-usb-wifi-ethernet-red-fax-consumibles-gi-16\/","og_locale":"es_MX","og_type":"article","og_title":"[ Canon ] &#129351; 6880c004aa Multifuncional Gx7110, Tinta Continua, Ppm 45 Negro\/25 Color, Usb, Wifi, Ethernet (red), Fax, Consumibles Gi-16","og_description":"Compra 6880c004aa Multifuncional Gx7110, Tinta Continua, Ppm 45 Negro\/25 Color, Usb, Wifi, Ethernet (red), Fax, Consumibles Gi-16 + Env\u00edo a domicilio + Pago seguro + Garant\u00eda","og_url":"https:\/\/compuviper.mx\/tienda\/producto\/canon-6880c004aa-multifuncional-gx7110-tinta-continua-ppm-45-negro-25-color-usb-wifi-ethernet-red-fax-consumibles-gi-16\/","og_site_name":"Compuviper","article_publisher":"https:\/\/www.facebook.com\/compuviper","article_modified_time":"2026-05-01T07:39:01+00:00","twitter_card":"summary_large_image","twitter_misc":{"Precio":"&#36;11,450 con IVA","Availability":"In stock"},"schema":{"@context":"https:\/\/schema.org","@graph":[{"@type":"WebPage","@id":"https:\/\/compuviper.mx\/tienda\/producto\/canon-6880c004aa-multifuncional-gx7110-tinta-continua-ppm-45-negro-25-color-usb-wifi-ethernet-red-fax-consumibles-gi-16\/","url":"https:\/\/compuviper.mx\/tienda\/producto\/canon-6880c004aa-multifuncional-gx7110-tinta-continua-ppm-45-negro-25-color-usb-wifi-ethernet-red-fax-consumibles-gi-16\/","name":"[ Canon ] &#129351; 6880c004aa Multifuncional Gx7110, Tinta Continua, Ppm 45 Negro\/25 Color, Usb, Wifi, Ethernet (red), Fax, Consumibles Gi-16","isPartOf":{"@id":"https:\/\/compuviper.mx\/tienda\/#website"},"datePublished":"2026-05-01T07:39:00+00:00","dateModified":"2026-05-01T07:39:01+00:00","description":"Compra 6880c004aa Multifuncional Gx7110, Tinta Continua, Ppm 45 Negro\/25 Color, Usb, Wifi, Ethernet (red), Fax, Consumibles Gi-16 + Env\u00edo a domicilio + Pago seguro + Garant\u00eda","breadcrumb":{"@id":"https:\/\/compuviper.mx\/tienda\/producto\/canon-6880c004aa-multifuncional-gx7110-tinta-continua-ppm-45-negro-25-color-usb-wifi-ethernet-red-fax-consumibles-gi-16\/#breadcrumb"},"inLanguage":"es-MX","potentialAction":[{"@type":"ReadAction","target":["https:\/\/compuviper.mx\/tienda\/producto\/canon-6880c004aa-multifuncional-gx7110-tinta-continua-ppm-45-negro-25-color-usb-wifi-ethernet-red-fax-consumibles-gi-16\/"]}]},{"@type":"BreadcrumbList","@id":"https:\/\/compuviper.mx\/tienda\/producto\/canon-6880c004aa-multifuncional-gx7110-tinta-continua-ppm-45-negro-25-color-usb-wifi-ethernet-red-fax-consumibles-gi-16\/#breadcrumb","itemListElement":[{"@type":"ListItem","position":1,"name":"Inicio","item":"https:\/\/compuviper.mx\/tienda\/"},{"@type":"ListItem","position":2,"name":"Productos","item":"https:\/\/compuviper.mx\/tienda\/productos\/"},{"@type":"ListItem","position":3,"name":"Multifuncionales","item":"https:\/\/compuviper.mx\/tienda\/categoria-producto\/multifuncionales\/"},{"@type":"ListItem","position":4,"name":"Inyeccion De Tinta","item":"https:\/\/compuviper.mx\/tienda\/categoria-producto\/multifuncionales\/inyeccion-de-tinta\/"},{"@type":"ListItem","position":5,"name":"Canon 6880c004aa Multifuncional Gx7110, Tinta Continua, Ppm 45 Negro\/25 Color, Usb, Wifi, Ethernet (red), Fax, Consumibles Gi-16"}]},{"@type":"WebSite","@id":"https:\/\/compuviper.mx\/tienda\/#website","url":"https:\/\/compuviper.mx\/tienda\/","name":"Compuviper","description":"Proveedor de Computadoras, Laptops, Servidores, Monitores, Puntos de Venta, Teclados,   Impresoras, T\u00f3ner, C\u00e1maras de Seguridad y m\u00e1s en tu tienda en l\u00ednea","publisher":{"@id":"https:\/\/compuviper.mx\/tienda\/#organization"},"potentialAction":[{"@type":"SearchAction","target":{"@type":"EntryPoint","urlTemplate":"https:\/\/compuviper.mx\/tienda\/?s={search_term_string}"},"query-input":"required name=search_term_string"}],"inLanguage":"es-MX"},{"@type":"Organization","@id":"https:\/\/compuviper.mx\/tienda\/#organization","name":"Compuviper","url":"https:\/\/compuviper.mx\/tienda\/","logo":{"@type":"ImageObject","inLanguage":"es-MX","@id":"https:\/\/compuviper.mx\/tienda\/#\/schema\/logo\/image\/","url":"https:\/\/compuviper.mx\/tienda\/wp-content\/uploads\/2021\/08\/Logo-Compuviper-10.png","contentUrl":"https:\/\/compuviper.mx\/tienda\/wp-content\/uploads\/2021\/08\/Logo-Compuviper-10.png","width":1000,"height":500,"caption":"Compuviper"},"image":{"@id":"https:\/\/compuviper.mx\/tienda\/#\/schema\/logo\/image\/"},"sameAs":["https:\/\/www.facebook.com\/compuviper","https:\/\/www.youtube.com\/channel\/UCf73dERp9Y3cfOq7q8BhLjA?view_as=subscriber"]}]},"product_brand":"CANON","product_price_amount":"11450","product_price_currency":"MXN","og_availability":"instock","product_availability":"instock","product_retailer_item_id":"6880C004AA","product_condition":"new"},"_links":{"self":[{"href":"https:\/\/compuviper.mx\/tienda\/wp-json\/wp\/v2\/product\/264641"}],"collection":[{"href":"https:\/\/compuviper.mx\/tienda\/wp-json\/wp\/v2\/product"}],"about":[{"href":"https:\/\/compuviper.mx\/tienda\/wp-json\/wp\/v2\/types\/product"}],"replies":[{"embeddable":true,"href":"https:\/\/compuviper.mx\/tienda\/wp-json\/wp\/v2\/comments?post=264641"}],"wp:attachment":[{"href":"https:\/\/compuviper.mx\/tienda\/wp-json\/wp\/v2\/media?parent=264641"}],"wp:term":[{"taxonomy":"product_cat","embeddable":true,"href":"https:\/\/compuviper.mx\/tienda\/wp-json\/wp\/v2\/product_cat?post=264641"},{"taxonomy":"product_tag","embeddable":true,"href":"https:\/\/compuviper.mx\/tienda\/wp-json\/wp\/v2\/product_tag?post=264641"}],"curies":[{"name":"wp","href":"https:\/\/api.w.org\/{rel}","templated":true}]}}