{"id":264581,"date":"2026-04-10T00:46:43","date_gmt":"2026-04-10T06:46:43","guid":{"rendered":"https:\/\/compuviper.mx\/tienda\/producto\/ghia-gmpos215-monitor-touchscreen-capacitivo-15-pulgadas-hdmi-vga-usb-punto-de-venta\/"},"modified":"2026-04-10T00:46:43","modified_gmt":"2026-04-10T06:46:43","slug":"ghia-gmpos215-monitor-touchscreen-capacitivo-15-pulgadas-hdmi-vga-usb-punto-de-venta","status":"publish","type":"product","link":"https:\/\/compuviper.mx\/tienda\/producto\/ghia-gmpos215-monitor-touchscreen-capacitivo-15-pulgadas-hdmi-vga-usb-punto-de-venta\/","title":{"rendered":"Ghia Gmpos215 Monitor Touchscreen Capacitivo  \/ 15 Pulgadas \/ Hdmi, Vga, Usb \/ Punto De Venta"},"content":{"rendered":"<table class=\"descripcion\">\n<tr>\n<td>Panel: 15 pulgadas<\/td>\n<\/tr>\n<tr>\n<td>Panel t\u00e1ctil: capacitivo de 10 puntos<\/td>\n<\/tr>\n<tr>\n<td>Interfaz touch: usb<\/td>\n<\/tr>\n<tr>\n<td>Resolucion: 1024 x 768<\/td>\n<\/tr>\n<tr>\n<td>Salida de video: hdmi, vga<\/td>\n<\/tr>\n<tr>\n<td>Tiempo de respuesta: 5 milisegundos<\/td>\n<\/tr>\n<tr>\n<td>Vesa 100 x 100  and  75 x 75<\/td>\n<\/tr>\n<\/table>\n","protected":false},"excerpt":{"rendered":"<p>Moderniza tu negocio con el monitor capacitivo ghia. Incrementa tu productividad con su control tactil de 10 puntos. Apto para cajas de cobro, punto de informacion, estacion de servicio, catalogo virtual y se\u00f1alizacion. Para complementar el punto de venta de tu negocio, aade un cajn de dinero, lector de cdigos e impresora de recibos ghia.<\/p>\n","protected":false},"featured_media":0,"comment_status":"open","ping_status":"open","template":"","meta":[],"product_cat":[1740,1742],"product_tag":[1548],"acf":[],"yoast_head":"<!-- This site is optimized with the Yoast SEO plugin v21.7 - https:\/\/yoast.com\/wordpress\/plugins\/seo\/ -->\n<title>[ Ghia ] &#129351; Gmpos215 Monitor Touchscreen Capacitivo \/ 15 Pulgadas \/ Hdmi, Vga, Usb \/ Punto De Venta<\/title>\n<meta name=\"description\" content=\"Compra Gmpos215 Monitor Touchscreen Capacitivo \/ 15 Pulgadas \/ Hdmi, Vga, Usb \/ Punto De Venta + Env\u00edo a domicilio + Pago seguro + Garant\u00eda\" \/>\n<meta name=\"robots\" content=\"index, follow, max-snippet:-1, max-image-preview:large, max-video-preview:-1\" \/>\n<link rel=\"canonical\" href=\"https:\/\/compuviper.mx\/tienda\/producto\/ghia-gmpos215-monitor-touchscreen-capacitivo-15-pulgadas-hdmi-vga-usb-punto-de-venta\/\" \/>\n<meta property=\"og:locale\" content=\"es_MX\" \/>\n<meta property=\"og:type\" content=\"article\" \/>\n<meta property=\"og:title\" content=\"[ Ghia ] &#129351; Gmpos215 Monitor Touchscreen Capacitivo \/ 15 Pulgadas \/ Hdmi, Vga, Usb \/ Punto De Venta\" \/>\n<meta property=\"og:description\" content=\"Compra Gmpos215 Monitor Touchscreen Capacitivo \/ 15 Pulgadas \/ Hdmi, Vga, Usb \/ Punto De Venta + Env\u00edo a domicilio + Pago seguro + Garant\u00eda\" \/>\n<meta property=\"og:url\" content=\"https:\/\/compuviper.mx\/tienda\/producto\/ghia-gmpos215-monitor-touchscreen-capacitivo-15-pulgadas-hdmi-vga-usb-punto-de-venta\/\" \/>\n<meta property=\"og:site_name\" content=\"Compuviper\" \/>\n<meta property=\"article:publisher\" content=\"https:\/\/www.facebook.com\/compuviper\" \/>\n<meta name=\"twitter:card\" content=\"summary_large_image\" \/>\n<meta name=\"twitter:label1\" content=\"Precio\" \/>\n\t<meta name=\"twitter:data1\" content=\"&#36;3,377 con IVA\" \/>\n\t<meta name=\"twitter:label2\" content=\"Availability\" \/>\n\t<meta name=\"twitter:data2\" content=\"In stock\" \/>\n<script type=\"application\/ld+json\" class=\"yoast-schema-graph\">{\"@context\":\"https:\/\/schema.org\",\"@graph\":[{\"@type\":\"WebPage\",\"@id\":\"https:\/\/compuviper.mx\/tienda\/producto\/ghia-gmpos215-monitor-touchscreen-capacitivo-15-pulgadas-hdmi-vga-usb-punto-de-venta\/\",\"url\":\"https:\/\/compuviper.mx\/tienda\/producto\/ghia-gmpos215-monitor-touchscreen-capacitivo-15-pulgadas-hdmi-vga-usb-punto-de-venta\/\",\"name\":\"[ Ghia ] &#129351; Gmpos215 Monitor Touchscreen Capacitivo \/ 15 Pulgadas \/ Hdmi, Vga, Usb \/ Punto De Venta\",\"isPartOf\":{\"@id\":\"https:\/\/compuviper.mx\/tienda\/#website\"},\"datePublished\":\"2026-04-10T06:46:43+00:00\",\"dateModified\":\"2026-04-10T06:46:43+00:00\",\"description\":\"Compra Gmpos215 Monitor Touchscreen Capacitivo \/ 15 Pulgadas \/ Hdmi, Vga, Usb \/ Punto De Venta + Env\u00edo a domicilio + Pago seguro + Garant\u00eda\",\"breadcrumb\":{\"@id\":\"https:\/\/compuviper.mx\/tienda\/producto\/ghia-gmpos215-monitor-touchscreen-capacitivo-15-pulgadas-hdmi-vga-usb-punto-de-venta\/#breadcrumb\"},\"inLanguage\":\"es-MX\",\"potentialAction\":[{\"@type\":\"ReadAction\",\"target\":[\"https:\/\/compuviper.mx\/tienda\/producto\/ghia-gmpos215-monitor-touchscreen-capacitivo-15-pulgadas-hdmi-vga-usb-punto-de-venta\/\"]}]},{\"@type\":\"BreadcrumbList\",\"@id\":\"https:\/\/compuviper.mx\/tienda\/producto\/ghia-gmpos215-monitor-touchscreen-capacitivo-15-pulgadas-hdmi-vga-usb-punto-de-venta\/#breadcrumb\",\"itemListElement\":[{\"@type\":\"ListItem\",\"position\":1,\"name\":\"Inicio\",\"item\":\"https:\/\/compuviper.mx\/tienda\/\"},{\"@type\":\"ListItem\",\"position\":2,\"name\":\"Productos\",\"item\":\"https:\/\/compuviper.mx\/tienda\/productos\/\"},{\"@type\":\"ListItem\",\"position\":3,\"name\":\"Monitores\",\"item\":\"https:\/\/compuviper.mx\/tienda\/categoria-producto\/monitores\/\"},{\"@type\":\"ListItem\",\"position\":4,\"name\":\"Touch Screen\",\"item\":\"https:\/\/compuviper.mx\/tienda\/categoria-producto\/monitores\/touch-screen\/\"},{\"@type\":\"ListItem\",\"position\":5,\"name\":\"Ghia Gmpos215 Monitor Touchscreen Capacitivo \/ 15 Pulgadas \/ Hdmi, Vga, Usb \/ Punto De Venta\"}]},{\"@type\":\"WebSite\",\"@id\":\"https:\/\/compuviper.mx\/tienda\/#website\",\"url\":\"https:\/\/compuviper.mx\/tienda\/\",\"name\":\"Compuviper\",\"description\":\"Proveedor de Computadoras, Laptops, Servidores, Monitores, Puntos de Venta, Teclados,   Impresoras, T\u00f3ner, C\u00e1maras de Seguridad y m\u00e1s en tu tienda en l\u00ednea\",\"publisher\":{\"@id\":\"https:\/\/compuviper.mx\/tienda\/#organization\"},\"potentialAction\":[{\"@type\":\"SearchAction\",\"target\":{\"@type\":\"EntryPoint\",\"urlTemplate\":\"https:\/\/compuviper.mx\/tienda\/?s={search_term_string}\"},\"query-input\":\"required name=search_term_string\"}],\"inLanguage\":\"es-MX\"},{\"@type\":\"Organization\",\"@id\":\"https:\/\/compuviper.mx\/tienda\/#organization\",\"name\":\"Compuviper\",\"url\":\"https:\/\/compuviper.mx\/tienda\/\",\"logo\":{\"@type\":\"ImageObject\",\"inLanguage\":\"es-MX\",\"@id\":\"https:\/\/compuviper.mx\/tienda\/#\/schema\/logo\/image\/\",\"url\":\"https:\/\/compuviper.mx\/tienda\/wp-content\/uploads\/2021\/08\/Logo-Compuviper-10.png\",\"contentUrl\":\"https:\/\/compuviper.mx\/tienda\/wp-content\/uploads\/2021\/08\/Logo-Compuviper-10.png\",\"width\":1000,\"height\":500,\"caption\":\"Compuviper\"},\"image\":{\"@id\":\"https:\/\/compuviper.mx\/tienda\/#\/schema\/logo\/image\/\"},\"sameAs\":[\"https:\/\/www.facebook.com\/compuviper\",\"https:\/\/www.youtube.com\/channel\/UCf73dERp9Y3cfOq7q8BhLjA?view_as=subscriber\"]}]}<\/script>\n<meta property=\"product:brand\" content=\"GHIA\" \/>\n<meta property=\"product:price:amount\" content=\"3377\" \/>\n<meta property=\"product:price:currency\" content=\"MXN\" \/>\n<meta property=\"og:availability\" content=\"instock\" \/>\n<meta property=\"product:availability\" content=\"instock\" \/>\n<meta property=\"product:retailer_item_id\" content=\"GMPOS215\" \/>\n<meta property=\"product:condition\" content=\"new\" \/>\n<!-- \/ Yoast SEO plugin. -->","yoast_head_json":{"title":"[ Ghia ] &#129351; Gmpos215 Monitor Touchscreen Capacitivo \/ 15 Pulgadas \/ Hdmi, Vga, Usb \/ Punto De Venta","description":"Compra Gmpos215 Monitor Touchscreen Capacitivo \/ 15 Pulgadas \/ Hdmi, Vga, Usb \/ Punto De Venta + Env\u00edo a domicilio + Pago seguro + Garant\u00eda","robots":{"index":"index","follow":"follow","max-snippet":"max-snippet:-1","max-image-preview":"max-image-preview:large","max-video-preview":"max-video-preview:-1"},"canonical":"https:\/\/compuviper.mx\/tienda\/producto\/ghia-gmpos215-monitor-touchscreen-capacitivo-15-pulgadas-hdmi-vga-usb-punto-de-venta\/","og_locale":"es_MX","og_type":"article","og_title":"[ Ghia ] &#129351; Gmpos215 Monitor Touchscreen Capacitivo \/ 15 Pulgadas \/ Hdmi, Vga, Usb \/ Punto De Venta","og_description":"Compra Gmpos215 Monitor Touchscreen Capacitivo \/ 15 Pulgadas \/ Hdmi, Vga, Usb \/ Punto De Venta + Env\u00edo a domicilio + Pago seguro + Garant\u00eda","og_url":"https:\/\/compuviper.mx\/tienda\/producto\/ghia-gmpos215-monitor-touchscreen-capacitivo-15-pulgadas-hdmi-vga-usb-punto-de-venta\/","og_site_name":"Compuviper","article_publisher":"https:\/\/www.facebook.com\/compuviper","twitter_card":"summary_large_image","twitter_misc":{"Precio":"&#36;3,377 con IVA","Availability":"In stock"},"schema":{"@context":"https:\/\/schema.org","@graph":[{"@type":"WebPage","@id":"https:\/\/compuviper.mx\/tienda\/producto\/ghia-gmpos215-monitor-touchscreen-capacitivo-15-pulgadas-hdmi-vga-usb-punto-de-venta\/","url":"https:\/\/compuviper.mx\/tienda\/producto\/ghia-gmpos215-monitor-touchscreen-capacitivo-15-pulgadas-hdmi-vga-usb-punto-de-venta\/","name":"[ Ghia ] &#129351; Gmpos215 Monitor Touchscreen Capacitivo \/ 15 Pulgadas \/ Hdmi, Vga, Usb \/ Punto De Venta","isPartOf":{"@id":"https:\/\/compuviper.mx\/tienda\/#website"},"datePublished":"2026-04-10T06:46:43+00:00","dateModified":"2026-04-10T06:46:43+00:00","description":"Compra Gmpos215 Monitor Touchscreen Capacitivo \/ 15 Pulgadas \/ Hdmi, Vga, Usb \/ Punto De Venta + Env\u00edo a domicilio + Pago seguro + Garant\u00eda","breadcrumb":{"@id":"https:\/\/compuviper.mx\/tienda\/producto\/ghia-gmpos215-monitor-touchscreen-capacitivo-15-pulgadas-hdmi-vga-usb-punto-de-venta\/#breadcrumb"},"inLanguage":"es-MX","potentialAction":[{"@type":"ReadAction","target":["https:\/\/compuviper.mx\/tienda\/producto\/ghia-gmpos215-monitor-touchscreen-capacitivo-15-pulgadas-hdmi-vga-usb-punto-de-venta\/"]}]},{"@type":"BreadcrumbList","@id":"https:\/\/compuviper.mx\/tienda\/producto\/ghia-gmpos215-monitor-touchscreen-capacitivo-15-pulgadas-hdmi-vga-usb-punto-de-venta\/#breadcrumb","itemListElement":[{"@type":"ListItem","position":1,"name":"Inicio","item":"https:\/\/compuviper.mx\/tienda\/"},{"@type":"ListItem","position":2,"name":"Productos","item":"https:\/\/compuviper.mx\/tienda\/productos\/"},{"@type":"ListItem","position":3,"name":"Monitores","item":"https:\/\/compuviper.mx\/tienda\/categoria-producto\/monitores\/"},{"@type":"ListItem","position":4,"name":"Touch Screen","item":"https:\/\/compuviper.mx\/tienda\/categoria-producto\/monitores\/touch-screen\/"},{"@type":"ListItem","position":5,"name":"Ghia Gmpos215 Monitor Touchscreen Capacitivo \/ 15 Pulgadas \/ Hdmi, Vga, Usb \/ Punto De Venta"}]},{"@type":"WebSite","@id":"https:\/\/compuviper.mx\/tienda\/#website","url":"https:\/\/compuviper.mx\/tienda\/","name":"Compuviper","description":"Proveedor de Computadoras, Laptops, Servidores, Monitores, Puntos de Venta, Teclados,   Impresoras, T\u00f3ner, C\u00e1maras de Seguridad y m\u00e1s en tu tienda en l\u00ednea","publisher":{"@id":"https:\/\/compuviper.mx\/tienda\/#organization"},"potentialAction":[{"@type":"SearchAction","target":{"@type":"EntryPoint","urlTemplate":"https:\/\/compuviper.mx\/tienda\/?s={search_term_string}"},"query-input":"required name=search_term_string"}],"inLanguage":"es-MX"},{"@type":"Organization","@id":"https:\/\/compuviper.mx\/tienda\/#organization","name":"Compuviper","url":"https:\/\/compuviper.mx\/tienda\/","logo":{"@type":"ImageObject","inLanguage":"es-MX","@id":"https:\/\/compuviper.mx\/tienda\/#\/schema\/logo\/image\/","url":"https:\/\/compuviper.mx\/tienda\/wp-content\/uploads\/2021\/08\/Logo-Compuviper-10.png","contentUrl":"https:\/\/compuviper.mx\/tienda\/wp-content\/uploads\/2021\/08\/Logo-Compuviper-10.png","width":1000,"height":500,"caption":"Compuviper"},"image":{"@id":"https:\/\/compuviper.mx\/tienda\/#\/schema\/logo\/image\/"},"sameAs":["https:\/\/www.facebook.com\/compuviper","https:\/\/www.youtube.com\/channel\/UCf73dERp9Y3cfOq7q8BhLjA?view_as=subscriber"]}]},"product_brand":"GHIA","product_price_amount":"3377","product_price_currency":"MXN","og_availability":"instock","product_availability":"instock","product_retailer_item_id":"GMPOS215","product_condition":"new"},"_links":{"self":[{"href":"https:\/\/compuviper.mx\/tienda\/wp-json\/wp\/v2\/product\/264581"}],"collection":[{"href":"https:\/\/compuviper.mx\/tienda\/wp-json\/wp\/v2\/product"}],"about":[{"href":"https:\/\/compuviper.mx\/tienda\/wp-json\/wp\/v2\/types\/product"}],"replies":[{"embeddable":true,"href":"https:\/\/compuviper.mx\/tienda\/wp-json\/wp\/v2\/comments?post=264581"}],"wp:attachment":[{"href":"https:\/\/compuviper.mx\/tienda\/wp-json\/wp\/v2\/media?parent=264581"}],"wp:term":[{"taxonomy":"product_cat","embeddable":true,"href":"https:\/\/compuviper.mx\/tienda\/wp-json\/wp\/v2\/product_cat?post=264581"},{"taxonomy":"product_tag","embeddable":true,"href":"https:\/\/compuviper.mx\/tienda\/wp-json\/wp\/v2\/product_tag?post=264581"}],"curies":[{"name":"wp","href":"https:\/\/api.w.org\/{rel}","templated":true}]}}