{"id":264580,"date":"2026-04-02T00:42:55","date_gmt":"2026-04-02T06:42:55","guid":{"rendered":"https:\/\/compuviper.mx\/tienda\/producto\/start-the-game-kb-506-teclado-vorago-tkl-factor-65-rgb-dinmico-rueda-multimedia-almbrico-negro\/"},"modified":"2026-04-02T00:42:55","modified_gmt":"2026-04-02T06:42:55","slug":"start-the-game-kb-506-teclado-vorago-tkl-factor-65-rgb-dinmico-rueda-multimedia-almbrico-negro","status":"publish","type":"product","link":"https:\/\/compuviper.mx\/tienda\/producto\/start-the-game-kb-506-teclado-vorago-tkl-factor-65-rgb-dinmico-rueda-multimedia-almbrico-negro\/","title":{"rendered":"Start The Game Kb-506 Teclado Vorago   Tkl Factor 65%, Rgb Din?mico, Rueda Multimedia, Al?mbrico, Negro"},"content":{"rendered":"<table class=\"descripcion\">\n<tr>\n<td>Art\u00edculo: teclado gamer multimedia 65%<\/td>\n<\/tr>\n<tr>\n<td>Voltaje: 4.5 &#8211; 5.5 v cc, 100 ma<\/td>\n<\/tr>\n<tr>\n<td>Conector: usb<\/td>\n<\/tr>\n<tr>\n<td>Alimentaci\u00f3n: usb<\/td>\n<\/tr>\n<tr>\n<td>Plug and play: si<\/td>\n<\/tr>\n<tr>\n<td>Teclas: 65 + 12 (con fn) multimedia<\/td>\n<\/tr>\n<tr>\n<td>Idioma: espa\u00f1ol<\/td>\n<\/tr>\n<tr>\n<td>Patas des plegables: si<\/td>\n<\/tr>\n<tr>\n<td>Dimensiones: 355 x 155 x 37 mm<\/td>\n<\/tr>\n<tr>\n<td>Peso: 525 g<\/td>\n<\/tr>\n<tr>\n<td>Longitud cable: 1.7m<\/td>\n<\/tr>\n<tr>\n<td>Compatibilidad: windows xp o superior<\/td>\n<\/tr>\n<tr>\n<td>Q\u0092ty\/carton: 12<\/td>\n<\/tr>\n<\/table>\n","protected":false},"excerpt":{"rendered":"<p>S\u00f3lo con\u00e9ctalo al puerto usb de tu equipo y estar\u00e1 listo para usar sin drivers adicionales.<\/p>\n","protected":false},"featured_media":0,"comment_status":"open","ping_status":"open","template":"","meta":[],"product_cat":[1713,1718],"product_tag":[2297],"acf":[],"yoast_head":"<!-- This site is optimized with the Yoast SEO plugin v21.7 - https:\/\/yoast.com\/wordpress\/plugins\/seo\/ -->\n<title>[ Start The Game ] &#129351; Kb-506 Teclado Vorago Tkl Factor 65%, Rgb Din\u00e1mico, Rueda Multimedia, Al\u00e1mbrico, Negro<\/title>\n<meta name=\"description\" content=\"Compra Kb-506 Teclado Vorago Tkl Factor 65%, Rgb Din\u00e1mico, Rueda Multimedia, Al\u00e1mbrico, Negro + Env\u00edo a domicilio + Pago seguro + Garant\u00eda\" \/>\n<meta name=\"robots\" content=\"index, follow, max-snippet:-1, max-image-preview:large, max-video-preview:-1\" \/>\n<link rel=\"canonical\" href=\"https:\/\/compuviper.mx\/tienda\/producto\/start-the-game-kb-506-teclado-vorago-tkl-factor-65-rgb-dinmico-rueda-multimedia-almbrico-negro\/\" \/>\n<meta property=\"og:locale\" content=\"es_MX\" \/>\n<meta property=\"og:type\" content=\"article\" \/>\n<meta property=\"og:title\" content=\"[ Start The Game ] &#129351; Kb-506 Teclado Vorago Tkl Factor 65%, Rgb Din\u00e1mico, Rueda Multimedia, Al\u00e1mbrico, Negro\" \/>\n<meta property=\"og:description\" content=\"Compra Kb-506 Teclado Vorago Tkl Factor 65%, Rgb Din\u00e1mico, Rueda Multimedia, Al\u00e1mbrico, Negro + Env\u00edo a domicilio + Pago seguro + Garant\u00eda\" \/>\n<meta property=\"og:url\" content=\"https:\/\/compuviper.mx\/tienda\/producto\/start-the-game-kb-506-teclado-vorago-tkl-factor-65-rgb-dinmico-rueda-multimedia-almbrico-negro\/\" \/>\n<meta property=\"og:site_name\" content=\"Compuviper\" \/>\n<meta property=\"article:publisher\" content=\"https:\/\/www.facebook.com\/compuviper\" \/>\n<meta name=\"twitter:card\" content=\"summary_large_image\" \/>\n<meta name=\"twitter:label1\" content=\"Precio\" \/>\n\t<meta name=\"twitter:data1\" content=\"&#36;175 con IVA\" \/>\n\t<meta name=\"twitter:label2\" content=\"Availability\" \/>\n\t<meta name=\"twitter:data2\" content=\"Out of stock\" \/>\n<script type=\"application\/ld+json\" class=\"yoast-schema-graph\">{\"@context\":\"https:\/\/schema.org\",\"@graph\":[{\"@type\":\"WebPage\",\"@id\":\"https:\/\/compuviper.mx\/tienda\/producto\/start-the-game-kb-506-teclado-vorago-tkl-factor-65-rgb-dinmico-rueda-multimedia-almbrico-negro\/\",\"url\":\"https:\/\/compuviper.mx\/tienda\/producto\/start-the-game-kb-506-teclado-vorago-tkl-factor-65-rgb-dinmico-rueda-multimedia-almbrico-negro\/\",\"name\":\"[ Start The Game ] &#129351; Kb-506 Teclado Vorago Tkl Factor 65%, Rgb Din\u00e1mico, Rueda Multimedia, Al\u00e1mbrico, Negro\",\"isPartOf\":{\"@id\":\"https:\/\/compuviper.mx\/tienda\/#website\"},\"datePublished\":\"2026-04-02T06:42:55+00:00\",\"dateModified\":\"2026-04-02T06:42:55+00:00\",\"description\":\"Compra Kb-506 Teclado Vorago Tkl Factor 65%, Rgb Din\u00e1mico, Rueda Multimedia, Al\u00e1mbrico, Negro + Env\u00edo a domicilio + Pago seguro + Garant\u00eda\",\"breadcrumb\":{\"@id\":\"https:\/\/compuviper.mx\/tienda\/producto\/start-the-game-kb-506-teclado-vorago-tkl-factor-65-rgb-dinmico-rueda-multimedia-almbrico-negro\/#breadcrumb\"},\"inLanguage\":\"es-MX\",\"potentialAction\":[{\"@type\":\"ReadAction\",\"target\":[\"https:\/\/compuviper.mx\/tienda\/producto\/start-the-game-kb-506-teclado-vorago-tkl-factor-65-rgb-dinmico-rueda-multimedia-almbrico-negro\/\"]}]},{\"@type\":\"BreadcrumbList\",\"@id\":\"https:\/\/compuviper.mx\/tienda\/producto\/start-the-game-kb-506-teclado-vorago-tkl-factor-65-rgb-dinmico-rueda-multimedia-almbrico-negro\/#breadcrumb\",\"itemListElement\":[{\"@type\":\"ListItem\",\"position\":1,\"name\":\"Inicio\",\"item\":\"https:\/\/compuviper.mx\/tienda\/\"},{\"@type\":\"ListItem\",\"position\":2,\"name\":\"Productos\",\"item\":\"https:\/\/compuviper.mx\/tienda\/productos\/\"},{\"@type\":\"ListItem\",\"position\":3,\"name\":\"Teclados\",\"item\":\"https:\/\/compuviper.mx\/tienda\/categoria-producto\/teclados\/\"},{\"@type\":\"ListItem\",\"position\":4,\"name\":\"Gamers\",\"item\":\"https:\/\/compuviper.mx\/tienda\/categoria-producto\/teclados\/gamers\/\"},{\"@type\":\"ListItem\",\"position\":5,\"name\":\"Start The Game Kb-506 Teclado Vorago Tkl Factor 65%, Rgb Din?mico, Rueda Multimedia, Al?mbrico, Negro\"}]},{\"@type\":\"WebSite\",\"@id\":\"https:\/\/compuviper.mx\/tienda\/#website\",\"url\":\"https:\/\/compuviper.mx\/tienda\/\",\"name\":\"Compuviper\",\"description\":\"Proveedor de Computadoras, Laptops, Servidores, Monitores, Puntos de Venta, Teclados,   Impresoras, T\u00f3ner, C\u00e1maras de Seguridad y m\u00e1s en tu tienda en l\u00ednea\",\"publisher\":{\"@id\":\"https:\/\/compuviper.mx\/tienda\/#organization\"},\"potentialAction\":[{\"@type\":\"SearchAction\",\"target\":{\"@type\":\"EntryPoint\",\"urlTemplate\":\"https:\/\/compuviper.mx\/tienda\/?s={search_term_string}\"},\"query-input\":\"required name=search_term_string\"}],\"inLanguage\":\"es-MX\"},{\"@type\":\"Organization\",\"@id\":\"https:\/\/compuviper.mx\/tienda\/#organization\",\"name\":\"Compuviper\",\"url\":\"https:\/\/compuviper.mx\/tienda\/\",\"logo\":{\"@type\":\"ImageObject\",\"inLanguage\":\"es-MX\",\"@id\":\"https:\/\/compuviper.mx\/tienda\/#\/schema\/logo\/image\/\",\"url\":\"https:\/\/compuviper.mx\/tienda\/wp-content\/uploads\/2021\/08\/Logo-Compuviper-10.png\",\"contentUrl\":\"https:\/\/compuviper.mx\/tienda\/wp-content\/uploads\/2021\/08\/Logo-Compuviper-10.png\",\"width\":1000,\"height\":500,\"caption\":\"Compuviper\"},\"image\":{\"@id\":\"https:\/\/compuviper.mx\/tienda\/#\/schema\/logo\/image\/\"},\"sameAs\":[\"https:\/\/www.facebook.com\/compuviper\",\"https:\/\/www.youtube.com\/channel\/UCf73dERp9Y3cfOq7q8BhLjA?view_as=subscriber\"]}]}<\/script>\n<meta property=\"product:brand\" content=\"Start The Game\" \/>\n<meta property=\"product:price:amount\" content=\"175\" \/>\n<meta property=\"product:price:currency\" content=\"MXN\" \/>\n<meta property=\"og:availability\" content=\"out of stock\" \/>\n<meta property=\"product:availability\" content=\"out of stock\" \/>\n<meta property=\"product:retailer_item_id\" content=\"KB-506\" \/>\n<meta property=\"product:condition\" content=\"new\" \/>\n<!-- \/ Yoast SEO plugin. -->","yoast_head_json":{"title":"[ Start The Game ] &#129351; Kb-506 Teclado Vorago Tkl Factor 65%, Rgb Din\u00e1mico, Rueda Multimedia, Al\u00e1mbrico, Negro","description":"Compra Kb-506 Teclado Vorago Tkl Factor 65%, Rgb Din\u00e1mico, Rueda Multimedia, Al\u00e1mbrico, Negro + Env\u00edo a domicilio + Pago seguro + Garant\u00eda","robots":{"index":"index","follow":"follow","max-snippet":"max-snippet:-1","max-image-preview":"max-image-preview:large","max-video-preview":"max-video-preview:-1"},"canonical":"https:\/\/compuviper.mx\/tienda\/producto\/start-the-game-kb-506-teclado-vorago-tkl-factor-65-rgb-dinmico-rueda-multimedia-almbrico-negro\/","og_locale":"es_MX","og_type":"article","og_title":"[ Start The Game ] &#129351; Kb-506 Teclado Vorago Tkl Factor 65%, Rgb Din\u00e1mico, Rueda Multimedia, Al\u00e1mbrico, Negro","og_description":"Compra Kb-506 Teclado Vorago Tkl Factor 65%, Rgb Din\u00e1mico, Rueda Multimedia, Al\u00e1mbrico, Negro + Env\u00edo a domicilio + Pago seguro + Garant\u00eda","og_url":"https:\/\/compuviper.mx\/tienda\/producto\/start-the-game-kb-506-teclado-vorago-tkl-factor-65-rgb-dinmico-rueda-multimedia-almbrico-negro\/","og_site_name":"Compuviper","article_publisher":"https:\/\/www.facebook.com\/compuviper","twitter_card":"summary_large_image","twitter_misc":{"Precio":"&#36;175 con IVA","Availability":"Out of stock"},"schema":{"@context":"https:\/\/schema.org","@graph":[{"@type":"WebPage","@id":"https:\/\/compuviper.mx\/tienda\/producto\/start-the-game-kb-506-teclado-vorago-tkl-factor-65-rgb-dinmico-rueda-multimedia-almbrico-negro\/","url":"https:\/\/compuviper.mx\/tienda\/producto\/start-the-game-kb-506-teclado-vorago-tkl-factor-65-rgb-dinmico-rueda-multimedia-almbrico-negro\/","name":"[ Start The Game ] &#129351; Kb-506 Teclado Vorago Tkl Factor 65%, Rgb Din\u00e1mico, Rueda Multimedia, Al\u00e1mbrico, Negro","isPartOf":{"@id":"https:\/\/compuviper.mx\/tienda\/#website"},"datePublished":"2026-04-02T06:42:55+00:00","dateModified":"2026-04-02T06:42:55+00:00","description":"Compra Kb-506 Teclado Vorago Tkl Factor 65%, Rgb Din\u00e1mico, Rueda Multimedia, Al\u00e1mbrico, Negro + Env\u00edo a domicilio + Pago seguro + Garant\u00eda","breadcrumb":{"@id":"https:\/\/compuviper.mx\/tienda\/producto\/start-the-game-kb-506-teclado-vorago-tkl-factor-65-rgb-dinmico-rueda-multimedia-almbrico-negro\/#breadcrumb"},"inLanguage":"es-MX","potentialAction":[{"@type":"ReadAction","target":["https:\/\/compuviper.mx\/tienda\/producto\/start-the-game-kb-506-teclado-vorago-tkl-factor-65-rgb-dinmico-rueda-multimedia-almbrico-negro\/"]}]},{"@type":"BreadcrumbList","@id":"https:\/\/compuviper.mx\/tienda\/producto\/start-the-game-kb-506-teclado-vorago-tkl-factor-65-rgb-dinmico-rueda-multimedia-almbrico-negro\/#breadcrumb","itemListElement":[{"@type":"ListItem","position":1,"name":"Inicio","item":"https:\/\/compuviper.mx\/tienda\/"},{"@type":"ListItem","position":2,"name":"Productos","item":"https:\/\/compuviper.mx\/tienda\/productos\/"},{"@type":"ListItem","position":3,"name":"Teclados","item":"https:\/\/compuviper.mx\/tienda\/categoria-producto\/teclados\/"},{"@type":"ListItem","position":4,"name":"Gamers","item":"https:\/\/compuviper.mx\/tienda\/categoria-producto\/teclados\/gamers\/"},{"@type":"ListItem","position":5,"name":"Start The Game Kb-506 Teclado Vorago Tkl Factor 65%, Rgb Din?mico, Rueda Multimedia, Al?mbrico, Negro"}]},{"@type":"WebSite","@id":"https:\/\/compuviper.mx\/tienda\/#website","url":"https:\/\/compuviper.mx\/tienda\/","name":"Compuviper","description":"Proveedor de Computadoras, Laptops, Servidores, Monitores, Puntos de Venta, Teclados,   Impresoras, T\u00f3ner, C\u00e1maras de Seguridad y m\u00e1s en tu tienda en l\u00ednea","publisher":{"@id":"https:\/\/compuviper.mx\/tienda\/#organization"},"potentialAction":[{"@type":"SearchAction","target":{"@type":"EntryPoint","urlTemplate":"https:\/\/compuviper.mx\/tienda\/?s={search_term_string}"},"query-input":"required name=search_term_string"}],"inLanguage":"es-MX"},{"@type":"Organization","@id":"https:\/\/compuviper.mx\/tienda\/#organization","name":"Compuviper","url":"https:\/\/compuviper.mx\/tienda\/","logo":{"@type":"ImageObject","inLanguage":"es-MX","@id":"https:\/\/compuviper.mx\/tienda\/#\/schema\/logo\/image\/","url":"https:\/\/compuviper.mx\/tienda\/wp-content\/uploads\/2021\/08\/Logo-Compuviper-10.png","contentUrl":"https:\/\/compuviper.mx\/tienda\/wp-content\/uploads\/2021\/08\/Logo-Compuviper-10.png","width":1000,"height":500,"caption":"Compuviper"},"image":{"@id":"https:\/\/compuviper.mx\/tienda\/#\/schema\/logo\/image\/"},"sameAs":["https:\/\/www.facebook.com\/compuviper","https:\/\/www.youtube.com\/channel\/UCf73dERp9Y3cfOq7q8BhLjA?view_as=subscriber"]}]},"product_brand":"Start The Game","product_price_amount":"175","product_price_currency":"MXN","og_availability":"out of stock","product_availability":"out of stock","product_retailer_item_id":"KB-506","product_condition":"new"},"_links":{"self":[{"href":"https:\/\/compuviper.mx\/tienda\/wp-json\/wp\/v2\/product\/264580"}],"collection":[{"href":"https:\/\/compuviper.mx\/tienda\/wp-json\/wp\/v2\/product"}],"about":[{"href":"https:\/\/compuviper.mx\/tienda\/wp-json\/wp\/v2\/types\/product"}],"replies":[{"embeddable":true,"href":"https:\/\/compuviper.mx\/tienda\/wp-json\/wp\/v2\/comments?post=264580"}],"wp:attachment":[{"href":"https:\/\/compuviper.mx\/tienda\/wp-json\/wp\/v2\/media?parent=264580"}],"wp:term":[{"taxonomy":"product_cat","embeddable":true,"href":"https:\/\/compuviper.mx\/tienda\/wp-json\/wp\/v2\/product_cat?post=264580"},{"taxonomy":"product_tag","embeddable":true,"href":"https:\/\/compuviper.mx\/tienda\/wp-json\/wp\/v2\/product_tag?post=264580"}],"curies":[{"name":"wp","href":"https:\/\/api.w.org\/{rel}","templated":true}]}}