{"id":264570,"date":"2026-04-23T00:18:53","date_gmt":"2026-04-23T06:18:53","guid":{"rendered":"https:\/\/compuviper.mx\/tienda\/producto\/hikvision-ds-2cd1183g2-liuf-camara-dual-light-domo-ip-8-megapixel-4k-lente-2-8-mm-30-mts-ir-30-mts-luz-blanca-micrfono-integrado-antivandlico-ik08-acusense-lite-exterior-ip67-h-2\/"},"modified":"2026-04-23T00:18:53","modified_gmt":"2026-04-23T06:18:53","slug":"hikvision-ds-2cd1183g2-liuf-camara-dual-light-domo-ip-8-megapixel-4k-lente-2-8-mm-30-mts-ir-30-mts-luz-blanca-micrfono-integrado-antivandlico-ik08-acusense-lite-exterior-ip67-h-2","status":"publish","type":"product","link":"https:\/\/compuviper.mx\/tienda\/producto\/hikvision-ds-2cd1183g2-liuf-camara-dual-light-domo-ip-8-megapixel-4k-lente-2-8-mm-30-mts-ir-30-mts-luz-blanca-micrfono-integrado-antivandlico-ik08-acusense-lite-exterior-ip67-h-2\/","title":{"rendered":"Hikvision Ds-2cd1183g2-liuf Camara  \/[dual Light] Domo Ip 8 Megapixel (4k) \/ Lente 2.8 Mm \/ 30 Mts Ir + 30 Mts Luz Blanca \/ Micr?fono Integrado\/ Antivand?lico Ik08 \/ Acusense Lite \/ Exterior Ip67 \/h.265 \/ Poe \/micro Sd"},"content":{"rendered":"<table class=\"descripcion\">\n<tr>\n<td>Especificaciones t\u00e9cnicas<\/td>\n<\/tr>\n<tr>\n<td>C\u00e1mara<\/td>\n<\/tr>\n<tr>\n<td>Par\u00e1metro especificaci\u00f3n<\/td>\n<\/tr>\n<tr>\n<td>Sensor de imagen cmos de escaneo progresivo 1\/2.7<\/td>\n<\/tr>\n<tr>\n<td>Resoluci\u00f3n m\u00e1xima 3840 \u00d7 2160<\/td>\n<\/tr>\n<tr>\n<td>Tiempo de obturaci\u00f3n 1\/3 s a 1\/100,000 s<\/td>\n<\/tr>\n<tr>\n<td>Iluminaci\u00f3n m\u00ednima color: 0.01 lux @ (f2.0, agc activado)<\/td>\n<\/tr>\n<tr>\n<td>B\/n: 0 lux con ir<\/td>\n<\/tr>\n<tr>\n<td>D\u00eda \/ noche filtro de corte ir<\/td>\n<\/tr>\n<tr>\n<td>Ajuste de \u00e1ngulo paneo: 0\u00b0 a 355\u00b0<\/td>\n<\/tr>\n<tr>\n<td>Inclinaci\u00f3n: 0\u00b0 a 75\u00b0<\/td>\n<\/tr>\n<tr>\n<td>Rotaci\u00f3n: 0\u00b0 a 355\u00b0<\/td>\n<\/tr>\n<tr>\n<td>Lente<\/td>\n<\/tr>\n<tr>\n<td>Par\u00e1metro especificaci\u00f3n<\/td>\n<\/tr>\n<tr>\n<td>Tipo de lente lente de focal fija, 2.8 mm y 4 mm opcional<\/td>\n<\/tr>\n<tr>\n<td>Montura m12<\/td>\n<\/tr>\n<tr>\n<td>Tipo de iris fijo<\/td>\n<\/tr>\n<tr>\n<td>Apertura f2.0<\/td>\n<\/tr>\n<tr>\n<td>Distancia focal y campo de visi\u00f3n (fov)<\/td>\n<\/tr>\n<tr>\n<td>Lente fov horizontal fov vertical fov diagonal<\/td>\n<\/tr>\n<tr>\n<td>2.8 mm 113\u00b0 62\u00b0 134\u00b0<\/td>\n<\/tr>\n<tr>\n<td>4 mm 90\u00b0 49\u00b0 108\u00b0<\/td>\n<\/tr>\n<tr>\n<td>Dori (detecci\u00f3n \/ observaci\u00f3n \/ reconocimiento \/ identificaci\u00f3n)<\/td>\n<\/tr>\n<tr>\n<td>Lente d (m) o (m) r (m) i (m)<\/td>\n<\/tr>\n<tr>\n<td>2.8 mm 79 31 15 7<\/td>\n<\/tr>\n<tr>\n<td>4 mm 102 40 20 10<\/td>\n<\/tr>\n<tr>\n<td>Iluminador<\/td>\n<\/tr>\n<tr>\n<td>Par\u00e1metro especificaci\u00f3n<\/td>\n<\/tr>\n<tr>\n<td>Tipo de luz suplementaria ir y luz blanca<\/td>\n<\/tr>\n<tr>\n<td>Alcance hasta 30 m<\/td>\n<\/tr>\n<tr>\n<td>Luz suplementaria inteligente s\u00ed<\/td>\n<\/tr>\n<tr>\n<td>Longitud de onda ir 850 nm<\/td>\n<\/tr>\n<tr>\n<td>Video<\/td>\n<\/tr>\n<tr>\n<td>Flujo principal<\/td>\n<\/tr>\n<tr>\n<td>Frecuencia resoluciones<\/td>\n<\/tr>\n<tr>\n<td>50 hz 12.5 fps (3840\u00d72160, 3200\u00d71800, 2688\u00d71520, 1920\u00d71080, 1280\u00d7720)<\/td>\n<\/tr>\n<tr>\n<td>60 hz 15 fps (3840\u00d72160, 3200\u00d71800, 2688\u00d71520, 1920\u00d71080, 1280\u00d7720)<\/td>\n<\/tr>\n<tr>\n<td>Sub-flujo<\/td>\n<\/tr>\n<tr>\n<td>Frecuencia resoluciones<\/td>\n<\/tr>\n<tr>\n<td>50 hz 12.5 fps (1280\u00d7720, 640\u00d7480, 640\u00d7360)<\/td>\n<\/tr>\n<tr>\n<td>60 hz 15 fps (1280\u00d7720, 640\u00d7480, 640\u00d7360)<\/td>\n<\/tr>\n<tr>\n<td>Compresi\u00f3n de video<\/td>\n<\/tr>\n<tr>\n<td>Par\u00e1metro especificaci\u00f3n<\/td>\n<\/tr>\n<tr>\n<td>Flujo principal h.265+\/h.265\/h.264+\/h.264<\/td>\n<\/tr>\n<tr>\n<td>Sub-flujo h.265\/h.264\/mjpeg<\/td>\n<\/tr>\n<tr>\n<td>Bitrate de video 32 kbps a 16 mbps<\/td>\n<\/tr>\n<tr>\n<td>H.264 perfil base, principal y alto<\/td>\n<\/tr>\n<tr>\n<td>H.265 perfil principal<\/td>\n<\/tr>\n<tr>\n<td>Control de bitrate cbr, vbr<\/td>\n<\/tr>\n<tr>\n<td>Svc codificaci\u00f3n h.264 y h.265<\/td>\n<\/tr>\n<tr>\n<td>Roi 1 regi\u00f3n fija para el flujo principal<\/td>\n<\/tr>\n<tr>\n<td>Audio<\/td>\n<\/tr>\n<tr>\n<td>Par\u00e1metro especificaci\u00f3n<\/td>\n<\/tr>\n<tr>\n<td>Tipo de audio mono<\/td>\n<\/tr>\n<tr>\n<td>Filtrado de ruido ambiental s\u00ed<\/td>\n<\/tr>\n<tr>\n<td>Frecuencia de muestreo 8 khz \/ 16 khz<\/td>\n<\/tr>\n<tr>\n<td>Compresi\u00f3n g.711 ulaw\/alaw, g.722.1, g.726, mp2l2, pcm, aac-lc<\/td>\n<\/tr>\n<tr>\n<td>Bitrate de audio 64 kbps (g.711) \/ 16 kbps (g.722.1, g.726) \/ 32\u0096160 kbps (mp2l2) \/ 16\u009664 kbps (aac-lc)<\/td>\n<\/tr>\n<tr>\n<td>Red<\/td>\n<\/tr>\n<tr>\n<td>Seguridad<\/td>\n<\/tr>\n<tr>\n<td>Funciones<\/td>\n<\/tr>\n<tr>\n<td>Protecci\u00f3n por contrase\u00f1a, contrase\u00f1a compleja, marca de agua, autenticaci\u00f3n b\u00e1sica y digest para http, wsse y autenticaci\u00f3n digest para onvif, registro de auditor\u00eda de seguridad, autenticaci\u00f3n del host (direcci\u00f3n mac)<\/td>\n<\/tr>\n<tr>\n<td>Par\u00e1metro especificaci\u00f3n<\/td>\n<\/tr>\n<tr>\n<td>Visualizaci\u00f3n en vivo simult\u00e1nea hasta 6 canales<\/td>\n<\/tr>\n<tr>\n<td>Api onvif (perfiles s, t y g*), isapi, sdk, hik-connect<\/td>\n<\/tr>\n<tr>\n<td>Protocolos tcp\/ip, icmp, dhcp, dns, http, rtp, rtsp, ntp, igmp, ipv6, udp, qos, ftp, smtp, upnp<\/td>\n<\/tr>\n<tr>\n<td>Usuarios hasta 32<\/td>\n<\/tr>\n<tr>\n<td>Niveles de usuario administrador, operador y usuario<\/td>\n<\/tr>\n<tr>\n<td>Cliente ivms-4200, hik-connect<\/td>\n<\/tr>\n<tr>\n<td>Navegador web vista en vivo con plugin: ie10, ie11<\/td>\n<\/tr>\n<tr>\n<td>Servicio local: chrome 57+, firefox 52+, edge 89+<\/td>\n<\/tr>\n<tr>\n<td>*perfil g solo compatible con el modelo -f.<\/td>\n<\/tr>\n<tr>\n<td>Imagen<\/td>\n<\/tr>\n<tr>\n<td>Par\u00e1metro especificaci\u00f3n<\/td>\n<\/tr>\n<tr>\n<td>Wdr 120 db<\/td>\n<\/tr>\n<tr>\n<td>Snr  and #8805; 52 db<\/td>\n<\/tr>\n<tr>\n<td>Cambio d\u00eda\/noche d\u00eda, noche, autom\u00e1tico, programado<\/td>\n<\/tr>\n<tr>\n<td>Mejora de imagen blc, hlc, 3d dnr<\/td>\n<\/tr>\n<tr>\n<td>Ajustes de imagen modo rotaci\u00f3n, saturaci\u00f3n, brillo, contraste, nitidez, ganancia, balance de blancos<\/td>\n<\/tr>\n<tr>\n<td>M\u00e1scaras de privacidad 4 m\u00e1scaras poligonales programables<\/td>\n<\/tr>\n<tr>\n<td>Interfaz<\/td>\n<\/tr>\n<tr>\n<td>Par\u00e1metro especificaci\u00f3n<\/td>\n<\/tr>\n<tr>\n<td>Ethernet 1 \u00d7 rj45 10\/100m autoadaptativo<\/td>\n<\/tr>\n<tr>\n<td>Almacenamiento interno modelo -f: ranura microsd\/sdhc\/sdxc hasta 512 gb<\/td>\n<\/tr>\n<tr>\n<td>Micr\u00f3fono integrado s\u00ed<\/td>\n<\/tr>\n<tr>\n<td>Bot\u00f3n de reinicio modelo -f: s\u00ed<\/td>\n<\/tr>\n<tr>\n<td>Eventos<\/td>\n<\/tr>\n<tr>\n<td>Tipo descripci\u00f3n<\/td>\n<\/tr>\n<tr>\n<td>Eventos b\u00e1sicos detecci\u00f3n de movimiento (personas y veh\u00edculos), alarma por manipulaci\u00f3n de video, excepci\u00f3n<\/td>\n<\/tr>\n<tr>\n<td>Acciones carga a ftp\/tarjeta de memoria, env\u00edo de correo, notificaci\u00f3n al centro de monitoreo, grabaci\u00f3n, captura<\/td>\n<\/tr>\n<tr>\n<td>General<\/td>\n<\/tr>\n<tr>\n<td>Par\u00e1metro especificaci\u00f3n<\/td>\n<\/tr>\n<tr>\n<td>Alimentaci\u00f3n 12 vdc \u00b125%, m\u00e1x. 6 w<\/td>\n<\/tr>\n<tr>\n<td>Poe ieee 802.3af, clase 3, m\u00e1x. 7.5 w<\/td>\n<\/tr>\n<tr>\n<td>Material metal y pl\u00e1stico<\/td>\n<\/tr>\n<tr>\n<td>Dimensiones \u00f8 121.5 mm \u00d7 97.6 mm<\/td>\n<\/tr>\n<tr>\n<td>Dimensiones del embalaje 150 mm \u00d7 150 mm \u00d7 141 mm<\/td>\n<\/tr>\n<tr>\n<td>Peso aprox. 550 g<\/td>\n<\/tr>\n<tr>\n<td>Peso con embalaje aprox. 800 g<\/td>\n<\/tr>\n<tr>\n<td>Condiciones de almacenamiento -30 \u00b0c a 60 \u00b0c, hr  and #8804; 95%<\/td>\n<\/tr>\n<tr>\n<td>Condiciones de operaci\u00f3n -30 \u00b0c a 60 \u00b0c, hr  and #8804; 95%<\/td>\n<\/tr>\n<tr>\n<td>Idiomas ingl\u00e9s, ucraniano<\/td>\n<\/tr>\n<tr>\n<td>Funciones generales heartbeat, anti-flicker, espejo, protecci\u00f3n y recuperaci\u00f3n de contrase\u00f1a<\/td>\n<\/tr>\n<tr>\n<td>Certificaciones<\/td>\n<\/tr>\n<tr>\n<td>Categor\u00eda est\u00e1ndares<\/td>\n<\/tr>\n<tr>\n<td>Emc ce-emc, rcm, ic<\/td>\n<\/tr>\n<tr>\n<td>Seguridad ul, cb, ce-lvd, bis<\/td>\n<\/tr>\n<tr>\n<td>Medio ambiente rohs, weee, reach<\/td>\n<\/tr>\n<tr>\n<td>Protecci\u00f3n ip67, ik08<\/td>\n<\/tr>\n<\/table>\n","protected":false},"excerpt":{"rendered":"<p>Especificaciones t\u00e9cnicas C\u00e1mara Par\u00e1metro especificaci\u00f3n Sensor de imagen cmos de escaneo progresivo 1\/2.7 Resoluci\u00f3n m\u00e1xima 3840 \u00d7 2160 Tiempo de obturaci\u00f3n 1\/3 s a 1\/100,000 s Iluminaci\u00f3n m\u00ednima color: 0.01 lux @ (f2.0, agc activado) B\/n: 0 lux con ir D\u00eda \/ noche filtro de corte ir Ajuste de \u00e1ngulo paneo: 0\u00b0 a 355\u00b0 Inclinaci\u00f3n: [&hellip;]<\/p>\n","protected":false},"featured_media":0,"comment_status":"open","ping_status":"open","template":"","meta":[],"product_cat":[1608,1681],"product_tag":[1595],"acf":[],"yoast_head":"<!-- This site is optimized with the Yoast SEO plugin v21.7 - https:\/\/yoast.com\/wordpress\/plugins\/seo\/ -->\n<title>[ Hikvision ] &#129351; Ds-2cd1183g2-liuf Camara \/[dual Light] Domo Ip 8 Megapixel (4k) \/ Lente 2.8 Mm \/ 30 Mts Ir + 30 Mts Luz Blanca \/ Micr\u00f3fono Integrado\/ Antivand\u00e1lico Ik08 \/ Acusense Lite \/ Exterior Ip67 \/h.265 \/ Poe \/micro Sd<\/title>\n<meta name=\"description\" content=\"Compra Ds-2cd1183g2-liuf Camara \/[dual Light] Domo Ip 8 Megapixel (4k) \/ Lente 2.8 Mm \/ 30 Mts Ir + 30 Mts Luz Blanca \/ Micr\u00f3fono Integrado\/ Antivand\u00e1lico Ik08 \/ Acusense Lite \/ Exterior Ip67 \/h.265 \/ Poe \/micro Sd + Env\u00edo a domicilio + Pago seguro + Garant\u00eda\" \/>\n<meta name=\"robots\" content=\"index, follow, max-snippet:-1, max-image-preview:large, max-video-preview:-1\" \/>\n<link rel=\"canonical\" href=\"https:\/\/compuviper.mx\/tienda\/producto\/hikvision-ds-2cd1183g2-liuf-camara-dual-light-domo-ip-8-megapixel-4k-lente-2-8-mm-30-mts-ir-30-mts-luz-blanca-micrfono-integrado-antivandlico-ik08-acusense-lite-exterior-ip67-h-2\/\" \/>\n<meta property=\"og:locale\" content=\"es_MX\" \/>\n<meta property=\"og:type\" content=\"article\" \/>\n<meta property=\"og:title\" content=\"[ Hikvision ] &#129351; Ds-2cd1183g2-liuf Camara \/[dual Light] Domo Ip 8 Megapixel (4k) \/ Lente 2.8 Mm \/ 30 Mts Ir + 30 Mts Luz Blanca \/ Micr\u00f3fono Integrado\/ Antivand\u00e1lico Ik08 \/ Acusense Lite \/ Exterior Ip67 \/h.265 \/ Poe \/micro Sd\" \/>\n<meta property=\"og:description\" content=\"Compra Ds-2cd1183g2-liuf Camara \/[dual Light] Domo Ip 8 Megapixel (4k) \/ Lente 2.8 Mm \/ 30 Mts Ir + 30 Mts Luz Blanca \/ Micr\u00f3fono Integrado\/ Antivand\u00e1lico Ik08 \/ Acusense Lite \/ Exterior Ip67 \/h.265 \/ Poe \/micro Sd + Env\u00edo a domicilio + Pago seguro + Garant\u00eda\" \/>\n<meta property=\"og:url\" content=\"https:\/\/compuviper.mx\/tienda\/producto\/hikvision-ds-2cd1183g2-liuf-camara-dual-light-domo-ip-8-megapixel-4k-lente-2-8-mm-30-mts-ir-30-mts-luz-blanca-micrfono-integrado-antivandlico-ik08-acusense-lite-exterior-ip67-h-2\/\" \/>\n<meta property=\"og:site_name\" content=\"Compuviper\" \/>\n<meta property=\"article:publisher\" content=\"https:\/\/www.facebook.com\/compuviper\" \/>\n<meta name=\"twitter:card\" content=\"summary_large_image\" \/>\n<meta name=\"twitter:label1\" content=\"Precio\" \/>\n\t<meta name=\"twitter:data1\" content=\"&#36;2,091 con IVA\" \/>\n\t<meta name=\"twitter:label2\" content=\"Availability\" \/>\n\t<meta name=\"twitter:data2\" content=\"Out of stock\" \/>\n<script type=\"application\/ld+json\" class=\"yoast-schema-graph\">{\"@context\":\"https:\/\/schema.org\",\"@graph\":[{\"@type\":\"WebPage\",\"@id\":\"https:\/\/compuviper.mx\/tienda\/producto\/hikvision-ds-2cd1183g2-liuf-camara-dual-light-domo-ip-8-megapixel-4k-lente-2-8-mm-30-mts-ir-30-mts-luz-blanca-micrfono-integrado-antivandlico-ik08-acusense-lite-exterior-ip67-h-2\/\",\"url\":\"https:\/\/compuviper.mx\/tienda\/producto\/hikvision-ds-2cd1183g2-liuf-camara-dual-light-domo-ip-8-megapixel-4k-lente-2-8-mm-30-mts-ir-30-mts-luz-blanca-micrfono-integrado-antivandlico-ik08-acusense-lite-exterior-ip67-h-2\/\",\"name\":\"[ Hikvision ] &#129351; Ds-2cd1183g2-liuf Camara \/[dual Light] Domo Ip 8 Megapixel (4k) \/ Lente 2.8 Mm \/ 30 Mts Ir + 30 Mts Luz Blanca \/ Micr\u00f3fono Integrado\/ Antivand\u00e1lico Ik08 \/ Acusense Lite \/ Exterior Ip67 \/h.265 \/ Poe \/micro Sd\",\"isPartOf\":{\"@id\":\"https:\/\/compuviper.mx\/tienda\/#website\"},\"datePublished\":\"2026-04-23T06:18:53+00:00\",\"dateModified\":\"2026-04-23T06:18:53+00:00\",\"description\":\"Compra Ds-2cd1183g2-liuf Camara \/[dual Light] Domo Ip 8 Megapixel (4k) \/ Lente 2.8 Mm \/ 30 Mts Ir + 30 Mts Luz Blanca \/ Micr\u00f3fono Integrado\/ Antivand\u00e1lico Ik08 \/ Acusense Lite \/ Exterior Ip67 \/h.265 \/ Poe \/micro Sd + Env\u00edo a domicilio + Pago seguro + Garant\u00eda\",\"breadcrumb\":{\"@id\":\"https:\/\/compuviper.mx\/tienda\/producto\/hikvision-ds-2cd1183g2-liuf-camara-dual-light-domo-ip-8-megapixel-4k-lente-2-8-mm-30-mts-ir-30-mts-luz-blanca-micrfono-integrado-antivandlico-ik08-acusense-lite-exterior-ip67-h-2\/#breadcrumb\"},\"inLanguage\":\"es-MX\",\"potentialAction\":[{\"@type\":\"ReadAction\",\"target\":[\"https:\/\/compuviper.mx\/tienda\/producto\/hikvision-ds-2cd1183g2-liuf-camara-dual-light-domo-ip-8-megapixel-4k-lente-2-8-mm-30-mts-ir-30-mts-luz-blanca-micrfono-integrado-antivandlico-ik08-acusense-lite-exterior-ip67-h-2\/\"]}]},{\"@type\":\"BreadcrumbList\",\"@id\":\"https:\/\/compuviper.mx\/tienda\/producto\/hikvision-ds-2cd1183g2-liuf-camara-dual-light-domo-ip-8-megapixel-4k-lente-2-8-mm-30-mts-ir-30-mts-luz-blanca-micrfono-integrado-antivandlico-ik08-acusense-lite-exterior-ip67-h-2\/#breadcrumb\",\"itemListElement\":[{\"@type\":\"ListItem\",\"position\":1,\"name\":\"Inicio\",\"item\":\"https:\/\/compuviper.mx\/tienda\/\"},{\"@type\":\"ListItem\",\"position\":2,\"name\":\"Productos\",\"item\":\"https:\/\/compuviper.mx\/tienda\/productos\/\"},{\"@type\":\"ListItem\",\"position\":3,\"name\":\"Camaras\",\"item\":\"https:\/\/compuviper.mx\/tienda\/categoria-producto\/camaras-2\/\"},{\"@type\":\"ListItem\",\"position\":4,\"name\":\"Camara De Videovigilancia\",\"item\":\"https:\/\/compuviper.mx\/tienda\/categoria-producto\/camaras-2\/camara-de-videovigilancia\/\"},{\"@type\":\"ListItem\",\"position\":5,\"name\":\"Hikvision Ds-2cd1183g2-liuf Camara \/[dual Light] Domo Ip 8 Megapixel (4k) \/ Lente 2.8 Mm \/ 30 Mts Ir + 30 Mts Luz Blanca \/ Micr?fono Integrado\/ Antivand?lico Ik08 \/ Acusense Lite \/ Exterior Ip67 \/h.265 \/ Poe \/micro Sd\"}]},{\"@type\":\"WebSite\",\"@id\":\"https:\/\/compuviper.mx\/tienda\/#website\",\"url\":\"https:\/\/compuviper.mx\/tienda\/\",\"name\":\"Compuviper\",\"description\":\"Proveedor de Computadoras, Laptops, Servidores, Monitores, Puntos de Venta, Teclados,   Impresoras, T\u00f3ner, C\u00e1maras de Seguridad y m\u00e1s en tu tienda en l\u00ednea\",\"publisher\":{\"@id\":\"https:\/\/compuviper.mx\/tienda\/#organization\"},\"potentialAction\":[{\"@type\":\"SearchAction\",\"target\":{\"@type\":\"EntryPoint\",\"urlTemplate\":\"https:\/\/compuviper.mx\/tienda\/?s={search_term_string}\"},\"query-input\":\"required name=search_term_string\"}],\"inLanguage\":\"es-MX\"},{\"@type\":\"Organization\",\"@id\":\"https:\/\/compuviper.mx\/tienda\/#organization\",\"name\":\"Compuviper\",\"url\":\"https:\/\/compuviper.mx\/tienda\/\",\"logo\":{\"@type\":\"ImageObject\",\"inLanguage\":\"es-MX\",\"@id\":\"https:\/\/compuviper.mx\/tienda\/#\/schema\/logo\/image\/\",\"url\":\"https:\/\/compuviper.mx\/tienda\/wp-content\/uploads\/2021\/08\/Logo-Compuviper-10.png\",\"contentUrl\":\"https:\/\/compuviper.mx\/tienda\/wp-content\/uploads\/2021\/08\/Logo-Compuviper-10.png\",\"width\":1000,\"height\":500,\"caption\":\"Compuviper\"},\"image\":{\"@id\":\"https:\/\/compuviper.mx\/tienda\/#\/schema\/logo\/image\/\"},\"sameAs\":[\"https:\/\/www.facebook.com\/compuviper\",\"https:\/\/www.youtube.com\/channel\/UCf73dERp9Y3cfOq7q8BhLjA?view_as=subscriber\"]}]}<\/script>\n<meta property=\"product:brand\" content=\"HIKVISION\" \/>\n<meta property=\"product:price:amount\" content=\"2091\" \/>\n<meta property=\"product:price:currency\" content=\"MXN\" \/>\n<meta property=\"og:availability\" content=\"out of stock\" \/>\n<meta property=\"product:availability\" content=\"out of stock\" \/>\n<meta property=\"product:retailer_item_id\" content=\"DS-2CD1183G2-LIUF\" \/>\n<meta property=\"product:condition\" content=\"new\" \/>\n<!-- \/ Yoast SEO plugin. -->","yoast_head_json":{"title":"[ Hikvision ] &#129351; Ds-2cd1183g2-liuf Camara \/[dual Light] Domo Ip 8 Megapixel (4k) \/ Lente 2.8 Mm \/ 30 Mts Ir + 30 Mts Luz Blanca \/ Micr\u00f3fono Integrado\/ Antivand\u00e1lico Ik08 \/ Acusense Lite \/ Exterior Ip67 \/h.265 \/ Poe \/micro Sd","description":"Compra Ds-2cd1183g2-liuf Camara \/[dual Light] Domo Ip 8 Megapixel (4k) \/ Lente 2.8 Mm \/ 30 Mts Ir + 30 Mts Luz Blanca \/ Micr\u00f3fono Integrado\/ Antivand\u00e1lico Ik08 \/ Acusense Lite \/ Exterior Ip67 \/h.265 \/ Poe \/micro Sd + Env\u00edo a domicilio + Pago seguro + Garant\u00eda","robots":{"index":"index","follow":"follow","max-snippet":"max-snippet:-1","max-image-preview":"max-image-preview:large","max-video-preview":"max-video-preview:-1"},"canonical":"https:\/\/compuviper.mx\/tienda\/producto\/hikvision-ds-2cd1183g2-liuf-camara-dual-light-domo-ip-8-megapixel-4k-lente-2-8-mm-30-mts-ir-30-mts-luz-blanca-micrfono-integrado-antivandlico-ik08-acusense-lite-exterior-ip67-h-2\/","og_locale":"es_MX","og_type":"article","og_title":"[ Hikvision ] &#129351; Ds-2cd1183g2-liuf Camara \/[dual Light] Domo Ip 8 Megapixel (4k) \/ Lente 2.8 Mm \/ 30 Mts Ir + 30 Mts Luz Blanca \/ Micr\u00f3fono Integrado\/ Antivand\u00e1lico Ik08 \/ Acusense Lite \/ Exterior Ip67 \/h.265 \/ Poe \/micro Sd","og_description":"Compra Ds-2cd1183g2-liuf Camara \/[dual Light] Domo Ip 8 Megapixel (4k) \/ Lente 2.8 Mm \/ 30 Mts Ir + 30 Mts Luz Blanca \/ Micr\u00f3fono Integrado\/ Antivand\u00e1lico Ik08 \/ Acusense Lite \/ Exterior Ip67 \/h.265 \/ Poe \/micro Sd + Env\u00edo a domicilio + Pago seguro + Garant\u00eda","og_url":"https:\/\/compuviper.mx\/tienda\/producto\/hikvision-ds-2cd1183g2-liuf-camara-dual-light-domo-ip-8-megapixel-4k-lente-2-8-mm-30-mts-ir-30-mts-luz-blanca-micrfono-integrado-antivandlico-ik08-acusense-lite-exterior-ip67-h-2\/","og_site_name":"Compuviper","article_publisher":"https:\/\/www.facebook.com\/compuviper","twitter_card":"summary_large_image","twitter_misc":{"Precio":"&#36;2,091 con IVA","Availability":"Out of stock"},"schema":{"@context":"https:\/\/schema.org","@graph":[{"@type":"WebPage","@id":"https:\/\/compuviper.mx\/tienda\/producto\/hikvision-ds-2cd1183g2-liuf-camara-dual-light-domo-ip-8-megapixel-4k-lente-2-8-mm-30-mts-ir-30-mts-luz-blanca-micrfono-integrado-antivandlico-ik08-acusense-lite-exterior-ip67-h-2\/","url":"https:\/\/compuviper.mx\/tienda\/producto\/hikvision-ds-2cd1183g2-liuf-camara-dual-light-domo-ip-8-megapixel-4k-lente-2-8-mm-30-mts-ir-30-mts-luz-blanca-micrfono-integrado-antivandlico-ik08-acusense-lite-exterior-ip67-h-2\/","name":"[ Hikvision ] &#129351; Ds-2cd1183g2-liuf Camara \/[dual Light] Domo Ip 8 Megapixel (4k) \/ Lente 2.8 Mm \/ 30 Mts Ir + 30 Mts Luz Blanca \/ Micr\u00f3fono Integrado\/ Antivand\u00e1lico Ik08 \/ Acusense Lite \/ Exterior Ip67 \/h.265 \/ Poe \/micro Sd","isPartOf":{"@id":"https:\/\/compuviper.mx\/tienda\/#website"},"datePublished":"2026-04-23T06:18:53+00:00","dateModified":"2026-04-23T06:18:53+00:00","description":"Compra Ds-2cd1183g2-liuf Camara \/[dual Light] Domo Ip 8 Megapixel (4k) \/ Lente 2.8 Mm \/ 30 Mts Ir + 30 Mts Luz Blanca \/ Micr\u00f3fono Integrado\/ Antivand\u00e1lico Ik08 \/ Acusense Lite \/ Exterior Ip67 \/h.265 \/ Poe \/micro Sd + Env\u00edo a domicilio + Pago seguro + Garant\u00eda","breadcrumb":{"@id":"https:\/\/compuviper.mx\/tienda\/producto\/hikvision-ds-2cd1183g2-liuf-camara-dual-light-domo-ip-8-megapixel-4k-lente-2-8-mm-30-mts-ir-30-mts-luz-blanca-micrfono-integrado-antivandlico-ik08-acusense-lite-exterior-ip67-h-2\/#breadcrumb"},"inLanguage":"es-MX","potentialAction":[{"@type":"ReadAction","target":["https:\/\/compuviper.mx\/tienda\/producto\/hikvision-ds-2cd1183g2-liuf-camara-dual-light-domo-ip-8-megapixel-4k-lente-2-8-mm-30-mts-ir-30-mts-luz-blanca-micrfono-integrado-antivandlico-ik08-acusense-lite-exterior-ip67-h-2\/"]}]},{"@type":"BreadcrumbList","@id":"https:\/\/compuviper.mx\/tienda\/producto\/hikvision-ds-2cd1183g2-liuf-camara-dual-light-domo-ip-8-megapixel-4k-lente-2-8-mm-30-mts-ir-30-mts-luz-blanca-micrfono-integrado-antivandlico-ik08-acusense-lite-exterior-ip67-h-2\/#breadcrumb","itemListElement":[{"@type":"ListItem","position":1,"name":"Inicio","item":"https:\/\/compuviper.mx\/tienda\/"},{"@type":"ListItem","position":2,"name":"Productos","item":"https:\/\/compuviper.mx\/tienda\/productos\/"},{"@type":"ListItem","position":3,"name":"Camaras","item":"https:\/\/compuviper.mx\/tienda\/categoria-producto\/camaras-2\/"},{"@type":"ListItem","position":4,"name":"Camara De Videovigilancia","item":"https:\/\/compuviper.mx\/tienda\/categoria-producto\/camaras-2\/camara-de-videovigilancia\/"},{"@type":"ListItem","position":5,"name":"Hikvision Ds-2cd1183g2-liuf Camara \/[dual Light] Domo Ip 8 Megapixel (4k) \/ Lente 2.8 Mm \/ 30 Mts Ir + 30 Mts Luz Blanca \/ Micr?fono Integrado\/ Antivand?lico Ik08 \/ Acusense Lite \/ Exterior Ip67 \/h.265 \/ Poe \/micro Sd"}]},{"@type":"WebSite","@id":"https:\/\/compuviper.mx\/tienda\/#website","url":"https:\/\/compuviper.mx\/tienda\/","name":"Compuviper","description":"Proveedor de Computadoras, Laptops, Servidores, Monitores, Puntos de Venta, Teclados,   Impresoras, T\u00f3ner, C\u00e1maras de Seguridad y m\u00e1s en tu tienda en l\u00ednea","publisher":{"@id":"https:\/\/compuviper.mx\/tienda\/#organization"},"potentialAction":[{"@type":"SearchAction","target":{"@type":"EntryPoint","urlTemplate":"https:\/\/compuviper.mx\/tienda\/?s={search_term_string}"},"query-input":"required name=search_term_string"}],"inLanguage":"es-MX"},{"@type":"Organization","@id":"https:\/\/compuviper.mx\/tienda\/#organization","name":"Compuviper","url":"https:\/\/compuviper.mx\/tienda\/","logo":{"@type":"ImageObject","inLanguage":"es-MX","@id":"https:\/\/compuviper.mx\/tienda\/#\/schema\/logo\/image\/","url":"https:\/\/compuviper.mx\/tienda\/wp-content\/uploads\/2021\/08\/Logo-Compuviper-10.png","contentUrl":"https:\/\/compuviper.mx\/tienda\/wp-content\/uploads\/2021\/08\/Logo-Compuviper-10.png","width":1000,"height":500,"caption":"Compuviper"},"image":{"@id":"https:\/\/compuviper.mx\/tienda\/#\/schema\/logo\/image\/"},"sameAs":["https:\/\/www.facebook.com\/compuviper","https:\/\/www.youtube.com\/channel\/UCf73dERp9Y3cfOq7q8BhLjA?view_as=subscriber"]}]},"product_brand":"HIKVISION","product_price_amount":"2091","product_price_currency":"MXN","og_availability":"out of stock","product_availability":"out of stock","product_retailer_item_id":"DS-2CD1183G2-LIUF","product_condition":"new"},"_links":{"self":[{"href":"https:\/\/compuviper.mx\/tienda\/wp-json\/wp\/v2\/product\/264570"}],"collection":[{"href":"https:\/\/compuviper.mx\/tienda\/wp-json\/wp\/v2\/product"}],"about":[{"href":"https:\/\/compuviper.mx\/tienda\/wp-json\/wp\/v2\/types\/product"}],"replies":[{"embeddable":true,"href":"https:\/\/compuviper.mx\/tienda\/wp-json\/wp\/v2\/comments?post=264570"}],"wp:attachment":[{"href":"https:\/\/compuviper.mx\/tienda\/wp-json\/wp\/v2\/media?parent=264570"}],"wp:term":[{"taxonomy":"product_cat","embeddable":true,"href":"https:\/\/compuviper.mx\/tienda\/wp-json\/wp\/v2\/product_cat?post=264570"},{"taxonomy":"product_tag","embeddable":true,"href":"https:\/\/compuviper.mx\/tienda\/wp-json\/wp\/v2\/product_tag?post=264570"}],"curies":[{"name":"wp","href":"https:\/\/api.w.org\/{rel}","templated":true}]}}