{"id":264569,"date":"2026-04-23T00:18:52","date_gmt":"2026-04-23T06:18:52","guid":{"rendered":"https:\/\/compuviper.mx\/tienda\/producto\/hikvision-ds-2de7a425iw-aebt5-camara-ptz-ip-4-megapixel-25x-zoom-200-mts-ir-acusense-ip66-ik10-alerta-audible-y-luz-estroboscpica-autoseguimiento-2-0-hi-poe-darkfighter-rapid\/"},"modified":"2026-04-23T00:18:52","modified_gmt":"2026-04-23T06:18:52","slug":"hikvision-ds-2de7a425iw-aebt5-camara-ptz-ip-4-megapixel-25x-zoom-200-mts-ir-acusense-ip66-ik10-alerta-audible-y-luz-estroboscpica-autoseguimiento-2-0-hi-poe-darkfighter-rapid","status":"publish","type":"product","link":"https:\/\/compuviper.mx\/tienda\/producto\/hikvision-ds-2de7a425iw-aebt5-camara-ptz-ip-4-megapixel-25x-zoom-200-mts-ir-acusense-ip66-ik10-alerta-audible-y-luz-estroboscpica-autoseguimiento-2-0-hi-poe-darkfighter-rapid\/","title":{"rendered":"Hikvision Ds-2de7a425iw-aeb(t5) Camara  \/  Ptz Ip 4 Megapixel \/ 25x Zoom \/ 200 Mts Ir \/ Acusense\/ Ip66 \/ Ik10 \/ Alerta Audible Y Luz Estrobosc?pica \/ Autoseguimiento 2.0 \/ Hi-poe \/ Darkfighter\/\/rapid Focus\/ Micro Sd"},"content":{"rendered":"<table class=\"descripcion\">\n<tr>\n<td>Especificaciones t\u00e9cnicas \u0096 c\u00e1mara ptz<\/td>\n<\/tr>\n<tr>\n<td>C\u00e1mara<\/td>\n<\/tr>\n<tr>\n<td>Par\u00e1metro especificaci\u00f3n<\/td>\n<\/tr>\n<tr>\n<td>Resoluci\u00f3n m\u00e1xima 2560 \u00d7 1440<\/td>\n<\/tr>\n<tr>\n<td>Sensor de imagen cmos de escaneo progresivo 1\/2.8<\/td>\n<\/tr>\n<tr>\n<td>Iluminaci\u00f3n m\u00ednima color: 0.005 lux @ (f1.6, agc activado)<\/td>\n<\/tr>\n<tr>\n<td>B\/n: 0.001 lux @ (f1.6, agc activado)<\/td>\n<\/tr>\n<tr>\n<td>0 lux con ir<\/td>\n<\/tr>\n<tr>\n<td>Velocidad de obturaci\u00f3n 1\/1 s a 1\/30000 s<\/td>\n<\/tr>\n<tr>\n<td>Obturador lento s\u00ed<\/td>\n<\/tr>\n<tr>\n<td>D\u00eda \/ noche filtro de corte ir<\/td>\n<\/tr>\n<tr>\n<td>Zoom 25x \u00f3ptico, 16x digital<\/td>\n<\/tr>\n<tr>\n<td>Lente<\/td>\n<\/tr>\n<tr>\n<td>Par\u00e1metro especificaci\u00f3n<\/td>\n<\/tr>\n<tr>\n<td>Distancia focal 4.8 mm a 120 mm<\/td>\n<\/tr>\n<tr>\n<td>Velocidad de zoom aprox. 4.8 s<\/td>\n<\/tr>\n<tr>\n<td>Campo de visi\u00f3n (fov) horizontal: 50.8\u00b0 a 2.6\u00b0<\/td>\n<\/tr>\n<tr>\n<td>Vertical: 29.4\u00b0 a 1.5\u00b0<\/td>\n<\/tr>\n<tr>\n<td>Diagonal: 57.4\u00b0 a 3\u00b0<\/td>\n<\/tr>\n<tr>\n<td>Apertura m\u00e1xima f1.6<\/td>\n<\/tr>\n<tr>\n<td>Enfoque autom\u00e1tico, semi-autom\u00e1tico, manual<\/td>\n<\/tr>\n<tr>\n<td>Iluminador<\/td>\n<\/tr>\n<tr>\n<td>Par\u00e1metro especificaci\u00f3n<\/td>\n<\/tr>\n<tr>\n<td>Tipo de luz suplementaria infrarroja (ir)<\/td>\n<\/tr>\n<tr>\n<td>Alcance ir hasta 200 m<\/td>\n<\/tr>\n<tr>\n<td>Ptz (pan-tilt-zoom)<\/td>\n<\/tr>\n<tr>\n<td>Par\u00e1metro especificaci\u00f3n<\/td>\n<\/tr>\n<tr>\n<td>Rango de paneo 360\u00b0<\/td>\n<\/tr>\n<tr>\n<td>Rango de inclinaci\u00f3n -15\u00b0 a 90\u00b0 (auto flip)<\/td>\n<\/tr>\n<tr>\n<td>Velocidad de paneo 0.1\u00b0 a 160\u00b0\/s (configurable)<\/td>\n<\/tr>\n<tr>\n<td>Velocidad de preajuste: 240\u00b0\/s<\/td>\n<\/tr>\n<tr>\n<td>Velocidad de inclinaci\u00f3n 0.1\u00b0 a 120\u00b0\/s (configurable)<\/td>\n<\/tr>\n<tr>\n<td>Velocidad de preajuste: 200\u00b0\/s<\/td>\n<\/tr>\n<tr>\n<td>Paneo proporcional s\u00ed<\/td>\n<\/tr>\n<tr>\n<td>Presets 300<\/td>\n<\/tr>\n<tr>\n<td>Patrullas 8 patrullas, hasta 32 presets cada una<\/td>\n<\/tr>\n<tr>\n<td>Escaneo de patrones 4<\/td>\n<\/tr>\n<tr>\n<td>Memoria al apagarse s\u00ed<\/td>\n<\/tr>\n<tr>\n<td>Acci\u00f3n de parqueo preset, escaneo de patr\u00f3n, autoescaneo, escaneo de inclinaci\u00f3n, aleatorio, por cuadro, panor\u00e1mico<\/td>\n<\/tr>\n<tr>\n<td>Posicionamiento 3d s\u00ed<\/td>\n<\/tr>\n<tr>\n<td>Visualizaci\u00f3n de estado ptz s\u00ed<\/td>\n<\/tr>\n<tr>\n<td>Congelaci\u00f3n de preset s\u00ed<\/td>\n<\/tr>\n<tr>\n<td>Tareas programadas<\/td>\n<\/tr>\n<tr>\n<td>Funciones<\/td>\n<\/tr>\n<tr>\n<td>Preset, escaneo de patr\u00f3n, patrulla, autoescaneo, escaneo de inclinaci\u00f3n, aleatorio, por cuadro, panor\u00e1mico, reinicio de domo, ajuste de domo, salida auxiliar<\/td>\n<\/tr>\n<tr>\n<td>Video<\/td>\n<\/tr>\n<tr>\n<td>Flujo principal<\/td>\n<\/tr>\n<tr>\n<td>Frecuencia resoluciones<\/td>\n<\/tr>\n<tr>\n<td>50 hz 25 fps (2560\u00d71440, 1920\u00d71080, 1280\u00d7960, 1280\u00d7720)<\/td>\n<\/tr>\n<tr>\n<td>60 hz 30 fps (2560\u00d71440, 1920\u00d71080, 1280\u00d7960, 1280\u00d7720)<\/td>\n<\/tr>\n<tr>\n<td>Sub-flujo<\/td>\n<\/tr>\n<tr>\n<td>Frecuencia resoluciones<\/td>\n<\/tr>\n<tr>\n<td>50 hz 25 fps (704\u00d7576, 640\u00d7480, 352\u00d7288)<\/td>\n<\/tr>\n<tr>\n<td>60 hz 30 fps (704\u00d7480, 640\u00d7480, 352\u00d7240)<\/td>\n<\/tr>\n<tr>\n<td>Tercer flujo<\/td>\n<\/tr>\n<tr>\n<td>Frecuencia resoluciones<\/td>\n<\/tr>\n<tr>\n<td>50 hz 25 fps (1920\u00d71080, 1280\u00d7960, 1280\u00d7720, 704\u00d7576, 640\u00d7480, 352\u00d7288)<\/td>\n<\/tr>\n<tr>\n<td>60 hz 30 fps (1920\u00d71080, 1280\u00d7960, 1280\u00d7720, 704\u00d7480, 640\u00d7480, 352\u00d7240)<\/td>\n<\/tr>\n<tr>\n<td>Compresi\u00f3n de video<\/td>\n<\/tr>\n<tr>\n<td>Par\u00e1metro especificaci\u00f3n<\/td>\n<\/tr>\n<tr>\n<td>Flujo principal h.265+\/h.265\/h.264+\/h.264<\/td>\n<\/tr>\n<tr>\n<td>Sub-flujo h.265\/h.264\/mjpeg<\/td>\n<\/tr>\n<tr>\n<td>Tercer flujo h.265\/h.264\/mjpeg<\/td>\n<\/tr>\n<tr>\n<td>Bitrate de video 32 kbps a 16384 kbps<\/td>\n<\/tr>\n<tr>\n<td>H.264 perfil base \/ principal \/ alto<\/td>\n<\/tr>\n<tr>\n<td>H.265 perfil principal<\/td>\n<\/tr>\n<tr>\n<td>Svc codificaci\u00f3n h.264 y h.265<\/td>\n<\/tr>\n<tr>\n<td>Roi 8 regiones fijas por flujo<\/td>\n<\/tr>\n<tr>\n<td>Audio<\/td>\n<\/tr>\n<tr>\n<td>Par\u00e1metro especificaci\u00f3n<\/td>\n<\/tr>\n<tr>\n<td>Compresi\u00f3n g.711 alaw\/ulaw, g.722.1, g.726, mp2l2, aac, pcm<\/td>\n<\/tr>\n<tr>\n<td>Bitrate 64 kbps (g.711) \/ 16 kbps (g.722.1, g.726) \/ 32\u0096192 kbps (mp2l2) \/ 16\u009664 kbps (aac)<\/td>\n<\/tr>\n<tr>\n<td>Frecuencia de muestreo 8 \/ 16 \/ 32 \/ 48 khz<\/td>\n<\/tr>\n<tr>\n<td>Filtrado de ruido s\u00ed<\/td>\n<\/tr>\n<tr>\n<td>Red<\/td>\n<\/tr>\n<tr>\n<td>Par\u00e1metro especificaci\u00f3n<\/td>\n<\/tr>\n<tr>\n<td>Almacenamiento de red nas (nfs, smb\/cifs), anr<\/td>\n<\/tr>\n<tr>\n<td>Protocolos ipv4\/ipv6, http, https, ftp, smtp, rtsp, rtp, tcp\/ip, udp, snmp, dns, dhcp, qos, ntp, upnp, igmp, icmp, pppoe, bonjour, websocket<\/td>\n<\/tr>\n<tr>\n<td>Api onvif (v19.12, perfiles s\/g\/t), isapi, sdk, isup<\/td>\n<\/tr>\n<tr>\n<td>Visualizaci\u00f3n simult\u00e1nea hasta 20 canales<\/td>\n<\/tr>\n<tr>\n<td>Usuarios hasta 32 (administrador, operador, usuario)<\/td>\n<\/tr>\n<tr>\n<td>Seguridad<\/td>\n<\/tr>\n<tr>\n<td>Funciones<\/td>\n<\/tr>\n<tr>\n<td>Protecci\u00f3n por contrase\u00f1a, contrase\u00f1a compleja, cifrado https, autenticaci\u00f3n 802.1x, marca de agua, filtro ip, autenticaci\u00f3n b\u00e1sica\/digest, rtsp sobre https, auditor\u00eda de seguridad, tls 1.2\/1.3, autenticaci\u00f3n por mac<\/td>\n<\/tr>\n<tr>\n<td>Imagen<\/td>\n<\/tr>\n<tr>\n<td>Par\u00e1metro especificaci\u00f3n<\/td>\n<\/tr>\n<tr>\n<td>Cambio d\u00eda\/noche d\u00eda, noche, autom\u00e1tico, programado<\/td>\n<\/tr>\n<tr>\n<td>Mejora de imagen blc, hlc, 3d dnr<\/td>\n<\/tr>\n<tr>\n<td>Wdr 120 db<\/td>\n<\/tr>\n<tr>\n<td>Desempa\u00f1ado digital<\/td>\n<\/tr>\n<tr>\n<td>Estabilizaci\u00f3n eis<\/td>\n<\/tr>\n<tr>\n<td>Exposici\u00f3n \/ enfoque regional s\u00ed<\/td>\n<\/tr>\n<tr>\n<td>Ajustes saturaci\u00f3n, brillo, contraste, nitidez, ganancia y balance de blancos<\/td>\n<\/tr>\n<tr>\n<td>M\u00e1scaras de privacidad 24 m\u00e1scaras poligonales programables<\/td>\n<\/tr>\n<tr>\n<td>Snr   52 db<\/td>\n<\/tr>\n<tr>\n<td>Interfaces<\/td>\n<\/tr>\n<tr>\n<td>Par\u00e1metro especificaci\u00f3n<\/td>\n<\/tr>\n<tr>\n<td>Ethernet 1 \u00d7 rj45 10\/100m<\/td>\n<\/tr>\n<tr>\n<td>Almacenamiento local microsd\/sdhc\/sdxc hasta 256 gb<\/td>\n<\/tr>\n<tr>\n<td>Alarmas 2 entradas, 1 salida<\/td>\n<\/tr>\n<tr>\n<td>Reset s\u00ed<\/td>\n<\/tr>\n<tr>\n<td>Audio 1 entrada \/ 1 salida<\/td>\n<\/tr>\n<tr>\n<td>Altavoz integrado alcance efectivo hasta 30 m<\/td>\n<\/tr>\n<tr>\n<td>Eventos y anal\u00edtica<\/td>\n<\/tr>\n<tr>\n<td>Tipo funciones<\/td>\n<\/tr>\n<tr>\n<td>Eventos b\u00e1sicos detecci\u00f3n de movimiento, manipulaci\u00f3n de video, excepciones<\/td>\n<\/tr>\n<tr>\n<td>Eventos inteligentes cruce de l\u00ednea, intrusi\u00f3n, entrada\/salida de regi\u00f3n, objetos abandonados o retirados<\/td>\n<\/tr>\n<tr>\n<td>Seguimiento inteligente manual y autom\u00e1tico<\/td>\n<\/tr>\n<tr>\n<td>Enlace de alarma ftp\/nas, email, grabaci\u00f3n, salida de alarma, advertencia sonora\/luminosa, acciones ptz<\/td>\n<\/tr>\n<tr>\n<td>Deep learning<\/td>\n<\/tr>\n<tr>\n<td>Funci\u00f3n descripci\u00f3n<\/td>\n<\/tr>\n<tr>\n<td>Captura facial hasta 5 rostros simult\u00e1neos, selecci\u00f3n del mejor rostro<\/td>\n<\/tr>\n<tr>\n<td>Protecci\u00f3n perimetral personas y veh\u00edculos (cruce de l\u00ednea, intrusi\u00f3n, entrada\/salida)<\/td>\n<\/tr>\n<tr>\n<td>General<\/td>\n<\/tr>\n<tr>\n<td>Par\u00e1metro especificaci\u00f3n<\/td>\n<\/tr>\n<tr>\n<td>Alimentaci\u00f3n 24 vac, m\u00e1x. 42 w \/ hi-poe<\/td>\n<\/tr>\n<tr>\n<td>Temperatura -30 \u00b0c a 65 \u00b0c<\/td>\n<\/tr>\n<tr>\n<td>Antivaho s\u00ed<\/td>\n<\/tr>\n<tr>\n<td>Material adc12<\/td>\n<\/tr>\n<tr>\n<td>Dimensiones \u00f8 220 mm \u00d7 363.3 mm<\/td>\n<\/tr>\n<tr>\n<td>Peso aprox. 5 kg<\/td>\n<\/tr>\n<tr>\n<td>Certificaciones<\/td>\n<\/tr>\n<tr>\n<td>Categor\u00eda est\u00e1ndares<\/td>\n<\/tr>\n<tr>\n<td>Protecci\u00f3n ip66, ik10, protecci\u00f3n contra rayos tvs 6000v<\/td>\n<\/tr>\n<tr>\n<td>Emc fcc, ce, rcm, ic, kc<\/td>\n<\/tr>\n<tr>\n<td>Seguridad ul, cb, ce-lvd, bis, loa<\/td>\n<\/tr>\n<tr>\n<td>Medio ambiente rohs, weee, reach<\/td>\n<\/tr>\n<\/table>\n","protected":false},"excerpt":{"rendered":"<p>Hikvision ds-2de7a425iw-aeb(t5) domo ptz de red con ir de 4 mp y zoom \u00f3ptico de 25\u00d7 incorpora un sensor cmos de escaneo progresivo de 1\/2.8 pulgadas. Con la lente de zoom \u00f3ptico de 25\u00d7, la c\u00e1mara ofrece mayor nivel de detalle en \u00e1reas extensas.<\/p>\n","protected":false},"featured_media":0,"comment_status":"open","ping_status":"open","template":"","meta":[],"product_cat":[1681,1608],"product_tag":[1595],"acf":[],"yoast_head":"<!-- This site is optimized with the Yoast SEO plugin v21.7 - https:\/\/yoast.com\/wordpress\/plugins\/seo\/ -->\n<title>[ Hikvision ] &#129351; Ds-2de7a425iw-aeb(t5) Camara \/ Ptz Ip 4 Megapixel \/ 25x Zoom \/ 200 Mts Ir \/ Acusense\/ Ip66 \/ Ik10 \/ Alerta Audible Y Luz Estrobosc\u00f3pica \/ Autoseguimiento 2.0 \/ Hi-poe \/ Darkfighter\/\/rapid Focus\/ Micro Sd<\/title>\n<meta name=\"description\" content=\"Compra Ds-2de7a425iw-aeb(t5) Camara \/ Ptz Ip 4 Megapixel \/ 25x Zoom \/ 200 Mts Ir \/ Acusense\/ Ip66 \/ Ik10 \/ Alerta Audible Y Luz Estrobosc\u00f3pica \/ Autoseguimiento 2.0 \/ Hi-poe \/ Darkfighter\/\/rapid Focus\/ Micro Sd + Env\u00edo a domicilio + Pago seguro + Garant\u00eda\" \/>\n<meta name=\"robots\" content=\"index, follow, max-snippet:-1, max-image-preview:large, max-video-preview:-1\" \/>\n<link rel=\"canonical\" href=\"https:\/\/compuviper.mx\/tienda\/producto\/hikvision-ds-2de7a425iw-aebt5-camara-ptz-ip-4-megapixel-25x-zoom-200-mts-ir-acusense-ip66-ik10-alerta-audible-y-luz-estroboscpica-autoseguimiento-2-0-hi-poe-darkfighter-rapid\/\" \/>\n<meta property=\"og:locale\" content=\"es_MX\" \/>\n<meta property=\"og:type\" content=\"article\" \/>\n<meta property=\"og:title\" content=\"[ Hikvision ] &#129351; Ds-2de7a425iw-aeb(t5) Camara \/ Ptz Ip 4 Megapixel \/ 25x Zoom \/ 200 Mts Ir \/ Acusense\/ Ip66 \/ Ik10 \/ Alerta Audible Y Luz Estrobosc\u00f3pica \/ Autoseguimiento 2.0 \/ Hi-poe \/ Darkfighter\/\/rapid Focus\/ Micro Sd\" \/>\n<meta property=\"og:description\" content=\"Compra Ds-2de7a425iw-aeb(t5) Camara \/ Ptz Ip 4 Megapixel \/ 25x Zoom \/ 200 Mts Ir \/ Acusense\/ Ip66 \/ Ik10 \/ Alerta Audible Y Luz Estrobosc\u00f3pica \/ Autoseguimiento 2.0 \/ Hi-poe \/ Darkfighter\/\/rapid Focus\/ Micro Sd + Env\u00edo a domicilio + Pago seguro + Garant\u00eda\" \/>\n<meta property=\"og:url\" content=\"https:\/\/compuviper.mx\/tienda\/producto\/hikvision-ds-2de7a425iw-aebt5-camara-ptz-ip-4-megapixel-25x-zoom-200-mts-ir-acusense-ip66-ik10-alerta-audible-y-luz-estroboscpica-autoseguimiento-2-0-hi-poe-darkfighter-rapid\/\" \/>\n<meta property=\"og:site_name\" content=\"Compuviper\" \/>\n<meta property=\"article:publisher\" content=\"https:\/\/www.facebook.com\/compuviper\" \/>\n<meta name=\"twitter:card\" content=\"summary_large_image\" \/>\n<meta name=\"twitter:label1\" content=\"Precio\" \/>\n\t<meta name=\"twitter:data1\" content=\"&#36;10,380 con IVA\" \/>\n\t<meta name=\"twitter:label2\" content=\"Availability\" \/>\n\t<meta name=\"twitter:data2\" content=\"Out of stock\" \/>\n<script type=\"application\/ld+json\" class=\"yoast-schema-graph\">{\"@context\":\"https:\/\/schema.org\",\"@graph\":[{\"@type\":\"WebPage\",\"@id\":\"https:\/\/compuviper.mx\/tienda\/producto\/hikvision-ds-2de7a425iw-aebt5-camara-ptz-ip-4-megapixel-25x-zoom-200-mts-ir-acusense-ip66-ik10-alerta-audible-y-luz-estroboscpica-autoseguimiento-2-0-hi-poe-darkfighter-rapid\/\",\"url\":\"https:\/\/compuviper.mx\/tienda\/producto\/hikvision-ds-2de7a425iw-aebt5-camara-ptz-ip-4-megapixel-25x-zoom-200-mts-ir-acusense-ip66-ik10-alerta-audible-y-luz-estroboscpica-autoseguimiento-2-0-hi-poe-darkfighter-rapid\/\",\"name\":\"[ Hikvision ] &#129351; Ds-2de7a425iw-aeb(t5) Camara \/ Ptz Ip 4 Megapixel \/ 25x Zoom \/ 200 Mts Ir \/ Acusense\/ Ip66 \/ Ik10 \/ Alerta Audible Y Luz Estrobosc\u00f3pica \/ Autoseguimiento 2.0 \/ Hi-poe \/ Darkfighter\/\/rapid Focus\/ Micro Sd\",\"isPartOf\":{\"@id\":\"https:\/\/compuviper.mx\/tienda\/#website\"},\"datePublished\":\"2026-04-23T06:18:52+00:00\",\"dateModified\":\"2026-04-23T06:18:52+00:00\",\"description\":\"Compra Ds-2de7a425iw-aeb(t5) Camara \/ Ptz Ip 4 Megapixel \/ 25x Zoom \/ 200 Mts Ir \/ Acusense\/ Ip66 \/ Ik10 \/ Alerta Audible Y Luz Estrobosc\u00f3pica \/ Autoseguimiento 2.0 \/ Hi-poe \/ Darkfighter\/\/rapid Focus\/ Micro Sd + Env\u00edo a domicilio + Pago seguro + Garant\u00eda\",\"breadcrumb\":{\"@id\":\"https:\/\/compuviper.mx\/tienda\/producto\/hikvision-ds-2de7a425iw-aebt5-camara-ptz-ip-4-megapixel-25x-zoom-200-mts-ir-acusense-ip66-ik10-alerta-audible-y-luz-estroboscpica-autoseguimiento-2-0-hi-poe-darkfighter-rapid\/#breadcrumb\"},\"inLanguage\":\"es-MX\",\"potentialAction\":[{\"@type\":\"ReadAction\",\"target\":[\"https:\/\/compuviper.mx\/tienda\/producto\/hikvision-ds-2de7a425iw-aebt5-camara-ptz-ip-4-megapixel-25x-zoom-200-mts-ir-acusense-ip66-ik10-alerta-audible-y-luz-estroboscpica-autoseguimiento-2-0-hi-poe-darkfighter-rapid\/\"]}]},{\"@type\":\"BreadcrumbList\",\"@id\":\"https:\/\/compuviper.mx\/tienda\/producto\/hikvision-ds-2de7a425iw-aebt5-camara-ptz-ip-4-megapixel-25x-zoom-200-mts-ir-acusense-ip66-ik10-alerta-audible-y-luz-estroboscpica-autoseguimiento-2-0-hi-poe-darkfighter-rapid\/#breadcrumb\",\"itemListElement\":[{\"@type\":\"ListItem\",\"position\":1,\"name\":\"Inicio\",\"item\":\"https:\/\/compuviper.mx\/tienda\/\"},{\"@type\":\"ListItem\",\"position\":2,\"name\":\"Productos\",\"item\":\"https:\/\/compuviper.mx\/tienda\/productos\/\"},{\"@type\":\"ListItem\",\"position\":3,\"name\":\"Camaras\",\"item\":\"https:\/\/compuviper.mx\/tienda\/categoria-producto\/camaras-2\/\"},{\"@type\":\"ListItem\",\"position\":4,\"name\":\"Camara De Videovigilancia\",\"item\":\"https:\/\/compuviper.mx\/tienda\/categoria-producto\/camaras-2\/camara-de-videovigilancia\/\"},{\"@type\":\"ListItem\",\"position\":5,\"name\":\"Hikvision Ds-2de7a425iw-aeb(t5) Camara \/ Ptz Ip 4 Megapixel \/ 25x Zoom \/ 200 Mts Ir \/ Acusense\/ Ip66 \/ Ik10 \/ Alerta Audible Y Luz Estrobosc?pica \/ Autoseguimiento 2.0 \/ Hi-poe \/ Darkfighter\/\/rapid Focus\/ Micro Sd\"}]},{\"@type\":\"WebSite\",\"@id\":\"https:\/\/compuviper.mx\/tienda\/#website\",\"url\":\"https:\/\/compuviper.mx\/tienda\/\",\"name\":\"Compuviper\",\"description\":\"Proveedor de Computadoras, Laptops, Servidores, Monitores, Puntos de Venta, Teclados,   Impresoras, T\u00f3ner, C\u00e1maras de Seguridad y m\u00e1s en tu tienda en l\u00ednea\",\"publisher\":{\"@id\":\"https:\/\/compuviper.mx\/tienda\/#organization\"},\"potentialAction\":[{\"@type\":\"SearchAction\",\"target\":{\"@type\":\"EntryPoint\",\"urlTemplate\":\"https:\/\/compuviper.mx\/tienda\/?s={search_term_string}\"},\"query-input\":\"required name=search_term_string\"}],\"inLanguage\":\"es-MX\"},{\"@type\":\"Organization\",\"@id\":\"https:\/\/compuviper.mx\/tienda\/#organization\",\"name\":\"Compuviper\",\"url\":\"https:\/\/compuviper.mx\/tienda\/\",\"logo\":{\"@type\":\"ImageObject\",\"inLanguage\":\"es-MX\",\"@id\":\"https:\/\/compuviper.mx\/tienda\/#\/schema\/logo\/image\/\",\"url\":\"https:\/\/compuviper.mx\/tienda\/wp-content\/uploads\/2021\/08\/Logo-Compuviper-10.png\",\"contentUrl\":\"https:\/\/compuviper.mx\/tienda\/wp-content\/uploads\/2021\/08\/Logo-Compuviper-10.png\",\"width\":1000,\"height\":500,\"caption\":\"Compuviper\"},\"image\":{\"@id\":\"https:\/\/compuviper.mx\/tienda\/#\/schema\/logo\/image\/\"},\"sameAs\":[\"https:\/\/www.facebook.com\/compuviper\",\"https:\/\/www.youtube.com\/channel\/UCf73dERp9Y3cfOq7q8BhLjA?view_as=subscriber\"]}]}<\/script>\n<meta property=\"product:brand\" content=\"HIKVISION\" \/>\n<meta property=\"product:price:amount\" content=\"10380\" \/>\n<meta property=\"product:price:currency\" content=\"MXN\" \/>\n<meta property=\"og:availability\" content=\"out of stock\" \/>\n<meta property=\"product:availability\" content=\"out of stock\" \/>\n<meta property=\"product:retailer_item_id\" content=\"DS-2DE7A425IW-AEB(T5)\" \/>\n<meta property=\"product:condition\" content=\"new\" \/>\n<!-- \/ Yoast SEO plugin. -->","yoast_head_json":{"title":"[ Hikvision ] &#129351; Ds-2de7a425iw-aeb(t5) Camara \/ Ptz Ip 4 Megapixel \/ 25x Zoom \/ 200 Mts Ir \/ Acusense\/ Ip66 \/ Ik10 \/ Alerta Audible Y Luz Estrobosc\u00f3pica \/ Autoseguimiento 2.0 \/ Hi-poe \/ Darkfighter\/\/rapid Focus\/ Micro Sd","description":"Compra Ds-2de7a425iw-aeb(t5) Camara \/ Ptz Ip 4 Megapixel \/ 25x Zoom \/ 200 Mts Ir \/ Acusense\/ Ip66 \/ Ik10 \/ Alerta Audible Y Luz Estrobosc\u00f3pica \/ Autoseguimiento 2.0 \/ Hi-poe \/ Darkfighter\/\/rapid Focus\/ Micro Sd + Env\u00edo a domicilio + Pago seguro + Garant\u00eda","robots":{"index":"index","follow":"follow","max-snippet":"max-snippet:-1","max-image-preview":"max-image-preview:large","max-video-preview":"max-video-preview:-1"},"canonical":"https:\/\/compuviper.mx\/tienda\/producto\/hikvision-ds-2de7a425iw-aebt5-camara-ptz-ip-4-megapixel-25x-zoom-200-mts-ir-acusense-ip66-ik10-alerta-audible-y-luz-estroboscpica-autoseguimiento-2-0-hi-poe-darkfighter-rapid\/","og_locale":"es_MX","og_type":"article","og_title":"[ Hikvision ] &#129351; Ds-2de7a425iw-aeb(t5) Camara \/ Ptz Ip 4 Megapixel \/ 25x Zoom \/ 200 Mts Ir \/ Acusense\/ Ip66 \/ Ik10 \/ Alerta Audible Y Luz Estrobosc\u00f3pica \/ Autoseguimiento 2.0 \/ Hi-poe \/ Darkfighter\/\/rapid Focus\/ Micro Sd","og_description":"Compra Ds-2de7a425iw-aeb(t5) Camara \/ Ptz Ip 4 Megapixel \/ 25x Zoom \/ 200 Mts Ir \/ Acusense\/ Ip66 \/ Ik10 \/ Alerta Audible Y Luz Estrobosc\u00f3pica \/ Autoseguimiento 2.0 \/ Hi-poe \/ Darkfighter\/\/rapid Focus\/ Micro Sd + Env\u00edo a domicilio + Pago seguro + Garant\u00eda","og_url":"https:\/\/compuviper.mx\/tienda\/producto\/hikvision-ds-2de7a425iw-aebt5-camara-ptz-ip-4-megapixel-25x-zoom-200-mts-ir-acusense-ip66-ik10-alerta-audible-y-luz-estroboscpica-autoseguimiento-2-0-hi-poe-darkfighter-rapid\/","og_site_name":"Compuviper","article_publisher":"https:\/\/www.facebook.com\/compuviper","twitter_card":"summary_large_image","twitter_misc":{"Precio":"&#36;10,380 con IVA","Availability":"Out of stock"},"schema":{"@context":"https:\/\/schema.org","@graph":[{"@type":"WebPage","@id":"https:\/\/compuviper.mx\/tienda\/producto\/hikvision-ds-2de7a425iw-aebt5-camara-ptz-ip-4-megapixel-25x-zoom-200-mts-ir-acusense-ip66-ik10-alerta-audible-y-luz-estroboscpica-autoseguimiento-2-0-hi-poe-darkfighter-rapid\/","url":"https:\/\/compuviper.mx\/tienda\/producto\/hikvision-ds-2de7a425iw-aebt5-camara-ptz-ip-4-megapixel-25x-zoom-200-mts-ir-acusense-ip66-ik10-alerta-audible-y-luz-estroboscpica-autoseguimiento-2-0-hi-poe-darkfighter-rapid\/","name":"[ Hikvision ] &#129351; Ds-2de7a425iw-aeb(t5) Camara \/ Ptz Ip 4 Megapixel \/ 25x Zoom \/ 200 Mts Ir \/ Acusense\/ Ip66 \/ Ik10 \/ Alerta Audible Y Luz Estrobosc\u00f3pica \/ Autoseguimiento 2.0 \/ Hi-poe \/ Darkfighter\/\/rapid Focus\/ Micro Sd","isPartOf":{"@id":"https:\/\/compuviper.mx\/tienda\/#website"},"datePublished":"2026-04-23T06:18:52+00:00","dateModified":"2026-04-23T06:18:52+00:00","description":"Compra Ds-2de7a425iw-aeb(t5) Camara \/ Ptz Ip 4 Megapixel \/ 25x Zoom \/ 200 Mts Ir \/ Acusense\/ Ip66 \/ Ik10 \/ Alerta Audible Y Luz Estrobosc\u00f3pica \/ Autoseguimiento 2.0 \/ Hi-poe \/ Darkfighter\/\/rapid Focus\/ Micro Sd + Env\u00edo a domicilio + Pago seguro + Garant\u00eda","breadcrumb":{"@id":"https:\/\/compuviper.mx\/tienda\/producto\/hikvision-ds-2de7a425iw-aebt5-camara-ptz-ip-4-megapixel-25x-zoom-200-mts-ir-acusense-ip66-ik10-alerta-audible-y-luz-estroboscpica-autoseguimiento-2-0-hi-poe-darkfighter-rapid\/#breadcrumb"},"inLanguage":"es-MX","potentialAction":[{"@type":"ReadAction","target":["https:\/\/compuviper.mx\/tienda\/producto\/hikvision-ds-2de7a425iw-aebt5-camara-ptz-ip-4-megapixel-25x-zoom-200-mts-ir-acusense-ip66-ik10-alerta-audible-y-luz-estroboscpica-autoseguimiento-2-0-hi-poe-darkfighter-rapid\/"]}]},{"@type":"BreadcrumbList","@id":"https:\/\/compuviper.mx\/tienda\/producto\/hikvision-ds-2de7a425iw-aebt5-camara-ptz-ip-4-megapixel-25x-zoom-200-mts-ir-acusense-ip66-ik10-alerta-audible-y-luz-estroboscpica-autoseguimiento-2-0-hi-poe-darkfighter-rapid\/#breadcrumb","itemListElement":[{"@type":"ListItem","position":1,"name":"Inicio","item":"https:\/\/compuviper.mx\/tienda\/"},{"@type":"ListItem","position":2,"name":"Productos","item":"https:\/\/compuviper.mx\/tienda\/productos\/"},{"@type":"ListItem","position":3,"name":"Camaras","item":"https:\/\/compuviper.mx\/tienda\/categoria-producto\/camaras-2\/"},{"@type":"ListItem","position":4,"name":"Camara De Videovigilancia","item":"https:\/\/compuviper.mx\/tienda\/categoria-producto\/camaras-2\/camara-de-videovigilancia\/"},{"@type":"ListItem","position":5,"name":"Hikvision Ds-2de7a425iw-aeb(t5) Camara \/ Ptz Ip 4 Megapixel \/ 25x Zoom \/ 200 Mts Ir \/ Acusense\/ Ip66 \/ Ik10 \/ Alerta Audible Y Luz Estrobosc?pica \/ Autoseguimiento 2.0 \/ Hi-poe \/ Darkfighter\/\/rapid Focus\/ Micro Sd"}]},{"@type":"WebSite","@id":"https:\/\/compuviper.mx\/tienda\/#website","url":"https:\/\/compuviper.mx\/tienda\/","name":"Compuviper","description":"Proveedor de Computadoras, Laptops, Servidores, Monitores, Puntos de Venta, Teclados,   Impresoras, T\u00f3ner, C\u00e1maras de Seguridad y m\u00e1s en tu tienda en l\u00ednea","publisher":{"@id":"https:\/\/compuviper.mx\/tienda\/#organization"},"potentialAction":[{"@type":"SearchAction","target":{"@type":"EntryPoint","urlTemplate":"https:\/\/compuviper.mx\/tienda\/?s={search_term_string}"},"query-input":"required name=search_term_string"}],"inLanguage":"es-MX"},{"@type":"Organization","@id":"https:\/\/compuviper.mx\/tienda\/#organization","name":"Compuviper","url":"https:\/\/compuviper.mx\/tienda\/","logo":{"@type":"ImageObject","inLanguage":"es-MX","@id":"https:\/\/compuviper.mx\/tienda\/#\/schema\/logo\/image\/","url":"https:\/\/compuviper.mx\/tienda\/wp-content\/uploads\/2021\/08\/Logo-Compuviper-10.png","contentUrl":"https:\/\/compuviper.mx\/tienda\/wp-content\/uploads\/2021\/08\/Logo-Compuviper-10.png","width":1000,"height":500,"caption":"Compuviper"},"image":{"@id":"https:\/\/compuviper.mx\/tienda\/#\/schema\/logo\/image\/"},"sameAs":["https:\/\/www.facebook.com\/compuviper","https:\/\/www.youtube.com\/channel\/UCf73dERp9Y3cfOq7q8BhLjA?view_as=subscriber"]}]},"product_brand":"HIKVISION","product_price_amount":"10380","product_price_currency":"MXN","og_availability":"out of stock","product_availability":"out of stock","product_retailer_item_id":"DS-2DE7A425IW-AEB(T5)","product_condition":"new"},"_links":{"self":[{"href":"https:\/\/compuviper.mx\/tienda\/wp-json\/wp\/v2\/product\/264569"}],"collection":[{"href":"https:\/\/compuviper.mx\/tienda\/wp-json\/wp\/v2\/product"}],"about":[{"href":"https:\/\/compuviper.mx\/tienda\/wp-json\/wp\/v2\/types\/product"}],"replies":[{"embeddable":true,"href":"https:\/\/compuviper.mx\/tienda\/wp-json\/wp\/v2\/comments?post=264569"}],"wp:attachment":[{"href":"https:\/\/compuviper.mx\/tienda\/wp-json\/wp\/v2\/media?parent=264569"}],"wp:term":[{"taxonomy":"product_cat","embeddable":true,"href":"https:\/\/compuviper.mx\/tienda\/wp-json\/wp\/v2\/product_cat?post=264569"},{"taxonomy":"product_tag","embeddable":true,"href":"https:\/\/compuviper.mx\/tienda\/wp-json\/wp\/v2\/product_tag?post=264569"}],"curies":[{"name":"wp","href":"https:\/\/api.w.org\/{rel}","templated":true}]}}