{"id":264267,"date":"2026-04-02T00:55:00","date_gmt":"2026-04-02T06:55:00","guid":{"rendered":"https:\/\/compuviper.mx\/tienda\/producto\/lg-34sr60qc-monitor-smart-b-curvo-wqhd-webos-34-pupanel-va100hz3440x1440219srgb-991800r300cd-m2tr5ms30001hdr10usbhdmirj-45bluetoothaltavoz-7wx2airplay2screen-sharevesa100x100\/"},"modified":"2026-04-02T00:55:00","modified_gmt":"2026-04-02T06:55:00","slug":"lg-34sr60qc-monitor-smart-b-curvo-wqhd-webos-34-pupanel-va100hz3440x1440219srgb-991800r300cd-m2tr5ms30001hdr10usbhdmirj-45bluetoothaltavoz-7wx2airplay2screen-sharevesa100x100","status":"publish","type":"product","link":"https:\/\/compuviper.mx\/tienda\/producto\/lg-34sr60qc-monitor-smart-b-curvo-wqhd-webos-34-pupanel-va100hz3440x1440219srgb-991800r300cd-m2tr5ms30001hdr10usbhdmirj-45bluetoothaltavoz-7wx2airplay2screen-sharevesa100x100\/","title":{"rendered":"Lg 34sr60qc Monitor  Smart -b Curvo Wqhd Webos 34 Pu,panel Va,100hz,3440&#215;1440,21:9,srgb 99%,1800r,300cd\/m2,tr5ms,3000:1,hdr10,usb,hdmi,rj-45,bluetooth,altavoz 7wx2,airplay2,screen Share,vesa100x100"},"content":{"rendered":"<table class=\"descripcion\">\n<tr>\n<td>Informaci\u00f3n lg:<\/td>\n<\/tr>\n<tr>\n<td>Nombre del producto<\/td>\n<\/tr>\n<tr>\n<td>34sr60qc-b<\/td>\n<\/tr>\n<tr>\n<td>Pantalla<\/td>\n<\/tr>\n<tr>\n<td>Tama\u00f1o [pulgadas]<\/td>\n<\/tr>\n<tr>\n<td>34<\/td>\n<\/tr>\n<tr>\n<td>Relaci\u00f3n de aspecto<\/td>\n<\/tr>\n<tr>\n<td>21:9<\/td>\n<\/tr>\n<tr>\n<td>Tipo de panel<\/td>\n<\/tr>\n<tr>\n<td>Va<\/td>\n<\/tr>\n<tr>\n<td>Tiempo de respuesta<\/td>\n<\/tr>\n<tr>\n<td>5ms<\/td>\n<\/tr>\n<tr>\n<td>Resoluci\u00f3n<\/td>\n<\/tr>\n<tr>\n<td>3440 x 1440<\/td>\n<\/tr>\n<tr>\n<td>Paso de p\u00edxeles [mm]<\/td>\n<\/tr>\n<tr>\n<td>0.07725 \u00d7 0.23175 mm<\/td>\n<\/tr>\n<tr>\n<td>Profundidad de color (n\u00famero de colores)<\/td>\n<\/tr>\n<tr>\n<td>16.7m<\/td>\n<\/tr>\n<tr>\n<td>\u00e1ngulo de visi\u00f3n (cr and #8805;10)<\/td>\n<\/tr>\n<tr>\n<td>178\u00ba(r\/l), 178\u00ba(u\/d)<\/td>\n<\/tr>\n<tr>\n<td>Brillo (t\u00edp.) [cd\/m\u00b2]<\/td>\n<\/tr>\n<tr>\n<td>300<\/td>\n<\/tr>\n<tr>\n<td>Relaci\u00f3n de contraste (t\u00edp.)<\/td>\n<\/tr>\n<tr>\n<td>3000:1<\/td>\n<\/tr>\n<tr>\n<td>Gama de colores (t\u00edp.)<\/td>\n<\/tr>\n<tr>\n<td>Srgb 99% (cie1931)<\/td>\n<\/tr>\n<tr>\n<td>Curvatura<\/td>\n<\/tr>\n<tr>\n<td>1800r<\/td>\n<\/tr>\n<tr>\n<td>Gama de colores (m\u00edn.)<\/td>\n<\/tr>\n<tr>\n<td>Srgb 90% (cie1931)<\/td>\n<\/tr>\n<tr>\n<td>Frecuencia de actualizaci\u00f3n (m\u00e1x.) [hz]<\/td>\n<\/tr>\n<tr>\n<td>100<\/td>\n<\/tr>\n<tr>\n<td>Brillo (m\u00edn.) [cd\/m\u00b2]<\/td>\n<\/tr>\n<tr>\n<td>240<\/td>\n<\/tr>\n<tr>\n<td>Relaci\u00f3n de contraste (m\u00edn.)<\/td>\n<\/tr>\n<tr>\n<td>1500:1<\/td>\n<\/tr>\n<tr>\n<td>Tama\u00f1o [cm]<\/td>\n<\/tr>\n<tr>\n<td>86.42<\/td>\n<\/tr>\n<tr>\n<td>Conectividad<\/td>\n<\/tr>\n<tr>\n<td>Hdmi<\/td>\n<\/tr>\n<tr>\n<td>Si(2ea)<\/td>\n<\/tr>\n<tr>\n<td>Versi\u00f3n dp<\/td>\n<\/tr>\n<tr>\n<td>2.2<\/td>\n<\/tr>\n<tr>\n<td>Salida de auriculares<\/td>\n<\/tr>\n<tr>\n<td>Si<\/td>\n<\/tr>\n<tr>\n<td>Lan (rj-45)<\/td>\n<\/tr>\n<tr>\n<td>Si<\/td>\n<\/tr>\n<tr>\n<td>Puerto usb descendente<\/td>\n<\/tr>\n<tr>\n<td>Si (usb-a, 2ea)<\/td>\n<\/tr>\n<tr>\n<td>Caracter\u00edsticas<\/td>\n<\/tr>\n<tr>\n<td>Hdr 10<\/td>\n<\/tr>\n<tr>\n<td>Si<\/td>\n<\/tr>\n<tr>\n<td>Brillo autom\u00e1tico<\/td>\n<\/tr>\n<tr>\n<td>Si<\/td>\n<\/tr>\n<tr>\n<td>Color calibrado en f\u00e1brica<\/td>\n<\/tr>\n<tr>\n<td>White balance calibration<\/td>\n<\/tr>\n<tr>\n<td>A prueba de parpadeos<\/td>\n<\/tr>\n<tr>\n<td>Si<\/td>\n<\/tr>\n<tr>\n<td>Modo lector<\/td>\n<\/tr>\n<tr>\n<td>Si<\/td>\n<\/tr>\n<tr>\n<td>Vrr<\/td>\n<\/tr>\n<tr>\n<td>Si<\/td>\n<\/tr>\n<tr>\n<td>Vesa displayhdr\u0099<\/td>\n<\/tr>\n<tr>\n<td>No<\/td>\n<\/tr>\n<tr>\n<td>Tecnolog\u00eda mini-led<\/td>\n<\/tr>\n<tr>\n<td>N<\/td>\n<\/tr>\n<tr>\n<td>Efecto hdr<\/td>\n<\/tr>\n<tr>\n<td>Si<\/td>\n<\/tr>\n<tr>\n<td>Mec\u00e1nico<\/td>\n<\/tr>\n<tr>\n<td>Ajustes de posici\u00f3n de la pantalla<\/td>\n<\/tr>\n<tr>\n<td>Inclinaci\u00f3n<\/td>\n<\/tr>\n<tr>\n<td>Montaje en pared [mm]<\/td>\n<\/tr>\n<tr>\n<td>100 x 100 mm100 x 100 mm<\/td>\n<\/tr>\n<tr>\n<td>Sonido<\/td>\n<\/tr>\n<tr>\n<td>Altavoz<\/td>\n<\/tr>\n<tr>\n<td>7w x 2<\/td>\n<\/tr>\n<tr>\n<td>Conectividad bluetooth<\/td>\n<\/tr>\n<tr>\n<td>Si<\/td>\n<\/tr>\n<tr>\n<td>Dimensiones\/pesos<\/td>\n<\/tr>\n<tr>\n<td>Dimensiones en el env\u00edo (an x al x p) [mm]<\/td>\n<\/tr>\n<tr>\n<td>986 x 524 x 212 mm<\/td>\n<\/tr>\n<tr>\n<td>Dimensiones con soporte (an x al x p) [mm]<\/td>\n<\/tr>\n<tr>\n<td>809.1 x 483.3 x 223.3 mm<\/td>\n<\/tr>\n<tr>\n<td>Dimensiones sin soporte (an x al x p) [mm]<\/td>\n<\/tr>\n<tr>\n<td>809.1 x 369.4 x 91.4 mm<\/td>\n<\/tr>\n<tr>\n<td>Peso en el env\u00edo [kg]<\/td>\n<\/tr>\n<tr>\n<td>9.2kg<\/td>\n<\/tr>\n<tr>\n<td>Peso con soporte [kg]<\/td>\n<\/tr>\n<tr>\n<td>6.10kg<\/td>\n<\/tr>\n<tr>\n<td>Peso sin soporte [kg]<\/td>\n<\/tr>\n<tr>\n<td>5.1kg<\/td>\n<\/tr>\n<tr>\n<td>Alimentaci\u00f3n<\/td>\n<\/tr>\n<tr>\n<td>Entrada ca<\/td>\n<\/tr>\n<tr>\n<td>100~240vac, 50\/60hz<\/td>\n<\/tr>\n<tr>\n<td>Tipo<\/td>\n<\/tr>\n<tr>\n<td>External power(adaptador)<\/td>\n<\/tr>\n<tr>\n<td>Accesorio<\/td>\n<\/tr>\n<tr>\n<td>Hdmi<\/td>\n<\/tr>\n<tr>\n<td>Si<\/td>\n<\/tr>\n<tr>\n<td>Mando a distancia<\/td>\n<\/tr>\n<tr>\n<td>Si<\/td>\n<\/tr>\n<\/table>\n","protected":false},"excerpt":{"rendered":"<p>Monitor lg smart 34\u0094 21:9 curvo wqhd (3440&#215;1440) con webos. 34sr60qc-b. Caracter\u00edsticas clave. Pantalla curva wqhd de 34\u0094 21:9 (3440&#215;1440. Monitor inteligente con webos. Soporte de thinq home dashboard \/ magic remote. Airplay 2, compartir pantalla, bluetooth. 2xhdmi, 2xpuertos usb. Soporte ajustable en inclinaci\u00f3n<\/p>\n","protected":false},"featured_media":0,"comment_status":"open","ping_status":"open","template":"","meta":[],"product_cat":[1741,1740],"product_tag":[1687],"acf":[],"yoast_head":"<!-- This site is optimized with the Yoast SEO plugin v21.7 - https:\/\/yoast.com\/wordpress\/plugins\/seo\/ -->\n<title>[ Lg ] &#129351; 34sr60qc Monitor Smart -b Curvo Wqhd Webos 34 Pu,panel Va,100hz,3440x1440,21:9,srgb 99%,1800r,300cd\/m2,tr5ms,3000:1,hdr10,usb,hdmi,rj-45,bluetooth,altavoz 7wx2,airplay2,screen Share,vesa100x100<\/title>\n<meta name=\"description\" content=\"Compra 34sr60qc Monitor Smart -b Curvo Wqhd Webos 34 Pu,panel Va,100hz,3440x1440,21:9,srgb 99%,1800r,300cd\/m2,tr5ms,3000:1,hdr10,usb,hdmi,rj-45,bluetooth,altavoz 7wx2,airplay2,screen Share,vesa100x100 + Env\u00edo a domicilio + Pago seguro + Garant\u00eda\" \/>\n<meta name=\"robots\" content=\"index, follow, max-snippet:-1, max-image-preview:large, max-video-preview:-1\" \/>\n<link rel=\"canonical\" href=\"https:\/\/compuviper.mx\/tienda\/producto\/lg-34sr60qc-monitor-smart-b-curvo-wqhd-webos-34-pupanel-va100hz3440x1440219srgb-991800r300cd-m2tr5ms30001hdr10usbhdmirj-45bluetoothaltavoz-7wx2airplay2screen-sharevesa100x100\/\" \/>\n<meta property=\"og:locale\" content=\"es_MX\" \/>\n<meta property=\"og:type\" content=\"article\" \/>\n<meta property=\"og:title\" content=\"[ Lg ] &#129351; 34sr60qc Monitor Smart -b Curvo Wqhd Webos 34 Pu,panel Va,100hz,3440x1440,21:9,srgb 99%,1800r,300cd\/m2,tr5ms,3000:1,hdr10,usb,hdmi,rj-45,bluetooth,altavoz 7wx2,airplay2,screen Share,vesa100x100\" \/>\n<meta property=\"og:description\" content=\"Compra 34sr60qc Monitor Smart -b Curvo Wqhd Webos 34 Pu,panel Va,100hz,3440x1440,21:9,srgb 99%,1800r,300cd\/m2,tr5ms,3000:1,hdr10,usb,hdmi,rj-45,bluetooth,altavoz 7wx2,airplay2,screen Share,vesa100x100 + Env\u00edo a domicilio + Pago seguro + Garant\u00eda\" \/>\n<meta property=\"og:url\" content=\"https:\/\/compuviper.mx\/tienda\/producto\/lg-34sr60qc-monitor-smart-b-curvo-wqhd-webos-34-pupanel-va100hz3440x1440219srgb-991800r300cd-m2tr5ms30001hdr10usbhdmirj-45bluetoothaltavoz-7wx2airplay2screen-sharevesa100x100\/\" \/>\n<meta property=\"og:site_name\" content=\"Compuviper\" \/>\n<meta property=\"article:publisher\" content=\"https:\/\/www.facebook.com\/compuviper\" \/>\n<meta name=\"twitter:card\" content=\"summary_large_image\" \/>\n<meta name=\"twitter:label1\" content=\"Precio\" \/>\n\t<meta name=\"twitter:data1\" content=\"&#36;7,023 con IVA\" \/>\n\t<meta name=\"twitter:label2\" content=\"Availability\" \/>\n\t<meta name=\"twitter:data2\" content=\"In stock\" \/>\n<script type=\"application\/ld+json\" class=\"yoast-schema-graph\">{\"@context\":\"https:\/\/schema.org\",\"@graph\":[{\"@type\":\"WebPage\",\"@id\":\"https:\/\/compuviper.mx\/tienda\/producto\/lg-34sr60qc-monitor-smart-b-curvo-wqhd-webos-34-pupanel-va100hz3440x1440219srgb-991800r300cd-m2tr5ms30001hdr10usbhdmirj-45bluetoothaltavoz-7wx2airplay2screen-sharevesa100x100\/\",\"url\":\"https:\/\/compuviper.mx\/tienda\/producto\/lg-34sr60qc-monitor-smart-b-curvo-wqhd-webos-34-pupanel-va100hz3440x1440219srgb-991800r300cd-m2tr5ms30001hdr10usbhdmirj-45bluetoothaltavoz-7wx2airplay2screen-sharevesa100x100\/\",\"name\":\"[ Lg ] &#129351; 34sr60qc Monitor Smart -b Curvo Wqhd Webos 34 Pu,panel Va,100hz,3440x1440,21:9,srgb 99%,1800r,300cd\/m2,tr5ms,3000:1,hdr10,usb,hdmi,rj-45,bluetooth,altavoz 7wx2,airplay2,screen Share,vesa100x100\",\"isPartOf\":{\"@id\":\"https:\/\/compuviper.mx\/tienda\/#website\"},\"datePublished\":\"2026-04-02T06:55:00+00:00\",\"dateModified\":\"2026-04-02T06:55:00+00:00\",\"description\":\"Compra 34sr60qc Monitor Smart -b Curvo Wqhd Webos 34 Pu,panel Va,100hz,3440x1440,21:9,srgb 99%,1800r,300cd\/m2,tr5ms,3000:1,hdr10,usb,hdmi,rj-45,bluetooth,altavoz 7wx2,airplay2,screen Share,vesa100x100 + Env\u00edo a domicilio + Pago seguro + Garant\u00eda\",\"breadcrumb\":{\"@id\":\"https:\/\/compuviper.mx\/tienda\/producto\/lg-34sr60qc-monitor-smart-b-curvo-wqhd-webos-34-pupanel-va100hz3440x1440219srgb-991800r300cd-m2tr5ms30001hdr10usbhdmirj-45bluetoothaltavoz-7wx2airplay2screen-sharevesa100x100\/#breadcrumb\"},\"inLanguage\":\"es-MX\",\"potentialAction\":[{\"@type\":\"ReadAction\",\"target\":[\"https:\/\/compuviper.mx\/tienda\/producto\/lg-34sr60qc-monitor-smart-b-curvo-wqhd-webos-34-pupanel-va100hz3440x1440219srgb-991800r300cd-m2tr5ms30001hdr10usbhdmirj-45bluetoothaltavoz-7wx2airplay2screen-sharevesa100x100\/\"]}]},{\"@type\":\"BreadcrumbList\",\"@id\":\"https:\/\/compuviper.mx\/tienda\/producto\/lg-34sr60qc-monitor-smart-b-curvo-wqhd-webos-34-pupanel-va100hz3440x1440219srgb-991800r300cd-m2tr5ms30001hdr10usbhdmirj-45bluetoothaltavoz-7wx2airplay2screen-sharevesa100x100\/#breadcrumb\",\"itemListElement\":[{\"@type\":\"ListItem\",\"position\":1,\"name\":\"Inicio\",\"item\":\"https:\/\/compuviper.mx\/tienda\/\"},{\"@type\":\"ListItem\",\"position\":2,\"name\":\"Productos\",\"item\":\"https:\/\/compuviper.mx\/tienda\/productos\/\"},{\"@type\":\"ListItem\",\"position\":3,\"name\":\"Monitores\",\"item\":\"https:\/\/compuviper.mx\/tienda\/categoria-producto\/monitores\/\"},{\"@type\":\"ListItem\",\"position\":4,\"name\":\"Led\",\"item\":\"https:\/\/compuviper.mx\/tienda\/categoria-producto\/monitores\/led\/\"},{\"@type\":\"ListItem\",\"position\":5,\"name\":\"Lg 34sr60qc Monitor Smart -b Curvo Wqhd Webos 34 Pu,panel Va,100hz,3440&#215;1440,21:9,srgb 99%,1800r,300cd\/m2,tr5ms,3000:1,hdr10,usb,hdmi,rj-45,bluetooth,altavoz 7wx2,airplay2,screen Share,vesa100x100\"}]},{\"@type\":\"WebSite\",\"@id\":\"https:\/\/compuviper.mx\/tienda\/#website\",\"url\":\"https:\/\/compuviper.mx\/tienda\/\",\"name\":\"Compuviper\",\"description\":\"Proveedor de Computadoras, Laptops, Servidores, Monitores, Puntos de Venta, Teclados,   Impresoras, T\u00f3ner, C\u00e1maras de Seguridad y m\u00e1s en tu tienda en l\u00ednea\",\"publisher\":{\"@id\":\"https:\/\/compuviper.mx\/tienda\/#organization\"},\"potentialAction\":[{\"@type\":\"SearchAction\",\"target\":{\"@type\":\"EntryPoint\",\"urlTemplate\":\"https:\/\/compuviper.mx\/tienda\/?s={search_term_string}\"},\"query-input\":\"required name=search_term_string\"}],\"inLanguage\":\"es-MX\"},{\"@type\":\"Organization\",\"@id\":\"https:\/\/compuviper.mx\/tienda\/#organization\",\"name\":\"Compuviper\",\"url\":\"https:\/\/compuviper.mx\/tienda\/\",\"logo\":{\"@type\":\"ImageObject\",\"inLanguage\":\"es-MX\",\"@id\":\"https:\/\/compuviper.mx\/tienda\/#\/schema\/logo\/image\/\",\"url\":\"https:\/\/compuviper.mx\/tienda\/wp-content\/uploads\/2021\/08\/Logo-Compuviper-10.png\",\"contentUrl\":\"https:\/\/compuviper.mx\/tienda\/wp-content\/uploads\/2021\/08\/Logo-Compuviper-10.png\",\"width\":1000,\"height\":500,\"caption\":\"Compuviper\"},\"image\":{\"@id\":\"https:\/\/compuviper.mx\/tienda\/#\/schema\/logo\/image\/\"},\"sameAs\":[\"https:\/\/www.facebook.com\/compuviper\",\"https:\/\/www.youtube.com\/channel\/UCf73dERp9Y3cfOq7q8BhLjA?view_as=subscriber\"]}]}<\/script>\n<meta property=\"product:brand\" content=\"LG\" \/>\n<meta property=\"product:price:amount\" content=\"7023\" \/>\n<meta property=\"product:price:currency\" content=\"MXN\" \/>\n<meta property=\"og:availability\" content=\"instock\" \/>\n<meta property=\"product:availability\" content=\"instock\" \/>\n<meta property=\"product:retailer_item_id\" content=\"34SR60QC\" \/>\n<meta property=\"product:condition\" content=\"new\" \/>\n<!-- \/ Yoast SEO plugin. -->","yoast_head_json":{"title":"[ Lg ] &#129351; 34sr60qc Monitor Smart -b Curvo Wqhd Webos 34 Pu,panel Va,100hz,3440x1440,21:9,srgb 99%,1800r,300cd\/m2,tr5ms,3000:1,hdr10,usb,hdmi,rj-45,bluetooth,altavoz 7wx2,airplay2,screen Share,vesa100x100","description":"Compra 34sr60qc Monitor Smart -b Curvo Wqhd Webos 34 Pu,panel Va,100hz,3440x1440,21:9,srgb 99%,1800r,300cd\/m2,tr5ms,3000:1,hdr10,usb,hdmi,rj-45,bluetooth,altavoz 7wx2,airplay2,screen Share,vesa100x100 + Env\u00edo a domicilio + Pago seguro + Garant\u00eda","robots":{"index":"index","follow":"follow","max-snippet":"max-snippet:-1","max-image-preview":"max-image-preview:large","max-video-preview":"max-video-preview:-1"},"canonical":"https:\/\/compuviper.mx\/tienda\/producto\/lg-34sr60qc-monitor-smart-b-curvo-wqhd-webos-34-pupanel-va100hz3440x1440219srgb-991800r300cd-m2tr5ms30001hdr10usbhdmirj-45bluetoothaltavoz-7wx2airplay2screen-sharevesa100x100\/","og_locale":"es_MX","og_type":"article","og_title":"[ Lg ] &#129351; 34sr60qc Monitor Smart -b Curvo Wqhd Webos 34 Pu,panel Va,100hz,3440x1440,21:9,srgb 99%,1800r,300cd\/m2,tr5ms,3000:1,hdr10,usb,hdmi,rj-45,bluetooth,altavoz 7wx2,airplay2,screen Share,vesa100x100","og_description":"Compra 34sr60qc Monitor Smart -b Curvo Wqhd Webos 34 Pu,panel Va,100hz,3440x1440,21:9,srgb 99%,1800r,300cd\/m2,tr5ms,3000:1,hdr10,usb,hdmi,rj-45,bluetooth,altavoz 7wx2,airplay2,screen Share,vesa100x100 + Env\u00edo a domicilio + Pago seguro + Garant\u00eda","og_url":"https:\/\/compuviper.mx\/tienda\/producto\/lg-34sr60qc-monitor-smart-b-curvo-wqhd-webos-34-pupanel-va100hz3440x1440219srgb-991800r300cd-m2tr5ms30001hdr10usbhdmirj-45bluetoothaltavoz-7wx2airplay2screen-sharevesa100x100\/","og_site_name":"Compuviper","article_publisher":"https:\/\/www.facebook.com\/compuviper","twitter_card":"summary_large_image","twitter_misc":{"Precio":"&#36;7,023 con IVA","Availability":"In stock"},"schema":{"@context":"https:\/\/schema.org","@graph":[{"@type":"WebPage","@id":"https:\/\/compuviper.mx\/tienda\/producto\/lg-34sr60qc-monitor-smart-b-curvo-wqhd-webos-34-pupanel-va100hz3440x1440219srgb-991800r300cd-m2tr5ms30001hdr10usbhdmirj-45bluetoothaltavoz-7wx2airplay2screen-sharevesa100x100\/","url":"https:\/\/compuviper.mx\/tienda\/producto\/lg-34sr60qc-monitor-smart-b-curvo-wqhd-webos-34-pupanel-va100hz3440x1440219srgb-991800r300cd-m2tr5ms30001hdr10usbhdmirj-45bluetoothaltavoz-7wx2airplay2screen-sharevesa100x100\/","name":"[ Lg ] &#129351; 34sr60qc Monitor Smart -b Curvo Wqhd Webos 34 Pu,panel Va,100hz,3440x1440,21:9,srgb 99%,1800r,300cd\/m2,tr5ms,3000:1,hdr10,usb,hdmi,rj-45,bluetooth,altavoz 7wx2,airplay2,screen Share,vesa100x100","isPartOf":{"@id":"https:\/\/compuviper.mx\/tienda\/#website"},"datePublished":"2026-04-02T06:55:00+00:00","dateModified":"2026-04-02T06:55:00+00:00","description":"Compra 34sr60qc Monitor Smart -b Curvo Wqhd Webos 34 Pu,panel Va,100hz,3440x1440,21:9,srgb 99%,1800r,300cd\/m2,tr5ms,3000:1,hdr10,usb,hdmi,rj-45,bluetooth,altavoz 7wx2,airplay2,screen Share,vesa100x100 + Env\u00edo a domicilio + Pago seguro + Garant\u00eda","breadcrumb":{"@id":"https:\/\/compuviper.mx\/tienda\/producto\/lg-34sr60qc-monitor-smart-b-curvo-wqhd-webos-34-pupanel-va100hz3440x1440219srgb-991800r300cd-m2tr5ms30001hdr10usbhdmirj-45bluetoothaltavoz-7wx2airplay2screen-sharevesa100x100\/#breadcrumb"},"inLanguage":"es-MX","potentialAction":[{"@type":"ReadAction","target":["https:\/\/compuviper.mx\/tienda\/producto\/lg-34sr60qc-monitor-smart-b-curvo-wqhd-webos-34-pupanel-va100hz3440x1440219srgb-991800r300cd-m2tr5ms30001hdr10usbhdmirj-45bluetoothaltavoz-7wx2airplay2screen-sharevesa100x100\/"]}]},{"@type":"BreadcrumbList","@id":"https:\/\/compuviper.mx\/tienda\/producto\/lg-34sr60qc-monitor-smart-b-curvo-wqhd-webos-34-pupanel-va100hz3440x1440219srgb-991800r300cd-m2tr5ms30001hdr10usbhdmirj-45bluetoothaltavoz-7wx2airplay2screen-sharevesa100x100\/#breadcrumb","itemListElement":[{"@type":"ListItem","position":1,"name":"Inicio","item":"https:\/\/compuviper.mx\/tienda\/"},{"@type":"ListItem","position":2,"name":"Productos","item":"https:\/\/compuviper.mx\/tienda\/productos\/"},{"@type":"ListItem","position":3,"name":"Monitores","item":"https:\/\/compuviper.mx\/tienda\/categoria-producto\/monitores\/"},{"@type":"ListItem","position":4,"name":"Led","item":"https:\/\/compuviper.mx\/tienda\/categoria-producto\/monitores\/led\/"},{"@type":"ListItem","position":5,"name":"Lg 34sr60qc Monitor Smart -b Curvo Wqhd Webos 34 Pu,panel Va,100hz,3440&#215;1440,21:9,srgb 99%,1800r,300cd\/m2,tr5ms,3000:1,hdr10,usb,hdmi,rj-45,bluetooth,altavoz 7wx2,airplay2,screen Share,vesa100x100"}]},{"@type":"WebSite","@id":"https:\/\/compuviper.mx\/tienda\/#website","url":"https:\/\/compuviper.mx\/tienda\/","name":"Compuviper","description":"Proveedor de Computadoras, Laptops, Servidores, Monitores, Puntos de Venta, Teclados,   Impresoras, T\u00f3ner, C\u00e1maras de Seguridad y m\u00e1s en tu tienda en l\u00ednea","publisher":{"@id":"https:\/\/compuviper.mx\/tienda\/#organization"},"potentialAction":[{"@type":"SearchAction","target":{"@type":"EntryPoint","urlTemplate":"https:\/\/compuviper.mx\/tienda\/?s={search_term_string}"},"query-input":"required name=search_term_string"}],"inLanguage":"es-MX"},{"@type":"Organization","@id":"https:\/\/compuviper.mx\/tienda\/#organization","name":"Compuviper","url":"https:\/\/compuviper.mx\/tienda\/","logo":{"@type":"ImageObject","inLanguage":"es-MX","@id":"https:\/\/compuviper.mx\/tienda\/#\/schema\/logo\/image\/","url":"https:\/\/compuviper.mx\/tienda\/wp-content\/uploads\/2021\/08\/Logo-Compuviper-10.png","contentUrl":"https:\/\/compuviper.mx\/tienda\/wp-content\/uploads\/2021\/08\/Logo-Compuviper-10.png","width":1000,"height":500,"caption":"Compuviper"},"image":{"@id":"https:\/\/compuviper.mx\/tienda\/#\/schema\/logo\/image\/"},"sameAs":["https:\/\/www.facebook.com\/compuviper","https:\/\/www.youtube.com\/channel\/UCf73dERp9Y3cfOq7q8BhLjA?view_as=subscriber"]}]},"product_brand":"LG","product_price_amount":"7023","product_price_currency":"MXN","og_availability":"instock","product_availability":"instock","product_retailer_item_id":"34SR60QC","product_condition":"new"},"_links":{"self":[{"href":"https:\/\/compuviper.mx\/tienda\/wp-json\/wp\/v2\/product\/264267"}],"collection":[{"href":"https:\/\/compuviper.mx\/tienda\/wp-json\/wp\/v2\/product"}],"about":[{"href":"https:\/\/compuviper.mx\/tienda\/wp-json\/wp\/v2\/types\/product"}],"replies":[{"embeddable":true,"href":"https:\/\/compuviper.mx\/tienda\/wp-json\/wp\/v2\/comments?post=264267"}],"wp:attachment":[{"href":"https:\/\/compuviper.mx\/tienda\/wp-json\/wp\/v2\/media?parent=264267"}],"wp:term":[{"taxonomy":"product_cat","embeddable":true,"href":"https:\/\/compuviper.mx\/tienda\/wp-json\/wp\/v2\/product_cat?post=264267"},{"taxonomy":"product_tag","embeddable":true,"href":"https:\/\/compuviper.mx\/tienda\/wp-json\/wp\/v2\/product_tag?post=264267"}],"curies":[{"name":"wp","href":"https:\/\/api.w.org\/{rel}","templated":true}]}}