{"id":264219,"date":"2026-04-18T01:45:35","date_gmt":"2026-04-18T07:45:35","guid":{"rendered":"https:\/\/compuviper.mx\/tienda\/producto\/3nstar-pte0912w-16-500w11-terminal-punto-de-venta-aio-touch-plateado-15-pulgadas-intel-core-i5-12-generacion-ram-16gb-500-gb-ssd-con-win-11-iot\/"},"modified":"2026-04-18T01:45:35","modified_gmt":"2026-04-18T07:45:35","slug":"3nstar-pte0912w-16-500w11-terminal-punto-de-venta-aio-touch-plateado-15-pulgadas-intel-core-i5-12-generacion-ram-16gb-500-gb-ssd-con-win-11-iot","status":"publish","type":"product","link":"https:\/\/compuviper.mx\/tienda\/producto\/3nstar-pte0912w-16-500w11-terminal-punto-de-venta-aio-touch-plateado-15-pulgadas-intel-core-i5-12-generacion-ram-16gb-500-gb-ssd-con-win-11-iot\/","title":{"rendered":"3nstar Pte0912w-16-500w11 Terminal Punto De Venta  , Aio Touch, Plateado, 15 Pulgadas, Intel Core I5 12 Generacion, Ram 16gb, 500 Gb Ssd, Con Win 11 Iot"},"content":{"rendered":"<table class=\"descripcion\">\n<tr>\n<td>Fisicas<\/td>\n<\/tr>\n<tr>\n<td>Dimensiones 342mm x 310mm x 488mm<\/td>\n<\/tr>\n<tr>\n<td>Peso 3.4kg.<\/td>\n<\/tr>\n<tr>\n<td>Construccion: fundicion a presion de aluminio y plastico<\/td>\n<\/tr>\n<tr>\n<td>Color: gris galaxia y plata<\/td>\n<\/tr>\n<tr>\n<td>Rendimiento<\/td>\n<\/tr>\n<tr>\n<td>Sistema operativo opcional windows 7, 8 , 10, 11  y linux<\/td>\n<\/tr>\n<tr>\n<td>Procesador intel core i5 12a generacion<\/td>\n<\/tr>\n<tr>\n<td>Memoria ram: 16gb ddr4 expandible hasta 32gb<\/td>\n<\/tr>\n<tr>\n<td>Almacenamiento 512gb ssd expandible a 1tb msata<\/td>\n<\/tr>\n<tr>\n<td>Conectividad<\/td>\n<\/tr>\n<tr>\n<td>Wi-fi doble banda 802.11ac, a\/b\/g, n<\/td>\n<\/tr>\n<tr>\n<td>Bluetooth: incluido<\/td>\n<\/tr>\n<tr>\n<td>Ethernet: 10\/100\/1000m rj45<\/td>\n<\/tr>\n<tr>\n<td>Usb: 4 puertos, 1usb 2.0, 3 usb 3.0<\/td>\n<\/tr>\n<tr>\n<td>Usb energizado: 1 puerto 24v, 1 smart i.o 5.12.12.24v<\/td>\n<\/tr>\n<tr>\n<td>Puerto de expansion 1: 2ndo monitor o pantalla a cliente<\/td>\n<\/tr>\n<tr>\n<td>Serial rs232: 2 puesrtos rj45<\/td>\n<\/tr>\n<tr>\n<td>Salida de video:  hdmi<\/td>\n<\/tr>\n<tr>\n<td>Gaveta de dinero: 1rj11 24v<\/td>\n<\/tr>\n<tr>\n<td>Tecnologia: capacitivo 10 puntos<\/td>\n<\/tr>\n<tr>\n<td>Trasmision: 87 por ciento &#8211; 2 por ciento<\/td>\n<\/tr>\n<tr>\n<td>Numero de toques:  mas de 50.000.000<\/td>\n<\/tr>\n<tr>\n<td>Monitor<\/td>\n<\/tr>\n<tr>\n<td>Resolucion 1024 por 768<\/td>\n<\/tr>\n<tr>\n<td>Tamao del punto 0.297v0.297hmm<\/td>\n<\/tr>\n<tr>\n<td>Brillo: 350 cd m2<\/td>\n<\/tr>\n<tr>\n<td>Contraste:  800:1tipico 450:1min<\/td>\n<\/tr>\n<tr>\n<td>Tiempo de respuesta 9 ms<\/td>\n<\/tr>\n<tr>\n<td>Angulo de vision 160.150<\/td>\n<\/tr>\n<tr>\n<td>Numero de colores 16,2m<\/td>\n<\/tr>\n<tr>\n<td>Vida util: mas de 50.000.000 horas<\/td>\n<\/tr>\n<tr>\n<td>Frecuencia horizontal 60khz.<\/td>\n<\/tr>\n<tr>\n<td>Caracteristicas electricas<\/td>\n<\/tr>\n<tr>\n<td>Salida del adaptador dc 20v, 6.5a<\/td>\n<\/tr>\n<tr>\n<td>Entrada del adaptador adaptador ac 100-240v, 50-60hz<\/td>\n<\/tr>\n<tr>\n<td>Condiciones ambientales<\/td>\n<\/tr>\n<tr>\n<td>Temperatura de operacion 0 &#8211;  40 grados centigrados<\/td>\n<\/tr>\n<tr>\n<td>Temperatura de almacenaje -20 c &#8211; 60c hgrados centigrados<\/td>\n<\/tr>\n<tr>\n<td>Humedad 40 por ciento &#8211; 90 por ciento  sin condensacion<\/td>\n<\/tr>\n<tr>\n<td>Empaque<\/td>\n<\/tr>\n<tr>\n<td>Contenido:  adaptador de corriente<\/td>\n<\/tr>\n<tr>\n<td>Tamano:  492mm x 168 mm x 488mm<\/td>\n<\/tr>\n<tr>\n<td>Peso bruto 6.2 kg<\/td>\n<\/tr>\n<tr>\n<td>Certificaciones y garantia<\/td>\n<\/tr>\n<tr>\n<td>Certificaciones: ce, class b, fcc<\/td>\n<\/tr>\n<tr>\n<td>Garantia:  1 ano garantia extendida opcional<\/td>\n<\/tr>\n<\/table>\n","protected":false},"excerpt":{"rendered":"<p>El sistema 3nstar pte0912 ha sido diseado para aplicaciones de punto de venta  y hospitalidad mas demandantes,  es un equipo robusto, resistente al polvo y capaz de operar continuamente las 24 horas del dia los 365 dias del ao.<\/p>\n","protected":false},"featured_media":0,"comment_status":"open","ping_status":"open","template":"","meta":[],"product_cat":[1532,1533],"product_tag":[1570],"acf":[],"yoast_head":"<!-- This site is optimized with the Yoast SEO plugin v21.7 - https:\/\/yoast.com\/wordpress\/plugins\/seo\/ -->\n<title>[ 3nstar ] &#129351; Pte0912w-16-500w11 Terminal Punto De Venta , Aio Touch, Plateado, 15 Pulgadas, Intel Core I5 12 Generacion, Ram 16gb, 500 Gb Ssd, Con Win 11 Iot<\/title>\n<meta name=\"description\" content=\"Compra Pte0912w-16-500w11 Terminal Punto De Venta , Aio Touch, Plateado, 15 Pulgadas, Intel Core I5 12 Generacion, Ram 16gb, 500 Gb Ssd, Con Win 11 Iot + Env\u00edo a domicilio + Pago seguro + Garant\u00eda\" \/>\n<meta name=\"robots\" content=\"index, follow, max-snippet:-1, max-image-preview:large, max-video-preview:-1\" \/>\n<link rel=\"canonical\" href=\"https:\/\/compuviper.mx\/tienda\/producto\/3nstar-pte0912w-16-500w11-terminal-punto-de-venta-aio-touch-plateado-15-pulgadas-intel-core-i5-12-generacion-ram-16gb-500-gb-ssd-con-win-11-iot\/\" \/>\n<meta property=\"og:locale\" content=\"es_MX\" \/>\n<meta property=\"og:type\" content=\"article\" \/>\n<meta property=\"og:title\" content=\"[ 3nstar ] &#129351; Pte0912w-16-500w11 Terminal Punto De Venta , Aio Touch, Plateado, 15 Pulgadas, Intel Core I5 12 Generacion, Ram 16gb, 500 Gb Ssd, Con Win 11 Iot\" \/>\n<meta property=\"og:description\" content=\"Compra Pte0912w-16-500w11 Terminal Punto De Venta , Aio Touch, Plateado, 15 Pulgadas, Intel Core I5 12 Generacion, Ram 16gb, 500 Gb Ssd, Con Win 11 Iot + Env\u00edo a domicilio + Pago seguro + Garant\u00eda\" \/>\n<meta property=\"og:url\" content=\"https:\/\/compuviper.mx\/tienda\/producto\/3nstar-pte0912w-16-500w11-terminal-punto-de-venta-aio-touch-plateado-15-pulgadas-intel-core-i5-12-generacion-ram-16gb-500-gb-ssd-con-win-11-iot\/\" \/>\n<meta property=\"og:site_name\" content=\"Compuviper\" \/>\n<meta property=\"article:publisher\" content=\"https:\/\/www.facebook.com\/compuviper\" \/>\n<meta name=\"twitter:card\" content=\"summary_large_image\" \/>\n<meta name=\"twitter:label1\" content=\"Precio\" \/>\n\t<meta name=\"twitter:data1\" content=\"&#36;29,023 con IVA\" \/>\n\t<meta name=\"twitter:label2\" content=\"Availability\" \/>\n\t<meta name=\"twitter:data2\" content=\"On backorder\" \/>\n<script type=\"application\/ld+json\" class=\"yoast-schema-graph\">{\"@context\":\"https:\/\/schema.org\",\"@graph\":[{\"@type\":\"WebPage\",\"@id\":\"https:\/\/compuviper.mx\/tienda\/producto\/3nstar-pte0912w-16-500w11-terminal-punto-de-venta-aio-touch-plateado-15-pulgadas-intel-core-i5-12-generacion-ram-16gb-500-gb-ssd-con-win-11-iot\/\",\"url\":\"https:\/\/compuviper.mx\/tienda\/producto\/3nstar-pte0912w-16-500w11-terminal-punto-de-venta-aio-touch-plateado-15-pulgadas-intel-core-i5-12-generacion-ram-16gb-500-gb-ssd-con-win-11-iot\/\",\"name\":\"[ 3nstar ] &#129351; Pte0912w-16-500w11 Terminal Punto De Venta , Aio Touch, Plateado, 15 Pulgadas, Intel Core I5 12 Generacion, Ram 16gb, 500 Gb Ssd, Con Win 11 Iot\",\"isPartOf\":{\"@id\":\"https:\/\/compuviper.mx\/tienda\/#website\"},\"datePublished\":\"2026-04-18T07:45:35+00:00\",\"dateModified\":\"2026-04-18T07:45:35+00:00\",\"description\":\"Compra Pte0912w-16-500w11 Terminal Punto De Venta , Aio Touch, Plateado, 15 Pulgadas, Intel Core I5 12 Generacion, Ram 16gb, 500 Gb Ssd, Con Win 11 Iot + Env\u00edo a domicilio + Pago seguro + Garant\u00eda\",\"breadcrumb\":{\"@id\":\"https:\/\/compuviper.mx\/tienda\/producto\/3nstar-pte0912w-16-500w11-terminal-punto-de-venta-aio-touch-plateado-15-pulgadas-intel-core-i5-12-generacion-ram-16gb-500-gb-ssd-con-win-11-iot\/#breadcrumb\"},\"inLanguage\":\"es-MX\",\"potentialAction\":[{\"@type\":\"ReadAction\",\"target\":[\"https:\/\/compuviper.mx\/tienda\/producto\/3nstar-pte0912w-16-500w11-terminal-punto-de-venta-aio-touch-plateado-15-pulgadas-intel-core-i5-12-generacion-ram-16gb-500-gb-ssd-con-win-11-iot\/\"]}]},{\"@type\":\"BreadcrumbList\",\"@id\":\"https:\/\/compuviper.mx\/tienda\/producto\/3nstar-pte0912w-16-500w11-terminal-punto-de-venta-aio-touch-plateado-15-pulgadas-intel-core-i5-12-generacion-ram-16gb-500-gb-ssd-con-win-11-iot\/#breadcrumb\",\"itemListElement\":[{\"@type\":\"ListItem\",\"position\":1,\"name\":\"Inicio\",\"item\":\"https:\/\/compuviper.mx\/tienda\/\"},{\"@type\":\"ListItem\",\"position\":2,\"name\":\"Productos\",\"item\":\"https:\/\/compuviper.mx\/tienda\/productos\/\"},{\"@type\":\"ListItem\",\"position\":3,\"name\":\"Terminal Pos\",\"item\":\"https:\/\/compuviper.mx\/tienda\/categoria-producto\/terminal-pos\/\"},{\"@type\":\"ListItem\",\"position\":4,\"name\":\"Sin Categor\u00eda\",\"item\":\"https:\/\/compuviper.mx\/tienda\/categoria-producto\/terminal-pos\/sin-categoria-terminal-pos\/\"},{\"@type\":\"ListItem\",\"position\":5,\"name\":\"3nstar Pte0912w-16-500w11 Terminal Punto De Venta , Aio Touch, Plateado, 15 Pulgadas, Intel Core I5 12 Generacion, Ram 16gb, 500 Gb Ssd, Con Win 11 Iot\"}]},{\"@type\":\"WebSite\",\"@id\":\"https:\/\/compuviper.mx\/tienda\/#website\",\"url\":\"https:\/\/compuviper.mx\/tienda\/\",\"name\":\"Compuviper\",\"description\":\"Proveedor de Computadoras, Laptops, Servidores, Monitores, Puntos de Venta, Teclados,   Impresoras, T\u00f3ner, C\u00e1maras de Seguridad y m\u00e1s en tu tienda en l\u00ednea\",\"publisher\":{\"@id\":\"https:\/\/compuviper.mx\/tienda\/#organization\"},\"potentialAction\":[{\"@type\":\"SearchAction\",\"target\":{\"@type\":\"EntryPoint\",\"urlTemplate\":\"https:\/\/compuviper.mx\/tienda\/?s={search_term_string}\"},\"query-input\":\"required name=search_term_string\"}],\"inLanguage\":\"es-MX\"},{\"@type\":\"Organization\",\"@id\":\"https:\/\/compuviper.mx\/tienda\/#organization\",\"name\":\"Compuviper\",\"url\":\"https:\/\/compuviper.mx\/tienda\/\",\"logo\":{\"@type\":\"ImageObject\",\"inLanguage\":\"es-MX\",\"@id\":\"https:\/\/compuviper.mx\/tienda\/#\/schema\/logo\/image\/\",\"url\":\"https:\/\/compuviper.mx\/tienda\/wp-content\/uploads\/2021\/08\/Logo-Compuviper-10.png\",\"contentUrl\":\"https:\/\/compuviper.mx\/tienda\/wp-content\/uploads\/2021\/08\/Logo-Compuviper-10.png\",\"width\":1000,\"height\":500,\"caption\":\"Compuviper\"},\"image\":{\"@id\":\"https:\/\/compuviper.mx\/tienda\/#\/schema\/logo\/image\/\"},\"sameAs\":[\"https:\/\/www.facebook.com\/compuviper\",\"https:\/\/www.youtube.com\/channel\/UCf73dERp9Y3cfOq7q8BhLjA?view_as=subscriber\"]}]}<\/script>\n<meta property=\"product:brand\" content=\"3NSTAR\" \/>\n<meta property=\"product:price:amount\" content=\"29023\" \/>\n<meta property=\"product:price:currency\" content=\"MXN\" \/>\n<meta property=\"og:availability\" content=\"backorder\" \/>\n<meta property=\"product:availability\" content=\"available for order\" \/>\n<meta property=\"product:retailer_item_id\" content=\"PTE0912W-16-500W11\" \/>\n<meta property=\"product:condition\" content=\"new\" \/>\n<!-- \/ Yoast SEO plugin. -->","yoast_head_json":{"title":"[ 3nstar ] &#129351; Pte0912w-16-500w11 Terminal Punto De Venta , Aio Touch, Plateado, 15 Pulgadas, Intel Core I5 12 Generacion, Ram 16gb, 500 Gb Ssd, Con Win 11 Iot","description":"Compra Pte0912w-16-500w11 Terminal Punto De Venta , Aio Touch, Plateado, 15 Pulgadas, Intel Core I5 12 Generacion, Ram 16gb, 500 Gb Ssd, Con Win 11 Iot + Env\u00edo a domicilio + Pago seguro + Garant\u00eda","robots":{"index":"index","follow":"follow","max-snippet":"max-snippet:-1","max-image-preview":"max-image-preview:large","max-video-preview":"max-video-preview:-1"},"canonical":"https:\/\/compuviper.mx\/tienda\/producto\/3nstar-pte0912w-16-500w11-terminal-punto-de-venta-aio-touch-plateado-15-pulgadas-intel-core-i5-12-generacion-ram-16gb-500-gb-ssd-con-win-11-iot\/","og_locale":"es_MX","og_type":"article","og_title":"[ 3nstar ] &#129351; Pte0912w-16-500w11 Terminal Punto De Venta , Aio Touch, Plateado, 15 Pulgadas, Intel Core I5 12 Generacion, Ram 16gb, 500 Gb Ssd, Con Win 11 Iot","og_description":"Compra Pte0912w-16-500w11 Terminal Punto De Venta , Aio Touch, Plateado, 15 Pulgadas, Intel Core I5 12 Generacion, Ram 16gb, 500 Gb Ssd, Con Win 11 Iot + Env\u00edo a domicilio + Pago seguro + Garant\u00eda","og_url":"https:\/\/compuviper.mx\/tienda\/producto\/3nstar-pte0912w-16-500w11-terminal-punto-de-venta-aio-touch-plateado-15-pulgadas-intel-core-i5-12-generacion-ram-16gb-500-gb-ssd-con-win-11-iot\/","og_site_name":"Compuviper","article_publisher":"https:\/\/www.facebook.com\/compuviper","twitter_card":"summary_large_image","twitter_misc":{"Precio":"&#36;29,023 con IVA","Availability":"On backorder"},"schema":{"@context":"https:\/\/schema.org","@graph":[{"@type":"WebPage","@id":"https:\/\/compuviper.mx\/tienda\/producto\/3nstar-pte0912w-16-500w11-terminal-punto-de-venta-aio-touch-plateado-15-pulgadas-intel-core-i5-12-generacion-ram-16gb-500-gb-ssd-con-win-11-iot\/","url":"https:\/\/compuviper.mx\/tienda\/producto\/3nstar-pte0912w-16-500w11-terminal-punto-de-venta-aio-touch-plateado-15-pulgadas-intel-core-i5-12-generacion-ram-16gb-500-gb-ssd-con-win-11-iot\/","name":"[ 3nstar ] &#129351; Pte0912w-16-500w11 Terminal Punto De Venta , Aio Touch, Plateado, 15 Pulgadas, Intel Core I5 12 Generacion, Ram 16gb, 500 Gb Ssd, Con Win 11 Iot","isPartOf":{"@id":"https:\/\/compuviper.mx\/tienda\/#website"},"datePublished":"2026-04-18T07:45:35+00:00","dateModified":"2026-04-18T07:45:35+00:00","description":"Compra Pte0912w-16-500w11 Terminal Punto De Venta , Aio Touch, Plateado, 15 Pulgadas, Intel Core I5 12 Generacion, Ram 16gb, 500 Gb Ssd, Con Win 11 Iot + Env\u00edo a domicilio + Pago seguro + Garant\u00eda","breadcrumb":{"@id":"https:\/\/compuviper.mx\/tienda\/producto\/3nstar-pte0912w-16-500w11-terminal-punto-de-venta-aio-touch-plateado-15-pulgadas-intel-core-i5-12-generacion-ram-16gb-500-gb-ssd-con-win-11-iot\/#breadcrumb"},"inLanguage":"es-MX","potentialAction":[{"@type":"ReadAction","target":["https:\/\/compuviper.mx\/tienda\/producto\/3nstar-pte0912w-16-500w11-terminal-punto-de-venta-aio-touch-plateado-15-pulgadas-intel-core-i5-12-generacion-ram-16gb-500-gb-ssd-con-win-11-iot\/"]}]},{"@type":"BreadcrumbList","@id":"https:\/\/compuviper.mx\/tienda\/producto\/3nstar-pte0912w-16-500w11-terminal-punto-de-venta-aio-touch-plateado-15-pulgadas-intel-core-i5-12-generacion-ram-16gb-500-gb-ssd-con-win-11-iot\/#breadcrumb","itemListElement":[{"@type":"ListItem","position":1,"name":"Inicio","item":"https:\/\/compuviper.mx\/tienda\/"},{"@type":"ListItem","position":2,"name":"Productos","item":"https:\/\/compuviper.mx\/tienda\/productos\/"},{"@type":"ListItem","position":3,"name":"Terminal Pos","item":"https:\/\/compuviper.mx\/tienda\/categoria-producto\/terminal-pos\/"},{"@type":"ListItem","position":4,"name":"Sin Categor\u00eda","item":"https:\/\/compuviper.mx\/tienda\/categoria-producto\/terminal-pos\/sin-categoria-terminal-pos\/"},{"@type":"ListItem","position":5,"name":"3nstar Pte0912w-16-500w11 Terminal Punto De Venta , Aio Touch, Plateado, 15 Pulgadas, Intel Core I5 12 Generacion, Ram 16gb, 500 Gb Ssd, Con Win 11 Iot"}]},{"@type":"WebSite","@id":"https:\/\/compuviper.mx\/tienda\/#website","url":"https:\/\/compuviper.mx\/tienda\/","name":"Compuviper","description":"Proveedor de Computadoras, Laptops, Servidores, Monitores, Puntos de Venta, Teclados,   Impresoras, T\u00f3ner, C\u00e1maras de Seguridad y m\u00e1s en tu tienda en l\u00ednea","publisher":{"@id":"https:\/\/compuviper.mx\/tienda\/#organization"},"potentialAction":[{"@type":"SearchAction","target":{"@type":"EntryPoint","urlTemplate":"https:\/\/compuviper.mx\/tienda\/?s={search_term_string}"},"query-input":"required name=search_term_string"}],"inLanguage":"es-MX"},{"@type":"Organization","@id":"https:\/\/compuviper.mx\/tienda\/#organization","name":"Compuviper","url":"https:\/\/compuviper.mx\/tienda\/","logo":{"@type":"ImageObject","inLanguage":"es-MX","@id":"https:\/\/compuviper.mx\/tienda\/#\/schema\/logo\/image\/","url":"https:\/\/compuviper.mx\/tienda\/wp-content\/uploads\/2021\/08\/Logo-Compuviper-10.png","contentUrl":"https:\/\/compuviper.mx\/tienda\/wp-content\/uploads\/2021\/08\/Logo-Compuviper-10.png","width":1000,"height":500,"caption":"Compuviper"},"image":{"@id":"https:\/\/compuviper.mx\/tienda\/#\/schema\/logo\/image\/"},"sameAs":["https:\/\/www.facebook.com\/compuviper","https:\/\/www.youtube.com\/channel\/UCf73dERp9Y3cfOq7q8BhLjA?view_as=subscriber"]}]},"product_brand":"3NSTAR","product_price_amount":"29023","product_price_currency":"MXN","og_availability":"backorder","product_availability":"available for order","product_retailer_item_id":"PTE0912W-16-500W11","product_condition":"new"},"_links":{"self":[{"href":"https:\/\/compuviper.mx\/tienda\/wp-json\/wp\/v2\/product\/264219"}],"collection":[{"href":"https:\/\/compuviper.mx\/tienda\/wp-json\/wp\/v2\/product"}],"about":[{"href":"https:\/\/compuviper.mx\/tienda\/wp-json\/wp\/v2\/types\/product"}],"replies":[{"embeddable":true,"href":"https:\/\/compuviper.mx\/tienda\/wp-json\/wp\/v2\/comments?post=264219"}],"wp:attachment":[{"href":"https:\/\/compuviper.mx\/tienda\/wp-json\/wp\/v2\/media?parent=264219"}],"wp:term":[{"taxonomy":"product_cat","embeddable":true,"href":"https:\/\/compuviper.mx\/tienda\/wp-json\/wp\/v2\/product_cat?post=264219"},{"taxonomy":"product_tag","embeddable":true,"href":"https:\/\/compuviper.mx\/tienda\/wp-json\/wp\/v2\/product_tag?post=264219"}],"curies":[{"name":"wp","href":"https:\/\/api.w.org\/{rel}","templated":true}]}}