{"id":264129,"date":"2026-04-18T00:36:25","date_gmt":"2026-04-18T06:36:25","guid":{"rendered":"https:\/\/compuviper.mx\/tienda\/producto\/dahua-dh-pfm3350-1000-ups-ups-de-1000va-600w-linea-iteractiva-entrada-y-salida-de-110-vac-10-estabilizador-de-voltaje-avr-diseo-compacto\/"},"modified":"2026-04-18T00:36:26","modified_gmt":"2026-04-18T06:36:26","slug":"dahua-dh-pfm3350-1000-ups-ups-de-1000va-600w-linea-iteractiva-entrada-y-salida-de-110-vac-10-estabilizador-de-voltaje-avr-diseo-compacto","status":"publish","type":"product","link":"https:\/\/compuviper.mx\/tienda\/producto\/dahua-dh-pfm3350-1000-ups-ups-de-1000va-600w-linea-iteractiva-entrada-y-salida-de-110-vac-10-estabilizador-de-voltaje-avr-diseo-compacto\/","title":{"rendered":"Dahua Dh-pfm3350-1000 Ups\/ \/ \/ Ups De 1000va\/600w\/ Linea Iteractiva\/ Entrada Y Salida De 110 Vac +-10%\/ Estabilizador De Voltaje Avr\/ Dise?o Compacto"},"content":{"rendered":"<table class=\"descripcion\">\n<tr>\n<td>Especificaciones tecnicas<\/td>\n<\/tr>\n<tr>\n<td>Capacidad<\/td>\n<\/tr>\n<tr>\n<td>\u0095 capacidad: 1000 va \/ 600 w<\/td>\n<\/tr>\n<tr>\n<td>Entrada<\/td>\n<\/tr>\n<tr>\n<td>\u0095 voltaje de entrada: 89\u0096145 vac<\/td>\n<\/tr>\n<tr>\n<td>\u0095 corriente de entrada: 9.1 a<\/td>\n<\/tr>\n<tr>\n<td>\u0095 frecuencia nominal: 50\/60 hz<\/td>\n<\/tr>\n<tr>\n<td>\u0095 factor de potencia:  and #8805; 0.6<\/td>\n<\/tr>\n<tr>\n<td>Salida<\/td>\n<\/tr>\n<tr>\n<td>\u0095 voltaje de salida: 120 vac por defecto<\/td>\n<\/tr>\n<tr>\n<td>\u0095 corriente de salida: 8.8 a<\/td>\n<\/tr>\n<tr>\n<td>\u0095 potencia de salida: 1000 va \/ 600 w<\/td>\n<\/tr>\n<tr>\n<td>\u0095 frecuencia de salida: 50 hz \u00b1 0.1 hz<\/td>\n<\/tr>\n<tr>\n<td>\u0095 tiempo de conmutacion: 4\u00968 ms (tipico)<\/td>\n<\/tr>\n<tr>\n<td>Estructura<\/td>\n<\/tr>\n<tr>\n<td>\u0095 dimensiones del producto: 297 \u00d7 101 \u00d7 142 mm<\/td>\n<\/tr>\n<tr>\n<td>\u0095 material del gabinete: plastico<\/td>\n<\/tr>\n<tr>\n<td>\u0095 color: negro<\/td>\n<\/tr>\n<tr>\n<td>\u0095 peso neto: 4.9 kg<\/td>\n<\/tr>\n<tr>\n<td>\u0095 peso bruto: 5.1 kg<\/td>\n<\/tr>\n<tr>\n<td>Certificaciones<\/td>\n<\/tr>\n<tr>\n<td>\u0095 ce<\/td>\n<\/tr>\n<\/table>\n","protected":false},"excerpt":{"rendered":"<p>Descripcion general. El sistema de alimentacion ininterrumpida (ups) ofrece un rendimiento sobresaliente y una salida altamente estable. Se adapta facilmente a entornos complejos, como redes electricas inestables, y cuenta con proteccion contra sobretension y sobrecarga. Disenado para mayor comodidad, es plug and play y facil de usar. Escenario de uso. Para uso en interiores. Rango de temperatura: 0\u00b0c a 40\u00b0c. Humedad ambiental:  and #8804; 90%, sin condensacion. Caracteristicas principales. \u0095 amplio rango de voltaje de entrada (89\u0096145 vac), adaptandose a fluctuaciones y diferentes entornos electricos. \u0095 funcionamiento silencioso. \u0095 estabilizacion digital de voltaje. \u0095 carga rapida en solo 4 horas. \u0095 conmutacion rapida de 4\u00968 ms. \u0095 proteccion contra sobrecarga, cortocircuito, sobrecarga de bateria y sobredescarga. Forma de onda de salida. \u0095 modo ac: onda senoidal pura. \u0095 modo bateria: onda senoidal simulada. Bateria. \u0095 bateria integrada: si. \u0095 tipo: plomo-acido. \u0095 cantidad: 1 \u00d7 9 ah. \u0095 corriente de carga: 1 a. \u0095 voltaje de carga limitado: 13.7 v por celda. \u0095 tiempo de carga: 4\u00966 h para alcanzar 90. \u0095 autonomia maxima con bateria completa: 3 minutos. Indicadores. \u0095 modo bateria: luz roja parpadea una vez cada 10 s. \u0095 modo alimentacion ac: luz verde fija. \u0095 modo falla: luz roja fija. Alarma. \u0095 modo bateria: 1 pitido cada 10 s. \u0095 bateria baja: 1 pitido cada segundo. \u0095 sobrecarga: 1 pitido cada 0.5 s, y continua al haber una falla. Protecciones. \u0095 sobrecarga. \u0095 sobre-carga de bateria. \u0095 sobredescarga de bateria. \u0095 capacidad de sobrecarga: 30 s. Conectores. \u0095 enchufe de entrada: estandar norteamericano. \u0095 longitud del cable: 1.2 m. \u0095 estandar de tomas de salida: norteamericano. \u0095 numero de tomas: 4. Ambiente. \u0095 temperatura de operacion: 0\u00b0c a +40\u00b0c. \u0095 humedad de operacion: 0%\u009690%, sin condensacion. \u0095 temperatura de almacenamiento: \u009615\u00b0c a +55\u00b0c. \u0095 humedad de almacenamiento: 0%\u009690%, sin condensacion<\/p>\n","protected":false},"featured_media":0,"comment_status":"open","ping_status":"open","template":"","meta":[],"product_cat":[1508,1691],"product_tag":[1555],"acf":[],"yoast_head":"<!-- This site is optimized with the Yoast SEO plugin v21.7 - https:\/\/yoast.com\/wordpress\/plugins\/seo\/ -->\n<title>[ Dahua ] &#129351; Dh-pfm3350-1000 Ups\/ \/ \/ Ups De 1000va\/600w\/ Linea Iteractiva\/ Entrada Y Salida De 110 Vac +-10%\/ Estabilizador De Voltaje Avr\/ Dise\u00f1o Compacto<\/title>\n<meta name=\"description\" content=\"Compra Dh-pfm3350-1000 Ups\/ \/ \/ Ups De 1000va\/600w\/ Linea Iteractiva\/ Entrada Y Salida De 110 Vac +-10%\/ Estabilizador De Voltaje Avr\/ Dise\u00f1o Compacto + Env\u00edo a domicilio + Pago seguro + Garant\u00eda\" \/>\n<meta name=\"robots\" content=\"index, follow, max-snippet:-1, max-image-preview:large, max-video-preview:-1\" \/>\n<link rel=\"canonical\" href=\"https:\/\/compuviper.mx\/tienda\/producto\/dahua-dh-pfm3350-1000-ups-ups-de-1000va-600w-linea-iteractiva-entrada-y-salida-de-110-vac-10-estabilizador-de-voltaje-avr-diseo-compacto\/\" \/>\n<meta property=\"og:locale\" content=\"es_MX\" \/>\n<meta property=\"og:type\" content=\"article\" \/>\n<meta property=\"og:title\" content=\"[ Dahua ] &#129351; Dh-pfm3350-1000 Ups\/ \/ \/ Ups De 1000va\/600w\/ Linea Iteractiva\/ Entrada Y Salida De 110 Vac +-10%\/ Estabilizador De Voltaje Avr\/ Dise\u00f1o Compacto\" \/>\n<meta property=\"og:description\" content=\"Compra Dh-pfm3350-1000 Ups\/ \/ \/ Ups De 1000va\/600w\/ Linea Iteractiva\/ Entrada Y Salida De 110 Vac +-10%\/ Estabilizador De Voltaje Avr\/ Dise\u00f1o Compacto + Env\u00edo a domicilio + Pago seguro + Garant\u00eda\" \/>\n<meta property=\"og:url\" content=\"https:\/\/compuviper.mx\/tienda\/producto\/dahua-dh-pfm3350-1000-ups-ups-de-1000va-600w-linea-iteractiva-entrada-y-salida-de-110-vac-10-estabilizador-de-voltaje-avr-diseo-compacto\/\" \/>\n<meta property=\"og:site_name\" content=\"Compuviper\" \/>\n<meta property=\"article:publisher\" content=\"https:\/\/www.facebook.com\/compuviper\" \/>\n<meta property=\"article:modified_time\" content=\"2026-04-18T06:36:26+00:00\" \/>\n<meta name=\"twitter:card\" content=\"summary_large_image\" \/>\n<meta name=\"twitter:label1\" content=\"Precio\" \/>\n\t<meta name=\"twitter:data1\" content=\"&#36;812 con IVA\" \/>\n\t<meta name=\"twitter:label2\" content=\"Availability\" \/>\n\t<meta name=\"twitter:data2\" content=\"On backorder\" \/>\n<script type=\"application\/ld+json\" class=\"yoast-schema-graph\">{\"@context\":\"https:\/\/schema.org\",\"@graph\":[{\"@type\":\"WebPage\",\"@id\":\"https:\/\/compuviper.mx\/tienda\/producto\/dahua-dh-pfm3350-1000-ups-ups-de-1000va-600w-linea-iteractiva-entrada-y-salida-de-110-vac-10-estabilizador-de-voltaje-avr-diseo-compacto\/\",\"url\":\"https:\/\/compuviper.mx\/tienda\/producto\/dahua-dh-pfm3350-1000-ups-ups-de-1000va-600w-linea-iteractiva-entrada-y-salida-de-110-vac-10-estabilizador-de-voltaje-avr-diseo-compacto\/\",\"name\":\"[ Dahua ] &#129351; Dh-pfm3350-1000 Ups\/ \/ \/ Ups De 1000va\/600w\/ Linea Iteractiva\/ Entrada Y Salida De 110 Vac +-10%\/ Estabilizador De Voltaje Avr\/ Dise\u00f1o Compacto\",\"isPartOf\":{\"@id\":\"https:\/\/compuviper.mx\/tienda\/#website\"},\"datePublished\":\"2026-04-18T06:36:25+00:00\",\"dateModified\":\"2026-04-18T06:36:26+00:00\",\"description\":\"Compra Dh-pfm3350-1000 Ups\/ \/ \/ Ups De 1000va\/600w\/ Linea Iteractiva\/ Entrada Y Salida De 110 Vac +-10%\/ Estabilizador De Voltaje Avr\/ Dise\u00f1o Compacto + Env\u00edo a domicilio + Pago seguro + Garant\u00eda\",\"breadcrumb\":{\"@id\":\"https:\/\/compuviper.mx\/tienda\/producto\/dahua-dh-pfm3350-1000-ups-ups-de-1000va-600w-linea-iteractiva-entrada-y-salida-de-110-vac-10-estabilizador-de-voltaje-avr-diseo-compacto\/#breadcrumb\"},\"inLanguage\":\"es-MX\",\"potentialAction\":[{\"@type\":\"ReadAction\",\"target\":[\"https:\/\/compuviper.mx\/tienda\/producto\/dahua-dh-pfm3350-1000-ups-ups-de-1000va-600w-linea-iteractiva-entrada-y-salida-de-110-vac-10-estabilizador-de-voltaje-avr-diseo-compacto\/\"]}]},{\"@type\":\"BreadcrumbList\",\"@id\":\"https:\/\/compuviper.mx\/tienda\/producto\/dahua-dh-pfm3350-1000-ups-ups-de-1000va-600w-linea-iteractiva-entrada-y-salida-de-110-vac-10-estabilizador-de-voltaje-avr-diseo-compacto\/#breadcrumb\",\"itemListElement\":[{\"@type\":\"ListItem\",\"position\":1,\"name\":\"Inicio\",\"item\":\"https:\/\/compuviper.mx\/tienda\/\"},{\"@type\":\"ListItem\",\"position\":2,\"name\":\"Productos\",\"item\":\"https:\/\/compuviper.mx\/tienda\/productos\/\"},{\"@type\":\"ListItem\",\"position\":3,\"name\":\"Energia\",\"item\":\"https:\/\/compuviper.mx\/tienda\/categoria-producto\/energia\/\"},{\"@type\":\"ListItem\",\"position\":4,\"name\":\"No Break\",\"item\":\"https:\/\/compuviper.mx\/tienda\/categoria-producto\/energia\/no-break\/\"},{\"@type\":\"ListItem\",\"position\":5,\"name\":\"Dahua Dh-pfm3350-1000 Ups\/ \/ \/ Ups De 1000va\/600w\/ Linea Iteractiva\/ Entrada Y Salida De 110 Vac +-10%\/ Estabilizador De Voltaje Avr\/ Dise?o Compacto\"}]},{\"@type\":\"WebSite\",\"@id\":\"https:\/\/compuviper.mx\/tienda\/#website\",\"url\":\"https:\/\/compuviper.mx\/tienda\/\",\"name\":\"Compuviper\",\"description\":\"Proveedor de Computadoras, Laptops, Servidores, Monitores, Puntos de Venta, Teclados,   Impresoras, T\u00f3ner, C\u00e1maras de Seguridad y m\u00e1s en tu tienda en l\u00ednea\",\"publisher\":{\"@id\":\"https:\/\/compuviper.mx\/tienda\/#organization\"},\"potentialAction\":[{\"@type\":\"SearchAction\",\"target\":{\"@type\":\"EntryPoint\",\"urlTemplate\":\"https:\/\/compuviper.mx\/tienda\/?s={search_term_string}\"},\"query-input\":\"required name=search_term_string\"}],\"inLanguage\":\"es-MX\"},{\"@type\":\"Organization\",\"@id\":\"https:\/\/compuviper.mx\/tienda\/#organization\",\"name\":\"Compuviper\",\"url\":\"https:\/\/compuviper.mx\/tienda\/\",\"logo\":{\"@type\":\"ImageObject\",\"inLanguage\":\"es-MX\",\"@id\":\"https:\/\/compuviper.mx\/tienda\/#\/schema\/logo\/image\/\",\"url\":\"https:\/\/compuviper.mx\/tienda\/wp-content\/uploads\/2021\/08\/Logo-Compuviper-10.png\",\"contentUrl\":\"https:\/\/compuviper.mx\/tienda\/wp-content\/uploads\/2021\/08\/Logo-Compuviper-10.png\",\"width\":1000,\"height\":500,\"caption\":\"Compuviper\"},\"image\":{\"@id\":\"https:\/\/compuviper.mx\/tienda\/#\/schema\/logo\/image\/\"},\"sameAs\":[\"https:\/\/www.facebook.com\/compuviper\",\"https:\/\/www.youtube.com\/channel\/UCf73dERp9Y3cfOq7q8BhLjA?view_as=subscriber\"]}]}<\/script>\n<meta property=\"product:brand\" content=\"DAHUA\" \/>\n<meta property=\"product:price:amount\" content=\"812\" \/>\n<meta property=\"product:price:currency\" content=\"MXN\" \/>\n<meta property=\"og:availability\" content=\"backorder\" \/>\n<meta property=\"product:availability\" content=\"available for order\" \/>\n<meta property=\"product:retailer_item_id\" content=\"DH-PFM3350-1000\" \/>\n<meta property=\"product:condition\" content=\"new\" \/>\n<!-- \/ Yoast SEO plugin. -->","yoast_head_json":{"title":"[ Dahua ] &#129351; Dh-pfm3350-1000 Ups\/ \/ \/ Ups De 1000va\/600w\/ Linea Iteractiva\/ Entrada Y Salida De 110 Vac +-10%\/ Estabilizador De Voltaje Avr\/ Dise\u00f1o Compacto","description":"Compra Dh-pfm3350-1000 Ups\/ \/ \/ Ups De 1000va\/600w\/ Linea Iteractiva\/ Entrada Y Salida De 110 Vac +-10%\/ Estabilizador De Voltaje Avr\/ Dise\u00f1o Compacto + Env\u00edo a domicilio + Pago seguro + Garant\u00eda","robots":{"index":"index","follow":"follow","max-snippet":"max-snippet:-1","max-image-preview":"max-image-preview:large","max-video-preview":"max-video-preview:-1"},"canonical":"https:\/\/compuviper.mx\/tienda\/producto\/dahua-dh-pfm3350-1000-ups-ups-de-1000va-600w-linea-iteractiva-entrada-y-salida-de-110-vac-10-estabilizador-de-voltaje-avr-diseo-compacto\/","og_locale":"es_MX","og_type":"article","og_title":"[ Dahua ] &#129351; Dh-pfm3350-1000 Ups\/ \/ \/ Ups De 1000va\/600w\/ Linea Iteractiva\/ Entrada Y Salida De 110 Vac +-10%\/ Estabilizador De Voltaje Avr\/ Dise\u00f1o Compacto","og_description":"Compra Dh-pfm3350-1000 Ups\/ \/ \/ Ups De 1000va\/600w\/ Linea Iteractiva\/ Entrada Y Salida De 110 Vac +-10%\/ Estabilizador De Voltaje Avr\/ Dise\u00f1o Compacto + Env\u00edo a domicilio + Pago seguro + Garant\u00eda","og_url":"https:\/\/compuviper.mx\/tienda\/producto\/dahua-dh-pfm3350-1000-ups-ups-de-1000va-600w-linea-iteractiva-entrada-y-salida-de-110-vac-10-estabilizador-de-voltaje-avr-diseo-compacto\/","og_site_name":"Compuviper","article_publisher":"https:\/\/www.facebook.com\/compuviper","article_modified_time":"2026-04-18T06:36:26+00:00","twitter_card":"summary_large_image","twitter_misc":{"Precio":"&#36;812 con IVA","Availability":"On backorder"},"schema":{"@context":"https:\/\/schema.org","@graph":[{"@type":"WebPage","@id":"https:\/\/compuviper.mx\/tienda\/producto\/dahua-dh-pfm3350-1000-ups-ups-de-1000va-600w-linea-iteractiva-entrada-y-salida-de-110-vac-10-estabilizador-de-voltaje-avr-diseo-compacto\/","url":"https:\/\/compuviper.mx\/tienda\/producto\/dahua-dh-pfm3350-1000-ups-ups-de-1000va-600w-linea-iteractiva-entrada-y-salida-de-110-vac-10-estabilizador-de-voltaje-avr-diseo-compacto\/","name":"[ Dahua ] &#129351; Dh-pfm3350-1000 Ups\/ \/ \/ Ups De 1000va\/600w\/ Linea Iteractiva\/ Entrada Y Salida De 110 Vac +-10%\/ Estabilizador De Voltaje Avr\/ Dise\u00f1o Compacto","isPartOf":{"@id":"https:\/\/compuviper.mx\/tienda\/#website"},"datePublished":"2026-04-18T06:36:25+00:00","dateModified":"2026-04-18T06:36:26+00:00","description":"Compra Dh-pfm3350-1000 Ups\/ \/ \/ Ups De 1000va\/600w\/ Linea Iteractiva\/ Entrada Y Salida De 110 Vac +-10%\/ Estabilizador De Voltaje Avr\/ Dise\u00f1o Compacto + Env\u00edo a domicilio + Pago seguro + Garant\u00eda","breadcrumb":{"@id":"https:\/\/compuviper.mx\/tienda\/producto\/dahua-dh-pfm3350-1000-ups-ups-de-1000va-600w-linea-iteractiva-entrada-y-salida-de-110-vac-10-estabilizador-de-voltaje-avr-diseo-compacto\/#breadcrumb"},"inLanguage":"es-MX","potentialAction":[{"@type":"ReadAction","target":["https:\/\/compuviper.mx\/tienda\/producto\/dahua-dh-pfm3350-1000-ups-ups-de-1000va-600w-linea-iteractiva-entrada-y-salida-de-110-vac-10-estabilizador-de-voltaje-avr-diseo-compacto\/"]}]},{"@type":"BreadcrumbList","@id":"https:\/\/compuviper.mx\/tienda\/producto\/dahua-dh-pfm3350-1000-ups-ups-de-1000va-600w-linea-iteractiva-entrada-y-salida-de-110-vac-10-estabilizador-de-voltaje-avr-diseo-compacto\/#breadcrumb","itemListElement":[{"@type":"ListItem","position":1,"name":"Inicio","item":"https:\/\/compuviper.mx\/tienda\/"},{"@type":"ListItem","position":2,"name":"Productos","item":"https:\/\/compuviper.mx\/tienda\/productos\/"},{"@type":"ListItem","position":3,"name":"Energia","item":"https:\/\/compuviper.mx\/tienda\/categoria-producto\/energia\/"},{"@type":"ListItem","position":4,"name":"No Break","item":"https:\/\/compuviper.mx\/tienda\/categoria-producto\/energia\/no-break\/"},{"@type":"ListItem","position":5,"name":"Dahua Dh-pfm3350-1000 Ups\/ \/ \/ Ups De 1000va\/600w\/ Linea Iteractiva\/ Entrada Y Salida De 110 Vac +-10%\/ Estabilizador De Voltaje Avr\/ Dise?o Compacto"}]},{"@type":"WebSite","@id":"https:\/\/compuviper.mx\/tienda\/#website","url":"https:\/\/compuviper.mx\/tienda\/","name":"Compuviper","description":"Proveedor de Computadoras, Laptops, Servidores, Monitores, Puntos de Venta, Teclados,   Impresoras, T\u00f3ner, C\u00e1maras de Seguridad y m\u00e1s en tu tienda en l\u00ednea","publisher":{"@id":"https:\/\/compuviper.mx\/tienda\/#organization"},"potentialAction":[{"@type":"SearchAction","target":{"@type":"EntryPoint","urlTemplate":"https:\/\/compuviper.mx\/tienda\/?s={search_term_string}"},"query-input":"required name=search_term_string"}],"inLanguage":"es-MX"},{"@type":"Organization","@id":"https:\/\/compuviper.mx\/tienda\/#organization","name":"Compuviper","url":"https:\/\/compuviper.mx\/tienda\/","logo":{"@type":"ImageObject","inLanguage":"es-MX","@id":"https:\/\/compuviper.mx\/tienda\/#\/schema\/logo\/image\/","url":"https:\/\/compuviper.mx\/tienda\/wp-content\/uploads\/2021\/08\/Logo-Compuviper-10.png","contentUrl":"https:\/\/compuviper.mx\/tienda\/wp-content\/uploads\/2021\/08\/Logo-Compuviper-10.png","width":1000,"height":500,"caption":"Compuviper"},"image":{"@id":"https:\/\/compuviper.mx\/tienda\/#\/schema\/logo\/image\/"},"sameAs":["https:\/\/www.facebook.com\/compuviper","https:\/\/www.youtube.com\/channel\/UCf73dERp9Y3cfOq7q8BhLjA?view_as=subscriber"]}]},"product_brand":"DAHUA","product_price_amount":"812","product_price_currency":"MXN","og_availability":"backorder","product_availability":"available for order","product_retailer_item_id":"DH-PFM3350-1000","product_condition":"new"},"_links":{"self":[{"href":"https:\/\/compuviper.mx\/tienda\/wp-json\/wp\/v2\/product\/264129"}],"collection":[{"href":"https:\/\/compuviper.mx\/tienda\/wp-json\/wp\/v2\/product"}],"about":[{"href":"https:\/\/compuviper.mx\/tienda\/wp-json\/wp\/v2\/types\/product"}],"replies":[{"embeddable":true,"href":"https:\/\/compuviper.mx\/tienda\/wp-json\/wp\/v2\/comments?post=264129"}],"wp:attachment":[{"href":"https:\/\/compuviper.mx\/tienda\/wp-json\/wp\/v2\/media?parent=264129"}],"wp:term":[{"taxonomy":"product_cat","embeddable":true,"href":"https:\/\/compuviper.mx\/tienda\/wp-json\/wp\/v2\/product_cat?post=264129"},{"taxonomy":"product_tag","embeddable":true,"href":"https:\/\/compuviper.mx\/tienda\/wp-json\/wp\/v2\/product_tag?post=264129"}],"curies":[{"name":"wp","href":"https:\/\/api.w.org\/{rel}","templated":true}]}}