{"id":264100,"date":"2026-04-01T23:20:18","date_gmt":"2026-04-02T05:20:18","guid":{"rendered":"https:\/\/compuviper.mx\/tienda\/producto\/balam-rush-br-943598-base-enfriadora-froost-nexus-be680-compatible-con-ps5-ps5-slim-ps5-pro-base-para-carga-de-controles-soporte-audifonos-rejilla-para-15-juegos-rgb-blanco\/"},"modified":"2026-04-01T23:20:19","modified_gmt":"2026-04-02T05:20:19","slug":"balam-rush-br-943598-base-enfriadora-froost-nexus-be680-compatible-con-ps5-ps5-slim-ps5-pro-base-para-carga-de-controles-soporte-audifonos-rejilla-para-15-juegos-rgb-blanco","status":"publish","type":"product","link":"https:\/\/compuviper.mx\/tienda\/producto\/balam-rush-br-943598-base-enfriadora-froost-nexus-be680-compatible-con-ps5-ps5-slim-ps5-pro-base-para-carga-de-controles-soporte-audifonos-rejilla-para-15-juegos-rgb-blanco\/","title":{"rendered":"Balam Rush Br-943598 Base Enfriadora  Froost Nexus Be680 \/ Compatible Con Ps5, Ps5 Slim, Ps5 Pro \/ Base Para Carga De Controles \/ Soporte Audifonos \/ Rejilla Para 15 Juegos \/ Rgb \/ Blanco \/"},"content":{"rendered":"<table class=\"descripcion\">\n<tr>\n<td>Ficha tecnica<\/td>\n<\/tr>\n<tr>\n<td>Base enfriadora  para consola frost nexus be680<\/td>\n<\/tr>\n<tr>\n<td>\u0095 modelo: br-943598<\/td>\n<\/tr>\n<tr>\n<td>\u0095 producto: base enfriadora<\/td>\n<\/tr>\n<tr>\n<td>\u0095 material: abs \/ aluminio<\/td>\n<\/tr>\n<tr>\n<td>\u0095 dimensiones (l  w  h): 32 x 21 x 2.8 cm<\/td>\n<\/tr>\n<tr>\n<td>\u0095 peso: 450g<\/td>\n<\/tr>\n<tr>\n<td>\u0095 compatibilidad: ps5, ps5 slim, ps5 pro<\/td>\n<\/tr>\n<tr>\n<td>\u0095 puerto de entrada tipo c: 5 v &#8211; 1 a<\/td>\n<\/tr>\n<tr>\n<td>\u0095 corriente de carga controles: 5 v &#8211; 1 a<\/td>\n<\/tr>\n<tr>\n<td>\u0095 tiempo de carga completa controles: 3 horas<\/td>\n<\/tr>\n<tr>\n<td>\u0095 espacio de carga para controles: 2<\/td>\n<\/tr>\n<tr>\n<td>\u0095 salida de carga usba a : 5 v &#8211; 1 a<\/td>\n<\/tr>\n<tr>\n<td>\u0095 control de interruptor de luz y ventilador: boton<\/td>\n<\/tr>\n<tr>\n<td>\u0095 velocidad del ventilador: 3 velocidades ( 4000 &#8211; 5000 rpm )<\/td>\n<\/tr>\n<tr>\n<td>\u0095 funcionamiento del ventilador : 5 v &#8211; 0.2 a<\/td>\n<\/tr>\n<tr>\n<td>\u0095 numero de rejillas porta juegos : 15<\/td>\n<\/tr>\n<tr>\n<td>\u0095 iluminacion rgb, 13 modos<\/td>\n<\/tr>\n<\/table>\n","protected":false},"excerpt":{"rendered":"<p>Organizacion y enfriamiento. En un solo lugar. Fabricada con abs y aluminio, esta base. Combina resistencia y ligereza con un peso de. Solo 450 g. Compatible con ps5, ps5 slim y ps5. Pro, integra un ventilador con bateria de hasta. 3 horas e iluminacion rgb. Ademas, cuenta. Con espacio para colocar y cargar 2 controles. Simultaneamente, manteniendo tu consola. Siempre fresca, lista y tu zona gamer. Perfectamente organizada.<\/p>\n","protected":false},"featured_media":0,"comment_status":"open","ping_status":"open","template":"","meta":[],"product_cat":[2223,1738],"product_tag":[2097],"acf":[],"yoast_head":"<!-- This site is optimized with the Yoast SEO plugin v21.7 - https:\/\/yoast.com\/wordpress\/plugins\/seo\/ -->\n<title>[ Balam Rush ] &#129351; Br-943598 Base Enfriadora Froost Nexus Be680 \/ Compatible Con Ps5, Ps5 Slim, Ps5 Pro \/ Base Para Carga De Controles \/ Soporte Audifonos \/ Rejilla Para 15 Juegos \/ Rgb \/ Blanco \/<\/title>\n<meta name=\"description\" content=\"Compra Br-943598 Base Enfriadora Froost Nexus Be680 \/ Compatible Con Ps5, Ps5 Slim, Ps5 Pro \/ Base Para Carga De Controles \/ Soporte Audifonos \/ Rejilla Para 15 Juegos \/ Rgb \/ Blanco \/ + Env\u00edo a domicilio + Pago seguro + Garant\u00eda\" \/>\n<meta name=\"robots\" content=\"index, follow, max-snippet:-1, max-image-preview:large, max-video-preview:-1\" \/>\n<link rel=\"canonical\" href=\"https:\/\/compuviper.mx\/tienda\/producto\/balam-rush-br-943598-base-enfriadora-froost-nexus-be680-compatible-con-ps5-ps5-slim-ps5-pro-base-para-carga-de-controles-soporte-audifonos-rejilla-para-15-juegos-rgb-blanco\/\" \/>\n<meta property=\"og:locale\" content=\"es_MX\" \/>\n<meta property=\"og:type\" content=\"article\" \/>\n<meta property=\"og:title\" content=\"[ Balam Rush ] &#129351; Br-943598 Base Enfriadora Froost Nexus Be680 \/ Compatible Con Ps5, Ps5 Slim, Ps5 Pro \/ Base Para Carga De Controles \/ Soporte Audifonos \/ Rejilla Para 15 Juegos \/ Rgb \/ Blanco \/\" \/>\n<meta property=\"og:description\" content=\"Compra Br-943598 Base Enfriadora Froost Nexus Be680 \/ Compatible Con Ps5, Ps5 Slim, Ps5 Pro \/ Base Para Carga De Controles \/ Soporte Audifonos \/ Rejilla Para 15 Juegos \/ Rgb \/ Blanco \/ + Env\u00edo a domicilio + Pago seguro + Garant\u00eda\" \/>\n<meta property=\"og:url\" content=\"https:\/\/compuviper.mx\/tienda\/producto\/balam-rush-br-943598-base-enfriadora-froost-nexus-be680-compatible-con-ps5-ps5-slim-ps5-pro-base-para-carga-de-controles-soporte-audifonos-rejilla-para-15-juegos-rgb-blanco\/\" \/>\n<meta property=\"og:site_name\" content=\"Compuviper\" \/>\n<meta property=\"article:publisher\" content=\"https:\/\/www.facebook.com\/compuviper\" \/>\n<meta property=\"article:modified_time\" content=\"2026-04-02T05:20:19+00:00\" \/>\n<meta name=\"twitter:card\" content=\"summary_large_image\" \/>\n<meta name=\"twitter:label1\" content=\"Precio\" \/>\n\t<meta name=\"twitter:data1\" content=\"&#36;426 &#36;362 con IVA\" \/>\n\t<meta name=\"twitter:label2\" content=\"Availability\" \/>\n\t<meta name=\"twitter:data2\" content=\"Out of stock\" \/>\n<script type=\"application\/ld+json\" class=\"yoast-schema-graph\">{\"@context\":\"https:\/\/schema.org\",\"@graph\":[{\"@type\":\"WebPage\",\"@id\":\"https:\/\/compuviper.mx\/tienda\/producto\/balam-rush-br-943598-base-enfriadora-froost-nexus-be680-compatible-con-ps5-ps5-slim-ps5-pro-base-para-carga-de-controles-soporte-audifonos-rejilla-para-15-juegos-rgb-blanco\/\",\"url\":\"https:\/\/compuviper.mx\/tienda\/producto\/balam-rush-br-943598-base-enfriadora-froost-nexus-be680-compatible-con-ps5-ps5-slim-ps5-pro-base-para-carga-de-controles-soporte-audifonos-rejilla-para-15-juegos-rgb-blanco\/\",\"name\":\"[ Balam Rush ] &#129351; Br-943598 Base Enfriadora Froost Nexus Be680 \/ Compatible Con Ps5, Ps5 Slim, Ps5 Pro \/ Base Para Carga De Controles \/ Soporte Audifonos \/ Rejilla Para 15 Juegos \/ Rgb \/ Blanco \/\",\"isPartOf\":{\"@id\":\"https:\/\/compuviper.mx\/tienda\/#website\"},\"datePublished\":\"2026-04-02T05:20:18+00:00\",\"dateModified\":\"2026-04-02T05:20:19+00:00\",\"description\":\"Compra Br-943598 Base Enfriadora Froost Nexus Be680 \/ Compatible Con Ps5, Ps5 Slim, Ps5 Pro \/ Base Para Carga De Controles \/ Soporte Audifonos \/ Rejilla Para 15 Juegos \/ Rgb \/ Blanco \/ + Env\u00edo a domicilio + Pago seguro + Garant\u00eda\",\"breadcrumb\":{\"@id\":\"https:\/\/compuviper.mx\/tienda\/producto\/balam-rush-br-943598-base-enfriadora-froost-nexus-be680-compatible-con-ps5-ps5-slim-ps5-pro-base-para-carga-de-controles-soporte-audifonos-rejilla-para-15-juegos-rgb-blanco\/#breadcrumb\"},\"inLanguage\":\"es-MX\",\"potentialAction\":[{\"@type\":\"ReadAction\",\"target\":[\"https:\/\/compuviper.mx\/tienda\/producto\/balam-rush-br-943598-base-enfriadora-froost-nexus-be680-compatible-con-ps5-ps5-slim-ps5-pro-base-para-carga-de-controles-soporte-audifonos-rejilla-para-15-juegos-rgb-blanco\/\"]}]},{\"@type\":\"BreadcrumbList\",\"@id\":\"https:\/\/compuviper.mx\/tienda\/producto\/balam-rush-br-943598-base-enfriadora-froost-nexus-be680-compatible-con-ps5-ps5-slim-ps5-pro-base-para-carga-de-controles-soporte-audifonos-rejilla-para-15-juegos-rgb-blanco\/#breadcrumb\",\"itemListElement\":[{\"@type\":\"ListItem\",\"position\":1,\"name\":\"Inicio\",\"item\":\"https:\/\/compuviper.mx\/tienda\/\"},{\"@type\":\"ListItem\",\"position\":2,\"name\":\"Productos\",\"item\":\"https:\/\/compuviper.mx\/tienda\/productos\/\"},{\"@type\":\"ListItem\",\"position\":3,\"name\":\"Games\",\"item\":\"https:\/\/compuviper.mx\/tienda\/categoria-producto\/games\/\"},{\"@type\":\"ListItem\",\"position\":4,\"name\":\"Sin Categor\u00eda\",\"item\":\"https:\/\/compuviper.mx\/tienda\/categoria-producto\/games\/sin-categoria-games\/\"},{\"@type\":\"ListItem\",\"position\":5,\"name\":\"Balam Rush Br-943598 Base Enfriadora Froost Nexus Be680 \/ Compatible Con Ps5, Ps5 Slim, Ps5 Pro \/ Base Para Carga De Controles \/ Soporte Audifonos \/ Rejilla Para 15 Juegos \/ Rgb \/ Blanco \/\"}]},{\"@type\":\"WebSite\",\"@id\":\"https:\/\/compuviper.mx\/tienda\/#website\",\"url\":\"https:\/\/compuviper.mx\/tienda\/\",\"name\":\"Compuviper\",\"description\":\"Proveedor de Computadoras, Laptops, Servidores, Monitores, Puntos de Venta, Teclados,   Impresoras, T\u00f3ner, C\u00e1maras de Seguridad y m\u00e1s en tu tienda en l\u00ednea\",\"publisher\":{\"@id\":\"https:\/\/compuviper.mx\/tienda\/#organization\"},\"potentialAction\":[{\"@type\":\"SearchAction\",\"target\":{\"@type\":\"EntryPoint\",\"urlTemplate\":\"https:\/\/compuviper.mx\/tienda\/?s={search_term_string}\"},\"query-input\":\"required name=search_term_string\"}],\"inLanguage\":\"es-MX\"},{\"@type\":\"Organization\",\"@id\":\"https:\/\/compuviper.mx\/tienda\/#organization\",\"name\":\"Compuviper\",\"url\":\"https:\/\/compuviper.mx\/tienda\/\",\"logo\":{\"@type\":\"ImageObject\",\"inLanguage\":\"es-MX\",\"@id\":\"https:\/\/compuviper.mx\/tienda\/#\/schema\/logo\/image\/\",\"url\":\"https:\/\/compuviper.mx\/tienda\/wp-content\/uploads\/2021\/08\/Logo-Compuviper-10.png\",\"contentUrl\":\"https:\/\/compuviper.mx\/tienda\/wp-content\/uploads\/2021\/08\/Logo-Compuviper-10.png\",\"width\":1000,\"height\":500,\"caption\":\"Compuviper\"},\"image\":{\"@id\":\"https:\/\/compuviper.mx\/tienda\/#\/schema\/logo\/image\/\"},\"sameAs\":[\"https:\/\/www.facebook.com\/compuviper\",\"https:\/\/www.youtube.com\/channel\/UCf73dERp9Y3cfOq7q8BhLjA?view_as=subscriber\"]}]}<\/script>\n<meta property=\"product:brand\" content=\"Balam Rush\" \/>\n<meta property=\"product:price:amount\" content=\"362\" \/>\n<meta property=\"product:price:currency\" content=\"MXN\" \/>\n<meta property=\"og:availability\" content=\"out of stock\" \/>\n<meta property=\"product:availability\" content=\"out of stock\" \/>\n<meta property=\"product:retailer_item_id\" content=\"BR-943598\" \/>\n<meta property=\"product:condition\" content=\"new\" \/>\n<!-- \/ Yoast SEO plugin. -->","yoast_head_json":{"title":"[ Balam Rush ] &#129351; Br-943598 Base Enfriadora Froost Nexus Be680 \/ Compatible Con Ps5, Ps5 Slim, Ps5 Pro \/ Base Para Carga De Controles \/ Soporte Audifonos \/ Rejilla Para 15 Juegos \/ Rgb \/ Blanco \/","description":"Compra Br-943598 Base Enfriadora Froost Nexus Be680 \/ Compatible Con Ps5, Ps5 Slim, Ps5 Pro \/ Base Para Carga De Controles \/ Soporte Audifonos \/ Rejilla Para 15 Juegos \/ Rgb \/ Blanco \/ + Env\u00edo a domicilio + Pago seguro + Garant\u00eda","robots":{"index":"index","follow":"follow","max-snippet":"max-snippet:-1","max-image-preview":"max-image-preview:large","max-video-preview":"max-video-preview:-1"},"canonical":"https:\/\/compuviper.mx\/tienda\/producto\/balam-rush-br-943598-base-enfriadora-froost-nexus-be680-compatible-con-ps5-ps5-slim-ps5-pro-base-para-carga-de-controles-soporte-audifonos-rejilla-para-15-juegos-rgb-blanco\/","og_locale":"es_MX","og_type":"article","og_title":"[ Balam Rush ] &#129351; Br-943598 Base Enfriadora Froost Nexus Be680 \/ Compatible Con Ps5, Ps5 Slim, Ps5 Pro \/ Base Para Carga De Controles \/ Soporte Audifonos \/ Rejilla Para 15 Juegos \/ Rgb \/ Blanco \/","og_description":"Compra Br-943598 Base Enfriadora Froost Nexus Be680 \/ Compatible Con Ps5, Ps5 Slim, Ps5 Pro \/ Base Para Carga De Controles \/ Soporte Audifonos \/ Rejilla Para 15 Juegos \/ Rgb \/ Blanco \/ + Env\u00edo a domicilio + Pago seguro + Garant\u00eda","og_url":"https:\/\/compuviper.mx\/tienda\/producto\/balam-rush-br-943598-base-enfriadora-froost-nexus-be680-compatible-con-ps5-ps5-slim-ps5-pro-base-para-carga-de-controles-soporte-audifonos-rejilla-para-15-juegos-rgb-blanco\/","og_site_name":"Compuviper","article_publisher":"https:\/\/www.facebook.com\/compuviper","article_modified_time":"2026-04-02T05:20:19+00:00","twitter_card":"summary_large_image","twitter_misc":{"Precio":"&#36;426 &#36;362 con IVA","Availability":"Out of stock"},"schema":{"@context":"https:\/\/schema.org","@graph":[{"@type":"WebPage","@id":"https:\/\/compuviper.mx\/tienda\/producto\/balam-rush-br-943598-base-enfriadora-froost-nexus-be680-compatible-con-ps5-ps5-slim-ps5-pro-base-para-carga-de-controles-soporte-audifonos-rejilla-para-15-juegos-rgb-blanco\/","url":"https:\/\/compuviper.mx\/tienda\/producto\/balam-rush-br-943598-base-enfriadora-froost-nexus-be680-compatible-con-ps5-ps5-slim-ps5-pro-base-para-carga-de-controles-soporte-audifonos-rejilla-para-15-juegos-rgb-blanco\/","name":"[ Balam Rush ] &#129351; Br-943598 Base Enfriadora Froost Nexus Be680 \/ Compatible Con Ps5, Ps5 Slim, Ps5 Pro \/ Base Para Carga De Controles \/ Soporte Audifonos \/ Rejilla Para 15 Juegos \/ Rgb \/ Blanco \/","isPartOf":{"@id":"https:\/\/compuviper.mx\/tienda\/#website"},"datePublished":"2026-04-02T05:20:18+00:00","dateModified":"2026-04-02T05:20:19+00:00","description":"Compra Br-943598 Base Enfriadora Froost Nexus Be680 \/ Compatible Con Ps5, Ps5 Slim, Ps5 Pro \/ Base Para Carga De Controles \/ Soporte Audifonos \/ Rejilla Para 15 Juegos \/ Rgb \/ Blanco \/ + Env\u00edo a domicilio + Pago seguro + Garant\u00eda","breadcrumb":{"@id":"https:\/\/compuviper.mx\/tienda\/producto\/balam-rush-br-943598-base-enfriadora-froost-nexus-be680-compatible-con-ps5-ps5-slim-ps5-pro-base-para-carga-de-controles-soporte-audifonos-rejilla-para-15-juegos-rgb-blanco\/#breadcrumb"},"inLanguage":"es-MX","potentialAction":[{"@type":"ReadAction","target":["https:\/\/compuviper.mx\/tienda\/producto\/balam-rush-br-943598-base-enfriadora-froost-nexus-be680-compatible-con-ps5-ps5-slim-ps5-pro-base-para-carga-de-controles-soporte-audifonos-rejilla-para-15-juegos-rgb-blanco\/"]}]},{"@type":"BreadcrumbList","@id":"https:\/\/compuviper.mx\/tienda\/producto\/balam-rush-br-943598-base-enfriadora-froost-nexus-be680-compatible-con-ps5-ps5-slim-ps5-pro-base-para-carga-de-controles-soporte-audifonos-rejilla-para-15-juegos-rgb-blanco\/#breadcrumb","itemListElement":[{"@type":"ListItem","position":1,"name":"Inicio","item":"https:\/\/compuviper.mx\/tienda\/"},{"@type":"ListItem","position":2,"name":"Productos","item":"https:\/\/compuviper.mx\/tienda\/productos\/"},{"@type":"ListItem","position":3,"name":"Games","item":"https:\/\/compuviper.mx\/tienda\/categoria-producto\/games\/"},{"@type":"ListItem","position":4,"name":"Sin Categor\u00eda","item":"https:\/\/compuviper.mx\/tienda\/categoria-producto\/games\/sin-categoria-games\/"},{"@type":"ListItem","position":5,"name":"Balam Rush Br-943598 Base Enfriadora Froost Nexus Be680 \/ Compatible Con Ps5, Ps5 Slim, Ps5 Pro \/ Base Para Carga De Controles \/ Soporte Audifonos \/ Rejilla Para 15 Juegos \/ Rgb \/ Blanco \/"}]},{"@type":"WebSite","@id":"https:\/\/compuviper.mx\/tienda\/#website","url":"https:\/\/compuviper.mx\/tienda\/","name":"Compuviper","description":"Proveedor de Computadoras, Laptops, Servidores, Monitores, Puntos de Venta, Teclados,   Impresoras, T\u00f3ner, C\u00e1maras de Seguridad y m\u00e1s en tu tienda en l\u00ednea","publisher":{"@id":"https:\/\/compuviper.mx\/tienda\/#organization"},"potentialAction":[{"@type":"SearchAction","target":{"@type":"EntryPoint","urlTemplate":"https:\/\/compuviper.mx\/tienda\/?s={search_term_string}"},"query-input":"required name=search_term_string"}],"inLanguage":"es-MX"},{"@type":"Organization","@id":"https:\/\/compuviper.mx\/tienda\/#organization","name":"Compuviper","url":"https:\/\/compuviper.mx\/tienda\/","logo":{"@type":"ImageObject","inLanguage":"es-MX","@id":"https:\/\/compuviper.mx\/tienda\/#\/schema\/logo\/image\/","url":"https:\/\/compuviper.mx\/tienda\/wp-content\/uploads\/2021\/08\/Logo-Compuviper-10.png","contentUrl":"https:\/\/compuviper.mx\/tienda\/wp-content\/uploads\/2021\/08\/Logo-Compuviper-10.png","width":1000,"height":500,"caption":"Compuviper"},"image":{"@id":"https:\/\/compuviper.mx\/tienda\/#\/schema\/logo\/image\/"},"sameAs":["https:\/\/www.facebook.com\/compuviper","https:\/\/www.youtube.com\/channel\/UCf73dERp9Y3cfOq7q8BhLjA?view_as=subscriber"]}]},"product_brand":"Balam Rush","product_price_amount":"362","product_price_currency":"MXN","og_availability":"out of stock","product_availability":"out of stock","product_retailer_item_id":"BR-943598","product_condition":"new"},"_links":{"self":[{"href":"https:\/\/compuviper.mx\/tienda\/wp-json\/wp\/v2\/product\/264100"}],"collection":[{"href":"https:\/\/compuviper.mx\/tienda\/wp-json\/wp\/v2\/product"}],"about":[{"href":"https:\/\/compuviper.mx\/tienda\/wp-json\/wp\/v2\/types\/product"}],"replies":[{"embeddable":true,"href":"https:\/\/compuviper.mx\/tienda\/wp-json\/wp\/v2\/comments?post=264100"}],"wp:attachment":[{"href":"https:\/\/compuviper.mx\/tienda\/wp-json\/wp\/v2\/media?parent=264100"}],"wp:term":[{"taxonomy":"product_cat","embeddable":true,"href":"https:\/\/compuviper.mx\/tienda\/wp-json\/wp\/v2\/product_cat?post=264100"},{"taxonomy":"product_tag","embeddable":true,"href":"https:\/\/compuviper.mx\/tienda\/wp-json\/wp\/v2\/product_tag?post=264100"}],"curies":[{"name":"wp","href":"https:\/\/api.w.org\/{rel}","templated":true}]}}