{"id":263916,"date":"2026-04-06T23:18:38","date_gmt":"2026-04-07T05:18:38","guid":{"rendered":"https:\/\/compuviper.mx\/tienda\/producto\/acteck-ac-943314-silla-flux-prime-ec636hr-ergonomica-reposacabeza-y-reposabrazos-ajustable-soporte-lumbar-inclinacion-120-grados-max-100-kg-transpirable-mecanismo-mariposa-negro\/"},"modified":"2026-04-06T23:18:38","modified_gmt":"2026-04-07T05:18:38","slug":"acteck-ac-943314-silla-flux-prime-ec636hr-ergonomica-reposacabeza-y-reposabrazos-ajustable-soporte-lumbar-inclinacion-120-grados-max-100-kg-transpirable-mecanismo-mariposa-negro","status":"publish","type":"product","link":"https:\/\/compuviper.mx\/tienda\/producto\/acteck-ac-943314-silla-flux-prime-ec636hr-ergonomica-reposacabeza-y-reposabrazos-ajustable-soporte-lumbar-inclinacion-120-grados-max-100-kg-transpirable-mecanismo-mariposa-negro\/","title":{"rendered":"Acteck Ac-943314 Silla  Flux Prime Ec636hr \/ Ergonomica \/ Reposacabeza Y Reposabrazos Ajustable \/ Soporte Lumbar \/ Inclinacion 120 Grados \/ Max 100 Kg \/ Transpirable \/ Mecanismo Mariposa \/ Negro \/"},"content":{"rendered":"<table class=\"descripcion\">\n<tr>\n<td>Especificaciones de la silla<\/td>\n<\/tr>\n<tr>\n<td>\u0095producto: silla ergonomica<\/td>\n<\/tr>\n<tr>\n<td>\u0095modelo: ac-943314<\/td>\n<\/tr>\n<tr>\n<td>\u0095dimensiones generales lwh: 60 x 65 x 128.5 cm<\/td>\n<\/tr>\n<tr>\n<td>\u0095peso maximo soportado kg: 100 kg<\/td>\n<\/tr>\n<tr>\n<td>\u0095material de la estructura: pp polipropileno<\/td>\n<\/tr>\n<tr>\n<td>\u0095material del respaldo: material pp  malla mesh<\/td>\n<\/tr>\n<tr>\n<td>\u0095material del asiento espuma y recubrimiento: madera contrachapada  espuma de alta<\/td>\n<\/tr>\n<tr>\n<td>Suavidad  malla mesh<\/td>\n<\/tr>\n<tr>\n<td>\u0095material de cojines lumbar\/cervical: material pp  malla mesh<\/td>\n<\/tr>\n<tr>\n<td>\u0095material de los reposabrazos: material pp  malla mesh<\/td>\n<\/tr>\n<tr>\n<td>\u0095material de la base: material pp  malla mesh<\/td>\n<\/tr>\n<tr>\n<td>\u0095material de las ruedas: material pp<\/td>\n<\/tr>\n<tr>\n<td>\u0095tipo de mecanismo: mecanismo tipo mariposa<\/td>\n<\/tr>\n<tr>\n<td>\u0095inclinacion del respaldo grados: 120\u00b0<\/td>\n<\/tr>\n<tr>\n<td>\u0095base giratoria 360\u00b0: si<\/td>\n<\/tr>\n<tr>\n<td>\u0095tipo\/clase de piston: piston de gas clase 2, 100 mm<\/td>\n<\/tr>\n<tr>\n<td>\u0095recubrimiento del piston: recubrimiento negro pintura en polvo<\/td>\n<\/tr>\n<tr>\n<td>\u0095rango de ajuste de altura cm: 0-10 cm<\/td>\n<\/tr>\n<tr>\n<td>\u0095reposabrazos: abatibles<\/td>\n<\/tr>\n<tr>\n<td>\u0095rango de ajuste de altura reposabrazos: ajuste a 90\u00b0<\/td>\n<\/tr>\n<tr>\n<td>\u0095movimiento en mas ejes 2d\/3d\/4d: reposabrazos abatibles<\/td>\n<\/tr>\n<tr>\n<td>\u0095cojin cervical: si  sujeto a la silla<\/td>\n<\/tr>\n<tr>\n<td>\u0095tipo de ruedas: ruedas medianas de pu suave<\/td>\n<\/tr>\n<tr>\n<td>\u0095tamao de ruedas mm: 50 mm<\/td>\n<\/tr>\n<\/table>\n","protected":false},"excerpt":{"rendered":"<p>Comodidad inteligente con estilo profesional. Transforma tu jornada con una experiencia. De confort diseada para acompaarte en. Los das ms exigentes. Esta silla te ayuda a. Mantenerte enfocado, fresco y sin. Tensiones, incluso despus de horas frente. Al escritorio. Su diseo moderno no solo. Eleva tu espacio, tambin mejora tu. Bienestar diario, brindndote el equilibrio. Perfecto entre productividad, salud y. Elegancia. Menos tensin. M\u00e1s concentracin. Dile adis a la tensin en el cuello y dale la. Bienvenida al enfoque sin distracciones. Con. Un reposacabezas que se adapta a ti, esta. Silla transforma cada jornada en una. Experiencia de confort superior. Haz una pausa. Sin dejar tu espacio. La comodidad alcanza un nuevo estndar. Su diseo fluido y elegante responde al. Movimiento con naturalidad, ofrecindote. Una experiencia ergonmica que se. Adapta a ti sin esfuerzo. Ideal para quienes. Valoran el control, la sofisticacin y el. Confort en cada detalle. Frescura que se siente. Estilo que se nota. Diseada para mantener la elegancia en. Todo momento, su tejido transpirable. Permite que la comodidad fluya sin. Interrupciones, brindndote una. Sensacin ligera, fresca y constante. Incluso en las jornadas ms exigentes. Diseada para sentirse. Creada para cuidarte. Desde el primer minuto sentirs una comodidad. Envolvente en un asiento diseado para adaptarse. A ti, que alivia la tensin y mejora tu postura. Su. Diseo ergonmico te ofrece soporte lumbar. Frescura continua y libertad de movimiento para. Trabajar sin fatiga, incluso en las jornadas ms. Largas. Comodidad que. Se ajusta. Con reposabrazos abatibles en 90\u00b0, cada. Detalle responde a tu forma de trabajar. Eleva tu experiencia con un diseo que. Ofrece libertad de movimiento sin. Renunciar al soporte, adaptndose con. Precisin y elegancia a tus necesidades.<\/p>\n","protected":false},"featured_media":0,"comment_status":"open","ping_status":"open","template":"","meta":[],"product_cat":[2075,2311],"product_tag":[1582],"acf":[],"yoast_head":"<!-- This site is optimized with the Yoast SEO plugin v21.7 - https:\/\/yoast.com\/wordpress\/plugins\/seo\/ -->\n<title>[ Acteck ] &#129351; Ac-943314 Silla Flux Prime Ec636hr \/ Ergonomica \/ Reposacabeza Y Reposabrazos Ajustable \/ Soporte Lumbar \/ Inclinacion 120 Grados \/ Max 100 Kg \/ Transpirable \/ Mecanismo Mariposa \/ Negro \/<\/title>\n<meta name=\"description\" content=\"Compra Ac-943314 Silla Flux Prime Ec636hr \/ Ergonomica \/ Reposacabeza Y Reposabrazos Ajustable \/ Soporte Lumbar \/ Inclinacion 120 Grados \/ Max 100 Kg \/ Transpirable \/ Mecanismo Mariposa \/ Negro \/ + Env\u00edo a domicilio + Pago seguro + Garant\u00eda\" \/>\n<meta name=\"robots\" content=\"index, follow, max-snippet:-1, max-image-preview:large, max-video-preview:-1\" \/>\n<link rel=\"canonical\" href=\"https:\/\/compuviper.mx\/tienda\/producto\/acteck-ac-943314-silla-flux-prime-ec636hr-ergonomica-reposacabeza-y-reposabrazos-ajustable-soporte-lumbar-inclinacion-120-grados-max-100-kg-transpirable-mecanismo-mariposa-negro\/\" \/>\n<meta property=\"og:locale\" content=\"es_MX\" \/>\n<meta property=\"og:type\" content=\"article\" \/>\n<meta property=\"og:title\" content=\"[ Acteck ] &#129351; Ac-943314 Silla Flux Prime Ec636hr \/ Ergonomica \/ Reposacabeza Y Reposabrazos Ajustable \/ Soporte Lumbar \/ Inclinacion 120 Grados \/ Max 100 Kg \/ Transpirable \/ Mecanismo Mariposa \/ Negro \/\" \/>\n<meta property=\"og:description\" content=\"Compra Ac-943314 Silla Flux Prime Ec636hr \/ Ergonomica \/ Reposacabeza Y Reposabrazos Ajustable \/ Soporte Lumbar \/ Inclinacion 120 Grados \/ Max 100 Kg \/ Transpirable \/ Mecanismo Mariposa \/ Negro \/ + Env\u00edo a domicilio + Pago seguro + Garant\u00eda\" \/>\n<meta property=\"og:url\" content=\"https:\/\/compuviper.mx\/tienda\/producto\/acteck-ac-943314-silla-flux-prime-ec636hr-ergonomica-reposacabeza-y-reposabrazos-ajustable-soporte-lumbar-inclinacion-120-grados-max-100-kg-transpirable-mecanismo-mariposa-negro\/\" \/>\n<meta property=\"og:site_name\" content=\"Compuviper\" \/>\n<meta property=\"article:publisher\" content=\"https:\/\/www.facebook.com\/compuviper\" \/>\n<meta name=\"twitter:card\" content=\"summary_large_image\" \/>\n<meta name=\"twitter:label1\" content=\"Precio\" \/>\n\t<meta name=\"twitter:data1\" content=\"&#36;1,634 con IVA\" \/>\n\t<meta name=\"twitter:label2\" content=\"Availability\" \/>\n\t<meta name=\"twitter:data2\" content=\"Out of stock\" \/>\n<script type=\"application\/ld+json\" class=\"yoast-schema-graph\">{\"@context\":\"https:\/\/schema.org\",\"@graph\":[{\"@type\":\"WebPage\",\"@id\":\"https:\/\/compuviper.mx\/tienda\/producto\/acteck-ac-943314-silla-flux-prime-ec636hr-ergonomica-reposacabeza-y-reposabrazos-ajustable-soporte-lumbar-inclinacion-120-grados-max-100-kg-transpirable-mecanismo-mariposa-negro\/\",\"url\":\"https:\/\/compuviper.mx\/tienda\/producto\/acteck-ac-943314-silla-flux-prime-ec636hr-ergonomica-reposacabeza-y-reposabrazos-ajustable-soporte-lumbar-inclinacion-120-grados-max-100-kg-transpirable-mecanismo-mariposa-negro\/\",\"name\":\"[ Acteck ] &#129351; Ac-943314 Silla Flux Prime Ec636hr \/ Ergonomica \/ Reposacabeza Y Reposabrazos Ajustable \/ Soporte Lumbar \/ Inclinacion 120 Grados \/ Max 100 Kg \/ Transpirable \/ Mecanismo Mariposa \/ Negro \/\",\"isPartOf\":{\"@id\":\"https:\/\/compuviper.mx\/tienda\/#website\"},\"datePublished\":\"2026-04-07T05:18:38+00:00\",\"dateModified\":\"2026-04-07T05:18:38+00:00\",\"description\":\"Compra Ac-943314 Silla Flux Prime Ec636hr \/ Ergonomica \/ Reposacabeza Y Reposabrazos Ajustable \/ Soporte Lumbar \/ Inclinacion 120 Grados \/ Max 100 Kg \/ Transpirable \/ Mecanismo Mariposa \/ Negro \/ + Env\u00edo a domicilio + Pago seguro + Garant\u00eda\",\"breadcrumb\":{\"@id\":\"https:\/\/compuviper.mx\/tienda\/producto\/acteck-ac-943314-silla-flux-prime-ec636hr-ergonomica-reposacabeza-y-reposabrazos-ajustable-soporte-lumbar-inclinacion-120-grados-max-100-kg-transpirable-mecanismo-mariposa-negro\/#breadcrumb\"},\"inLanguage\":\"es-MX\",\"potentialAction\":[{\"@type\":\"ReadAction\",\"target\":[\"https:\/\/compuviper.mx\/tienda\/producto\/acteck-ac-943314-silla-flux-prime-ec636hr-ergonomica-reposacabeza-y-reposabrazos-ajustable-soporte-lumbar-inclinacion-120-grados-max-100-kg-transpirable-mecanismo-mariposa-negro\/\"]}]},{\"@type\":\"BreadcrumbList\",\"@id\":\"https:\/\/compuviper.mx\/tienda\/producto\/acteck-ac-943314-silla-flux-prime-ec636hr-ergonomica-reposacabeza-y-reposabrazos-ajustable-soporte-lumbar-inclinacion-120-grados-max-100-kg-transpirable-mecanismo-mariposa-negro\/#breadcrumb\",\"itemListElement\":[{\"@type\":\"ListItem\",\"position\":1,\"name\":\"Inicio\",\"item\":\"https:\/\/compuviper.mx\/tienda\/\"},{\"@type\":\"ListItem\",\"position\":2,\"name\":\"Productos\",\"item\":\"https:\/\/compuviper.mx\/tienda\/productos\/\"},{\"@type\":\"ListItem\",\"position\":3,\"name\":\"Muebles Para Oficina\",\"item\":\"https:\/\/compuviper.mx\/tienda\/categoria-producto\/muebles-para-oficina\/\"},{\"@type\":\"ListItem\",\"position\":4,\"name\":\"Silla\",\"item\":\"https:\/\/compuviper.mx\/tienda\/categoria-producto\/muebles-para-oficina\/silla\/\"},{\"@type\":\"ListItem\",\"position\":5,\"name\":\"Acteck Ac-943314 Silla Flux Prime Ec636hr \/ Ergonomica \/ Reposacabeza Y Reposabrazos Ajustable \/ Soporte Lumbar \/ Inclinacion 120 Grados \/ Max 100 Kg \/ Transpirable \/ Mecanismo Mariposa \/ Negro \/\"}]},{\"@type\":\"WebSite\",\"@id\":\"https:\/\/compuviper.mx\/tienda\/#website\",\"url\":\"https:\/\/compuviper.mx\/tienda\/\",\"name\":\"Compuviper\",\"description\":\"Proveedor de Computadoras, Laptops, Servidores, Monitores, Puntos de Venta, Teclados,   Impresoras, T\u00f3ner, C\u00e1maras de Seguridad y m\u00e1s en tu tienda en l\u00ednea\",\"publisher\":{\"@id\":\"https:\/\/compuviper.mx\/tienda\/#organization\"},\"potentialAction\":[{\"@type\":\"SearchAction\",\"target\":{\"@type\":\"EntryPoint\",\"urlTemplate\":\"https:\/\/compuviper.mx\/tienda\/?s={search_term_string}\"},\"query-input\":\"required name=search_term_string\"}],\"inLanguage\":\"es-MX\"},{\"@type\":\"Organization\",\"@id\":\"https:\/\/compuviper.mx\/tienda\/#organization\",\"name\":\"Compuviper\",\"url\":\"https:\/\/compuviper.mx\/tienda\/\",\"logo\":{\"@type\":\"ImageObject\",\"inLanguage\":\"es-MX\",\"@id\":\"https:\/\/compuviper.mx\/tienda\/#\/schema\/logo\/image\/\",\"url\":\"https:\/\/compuviper.mx\/tienda\/wp-content\/uploads\/2021\/08\/Logo-Compuviper-10.png\",\"contentUrl\":\"https:\/\/compuviper.mx\/tienda\/wp-content\/uploads\/2021\/08\/Logo-Compuviper-10.png\",\"width\":1000,\"height\":500,\"caption\":\"Compuviper\"},\"image\":{\"@id\":\"https:\/\/compuviper.mx\/tienda\/#\/schema\/logo\/image\/\"},\"sameAs\":[\"https:\/\/www.facebook.com\/compuviper\",\"https:\/\/www.youtube.com\/channel\/UCf73dERp9Y3cfOq7q8BhLjA?view_as=subscriber\"]}]}<\/script>\n<meta property=\"product:brand\" content=\"ACTECK\" \/>\n<meta property=\"product:price:amount\" content=\"1634\" \/>\n<meta property=\"product:price:currency\" content=\"MXN\" \/>\n<meta property=\"og:availability\" content=\"out of stock\" \/>\n<meta property=\"product:availability\" content=\"out of stock\" \/>\n<meta property=\"product:retailer_item_id\" content=\"AC-943314\" \/>\n<meta property=\"product:condition\" content=\"new\" \/>\n<!-- \/ Yoast SEO plugin. -->","yoast_head_json":{"title":"[ Acteck ] &#129351; Ac-943314 Silla Flux Prime Ec636hr \/ Ergonomica \/ Reposacabeza Y Reposabrazos Ajustable \/ Soporte Lumbar \/ Inclinacion 120 Grados \/ Max 100 Kg \/ Transpirable \/ Mecanismo Mariposa \/ Negro \/","description":"Compra Ac-943314 Silla Flux Prime Ec636hr \/ Ergonomica \/ Reposacabeza Y Reposabrazos Ajustable \/ Soporte Lumbar \/ Inclinacion 120 Grados \/ Max 100 Kg \/ Transpirable \/ Mecanismo Mariposa \/ Negro \/ + Env\u00edo a domicilio + Pago seguro + Garant\u00eda","robots":{"index":"index","follow":"follow","max-snippet":"max-snippet:-1","max-image-preview":"max-image-preview:large","max-video-preview":"max-video-preview:-1"},"canonical":"https:\/\/compuviper.mx\/tienda\/producto\/acteck-ac-943314-silla-flux-prime-ec636hr-ergonomica-reposacabeza-y-reposabrazos-ajustable-soporte-lumbar-inclinacion-120-grados-max-100-kg-transpirable-mecanismo-mariposa-negro\/","og_locale":"es_MX","og_type":"article","og_title":"[ Acteck ] &#129351; Ac-943314 Silla Flux Prime Ec636hr \/ Ergonomica \/ Reposacabeza Y Reposabrazos Ajustable \/ Soporte Lumbar \/ Inclinacion 120 Grados \/ Max 100 Kg \/ Transpirable \/ Mecanismo Mariposa \/ Negro \/","og_description":"Compra Ac-943314 Silla Flux Prime Ec636hr \/ Ergonomica \/ Reposacabeza Y Reposabrazos Ajustable \/ Soporte Lumbar \/ Inclinacion 120 Grados \/ Max 100 Kg \/ Transpirable \/ Mecanismo Mariposa \/ Negro \/ + Env\u00edo a domicilio + Pago seguro + Garant\u00eda","og_url":"https:\/\/compuviper.mx\/tienda\/producto\/acteck-ac-943314-silla-flux-prime-ec636hr-ergonomica-reposacabeza-y-reposabrazos-ajustable-soporte-lumbar-inclinacion-120-grados-max-100-kg-transpirable-mecanismo-mariposa-negro\/","og_site_name":"Compuviper","article_publisher":"https:\/\/www.facebook.com\/compuviper","twitter_card":"summary_large_image","twitter_misc":{"Precio":"&#36;1,634 con IVA","Availability":"Out of stock"},"schema":{"@context":"https:\/\/schema.org","@graph":[{"@type":"WebPage","@id":"https:\/\/compuviper.mx\/tienda\/producto\/acteck-ac-943314-silla-flux-prime-ec636hr-ergonomica-reposacabeza-y-reposabrazos-ajustable-soporte-lumbar-inclinacion-120-grados-max-100-kg-transpirable-mecanismo-mariposa-negro\/","url":"https:\/\/compuviper.mx\/tienda\/producto\/acteck-ac-943314-silla-flux-prime-ec636hr-ergonomica-reposacabeza-y-reposabrazos-ajustable-soporte-lumbar-inclinacion-120-grados-max-100-kg-transpirable-mecanismo-mariposa-negro\/","name":"[ Acteck ] &#129351; Ac-943314 Silla Flux Prime Ec636hr \/ Ergonomica \/ Reposacabeza Y Reposabrazos Ajustable \/ Soporte Lumbar \/ Inclinacion 120 Grados \/ Max 100 Kg \/ Transpirable \/ Mecanismo Mariposa \/ Negro \/","isPartOf":{"@id":"https:\/\/compuviper.mx\/tienda\/#website"},"datePublished":"2026-04-07T05:18:38+00:00","dateModified":"2026-04-07T05:18:38+00:00","description":"Compra Ac-943314 Silla Flux Prime Ec636hr \/ Ergonomica \/ Reposacabeza Y Reposabrazos Ajustable \/ Soporte Lumbar \/ Inclinacion 120 Grados \/ Max 100 Kg \/ Transpirable \/ Mecanismo Mariposa \/ Negro \/ + Env\u00edo a domicilio + Pago seguro + Garant\u00eda","breadcrumb":{"@id":"https:\/\/compuviper.mx\/tienda\/producto\/acteck-ac-943314-silla-flux-prime-ec636hr-ergonomica-reposacabeza-y-reposabrazos-ajustable-soporte-lumbar-inclinacion-120-grados-max-100-kg-transpirable-mecanismo-mariposa-negro\/#breadcrumb"},"inLanguage":"es-MX","potentialAction":[{"@type":"ReadAction","target":["https:\/\/compuviper.mx\/tienda\/producto\/acteck-ac-943314-silla-flux-prime-ec636hr-ergonomica-reposacabeza-y-reposabrazos-ajustable-soporte-lumbar-inclinacion-120-grados-max-100-kg-transpirable-mecanismo-mariposa-negro\/"]}]},{"@type":"BreadcrumbList","@id":"https:\/\/compuviper.mx\/tienda\/producto\/acteck-ac-943314-silla-flux-prime-ec636hr-ergonomica-reposacabeza-y-reposabrazos-ajustable-soporte-lumbar-inclinacion-120-grados-max-100-kg-transpirable-mecanismo-mariposa-negro\/#breadcrumb","itemListElement":[{"@type":"ListItem","position":1,"name":"Inicio","item":"https:\/\/compuviper.mx\/tienda\/"},{"@type":"ListItem","position":2,"name":"Productos","item":"https:\/\/compuviper.mx\/tienda\/productos\/"},{"@type":"ListItem","position":3,"name":"Muebles Para Oficina","item":"https:\/\/compuviper.mx\/tienda\/categoria-producto\/muebles-para-oficina\/"},{"@type":"ListItem","position":4,"name":"Silla","item":"https:\/\/compuviper.mx\/tienda\/categoria-producto\/muebles-para-oficina\/silla\/"},{"@type":"ListItem","position":5,"name":"Acteck Ac-943314 Silla Flux Prime Ec636hr \/ Ergonomica \/ Reposacabeza Y Reposabrazos Ajustable \/ Soporte Lumbar \/ Inclinacion 120 Grados \/ Max 100 Kg \/ Transpirable \/ Mecanismo Mariposa \/ Negro \/"}]},{"@type":"WebSite","@id":"https:\/\/compuviper.mx\/tienda\/#website","url":"https:\/\/compuviper.mx\/tienda\/","name":"Compuviper","description":"Proveedor de Computadoras, Laptops, Servidores, Monitores, Puntos de Venta, Teclados,   Impresoras, T\u00f3ner, C\u00e1maras de Seguridad y m\u00e1s en tu tienda en l\u00ednea","publisher":{"@id":"https:\/\/compuviper.mx\/tienda\/#organization"},"potentialAction":[{"@type":"SearchAction","target":{"@type":"EntryPoint","urlTemplate":"https:\/\/compuviper.mx\/tienda\/?s={search_term_string}"},"query-input":"required name=search_term_string"}],"inLanguage":"es-MX"},{"@type":"Organization","@id":"https:\/\/compuviper.mx\/tienda\/#organization","name":"Compuviper","url":"https:\/\/compuviper.mx\/tienda\/","logo":{"@type":"ImageObject","inLanguage":"es-MX","@id":"https:\/\/compuviper.mx\/tienda\/#\/schema\/logo\/image\/","url":"https:\/\/compuviper.mx\/tienda\/wp-content\/uploads\/2021\/08\/Logo-Compuviper-10.png","contentUrl":"https:\/\/compuviper.mx\/tienda\/wp-content\/uploads\/2021\/08\/Logo-Compuviper-10.png","width":1000,"height":500,"caption":"Compuviper"},"image":{"@id":"https:\/\/compuviper.mx\/tienda\/#\/schema\/logo\/image\/"},"sameAs":["https:\/\/www.facebook.com\/compuviper","https:\/\/www.youtube.com\/channel\/UCf73dERp9Y3cfOq7q8BhLjA?view_as=subscriber"]}]},"product_brand":"ACTECK","product_price_amount":"1634","product_price_currency":"MXN","og_availability":"out of stock","product_availability":"out of stock","product_retailer_item_id":"AC-943314","product_condition":"new"},"_links":{"self":[{"href":"https:\/\/compuviper.mx\/tienda\/wp-json\/wp\/v2\/product\/263916"}],"collection":[{"href":"https:\/\/compuviper.mx\/tienda\/wp-json\/wp\/v2\/product"}],"about":[{"href":"https:\/\/compuviper.mx\/tienda\/wp-json\/wp\/v2\/types\/product"}],"replies":[{"embeddable":true,"href":"https:\/\/compuviper.mx\/tienda\/wp-json\/wp\/v2\/comments?post=263916"}],"wp:attachment":[{"href":"https:\/\/compuviper.mx\/tienda\/wp-json\/wp\/v2\/media?parent=263916"}],"wp:term":[{"taxonomy":"product_cat","embeddable":true,"href":"https:\/\/compuviper.mx\/tienda\/wp-json\/wp\/v2\/product_cat?post=263916"},{"taxonomy":"product_tag","embeddable":true,"href":"https:\/\/compuviper.mx\/tienda\/wp-json\/wp\/v2\/product_tag?post=263916"}],"curies":[{"name":"wp","href":"https:\/\/api.w.org\/{rel}","templated":true}]}}