{"id":263736,"date":"2026-04-18T01:15:38","date_gmt":"2026-04-18T07:15:38","guid":{"rendered":"https:\/\/compuviper.mx\/tienda\/producto\/dahua-dh-sf1026lp-switch-poe-fast-ethernet-de-26-puertos-hasta-190-watts-totales-24-ptos-poe-10-100-2-puertos-uplink-10-100-1000-switching-8-8-gbps-standares-ieee802-3af-ieee802-3at-hi-poe\/"},"modified":"2026-04-18T01:15:38","modified_gmt":"2026-04-18T07:15:38","slug":"dahua-dh-sf1026lp-switch-poe-fast-ethernet-de-26-puertos-hasta-190-watts-totales-24-ptos-poe-10-100-2-puertos-uplink-10-100-1000-switching-8-8-gbps-standares-ieee802-3af-ieee802-3at-hi-poe","status":"publish","type":"product","link":"https:\/\/compuviper.mx\/tienda\/producto\/dahua-dh-sf1026lp-switch-poe-fast-ethernet-de-26-puertos-hasta-190-watts-totales-24-ptos-poe-10-100-2-puertos-uplink-10-100-1000-switching-8-8-gbps-standares-ieee802-3af-ieee802-3at-hi-poe\/","title":{"rendered":"Dahua Dh-sf1026lp Switch \/ \/ \/poe Fast Ethernet De 26 Puertos\/hasta 190 Watts Totales\/ 24 Ptos Poe 10\/100\/ 2 Puertos Uplink 10\/100\/1000\/ Switching 8.8 Gbps\/ Standares: Ieee802.3af; Ieee802.3at; Hi-poe\/"},"content":{"rendered":"<table class=\"descripcion\">\n<tr>\n<td>Especificaciones tecnicas<\/td>\n<\/tr>\n<tr>\n<td>\u0095fuente de alimentacion incorporada: 100\u0096240 vca, 50\/60 hz, 3,96 a<\/td>\n<\/tr>\n<tr>\n<td>\u0095consumo de energia: ralenti: 5 w; carga completa: 190w<\/td>\n<\/tr>\n<tr>\n<td>\u0095proteccion estatica: descarga de aire: 8 kv; descarga de contacto: 6 kv<\/td>\n<\/tr>\n<tr>\n<td>\u0095proteccion de iluminacion: modo comun: 4 kv; modo diferencial: 2 kv<\/td>\n<\/tr>\n<tr>\n<td>\u0095peso neto: 1,71 kg<\/td>\n<\/tr>\n<tr>\n<td>\u0095dimensiones del producto: 285,0 mm  189,5 mm  43,7 mm<\/td>\n<\/tr>\n<tr>\n<td>\u0095dimensiones del embalaje: 369 mm  299 mm  81 mm<\/td>\n<\/tr>\n<tr>\n<td>\u0095material de la carcasa: sgcc<\/td>\n<\/tr>\n<tr>\n<td>\u0095poe hasta 250 metros<\/td>\n<\/tr>\n<tr>\n<td>Incluye<\/td>\n<\/tr>\n<tr>\n<td>\u0095x1 switch poe dh-sf1026lp<\/td>\n<\/tr>\n<tr>\n<td>\u0095x1 manual de usuario<\/td>\n<\/tr>\n<tr>\n<td>\u0095x1 poliza de garantia<\/td>\n<\/tr>\n<\/table>\n","protected":false},"excerpt":{"rendered":"<p>Informacion general. El dahua dh-sf1026lp es un switch poe de 24 puertos es una solucion avanzada para redes que requieren transmision de energia y datos en un solo cable ethernet. Con una potencia total de 190 w y velocidad de switching de 8.8 gbps, es compatible con los estandares ieee802.3af\/at, permitiendo la alimentacion de dispositivos poe como camaras ip y puntos de acceso inalambricos. Su proteccion contra descargas electricas mejora la seguridad y durabilidad del equipo, haciendolo ideal para entornos industriales y comerciales. Este switch optimiza el rendimiento de la red y simplifica la instalacion, reduciendo costos y el tiempo de configuracion. Caracteristicas principales. \u0095tecnologia: poe inteligente. \u0095transmision: poe de larga distancia 250m, transmision suave. \u0095temperaturas de funcionamiento:  \u009610 \u00b0c a 55 \u00b0c. \u0095puertos: aislamiento de puertos. \u0095puerto vip: da prioridad a aplicaciones criticas como el monitoreo de video, que se pueden conectar a 1-8 puertos vip.<\/p>\n","protected":false},"featured_media":0,"comment_status":"open","ping_status":"open","template":"","meta":[],"product_cat":[1563,1564],"product_tag":[1555],"acf":[],"yoast_head":"<!-- This site is optimized with the Yoast SEO plugin v21.7 - https:\/\/yoast.com\/wordpress\/plugins\/seo\/ -->\n<title>[ Dahua ] &#129351; Dh-sf1026lp Switch \/ \/ \/poe Fast Ethernet De 26 Puertos\/hasta 190 Watts Totales\/ 24 Ptos Poe 10\/100\/ 2 Puertos Uplink 10\/100\/1000\/ Switching 8.8 Gbps\/ Standares: Ieee802.3af; Ieee802.3at; Hi-poe\/<\/title>\n<meta name=\"description\" content=\"Compra Dh-sf1026lp Switch \/ \/ \/poe Fast Ethernet De 26 Puertos\/hasta 190 Watts Totales\/ 24 Ptos Poe 10\/100\/ 2 Puertos Uplink 10\/100\/1000\/ Switching 8.8 Gbps\/ Standares: Ieee802.3af; Ieee802.3at; Hi-poe\/ + Env\u00edo a domicilio + Pago seguro + Garant\u00eda\" \/>\n<meta name=\"robots\" content=\"index, follow, max-snippet:-1, max-image-preview:large, max-video-preview:-1\" \/>\n<link rel=\"canonical\" href=\"https:\/\/compuviper.mx\/tienda\/producto\/dahua-dh-sf1026lp-switch-poe-fast-ethernet-de-26-puertos-hasta-190-watts-totales-24-ptos-poe-10-100-2-puertos-uplink-10-100-1000-switching-8-8-gbps-standares-ieee802-3af-ieee802-3at-hi-poe\/\" \/>\n<meta property=\"og:locale\" content=\"es_MX\" \/>\n<meta property=\"og:type\" content=\"article\" \/>\n<meta property=\"og:title\" content=\"[ Dahua ] &#129351; Dh-sf1026lp Switch \/ \/ \/poe Fast Ethernet De 26 Puertos\/hasta 190 Watts Totales\/ 24 Ptos Poe 10\/100\/ 2 Puertos Uplink 10\/100\/1000\/ Switching 8.8 Gbps\/ Standares: Ieee802.3af; Ieee802.3at; Hi-poe\/\" \/>\n<meta property=\"og:description\" content=\"Compra Dh-sf1026lp Switch \/ \/ \/poe Fast Ethernet De 26 Puertos\/hasta 190 Watts Totales\/ 24 Ptos Poe 10\/100\/ 2 Puertos Uplink 10\/100\/1000\/ Switching 8.8 Gbps\/ Standares: Ieee802.3af; Ieee802.3at; Hi-poe\/ + Env\u00edo a domicilio + Pago seguro + Garant\u00eda\" \/>\n<meta property=\"og:url\" content=\"https:\/\/compuviper.mx\/tienda\/producto\/dahua-dh-sf1026lp-switch-poe-fast-ethernet-de-26-puertos-hasta-190-watts-totales-24-ptos-poe-10-100-2-puertos-uplink-10-100-1000-switching-8-8-gbps-standares-ieee802-3af-ieee802-3at-hi-poe\/\" \/>\n<meta property=\"og:site_name\" content=\"Compuviper\" \/>\n<meta property=\"article:publisher\" content=\"https:\/\/www.facebook.com\/compuviper\" \/>\n<meta name=\"twitter:card\" content=\"summary_large_image\" \/>\n<meta name=\"twitter:label1\" content=\"Precio\" \/>\n\t<meta name=\"twitter:data1\" content=\"&#36;2,233 con IVA\" \/>\n\t<meta name=\"twitter:label2\" content=\"Availability\" \/>\n\t<meta name=\"twitter:data2\" content=\"Out of stock\" \/>\n<script type=\"application\/ld+json\" class=\"yoast-schema-graph\">{\"@context\":\"https:\/\/schema.org\",\"@graph\":[{\"@type\":\"WebPage\",\"@id\":\"https:\/\/compuviper.mx\/tienda\/producto\/dahua-dh-sf1026lp-switch-poe-fast-ethernet-de-26-puertos-hasta-190-watts-totales-24-ptos-poe-10-100-2-puertos-uplink-10-100-1000-switching-8-8-gbps-standares-ieee802-3af-ieee802-3at-hi-poe\/\",\"url\":\"https:\/\/compuviper.mx\/tienda\/producto\/dahua-dh-sf1026lp-switch-poe-fast-ethernet-de-26-puertos-hasta-190-watts-totales-24-ptos-poe-10-100-2-puertos-uplink-10-100-1000-switching-8-8-gbps-standares-ieee802-3af-ieee802-3at-hi-poe\/\",\"name\":\"[ Dahua ] &#129351; Dh-sf1026lp Switch \/ \/ \/poe Fast Ethernet De 26 Puertos\/hasta 190 Watts Totales\/ 24 Ptos Poe 10\/100\/ 2 Puertos Uplink 10\/100\/1000\/ Switching 8.8 Gbps\/ Standares: Ieee802.3af; Ieee802.3at; Hi-poe\/\",\"isPartOf\":{\"@id\":\"https:\/\/compuviper.mx\/tienda\/#website\"},\"datePublished\":\"2026-04-18T07:15:38+00:00\",\"dateModified\":\"2026-04-18T07:15:38+00:00\",\"description\":\"Compra Dh-sf1026lp Switch \/ \/ \/poe Fast Ethernet De 26 Puertos\/hasta 190 Watts Totales\/ 24 Ptos Poe 10\/100\/ 2 Puertos Uplink 10\/100\/1000\/ Switching 8.8 Gbps\/ Standares: Ieee802.3af; Ieee802.3at; Hi-poe\/ + Env\u00edo a domicilio + Pago seguro + Garant\u00eda\",\"breadcrumb\":{\"@id\":\"https:\/\/compuviper.mx\/tienda\/producto\/dahua-dh-sf1026lp-switch-poe-fast-ethernet-de-26-puertos-hasta-190-watts-totales-24-ptos-poe-10-100-2-puertos-uplink-10-100-1000-switching-8-8-gbps-standares-ieee802-3af-ieee802-3at-hi-poe\/#breadcrumb\"},\"inLanguage\":\"es-MX\",\"potentialAction\":[{\"@type\":\"ReadAction\",\"target\":[\"https:\/\/compuviper.mx\/tienda\/producto\/dahua-dh-sf1026lp-switch-poe-fast-ethernet-de-26-puertos-hasta-190-watts-totales-24-ptos-poe-10-100-2-puertos-uplink-10-100-1000-switching-8-8-gbps-standares-ieee802-3af-ieee802-3at-hi-poe\/\"]}]},{\"@type\":\"BreadcrumbList\",\"@id\":\"https:\/\/compuviper.mx\/tienda\/producto\/dahua-dh-sf1026lp-switch-poe-fast-ethernet-de-26-puertos-hasta-190-watts-totales-24-ptos-poe-10-100-2-puertos-uplink-10-100-1000-switching-8-8-gbps-standares-ieee802-3af-ieee802-3at-hi-poe\/#breadcrumb\",\"itemListElement\":[{\"@type\":\"ListItem\",\"position\":1,\"name\":\"Inicio\",\"item\":\"https:\/\/compuviper.mx\/tienda\/\"},{\"@type\":\"ListItem\",\"position\":2,\"name\":\"Productos\",\"item\":\"https:\/\/compuviper.mx\/tienda\/productos\/\"},{\"@type\":\"ListItem\",\"position\":3,\"name\":\"Redes\",\"item\":\"https:\/\/compuviper.mx\/tienda\/categoria-producto\/redes\/\"},{\"@type\":\"ListItem\",\"position\":4,\"name\":\"Switch\",\"item\":\"https:\/\/compuviper.mx\/tienda\/categoria-producto\/redes\/switch\/\"},{\"@type\":\"ListItem\",\"position\":5,\"name\":\"Dahua Dh-sf1026lp Switch \/ \/ \/poe Fast Ethernet De 26 Puertos\/hasta 190 Watts Totales\/ 24 Ptos Poe 10\/100\/ 2 Puertos Uplink 10\/100\/1000\/ Switching 8.8 Gbps\/ Standares: Ieee802.3af; Ieee802.3at; Hi-poe\/\"}]},{\"@type\":\"WebSite\",\"@id\":\"https:\/\/compuviper.mx\/tienda\/#website\",\"url\":\"https:\/\/compuviper.mx\/tienda\/\",\"name\":\"Compuviper\",\"description\":\"Proveedor de Computadoras, Laptops, Servidores, Monitores, Puntos de Venta, Teclados,   Impresoras, T\u00f3ner, C\u00e1maras de Seguridad y m\u00e1s en tu tienda en l\u00ednea\",\"publisher\":{\"@id\":\"https:\/\/compuviper.mx\/tienda\/#organization\"},\"potentialAction\":[{\"@type\":\"SearchAction\",\"target\":{\"@type\":\"EntryPoint\",\"urlTemplate\":\"https:\/\/compuviper.mx\/tienda\/?s={search_term_string}\"},\"query-input\":\"required name=search_term_string\"}],\"inLanguage\":\"es-MX\"},{\"@type\":\"Organization\",\"@id\":\"https:\/\/compuviper.mx\/tienda\/#organization\",\"name\":\"Compuviper\",\"url\":\"https:\/\/compuviper.mx\/tienda\/\",\"logo\":{\"@type\":\"ImageObject\",\"inLanguage\":\"es-MX\",\"@id\":\"https:\/\/compuviper.mx\/tienda\/#\/schema\/logo\/image\/\",\"url\":\"https:\/\/compuviper.mx\/tienda\/wp-content\/uploads\/2021\/08\/Logo-Compuviper-10.png\",\"contentUrl\":\"https:\/\/compuviper.mx\/tienda\/wp-content\/uploads\/2021\/08\/Logo-Compuviper-10.png\",\"width\":1000,\"height\":500,\"caption\":\"Compuviper\"},\"image\":{\"@id\":\"https:\/\/compuviper.mx\/tienda\/#\/schema\/logo\/image\/\"},\"sameAs\":[\"https:\/\/www.facebook.com\/compuviper\",\"https:\/\/www.youtube.com\/channel\/UCf73dERp9Y3cfOq7q8BhLjA?view_as=subscriber\"]}]}<\/script>\n<meta property=\"product:brand\" content=\"DAHUA\" \/>\n<meta property=\"product:price:amount\" content=\"2233\" \/>\n<meta property=\"product:price:currency\" content=\"MXN\" \/>\n<meta property=\"og:availability\" content=\"out of stock\" \/>\n<meta property=\"product:availability\" content=\"out of stock\" \/>\n<meta property=\"product:retailer_item_id\" content=\"DH-SF1026LP\" \/>\n<meta property=\"product:condition\" content=\"new\" \/>\n<!-- \/ Yoast SEO plugin. -->","yoast_head_json":{"title":"[ Dahua ] &#129351; Dh-sf1026lp Switch \/ \/ \/poe Fast Ethernet De 26 Puertos\/hasta 190 Watts Totales\/ 24 Ptos Poe 10\/100\/ 2 Puertos Uplink 10\/100\/1000\/ Switching 8.8 Gbps\/ Standares: Ieee802.3af; Ieee802.3at; Hi-poe\/","description":"Compra Dh-sf1026lp Switch \/ \/ \/poe Fast Ethernet De 26 Puertos\/hasta 190 Watts Totales\/ 24 Ptos Poe 10\/100\/ 2 Puertos Uplink 10\/100\/1000\/ Switching 8.8 Gbps\/ Standares: Ieee802.3af; Ieee802.3at; Hi-poe\/ + Env\u00edo a domicilio + Pago seguro + Garant\u00eda","robots":{"index":"index","follow":"follow","max-snippet":"max-snippet:-1","max-image-preview":"max-image-preview:large","max-video-preview":"max-video-preview:-1"},"canonical":"https:\/\/compuviper.mx\/tienda\/producto\/dahua-dh-sf1026lp-switch-poe-fast-ethernet-de-26-puertos-hasta-190-watts-totales-24-ptos-poe-10-100-2-puertos-uplink-10-100-1000-switching-8-8-gbps-standares-ieee802-3af-ieee802-3at-hi-poe\/","og_locale":"es_MX","og_type":"article","og_title":"[ Dahua ] &#129351; Dh-sf1026lp Switch \/ \/ \/poe Fast Ethernet De 26 Puertos\/hasta 190 Watts Totales\/ 24 Ptos Poe 10\/100\/ 2 Puertos Uplink 10\/100\/1000\/ Switching 8.8 Gbps\/ Standares: Ieee802.3af; Ieee802.3at; Hi-poe\/","og_description":"Compra Dh-sf1026lp Switch \/ \/ \/poe Fast Ethernet De 26 Puertos\/hasta 190 Watts Totales\/ 24 Ptos Poe 10\/100\/ 2 Puertos Uplink 10\/100\/1000\/ Switching 8.8 Gbps\/ Standares: Ieee802.3af; Ieee802.3at; Hi-poe\/ + Env\u00edo a domicilio + Pago seguro + Garant\u00eda","og_url":"https:\/\/compuviper.mx\/tienda\/producto\/dahua-dh-sf1026lp-switch-poe-fast-ethernet-de-26-puertos-hasta-190-watts-totales-24-ptos-poe-10-100-2-puertos-uplink-10-100-1000-switching-8-8-gbps-standares-ieee802-3af-ieee802-3at-hi-poe\/","og_site_name":"Compuviper","article_publisher":"https:\/\/www.facebook.com\/compuviper","twitter_card":"summary_large_image","twitter_misc":{"Precio":"&#36;2,233 con IVA","Availability":"Out of stock"},"schema":{"@context":"https:\/\/schema.org","@graph":[{"@type":"WebPage","@id":"https:\/\/compuviper.mx\/tienda\/producto\/dahua-dh-sf1026lp-switch-poe-fast-ethernet-de-26-puertos-hasta-190-watts-totales-24-ptos-poe-10-100-2-puertos-uplink-10-100-1000-switching-8-8-gbps-standares-ieee802-3af-ieee802-3at-hi-poe\/","url":"https:\/\/compuviper.mx\/tienda\/producto\/dahua-dh-sf1026lp-switch-poe-fast-ethernet-de-26-puertos-hasta-190-watts-totales-24-ptos-poe-10-100-2-puertos-uplink-10-100-1000-switching-8-8-gbps-standares-ieee802-3af-ieee802-3at-hi-poe\/","name":"[ Dahua ] &#129351; Dh-sf1026lp Switch \/ \/ \/poe Fast Ethernet De 26 Puertos\/hasta 190 Watts Totales\/ 24 Ptos Poe 10\/100\/ 2 Puertos Uplink 10\/100\/1000\/ Switching 8.8 Gbps\/ Standares: Ieee802.3af; Ieee802.3at; Hi-poe\/","isPartOf":{"@id":"https:\/\/compuviper.mx\/tienda\/#website"},"datePublished":"2026-04-18T07:15:38+00:00","dateModified":"2026-04-18T07:15:38+00:00","description":"Compra Dh-sf1026lp Switch \/ \/ \/poe Fast Ethernet De 26 Puertos\/hasta 190 Watts Totales\/ 24 Ptos Poe 10\/100\/ 2 Puertos Uplink 10\/100\/1000\/ Switching 8.8 Gbps\/ Standares: Ieee802.3af; Ieee802.3at; Hi-poe\/ + Env\u00edo a domicilio + Pago seguro + Garant\u00eda","breadcrumb":{"@id":"https:\/\/compuviper.mx\/tienda\/producto\/dahua-dh-sf1026lp-switch-poe-fast-ethernet-de-26-puertos-hasta-190-watts-totales-24-ptos-poe-10-100-2-puertos-uplink-10-100-1000-switching-8-8-gbps-standares-ieee802-3af-ieee802-3at-hi-poe\/#breadcrumb"},"inLanguage":"es-MX","potentialAction":[{"@type":"ReadAction","target":["https:\/\/compuviper.mx\/tienda\/producto\/dahua-dh-sf1026lp-switch-poe-fast-ethernet-de-26-puertos-hasta-190-watts-totales-24-ptos-poe-10-100-2-puertos-uplink-10-100-1000-switching-8-8-gbps-standares-ieee802-3af-ieee802-3at-hi-poe\/"]}]},{"@type":"BreadcrumbList","@id":"https:\/\/compuviper.mx\/tienda\/producto\/dahua-dh-sf1026lp-switch-poe-fast-ethernet-de-26-puertos-hasta-190-watts-totales-24-ptos-poe-10-100-2-puertos-uplink-10-100-1000-switching-8-8-gbps-standares-ieee802-3af-ieee802-3at-hi-poe\/#breadcrumb","itemListElement":[{"@type":"ListItem","position":1,"name":"Inicio","item":"https:\/\/compuviper.mx\/tienda\/"},{"@type":"ListItem","position":2,"name":"Productos","item":"https:\/\/compuviper.mx\/tienda\/productos\/"},{"@type":"ListItem","position":3,"name":"Redes","item":"https:\/\/compuviper.mx\/tienda\/categoria-producto\/redes\/"},{"@type":"ListItem","position":4,"name":"Switch","item":"https:\/\/compuviper.mx\/tienda\/categoria-producto\/redes\/switch\/"},{"@type":"ListItem","position":5,"name":"Dahua Dh-sf1026lp Switch \/ \/ \/poe Fast Ethernet De 26 Puertos\/hasta 190 Watts Totales\/ 24 Ptos Poe 10\/100\/ 2 Puertos Uplink 10\/100\/1000\/ Switching 8.8 Gbps\/ Standares: Ieee802.3af; Ieee802.3at; Hi-poe\/"}]},{"@type":"WebSite","@id":"https:\/\/compuviper.mx\/tienda\/#website","url":"https:\/\/compuviper.mx\/tienda\/","name":"Compuviper","description":"Proveedor de Computadoras, Laptops, Servidores, Monitores, Puntos de Venta, Teclados,   Impresoras, T\u00f3ner, C\u00e1maras de Seguridad y m\u00e1s en tu tienda en l\u00ednea","publisher":{"@id":"https:\/\/compuviper.mx\/tienda\/#organization"},"potentialAction":[{"@type":"SearchAction","target":{"@type":"EntryPoint","urlTemplate":"https:\/\/compuviper.mx\/tienda\/?s={search_term_string}"},"query-input":"required name=search_term_string"}],"inLanguage":"es-MX"},{"@type":"Organization","@id":"https:\/\/compuviper.mx\/tienda\/#organization","name":"Compuviper","url":"https:\/\/compuviper.mx\/tienda\/","logo":{"@type":"ImageObject","inLanguage":"es-MX","@id":"https:\/\/compuviper.mx\/tienda\/#\/schema\/logo\/image\/","url":"https:\/\/compuviper.mx\/tienda\/wp-content\/uploads\/2021\/08\/Logo-Compuviper-10.png","contentUrl":"https:\/\/compuviper.mx\/tienda\/wp-content\/uploads\/2021\/08\/Logo-Compuviper-10.png","width":1000,"height":500,"caption":"Compuviper"},"image":{"@id":"https:\/\/compuviper.mx\/tienda\/#\/schema\/logo\/image\/"},"sameAs":["https:\/\/www.facebook.com\/compuviper","https:\/\/www.youtube.com\/channel\/UCf73dERp9Y3cfOq7q8BhLjA?view_as=subscriber"]}]},"product_brand":"DAHUA","product_price_amount":"2233","product_price_currency":"MXN","og_availability":"out of stock","product_availability":"out of stock","product_retailer_item_id":"DH-SF1026LP","product_condition":"new"},"_links":{"self":[{"href":"https:\/\/compuviper.mx\/tienda\/wp-json\/wp\/v2\/product\/263736"}],"collection":[{"href":"https:\/\/compuviper.mx\/tienda\/wp-json\/wp\/v2\/product"}],"about":[{"href":"https:\/\/compuviper.mx\/tienda\/wp-json\/wp\/v2\/types\/product"}],"replies":[{"embeddable":true,"href":"https:\/\/compuviper.mx\/tienda\/wp-json\/wp\/v2\/comments?post=263736"}],"wp:attachment":[{"href":"https:\/\/compuviper.mx\/tienda\/wp-json\/wp\/v2\/media?parent=263736"}],"wp:term":[{"taxonomy":"product_cat","embeddable":true,"href":"https:\/\/compuviper.mx\/tienda\/wp-json\/wp\/v2\/product_cat?post=263736"},{"taxonomy":"product_tag","embeddable":true,"href":"https:\/\/compuviper.mx\/tienda\/wp-json\/wp\/v2\/product_tag?post=263736"}],"curies":[{"name":"wp","href":"https:\/\/api.w.org\/{rel}","templated":true}]}}