{"id":263562,"date":"2026-04-01T23:17:46","date_gmt":"2026-04-02T05:17:46","guid":{"rendered":"https:\/\/compuviper.mx\/tienda\/producto\/samsung-sbb-ss08nu1xza8806094418538-set-back-box-sbb-ss08nu1xza-player-para-monitor-alto-formato\/"},"modified":"2026-04-01T23:17:46","modified_gmt":"2026-04-02T05:17:46","slug":"samsung-sbb-ss08nu1xza8806094418538-set-back-box-sbb-ss08nu1xza-player-para-monitor-alto-formato","status":"publish","type":"product","link":"https:\/\/compuviper.mx\/tienda\/producto\/samsung-sbb-ss08nu1xza8806094418538-set-back-box-sbb-ss08nu1xza-player-para-monitor-alto-formato\/","title":{"rendered":"Samsung Sbb-ss08nu1xza,8806094418538  Set Back Box Sbb-ss08nu1xza   Player Para Monitor Alto Formato"},"content":{"rendered":"<table class=\"descripcion\">\n<tr>\n<td>Conectividad<\/td>\n<\/tr>\n<tr>\n<td>    version of hdmi<\/td>\n<\/tr>\n<tr>\n<td>    2.0<\/td>\n<\/tr>\n<tr>\n<td>    version of hdcp<\/td>\n<\/tr>\n<tr>\n<td>    2.2<\/td>\n<\/tr>\n<tr>\n<td>    usb<\/td>\n<\/tr>\n<tr>\n<td>    2<\/td>\n<\/tr>\n<tr>\n<td>    entrada ir<\/td>\n<\/tr>\n<tr>\n<td>    yes<\/td>\n<\/tr>\n<tr>\n<td>    salida de video<\/td>\n<\/tr>\n<tr>\n<td>    stereo mini jack<\/td>\n<\/tr>\n<tr>\n<td>    salida de video<\/td>\n<\/tr>\n<tr>\n<td>    yes<\/td>\n<\/tr>\n<tr>\n<td>    entrada rs232<\/td>\n<\/tr>\n<tr>\n<td>    yes<\/td>\n<\/tr>\n<tr>\n<td>    salida rs232<\/td>\n<\/tr>\n<tr>\n<td>    yes<\/td>\n<\/tr>\n<tr>\n<td>    entrada rj45<\/td>\n<\/tr>\n<tr>\n<td>    yes<\/td>\n<\/tr>\n<tr>\n<td>    wi-fi<\/td>\n<\/tr>\n<tr>\n<td>    yes<\/td>\n<\/tr>\n<tr>\n<td>Alimentacin<\/td>\n<\/tr>\n<tr>\n<td>    alimentacin<\/td>\n<\/tr>\n<tr>\n<td>    ac100-240v 50\/60hz<\/td>\n<\/tr>\n<tr>\n<td>    consumo de energa encendido<\/td>\n<\/tr>\n<tr>\n<td>    23w<\/td>\n<\/tr>\n<tr>\n<td>Dimensiones<\/td>\n<\/tr>\n<tr>\n<td>    dimensiones del equipo a x al x p<\/td>\n<\/tr>\n<tr>\n<td>    206.4 x 29.9 x 165.6 mm<\/td>\n<\/tr>\n<tr>\n<td>    dimensiones del paquete a x al x p<\/td>\n<\/tr>\n<tr>\n<td>    379 x 80 x 249 mm<\/td>\n<\/tr>\n<tr>\n<td>Peso g<\/td>\n<\/tr>\n<tr>\n<td>    peso del equipo<\/td>\n<\/tr>\n<tr>\n<td>    0.6 kg<\/td>\n<\/tr>\n<tr>\n<td>    peso del paquete<\/td>\n<\/tr>\n<tr>\n<td>    1.40 kg<\/td>\n<\/tr>\n<tr>\n<td>Certificacin y conformidad<\/td>\n<\/tr>\n<tr>\n<td>    emc<\/td>\n<\/tr>\n<tr>\n<td>    kcc, ce, fcc, ccc<\/td>\n<\/tr>\n<tr>\n<td>    seguridad<\/td>\n<\/tr>\n<tr>\n<td>    ul, csa<\/td>\n<\/tr>\n<\/table>\n","protected":false},"excerpt":{"rendered":"<p>Conectividad version of hdmi 2.0 version of hdcp 2.2 usb 2 entrada ir yes salida de video stereo mini jack salida de video yes entrada rs232 yes salida rs232 yes entrada rj45 yes wi-fi yes Alimentacin alimentacin ac100-240v 50\/60hz consumo de energa encendido 23w Dimensiones dimensiones del equipo a x al x p 206.4 x [&hellip;]<\/p>\n","protected":false},"featured_media":0,"comment_status":"open","ping_status":"open","template":"","meta":[],"product_cat":[1485,2041],"product_tag":[1743],"acf":[],"yoast_head":"<!-- This site is optimized with the Yoast SEO plugin v21.7 - https:\/\/yoast.com\/wordpress\/plugins\/seo\/ -->\n<title>[ Samsung ] &#129351; Sbb-ss08nu1xza,8806094418538 Set Back Box Sbb-ss08nu1xza Player Para Monitor Alto Formato<\/title>\n<meta name=\"description\" content=\"Compra Sbb-ss08nu1xza,8806094418538 Set Back Box Sbb-ss08nu1xza Player Para Monitor Alto Formato + Env\u00edo a domicilio + Pago seguro + Garant\u00eda\" \/>\n<meta name=\"robots\" content=\"index, follow, max-snippet:-1, max-image-preview:large, max-video-preview:-1\" \/>\n<link rel=\"canonical\" href=\"https:\/\/compuviper.mx\/tienda\/producto\/samsung-sbb-ss08nu1xza8806094418538-set-back-box-sbb-ss08nu1xza-player-para-monitor-alto-formato\/\" \/>\n<meta property=\"og:locale\" content=\"es_MX\" \/>\n<meta property=\"og:type\" content=\"article\" \/>\n<meta property=\"og:title\" content=\"[ Samsung ] &#129351; Sbb-ss08nu1xza,8806094418538 Set Back Box Sbb-ss08nu1xza Player Para Monitor Alto Formato\" \/>\n<meta property=\"og:description\" content=\"Compra Sbb-ss08nu1xza,8806094418538 Set Back Box Sbb-ss08nu1xza Player Para Monitor Alto Formato + Env\u00edo a domicilio + Pago seguro + Garant\u00eda\" \/>\n<meta property=\"og:url\" content=\"https:\/\/compuviper.mx\/tienda\/producto\/samsung-sbb-ss08nu1xza8806094418538-set-back-box-sbb-ss08nu1xza-player-para-monitor-alto-formato\/\" \/>\n<meta property=\"og:site_name\" content=\"Compuviper\" \/>\n<meta property=\"article:publisher\" content=\"https:\/\/www.facebook.com\/compuviper\" \/>\n<meta name=\"twitter:card\" content=\"summary_large_image\" \/>\n<meta name=\"twitter:label1\" content=\"Precio\" \/>\n\t<meta name=\"twitter:data1\" content=\"&#36;1,890 con IVA\" \/>\n\t<meta name=\"twitter:label2\" content=\"Availability\" \/>\n\t<meta name=\"twitter:data2\" content=\"In stock\" \/>\n<script type=\"application\/ld+json\" class=\"yoast-schema-graph\">{\"@context\":\"https:\/\/schema.org\",\"@graph\":[{\"@type\":\"WebPage\",\"@id\":\"https:\/\/compuviper.mx\/tienda\/producto\/samsung-sbb-ss08nu1xza8806094418538-set-back-box-sbb-ss08nu1xza-player-para-monitor-alto-formato\/\",\"url\":\"https:\/\/compuviper.mx\/tienda\/producto\/samsung-sbb-ss08nu1xza8806094418538-set-back-box-sbb-ss08nu1xza-player-para-monitor-alto-formato\/\",\"name\":\"[ Samsung ] &#129351; Sbb-ss08nu1xza,8806094418538 Set Back Box Sbb-ss08nu1xza Player Para Monitor Alto Formato\",\"isPartOf\":{\"@id\":\"https:\/\/compuviper.mx\/tienda\/#website\"},\"datePublished\":\"2026-04-02T05:17:46+00:00\",\"dateModified\":\"2026-04-02T05:17:46+00:00\",\"description\":\"Compra Sbb-ss08nu1xza,8806094418538 Set Back Box Sbb-ss08nu1xza Player Para Monitor Alto Formato + Env\u00edo a domicilio + Pago seguro + Garant\u00eda\",\"breadcrumb\":{\"@id\":\"https:\/\/compuviper.mx\/tienda\/producto\/samsung-sbb-ss08nu1xza8806094418538-set-back-box-sbb-ss08nu1xza-player-para-monitor-alto-formato\/#breadcrumb\"},\"inLanguage\":\"es-MX\",\"potentialAction\":[{\"@type\":\"ReadAction\",\"target\":[\"https:\/\/compuviper.mx\/tienda\/producto\/samsung-sbb-ss08nu1xza8806094418538-set-back-box-sbb-ss08nu1xza-player-para-monitor-alto-formato\/\"]}]},{\"@type\":\"BreadcrumbList\",\"@id\":\"https:\/\/compuviper.mx\/tienda\/producto\/samsung-sbb-ss08nu1xza8806094418538-set-back-box-sbb-ss08nu1xza-player-para-monitor-alto-formato\/#breadcrumb\",\"itemListElement\":[{\"@type\":\"ListItem\",\"position\":1,\"name\":\"Inicio\",\"item\":\"https:\/\/compuviper.mx\/tienda\/\"},{\"@type\":\"ListItem\",\"position\":2,\"name\":\"Productos\",\"item\":\"https:\/\/compuviper.mx\/tienda\/productos\/\"},{\"@type\":\"ListItem\",\"position\":3,\"name\":\"Accesorios\",\"item\":\"https:\/\/compuviper.mx\/tienda\/categoria-producto\/accesorios\/\"},{\"@type\":\"ListItem\",\"position\":4,\"name\":\"Player Para Se?alizacion Digital\",\"item\":\"https:\/\/compuviper.mx\/tienda\/categoria-producto\/accesorios\/player-para-sealizacion-digital\/\"},{\"@type\":\"ListItem\",\"position\":5,\"name\":\"Samsung Sbb-ss08nu1xza,8806094418538 Set Back Box Sbb-ss08nu1xza Player Para Monitor Alto Formato\"}]},{\"@type\":\"WebSite\",\"@id\":\"https:\/\/compuviper.mx\/tienda\/#website\",\"url\":\"https:\/\/compuviper.mx\/tienda\/\",\"name\":\"Compuviper\",\"description\":\"Proveedor de Computadoras, Laptops, Servidores, Monitores, Puntos de Venta, Teclados,   Impresoras, T\u00f3ner, C\u00e1maras de Seguridad y m\u00e1s en tu tienda en l\u00ednea\",\"publisher\":{\"@id\":\"https:\/\/compuviper.mx\/tienda\/#organization\"},\"potentialAction\":[{\"@type\":\"SearchAction\",\"target\":{\"@type\":\"EntryPoint\",\"urlTemplate\":\"https:\/\/compuviper.mx\/tienda\/?s={search_term_string}\"},\"query-input\":\"required name=search_term_string\"}],\"inLanguage\":\"es-MX\"},{\"@type\":\"Organization\",\"@id\":\"https:\/\/compuviper.mx\/tienda\/#organization\",\"name\":\"Compuviper\",\"url\":\"https:\/\/compuviper.mx\/tienda\/\",\"logo\":{\"@type\":\"ImageObject\",\"inLanguage\":\"es-MX\",\"@id\":\"https:\/\/compuviper.mx\/tienda\/#\/schema\/logo\/image\/\",\"url\":\"https:\/\/compuviper.mx\/tienda\/wp-content\/uploads\/2021\/08\/Logo-Compuviper-10.png\",\"contentUrl\":\"https:\/\/compuviper.mx\/tienda\/wp-content\/uploads\/2021\/08\/Logo-Compuviper-10.png\",\"width\":1000,\"height\":500,\"caption\":\"Compuviper\"},\"image\":{\"@id\":\"https:\/\/compuviper.mx\/tienda\/#\/schema\/logo\/image\/\"},\"sameAs\":[\"https:\/\/www.facebook.com\/compuviper\",\"https:\/\/www.youtube.com\/channel\/UCf73dERp9Y3cfOq7q8BhLjA?view_as=subscriber\"]}]}<\/script>\n<meta property=\"product:brand\" content=\"SAMSUNG\" \/>\n<meta property=\"product:price:amount\" content=\"1890\" \/>\n<meta property=\"product:price:currency\" content=\"MXN\" \/>\n<meta property=\"og:availability\" content=\"instock\" \/>\n<meta property=\"product:availability\" content=\"instock\" \/>\n<meta property=\"product:retailer_item_id\" content=\"SBB-SS08NU1XZA,8806094418538\" \/>\n<meta property=\"product:condition\" content=\"new\" \/>\n<!-- \/ Yoast SEO plugin. -->","yoast_head_json":{"title":"[ Samsung ] &#129351; Sbb-ss08nu1xza,8806094418538 Set Back Box Sbb-ss08nu1xza Player Para Monitor Alto Formato","description":"Compra Sbb-ss08nu1xza,8806094418538 Set Back Box Sbb-ss08nu1xza Player Para Monitor Alto Formato + Env\u00edo a domicilio + Pago seguro + Garant\u00eda","robots":{"index":"index","follow":"follow","max-snippet":"max-snippet:-1","max-image-preview":"max-image-preview:large","max-video-preview":"max-video-preview:-1"},"canonical":"https:\/\/compuviper.mx\/tienda\/producto\/samsung-sbb-ss08nu1xza8806094418538-set-back-box-sbb-ss08nu1xza-player-para-monitor-alto-formato\/","og_locale":"es_MX","og_type":"article","og_title":"[ Samsung ] &#129351; Sbb-ss08nu1xza,8806094418538 Set Back Box Sbb-ss08nu1xza Player Para Monitor Alto Formato","og_description":"Compra Sbb-ss08nu1xza,8806094418538 Set Back Box Sbb-ss08nu1xza Player Para Monitor Alto Formato + Env\u00edo a domicilio + Pago seguro + Garant\u00eda","og_url":"https:\/\/compuviper.mx\/tienda\/producto\/samsung-sbb-ss08nu1xza8806094418538-set-back-box-sbb-ss08nu1xza-player-para-monitor-alto-formato\/","og_site_name":"Compuviper","article_publisher":"https:\/\/www.facebook.com\/compuviper","twitter_card":"summary_large_image","twitter_misc":{"Precio":"&#36;1,890 con IVA","Availability":"In stock"},"schema":{"@context":"https:\/\/schema.org","@graph":[{"@type":"WebPage","@id":"https:\/\/compuviper.mx\/tienda\/producto\/samsung-sbb-ss08nu1xza8806094418538-set-back-box-sbb-ss08nu1xza-player-para-monitor-alto-formato\/","url":"https:\/\/compuviper.mx\/tienda\/producto\/samsung-sbb-ss08nu1xza8806094418538-set-back-box-sbb-ss08nu1xza-player-para-monitor-alto-formato\/","name":"[ Samsung ] &#129351; Sbb-ss08nu1xza,8806094418538 Set Back Box Sbb-ss08nu1xza Player Para Monitor Alto Formato","isPartOf":{"@id":"https:\/\/compuviper.mx\/tienda\/#website"},"datePublished":"2026-04-02T05:17:46+00:00","dateModified":"2026-04-02T05:17:46+00:00","description":"Compra Sbb-ss08nu1xza,8806094418538 Set Back Box Sbb-ss08nu1xza Player Para Monitor Alto Formato + Env\u00edo a domicilio + Pago seguro + Garant\u00eda","breadcrumb":{"@id":"https:\/\/compuviper.mx\/tienda\/producto\/samsung-sbb-ss08nu1xza8806094418538-set-back-box-sbb-ss08nu1xza-player-para-monitor-alto-formato\/#breadcrumb"},"inLanguage":"es-MX","potentialAction":[{"@type":"ReadAction","target":["https:\/\/compuviper.mx\/tienda\/producto\/samsung-sbb-ss08nu1xza8806094418538-set-back-box-sbb-ss08nu1xza-player-para-monitor-alto-formato\/"]}]},{"@type":"BreadcrumbList","@id":"https:\/\/compuviper.mx\/tienda\/producto\/samsung-sbb-ss08nu1xza8806094418538-set-back-box-sbb-ss08nu1xza-player-para-monitor-alto-formato\/#breadcrumb","itemListElement":[{"@type":"ListItem","position":1,"name":"Inicio","item":"https:\/\/compuviper.mx\/tienda\/"},{"@type":"ListItem","position":2,"name":"Productos","item":"https:\/\/compuviper.mx\/tienda\/productos\/"},{"@type":"ListItem","position":3,"name":"Accesorios","item":"https:\/\/compuviper.mx\/tienda\/categoria-producto\/accesorios\/"},{"@type":"ListItem","position":4,"name":"Player Para Se?alizacion Digital","item":"https:\/\/compuviper.mx\/tienda\/categoria-producto\/accesorios\/player-para-sealizacion-digital\/"},{"@type":"ListItem","position":5,"name":"Samsung Sbb-ss08nu1xza,8806094418538 Set Back Box Sbb-ss08nu1xza Player Para Monitor Alto Formato"}]},{"@type":"WebSite","@id":"https:\/\/compuviper.mx\/tienda\/#website","url":"https:\/\/compuviper.mx\/tienda\/","name":"Compuviper","description":"Proveedor de Computadoras, Laptops, Servidores, Monitores, Puntos de Venta, Teclados,   Impresoras, T\u00f3ner, C\u00e1maras de Seguridad y m\u00e1s en tu tienda en l\u00ednea","publisher":{"@id":"https:\/\/compuviper.mx\/tienda\/#organization"},"potentialAction":[{"@type":"SearchAction","target":{"@type":"EntryPoint","urlTemplate":"https:\/\/compuviper.mx\/tienda\/?s={search_term_string}"},"query-input":"required name=search_term_string"}],"inLanguage":"es-MX"},{"@type":"Organization","@id":"https:\/\/compuviper.mx\/tienda\/#organization","name":"Compuviper","url":"https:\/\/compuviper.mx\/tienda\/","logo":{"@type":"ImageObject","inLanguage":"es-MX","@id":"https:\/\/compuviper.mx\/tienda\/#\/schema\/logo\/image\/","url":"https:\/\/compuviper.mx\/tienda\/wp-content\/uploads\/2021\/08\/Logo-Compuviper-10.png","contentUrl":"https:\/\/compuviper.mx\/tienda\/wp-content\/uploads\/2021\/08\/Logo-Compuviper-10.png","width":1000,"height":500,"caption":"Compuviper"},"image":{"@id":"https:\/\/compuviper.mx\/tienda\/#\/schema\/logo\/image\/"},"sameAs":["https:\/\/www.facebook.com\/compuviper","https:\/\/www.youtube.com\/channel\/UCf73dERp9Y3cfOq7q8BhLjA?view_as=subscriber"]}]},"product_brand":"SAMSUNG","product_price_amount":"1890","product_price_currency":"MXN","og_availability":"instock","product_availability":"instock","product_retailer_item_id":"SBB-SS08NU1XZA,8806094418538","product_condition":"new"},"_links":{"self":[{"href":"https:\/\/compuviper.mx\/tienda\/wp-json\/wp\/v2\/product\/263562"}],"collection":[{"href":"https:\/\/compuviper.mx\/tienda\/wp-json\/wp\/v2\/product"}],"about":[{"href":"https:\/\/compuviper.mx\/tienda\/wp-json\/wp\/v2\/types\/product"}],"replies":[{"embeddable":true,"href":"https:\/\/compuviper.mx\/tienda\/wp-json\/wp\/v2\/comments?post=263562"}],"wp:attachment":[{"href":"https:\/\/compuviper.mx\/tienda\/wp-json\/wp\/v2\/media?parent=263562"}],"wp:term":[{"taxonomy":"product_cat","embeddable":true,"href":"https:\/\/compuviper.mx\/tienda\/wp-json\/wp\/v2\/product_cat?post=263562"},{"taxonomy":"product_tag","embeddable":true,"href":"https:\/\/compuviper.mx\/tienda\/wp-json\/wp\/v2\/product_tag?post=263562"}],"curies":[{"name":"wp","href":"https:\/\/api.w.org\/{rel}","templated":true}]}}