{"id":263249,"date":"2026-04-11T00:48:09","date_gmt":"2026-04-11T06:48:09","guid":{"rendered":"https:\/\/compuviper.mx\/tienda\/producto\/msi-pro-h610m-g824142282755-tarjeta-madre-intel-h610-ddr5-x4-usb-2-0-x2-usb-3-2-vga-hdmi-display-port-lan-1-gbe\/"},"modified":"2026-04-11T00:48:10","modified_gmt":"2026-04-11T06:48:10","slug":"msi-oem-pro-h610m-g824142282755-tarjeta-madre-msi-intel-h610-ddr5-x4-usb-2-0-x2-usb-3-2-vga-hdmi-display-port-lan-1-gbe","status":"publish","type":"product","link":"https:\/\/compuviper.mx\/tienda\/producto\/msi-oem-pro-h610m-g824142282755-tarjeta-madre-msi-intel-h610-ddr5-x4-usb-2-0-x2-usb-3-2-vga-hdmi-display-port-lan-1-gbe\/","title":{"rendered":"Msi Oem Pro H610m-g,824142282755 Tarjeta Madre Msi \/ Intel H610 \/ Ddr5 \/ X4 Usb 2.0 \/ X2 Usb 3.2 \/ Vga \/ Hdmi \/ Display Port \/ Lan 1 Gbe"},"content":{"rendered":"<table class=\"descripcion\">\n<tr>\n<td>Chipset intel h610<\/td>\n<\/tr>\n<tr>\n<td>Cpu support intel\u00ae core\u0099 14th\/ 13th\/ 12th gen processors, intel\u00ae pentium\u00ae gold and celeron\u00ae processors lga 1700<\/td>\n<\/tr>\n<tr>\n<td>Memory 2x ddr5, maximum memory capacity 96gb memory support ddr5 5600 mhz (by jedec  and  por) supports intel \u00ae xmp 3.0 oc supports dual-controller dual-channel mode supports non-ecc, un-buffered memory<\/td>\n<\/tr>\n<tr>\n<td>Onboard graphics 1x hdmi\u0099 support hdmi\u0099 2.1, maximum resolution of 4k 60hz* 1x displayport support dp 1.4, maximum resolution of 4k 60hz* 1x d-sub support vga, maximum resolution of 2048&#215;1536 50hz, 2048&#215;1280 60hz, 1920&#215;1200 60hz *available only on processors featuring integrated graphics. graphics specifications may vary depending on the cpu installed.<\/td>\n<\/tr>\n<tr>\n<td>Slot 1x pci-e x16 slot (qty) 1x pci-e x1 slot (qty) pci_e1 gen pcie 4.0 supports up to x16 (from cpu) pci_e2 gen pcie 3.0 supports up to x1 (from chipset) 1x m.2 slot with e-key for pcie wifi module only<\/td>\n<\/tr>\n<tr>\n<td>Audio realtek \u00ae alc897 codec 7.1-channel high definition audio<\/td>\n<\/tr>\n<tr>\n<td>Storage 1x m.2 (qty) m.2_1 source (from chipset) supports up to pcie 3.0 x4 \/ sata mode, supports 2280\/2260\/2242 devices 4x sata 6g (qty) * sata7 will be unavailable when installing m.2 sata ssd in the m2_2 slot.<\/td>\n<\/tr>\n<tr>\n<td>Usb 4x usb 2.0 (rear) 2x usb 2.0 (front) 2x usb 5gbps type a (rear) 2x usb 5gbps type a (front)<\/td>\n<\/tr>\n<tr>\n<td>Lan intel \u00ae i219v 1gbps lan controller<\/td>\n<\/tr>\n<tr>\n<td>Internal io 1x power connector(atx_pwr) 1x power connector(cpu_pwr) 1x cpu fan 1x system fan 2x front panel (jfp) 1x chassis intrusion (jci) 1x front audio (jaud) 1x com port (jcom) 2x addressable rgb led connector(jrainbow) 1x rgb led connector(jrgb) 1x tpm pin header(support tpm 2.0) 2x usb 2.0 ports 2x usb 5gbps type a ports<\/td>\n<\/tr>\n<tr>\n<td>Led feature 4x ez debug led<\/td>\n<\/tr>\n<tr>\n<td>Back panel ports hdmi\u0099 vga displayport keyboard \/ mouse usb 3.2 gen 1 5gbps (type-a) lan port audio connectors usb 2.0<\/td>\n<\/tr>\n<tr>\n<td>Operating system support for windows \u00ae 11 64-bit, windows \u00ae 10 64-bit<\/td>\n<\/tr>\n<tr>\n<td>Box content<\/td>\n<\/tr>\n<tr>\n<td>Pcb info matx 211mmx243.84mm<\/td>\n<\/tr>\n<\/table>\n","protected":false},"excerpt":{"rendered":"<p>Chipset intel h610 Cpu support intel\u00ae core\u0099 14th\/ 13th\/ 12th gen processors, intel\u00ae pentium\u00ae gold and celeron\u00ae processors lga 1700 Memory 2x ddr5, maximum memory capacity 96gb memory support ddr5 5600 mhz (by jedec and por) supports intel \u00ae xmp 3.0 oc supports dual-controller dual-channel mode supports non-ecc, un-buffered memory Onboard graphics 1x hdmi\u0099 support [&hellip;]<\/p>\n","protected":false},"featured_media":0,"comment_status":"open","ping_status":"open","template":"","meta":[],"product_cat":[2239,1727],"product_tag":[2322],"acf":[],"yoast_head":"<!-- This site is optimized with the Yoast SEO plugin v21.7 - https:\/\/yoast.com\/wordpress\/plugins\/seo\/ -->\n<title>[ Msi Oem ] &#129351; Pro H610m-g,824142282755 Tarjeta Madre Msi \/ Intel H610 \/ Ddr5 \/ X4 Usb 2.0 \/ X2 Usb 3.2 \/ Vga \/ Hdmi \/ Display Port \/ Lan 1 Gbe<\/title>\n<meta name=\"description\" content=\"Compra Pro H610m-g,824142282755 Tarjeta Madre Msi \/ Intel H610 \/ Ddr5 \/ X4 Usb 2.0 \/ X2 Usb 3.2 \/ Vga \/ Hdmi \/ Display Port \/ Lan 1 Gbe + Env\u00edo a domicilio + Pago seguro + Garant\u00eda\" \/>\n<meta name=\"robots\" content=\"index, follow, max-snippet:-1, max-image-preview:large, max-video-preview:-1\" \/>\n<link rel=\"canonical\" href=\"https:\/\/compuviper.mx\/tienda\/producto\/msi-oem-pro-h610m-g824142282755-tarjeta-madre-msi-intel-h610-ddr5-x4-usb-2-0-x2-usb-3-2-vga-hdmi-display-port-lan-1-gbe\/\" \/>\n<meta property=\"og:locale\" content=\"es_MX\" \/>\n<meta property=\"og:type\" content=\"article\" \/>\n<meta property=\"og:title\" content=\"[ Msi Oem ] &#129351; Pro H610m-g,824142282755 Tarjeta Madre Msi \/ Intel H610 \/ Ddr5 \/ X4 Usb 2.0 \/ X2 Usb 3.2 \/ Vga \/ Hdmi \/ Display Port \/ Lan 1 Gbe\" \/>\n<meta property=\"og:description\" content=\"Compra Pro H610m-g,824142282755 Tarjeta Madre Msi \/ Intel H610 \/ Ddr5 \/ X4 Usb 2.0 \/ X2 Usb 3.2 \/ Vga \/ Hdmi \/ Display Port \/ Lan 1 Gbe + Env\u00edo a domicilio + Pago seguro + Garant\u00eda\" \/>\n<meta property=\"og:url\" content=\"https:\/\/compuviper.mx\/tienda\/producto\/msi-oem-pro-h610m-g824142282755-tarjeta-madre-msi-intel-h610-ddr5-x4-usb-2-0-x2-usb-3-2-vga-hdmi-display-port-lan-1-gbe\/\" \/>\n<meta property=\"og:site_name\" content=\"Compuviper\" \/>\n<meta property=\"article:publisher\" content=\"https:\/\/www.facebook.com\/compuviper\" \/>\n<meta property=\"article:modified_time\" content=\"2026-04-11T06:48:10+00:00\" \/>\n<meta name=\"twitter:card\" content=\"summary_large_image\" \/>\n<meta name=\"twitter:label1\" content=\"Precio\" \/>\n\t<meta name=\"twitter:data1\" content=\"&#36;1,103 con IVA\" \/>\n\t<meta name=\"twitter:label2\" content=\"Availability\" \/>\n\t<meta name=\"twitter:data2\" content=\"In stock\" \/>\n<script type=\"application\/ld+json\" class=\"yoast-schema-graph\">{\"@context\":\"https:\/\/schema.org\",\"@graph\":[{\"@type\":\"WebPage\",\"@id\":\"https:\/\/compuviper.mx\/tienda\/producto\/msi-oem-pro-h610m-g824142282755-tarjeta-madre-msi-intel-h610-ddr5-x4-usb-2-0-x2-usb-3-2-vga-hdmi-display-port-lan-1-gbe\/\",\"url\":\"https:\/\/compuviper.mx\/tienda\/producto\/msi-oem-pro-h610m-g824142282755-tarjeta-madre-msi-intel-h610-ddr5-x4-usb-2-0-x2-usb-3-2-vga-hdmi-display-port-lan-1-gbe\/\",\"name\":\"[ Msi Oem ] &#129351; Pro H610m-g,824142282755 Tarjeta Madre Msi \/ Intel H610 \/ Ddr5 \/ X4 Usb 2.0 \/ X2 Usb 3.2 \/ Vga \/ Hdmi \/ Display Port \/ Lan 1 Gbe\",\"isPartOf\":{\"@id\":\"https:\/\/compuviper.mx\/tienda\/#website\"},\"datePublished\":\"2026-04-11T06:48:09+00:00\",\"dateModified\":\"2026-04-11T06:48:10+00:00\",\"description\":\"Compra Pro H610m-g,824142282755 Tarjeta Madre Msi \/ Intel H610 \/ Ddr5 \/ X4 Usb 2.0 \/ X2 Usb 3.2 \/ Vga \/ Hdmi \/ Display Port \/ Lan 1 Gbe + Env\u00edo a domicilio + Pago seguro + Garant\u00eda\",\"breadcrumb\":{\"@id\":\"https:\/\/compuviper.mx\/tienda\/producto\/msi-oem-pro-h610m-g824142282755-tarjeta-madre-msi-intel-h610-ddr5-x4-usb-2-0-x2-usb-3-2-vga-hdmi-display-port-lan-1-gbe\/#breadcrumb\"},\"inLanguage\":\"es-MX\",\"potentialAction\":[{\"@type\":\"ReadAction\",\"target\":[\"https:\/\/compuviper.mx\/tienda\/producto\/msi-oem-pro-h610m-g824142282755-tarjeta-madre-msi-intel-h610-ddr5-x4-usb-2-0-x2-usb-3-2-vga-hdmi-display-port-lan-1-gbe\/\"]}]},{\"@type\":\"BreadcrumbList\",\"@id\":\"https:\/\/compuviper.mx\/tienda\/producto\/msi-oem-pro-h610m-g824142282755-tarjeta-madre-msi-intel-h610-ddr5-x4-usb-2-0-x2-usb-3-2-vga-hdmi-display-port-lan-1-gbe\/#breadcrumb\",\"itemListElement\":[{\"@type\":\"ListItem\",\"position\":1,\"name\":\"Inicio\",\"item\":\"https:\/\/compuviper.mx\/tienda\/\"},{\"@type\":\"ListItem\",\"position\":2,\"name\":\"Productos\",\"item\":\"https:\/\/compuviper.mx\/tienda\/productos\/\"},{\"@type\":\"ListItem\",\"position\":3,\"name\":\"Tarjeta Madre\",\"item\":\"https:\/\/compuviper.mx\/tienda\/categoria-producto\/tarjeta-madre\/\"},{\"@type\":\"ListItem\",\"position\":4,\"name\":\"Socket 1700\",\"item\":\"https:\/\/compuviper.mx\/tienda\/categoria-producto\/tarjeta-madre\/socket-1700\/\"},{\"@type\":\"ListItem\",\"position\":5,\"name\":\"Msi Oem Pro H610m-g,824142282755 Tarjeta Madre Msi \/ Intel H610 \/ Ddr5 \/ X4 Usb 2.0 \/ X2 Usb 3.2 \/ Vga \/ Hdmi \/ Display Port \/ Lan 1 Gbe\"}]},{\"@type\":\"WebSite\",\"@id\":\"https:\/\/compuviper.mx\/tienda\/#website\",\"url\":\"https:\/\/compuviper.mx\/tienda\/\",\"name\":\"Compuviper\",\"description\":\"Proveedor de Computadoras, Laptops, Servidores, Monitores, Puntos de Venta, Teclados,   Impresoras, T\u00f3ner, C\u00e1maras de Seguridad y m\u00e1s en tu tienda en l\u00ednea\",\"publisher\":{\"@id\":\"https:\/\/compuviper.mx\/tienda\/#organization\"},\"potentialAction\":[{\"@type\":\"SearchAction\",\"target\":{\"@type\":\"EntryPoint\",\"urlTemplate\":\"https:\/\/compuviper.mx\/tienda\/?s={search_term_string}\"},\"query-input\":\"required name=search_term_string\"}],\"inLanguage\":\"es-MX\"},{\"@type\":\"Organization\",\"@id\":\"https:\/\/compuviper.mx\/tienda\/#organization\",\"name\":\"Compuviper\",\"url\":\"https:\/\/compuviper.mx\/tienda\/\",\"logo\":{\"@type\":\"ImageObject\",\"inLanguage\":\"es-MX\",\"@id\":\"https:\/\/compuviper.mx\/tienda\/#\/schema\/logo\/image\/\",\"url\":\"https:\/\/compuviper.mx\/tienda\/wp-content\/uploads\/2021\/08\/Logo-Compuviper-10.png\",\"contentUrl\":\"https:\/\/compuviper.mx\/tienda\/wp-content\/uploads\/2021\/08\/Logo-Compuviper-10.png\",\"width\":1000,\"height\":500,\"caption\":\"Compuviper\"},\"image\":{\"@id\":\"https:\/\/compuviper.mx\/tienda\/#\/schema\/logo\/image\/\"},\"sameAs\":[\"https:\/\/www.facebook.com\/compuviper\",\"https:\/\/www.youtube.com\/channel\/UCf73dERp9Y3cfOq7q8BhLjA?view_as=subscriber\"]}]}<\/script>\n<meta property=\"product:brand\" content=\"Msi Oem\" \/>\n<meta property=\"product:price:amount\" content=\"1103\" \/>\n<meta property=\"product:price:currency\" content=\"MXN\" \/>\n<meta property=\"og:availability\" content=\"instock\" \/>\n<meta property=\"product:availability\" content=\"instock\" \/>\n<meta property=\"product:retailer_item_id\" content=\"PRO H610M-G,824142282755\" \/>\n<meta property=\"product:condition\" content=\"new\" \/>\n<!-- \/ Yoast SEO plugin. -->","yoast_head_json":{"title":"[ Msi Oem ] &#129351; Pro H610m-g,824142282755 Tarjeta Madre Msi \/ Intel H610 \/ Ddr5 \/ X4 Usb 2.0 \/ X2 Usb 3.2 \/ Vga \/ Hdmi \/ Display Port \/ Lan 1 Gbe","description":"Compra Pro H610m-g,824142282755 Tarjeta Madre Msi \/ Intel H610 \/ Ddr5 \/ X4 Usb 2.0 \/ X2 Usb 3.2 \/ Vga \/ Hdmi \/ Display Port \/ Lan 1 Gbe + Env\u00edo a domicilio + Pago seguro + Garant\u00eda","robots":{"index":"index","follow":"follow","max-snippet":"max-snippet:-1","max-image-preview":"max-image-preview:large","max-video-preview":"max-video-preview:-1"},"canonical":"https:\/\/compuviper.mx\/tienda\/producto\/msi-oem-pro-h610m-g824142282755-tarjeta-madre-msi-intel-h610-ddr5-x4-usb-2-0-x2-usb-3-2-vga-hdmi-display-port-lan-1-gbe\/","og_locale":"es_MX","og_type":"article","og_title":"[ Msi Oem ] &#129351; Pro H610m-g,824142282755 Tarjeta Madre Msi \/ Intel H610 \/ Ddr5 \/ X4 Usb 2.0 \/ X2 Usb 3.2 \/ Vga \/ Hdmi \/ Display Port \/ Lan 1 Gbe","og_description":"Compra Pro H610m-g,824142282755 Tarjeta Madre Msi \/ Intel H610 \/ Ddr5 \/ X4 Usb 2.0 \/ X2 Usb 3.2 \/ Vga \/ Hdmi \/ Display Port \/ Lan 1 Gbe + Env\u00edo a domicilio + Pago seguro + Garant\u00eda","og_url":"https:\/\/compuviper.mx\/tienda\/producto\/msi-oem-pro-h610m-g824142282755-tarjeta-madre-msi-intel-h610-ddr5-x4-usb-2-0-x2-usb-3-2-vga-hdmi-display-port-lan-1-gbe\/","og_site_name":"Compuviper","article_publisher":"https:\/\/www.facebook.com\/compuviper","article_modified_time":"2026-04-11T06:48:10+00:00","twitter_card":"summary_large_image","twitter_misc":{"Precio":"&#36;1,103 con IVA","Availability":"In stock"},"schema":{"@context":"https:\/\/schema.org","@graph":[{"@type":"WebPage","@id":"https:\/\/compuviper.mx\/tienda\/producto\/msi-oem-pro-h610m-g824142282755-tarjeta-madre-msi-intel-h610-ddr5-x4-usb-2-0-x2-usb-3-2-vga-hdmi-display-port-lan-1-gbe\/","url":"https:\/\/compuviper.mx\/tienda\/producto\/msi-oem-pro-h610m-g824142282755-tarjeta-madre-msi-intel-h610-ddr5-x4-usb-2-0-x2-usb-3-2-vga-hdmi-display-port-lan-1-gbe\/","name":"[ Msi Oem ] &#129351; Pro H610m-g,824142282755 Tarjeta Madre Msi \/ Intel H610 \/ Ddr5 \/ X4 Usb 2.0 \/ X2 Usb 3.2 \/ Vga \/ Hdmi \/ Display Port \/ Lan 1 Gbe","isPartOf":{"@id":"https:\/\/compuviper.mx\/tienda\/#website"},"datePublished":"2026-04-11T06:48:09+00:00","dateModified":"2026-04-11T06:48:10+00:00","description":"Compra Pro H610m-g,824142282755 Tarjeta Madre Msi \/ Intel H610 \/ Ddr5 \/ X4 Usb 2.0 \/ X2 Usb 3.2 \/ Vga \/ Hdmi \/ Display Port \/ Lan 1 Gbe + Env\u00edo a domicilio + Pago seguro + Garant\u00eda","breadcrumb":{"@id":"https:\/\/compuviper.mx\/tienda\/producto\/msi-oem-pro-h610m-g824142282755-tarjeta-madre-msi-intel-h610-ddr5-x4-usb-2-0-x2-usb-3-2-vga-hdmi-display-port-lan-1-gbe\/#breadcrumb"},"inLanguage":"es-MX","potentialAction":[{"@type":"ReadAction","target":["https:\/\/compuviper.mx\/tienda\/producto\/msi-oem-pro-h610m-g824142282755-tarjeta-madre-msi-intel-h610-ddr5-x4-usb-2-0-x2-usb-3-2-vga-hdmi-display-port-lan-1-gbe\/"]}]},{"@type":"BreadcrumbList","@id":"https:\/\/compuviper.mx\/tienda\/producto\/msi-oem-pro-h610m-g824142282755-tarjeta-madre-msi-intel-h610-ddr5-x4-usb-2-0-x2-usb-3-2-vga-hdmi-display-port-lan-1-gbe\/#breadcrumb","itemListElement":[{"@type":"ListItem","position":1,"name":"Inicio","item":"https:\/\/compuviper.mx\/tienda\/"},{"@type":"ListItem","position":2,"name":"Productos","item":"https:\/\/compuviper.mx\/tienda\/productos\/"},{"@type":"ListItem","position":3,"name":"Tarjeta Madre","item":"https:\/\/compuviper.mx\/tienda\/categoria-producto\/tarjeta-madre\/"},{"@type":"ListItem","position":4,"name":"Socket 1700","item":"https:\/\/compuviper.mx\/tienda\/categoria-producto\/tarjeta-madre\/socket-1700\/"},{"@type":"ListItem","position":5,"name":"Msi Oem Pro H610m-g,824142282755 Tarjeta Madre Msi \/ Intel H610 \/ Ddr5 \/ X4 Usb 2.0 \/ X2 Usb 3.2 \/ Vga \/ Hdmi \/ Display Port \/ Lan 1 Gbe"}]},{"@type":"WebSite","@id":"https:\/\/compuviper.mx\/tienda\/#website","url":"https:\/\/compuviper.mx\/tienda\/","name":"Compuviper","description":"Proveedor de Computadoras, Laptops, Servidores, Monitores, Puntos de Venta, Teclados,   Impresoras, T\u00f3ner, C\u00e1maras de Seguridad y m\u00e1s en tu tienda en l\u00ednea","publisher":{"@id":"https:\/\/compuviper.mx\/tienda\/#organization"},"potentialAction":[{"@type":"SearchAction","target":{"@type":"EntryPoint","urlTemplate":"https:\/\/compuviper.mx\/tienda\/?s={search_term_string}"},"query-input":"required name=search_term_string"}],"inLanguage":"es-MX"},{"@type":"Organization","@id":"https:\/\/compuviper.mx\/tienda\/#organization","name":"Compuviper","url":"https:\/\/compuviper.mx\/tienda\/","logo":{"@type":"ImageObject","inLanguage":"es-MX","@id":"https:\/\/compuviper.mx\/tienda\/#\/schema\/logo\/image\/","url":"https:\/\/compuviper.mx\/tienda\/wp-content\/uploads\/2021\/08\/Logo-Compuviper-10.png","contentUrl":"https:\/\/compuviper.mx\/tienda\/wp-content\/uploads\/2021\/08\/Logo-Compuviper-10.png","width":1000,"height":500,"caption":"Compuviper"},"image":{"@id":"https:\/\/compuviper.mx\/tienda\/#\/schema\/logo\/image\/"},"sameAs":["https:\/\/www.facebook.com\/compuviper","https:\/\/www.youtube.com\/channel\/UCf73dERp9Y3cfOq7q8BhLjA?view_as=subscriber"]}]},"product_brand":"Msi Oem","product_price_amount":"1103","product_price_currency":"MXN","og_availability":"instock","product_availability":"instock","product_retailer_item_id":"PRO H610M-G,824142282755","product_condition":"new"},"_links":{"self":[{"href":"https:\/\/compuviper.mx\/tienda\/wp-json\/wp\/v2\/product\/263249"}],"collection":[{"href":"https:\/\/compuviper.mx\/tienda\/wp-json\/wp\/v2\/product"}],"about":[{"href":"https:\/\/compuviper.mx\/tienda\/wp-json\/wp\/v2\/types\/product"}],"replies":[{"embeddable":true,"href":"https:\/\/compuviper.mx\/tienda\/wp-json\/wp\/v2\/comments?post=263249"}],"wp:attachment":[{"href":"https:\/\/compuviper.mx\/tienda\/wp-json\/wp\/v2\/media?parent=263249"}],"wp:term":[{"taxonomy":"product_cat","embeddable":true,"href":"https:\/\/compuviper.mx\/tienda\/wp-json\/wp\/v2\/product_cat?post=263249"},{"taxonomy":"product_tag","embeddable":true,"href":"https:\/\/compuviper.mx\/tienda\/wp-json\/wp\/v2\/product_tag?post=263249"}],"curies":[{"name":"wp","href":"https:\/\/api.w.org\/{rel}","templated":true}]}}