{"id":263077,"date":"2026-04-23T00:18:33","date_gmt":"2026-04-23T06:18:33","guid":{"rendered":"https:\/\/compuviper.mx\/tienda\/producto\/hikvision-ds-2cd6d44g1h-izs-camara-panovu-series-vista-panormica-360-4-lentes-mot-2-8-a-12-mm-4-megapixel-por-lente-16-megapixel-en-total-wdr-120-db-darkfighter-exterior-ip67-ik10\/"},"modified":"2026-04-23T00:18:34","modified_gmt":"2026-04-23T06:18:34","slug":"hikvision-ds-2cd6d44g1h-izs-camara-panovu-series-vista-panormica-360-4-lentes-mot-2-8-a-12-mm-4-megapixel-por-lente-16-megapixel-en-total-wdr-120-db-darkfighter-exterior-ip67-ik10","status":"publish","type":"product","link":"https:\/\/compuviper.mx\/tienda\/producto\/hikvision-ds-2cd6d44g1h-izs-camara-panovu-series-vista-panormica-360-4-lentes-mot-2-8-a-12-mm-4-megapixel-por-lente-16-megapixel-en-total-wdr-120-db-darkfighter-exterior-ip67-ik10\/","title":{"rendered":"Hikvision Ds-2cd6d44g1h-izs Camara \/ Panovu Series \/ Vista Panor?mica 360? \/ 4 Lentes Mot. 2.8 A 12 Mm (4 Megapixel Por Lente) \/ 16 Megapixel En Total \/ Wdr 120 Db \/ Darkfighter \/ Exterior Ip67 \/ Ik10 \/ Poe+ \/ 30 Mts I"},"content":{"rendered":"<table class=\"descripcion\">\n<tr>\n<td>C\u00e1mara<\/td>\n<\/tr>\n<tr>\n<td>Sensor de imagen cmos de escaneo progresivo 1\/3<\/td>\n<\/tr>\n<tr>\n<td>Resoluci\u00f3n m\u00e1xima 2688 \u00d7 1520<\/td>\n<\/tr>\n<tr>\n<td>Iluminaci\u00f3n m\u00ednima color: 0.005 lux (f1.2, agc on)<\/td>\n<\/tr>\n<tr>\n<td>Blanco y negro: 0.002 lux (f1.2, agc on)<\/td>\n<\/tr>\n<tr>\n<td>Blanco y negro: 0 lux con ir<\/td>\n<\/tr>\n<tr>\n<td>Tiempo de obturaci\u00f3n 1 s a 1\/100,000 s<\/td>\n<\/tr>\n<tr>\n<td>Filtro d\u00eda\/noche corte ir<\/td>\n<\/tr>\n<tr>\n<td>Ajuste de \u00e1ngulo pan: -180\u00b0 a 180\u00b0, tilt: 0\u00b0 a 135\u00b0, rotaci\u00f3n: 0\u00b0 a 355\u00b0<\/td>\n<\/tr>\n<tr>\n<td>Lente<\/td>\n<\/tr>\n<tr>\n<td>Tipo de lente lente varifocal motorizada, 2.8 a 12 mm<\/td>\n<\/tr>\n<tr>\n<td>Longitud focal  and  fov 2.8 a 12 mm<\/td>\n<\/tr>\n<tr>\n<td>Fov horizontal: 102.4\u00b0 a 31.2\u00b0<\/td>\n<\/tr>\n<tr>\n<td>Fov vertical: 54.7\u00b0 a 17.6\u00b0<\/td>\n<\/tr>\n<tr>\n<td>Fov diagonal: 122.1\u00b0 a 35.8\u00b0<\/td>\n<\/tr>\n<tr>\n<td>Montura de lente \u00f8 14<\/td>\n<\/tr>\n<tr>\n<td>Enfoque semi-autom\u00e1tico, manual<\/td>\n<\/tr>\n<tr>\n<td>Apertura f1.6<\/td>\n<\/tr>\n<tr>\n<td>Iluminador<\/td>\n<\/tr>\n<tr>\n<td>Tipo de luz suplementaria ir<\/td>\n<\/tr>\n<tr>\n<td>Alcance de luz suplementaria hasta 30 m<\/td>\n<\/tr>\n<tr>\n<td>Longitud de onda ir 850 nm<\/td>\n<\/tr>\n<tr>\n<td>Video<\/td>\n<\/tr>\n<tr>\n<td>Flujo principal 50 hz: 25 fps (2688 \u00d7 1520, 2560 \u00d7 1440, 1920 \u00d7 1080, 1280 \u00d7 720)<\/td>\n<\/tr>\n<tr>\n<td>60 hz: 25 fps (2688 \u00d7 1520), 30 fps (2560 \u00d7 1440, 1920 \u00d7 1080, 1280 \u00d7 720)<\/td>\n<\/tr>\n<tr>\n<td>Flujo secundario 50 hz: 25 fps (704 \u00d7 576, 640 \u00d7 480)<\/td>\n<\/tr>\n<tr>\n<td>60 hz: 30 fps (704 \u00d7 480, 640 \u00d7 480)<\/td>\n<\/tr>\n<tr>\n<td>Compresi\u00f3n de video flujo principal: h.265+\/h.265\/h.264+\/h.264<\/td>\n<\/tr>\n<tr>\n<td>Flujo secundario: h.265\/h.264\/mjpeg<\/td>\n<\/tr>\n<tr>\n<td>Tasa de bits de video 32 kbps a 16 mbps<\/td>\n<\/tr>\n<tr>\n<td>Tipo h.264 baseline profile, main profile, high profile<\/td>\n<\/tr>\n<tr>\n<td>Tipo h.265 main profile<\/td>\n<\/tr>\n<tr>\n<td>Codificaci\u00f3n de video escalable (svc) h.264<\/td>\n<\/tr>\n<tr>\n<td>Regi\u00f3n de inter\u00e9s (roi) 4 regiones fijas por flujo<\/td>\n<\/tr>\n<tr>\n<td>Recorte de objetivo s\u00ed<\/td>\n<\/tr>\n<tr>\n<td>Audio<\/td>\n<\/tr>\n<tr>\n<td>Compresi\u00f3n de audio g.711\/g.722.1\/g.726\/mp2l2\/pcm\/mp3\/aac-lc<\/td>\n<\/tr>\n<tr>\n<td>Tasa de bits de audio 64 kbps (g.711ulaw\/g.711alaw), 16 kbps (g.722.1\/g.726), 32-192 kbps (mp2l2), 8-320 kbps (mp3), 16-64 kbps (aac-lc)<\/td>\n<\/tr>\n<tr>\n<td>Frecuencia de muestreo 8 khz \/ 16 khz \/ 32 khz \/ 44.1 khz \/ 48 khz<\/td>\n<\/tr>\n<tr>\n<td>Filtrado de ruido ambiental s\u00ed<\/td>\n<\/tr>\n<tr>\n<td>Red<\/td>\n<\/tr>\n<tr>\n<td>Protocolos tcp\/ip, icmp, http, https, ftp, dhcp, dns, ddns, rtp, rtsp, rtcp, pppoe, ntp, upnp, smtp, snmp, igmp, 802.1x, qos, ipv6, udp, bonjour<\/td>\n<\/tr>\n<tr>\n<td>Visualizaci\u00f3n simult\u00e1nea hasta 20 canales<\/td>\n<\/tr>\n<tr>\n<td>Api onvif (profile s, g, t), isapi, sdk, isup<\/td>\n<\/tr>\n<tr>\n<td>Usuarios\/host hasta 32 usuarios, 3 niveles: administrador, operador, usuario<\/td>\n<\/tr>\n<tr>\n<td>Seguridad contrase\u00f1a, contrase\u00f1a compleja, cifrado https, autenticaci\u00f3n 802.1x (eap-md5), marca de agua, filtro ip, autenticaci\u00f3n b\u00e1sica\/digest para http\/https, autenticaci\u00f3n wsse\/digest para onvif<\/td>\n<\/tr>\n<tr>\n<td>Almacenamiento en red nas (nfs, smb\/cifs), anr, compatible con tarjeta de memoria hikvision con cifrado y detecci\u00f3n de estado<\/td>\n<\/tr>\n<tr>\n<td>Cliente ivms-4200, hik-connect, hik-central<\/td>\n<\/tr>\n<tr>\n<td>Navegador web con plugin: ie 10, 11<\/td>\n<\/tr>\n<tr>\n<td>Sin plugin: chrome 57+, firefox 52+, edge 89+, safari 11+<\/td>\n<\/tr>\n<tr>\n<td>Imagen<\/td>\n<\/tr>\n<tr>\n<td>Ajustes de imagen rotaci\u00f3n, saturaci\u00f3n, brillo, contraste, nitidez, agc, balance de blancos; ajustable por software o navegador<\/td>\n<\/tr>\n<tr>\n<td>Conmutador d\u00eda\/noche d\u00eda, noche, auto, programaci\u00f3n, disparo de alarma<\/td>\n<\/tr>\n<tr>\n<td>Rango din\u00e1mico amplio (wdr) 120 db<\/td>\n<\/tr>\n<tr>\n<td>Snr  and #8805; 52 db<\/td>\n<\/tr>\n<tr>\n<td>Estabilizaci\u00f3n de imagen eis<\/td>\n<\/tr>\n<tr>\n<td>Mejora de imagen blc, hlc, 3d dnr, defog<\/td>\n<\/tr>\n<tr>\n<td>Superposici\u00f3n de imagen logo en video, formato 128 \u00d7 128, 24 bit bmp<\/td>\n<\/tr>\n<tr>\n<td>Interfaz<\/td>\n<\/tr>\n<tr>\n<td>Ethernet 1 puerto rj45 10\/100\/1000 m auto-adaptable<\/td>\n<\/tr>\n<tr>\n<td>Almacenamiento integrado ranura para tarjeta microsd\/microsdhc\/microsdxc hasta 1 tb<\/td>\n<\/tr>\n<tr>\n<td>Audio 1 entrada (line in) 3.5 mm, 1 salida (line out) 3.5 mm<\/td>\n<\/tr>\n<tr>\n<td>Alarma 2 entradas, 2 salidas (m\u00e1x. 24 vdc, 1 a)<\/td>\n<\/tr>\n<tr>\n<td>Rs-485 1 rs-485 (half duplex, hikvision, pelco-p\/d, auto-adaptable)<\/td>\n<\/tr>\n<tr>\n<td>Bot\u00f3n reset s\u00ed<\/td>\n<\/tr>\n<tr>\n<td>Eventos<\/td>\n<\/tr>\n<tr>\n<td>Evento b\u00e1sico detecci\u00f3n de movimiento, alarma de manipulaci\u00f3n de video, red desconectada, conflicto ip, login ilegal, hdd lleno, error hdd<\/td>\n<\/tr>\n<tr>\n<td>Evento inteligente detecci\u00f3n de cruce de l\u00ednea, intrusi\u00f3n, entrada\/salida de regi\u00f3n, equipaje abandonado, objeto removido, cambio de escena<\/td>\n<\/tr>\n<tr>\n<td>Vinculaci\u00f3n subida a ftp\/nas\/tarjeta, notificaci\u00f3n a centro de vigilancia, env\u00edo de correo, activaci\u00f3n de alarma, grabaci\u00f3n o captura<\/td>\n<\/tr>\n<tr>\n<td>General<\/td>\n<\/tr>\n<tr>\n<td>Alimentaci\u00f3n 12 vdc \u00b120%, 1.67 a, m\u00e1x. 20 w<\/td>\n<\/tr>\n<tr>\n<td>Poe: ieee 802.3at, tipo 2, clase 4, 42.5-57 v, 0.41-0.55 a, m\u00e1x. 23.4 w<\/td>\n<\/tr>\n<tr>\n<td>Dimensiones \u00f8 290 mm \u00d7 148 mm<\/td>\n<\/tr>\n<tr>\n<td>Dimensiones del paquete 453 \u00d7 393 \u00d7 385 mm<\/td>\n<\/tr>\n<tr>\n<td>Peso aprox. 4.7 kg; con paquete: 7.7 kg<\/td>\n<\/tr>\n<tr>\n<td>Condiciones de almacenamiento -40 \u00b0c a 60 \u00b0c, humedad  and #8804; 95% (sin condensaci\u00f3n)<\/td>\n<\/tr>\n<tr>\n<td>Condiciones de operaci\u00f3n -30 \u00b0c a 60 \u00b0c, humedad  and #8804; 95% (sin condensaci\u00f3n)<\/td>\n<\/tr>\n<tr>\n<td>Idiomas 33 idiomas incluyendo espa\u00f1ol, ingl\u00e9s, franc\u00e9s, chino tradicional, coreano, japon\u00e9s, portugu\u00e9s, entre otros<\/td>\n<\/tr>\n<tr>\n<td>Funciones generales registro flash, protecci\u00f3n por contrase\u00f1a, reinicio con un bot\u00f3n<\/td>\n<\/tr>\n<tr>\n<td>Certificaciones<\/td>\n<\/tr>\n<tr>\n<td>Emc ce-emc, rcm, ic, kc (varios est\u00e1ndares)<\/td>\n<\/tr>\n<tr>\n<td>Seguridad ul, cb, ce-lvd, bis (varios est\u00e1ndares)<\/td>\n<\/tr>\n<tr>\n<td>Medio ambiente ce-rohs, weee, reach<\/td>\n<\/tr>\n<tr>\n<td>Protecci\u00f3n ip67, ik10<\/td>\n<\/tr>\n<tr>\n<td>Dori (detectar, observar, reconocer, identificar)<\/td>\n<\/tr>\n<tr>\n<td>Distancia (gran angular) detectar: 64 m, observar: 25.4 m, reconocer: 12.8 m, identificar: 6.4 m<\/td>\n<\/tr>\n<tr>\n<td>Distancia (tele) detectar: 198 m, observar: 78.6 m, reconocer: 39.6 m, identificar: 19.8 m<\/td>\n<\/tr>\n<\/table>\n","protected":false},"excerpt":{"rendered":"<p>C\u00e1mara Sensor de imagen cmos de escaneo progresivo 1\/3 Resoluci\u00f3n m\u00e1xima 2688 \u00d7 1520 Iluminaci\u00f3n m\u00ednima color: 0.005 lux (f1.2, agc on) Blanco y negro: 0.002 lux (f1.2, agc on) Blanco y negro: 0 lux con ir Tiempo de obturaci\u00f3n 1 s a 1\/100,000 s Filtro d\u00eda\/noche corte ir Ajuste de \u00e1ngulo pan: -180\u00b0 a [&hellip;]<\/p>\n","protected":false},"featured_media":0,"comment_status":"open","ping_status":"open","template":"","meta":[],"product_cat":[1608,1681],"product_tag":[1595],"acf":[],"yoast_head":"<!-- This site is optimized with the Yoast SEO plugin v21.7 - https:\/\/yoast.com\/wordpress\/plugins\/seo\/ -->\n<title>[ Hikvision ] &#129351; Ds-2cd6d44g1h-izs Camara \/ Panovu Series \/ Vista Panor\u00e1mica 360\u00ba \/ 4 Lentes Mot. 2.8 A 12 Mm (4 Megapixel Por Lente) \/ 16 Megapixel En Total \/ Wdr 120 Db \/ Darkfighter \/ Exterior Ip67 \/ Ik10 \/ Poe+ \/ 30 Mts I<\/title>\n<meta name=\"description\" content=\"Compra Ds-2cd6d44g1h-izs Camara \/ Panovu Series \/ Vista Panor\u00e1mica 360\u00ba \/ 4 Lentes Mot. 2.8 A 12 Mm (4 Megapixel Por Lente) \/ 16 Megapixel En Total \/ Wdr 120 Db \/ Darkfighter \/ Exterior Ip67 \/ Ik10 \/ Poe+ \/ 30 Mts I + Env\u00edo a domicilio + Pago seguro + Garant\u00eda\" \/>\n<meta name=\"robots\" content=\"index, follow, max-snippet:-1, max-image-preview:large, max-video-preview:-1\" \/>\n<link rel=\"canonical\" href=\"https:\/\/compuviper.mx\/tienda\/producto\/hikvision-ds-2cd6d44g1h-izs-camara-panovu-series-vista-panormica-360-4-lentes-mot-2-8-a-12-mm-4-megapixel-por-lente-16-megapixel-en-total-wdr-120-db-darkfighter-exterior-ip67-ik10\/\" \/>\n<meta property=\"og:locale\" content=\"es_MX\" \/>\n<meta property=\"og:type\" content=\"article\" \/>\n<meta property=\"og:title\" content=\"[ Hikvision ] &#129351; Ds-2cd6d44g1h-izs Camara \/ Panovu Series \/ Vista Panor\u00e1mica 360\u00ba \/ 4 Lentes Mot. 2.8 A 12 Mm (4 Megapixel Por Lente) \/ 16 Megapixel En Total \/ Wdr 120 Db \/ Darkfighter \/ Exterior Ip67 \/ Ik10 \/ Poe+ \/ 30 Mts I\" \/>\n<meta property=\"og:description\" content=\"Compra Ds-2cd6d44g1h-izs Camara \/ Panovu Series \/ Vista Panor\u00e1mica 360\u00ba \/ 4 Lentes Mot. 2.8 A 12 Mm (4 Megapixel Por Lente) \/ 16 Megapixel En Total \/ Wdr 120 Db \/ Darkfighter \/ Exterior Ip67 \/ Ik10 \/ Poe+ \/ 30 Mts I + Env\u00edo a domicilio + Pago seguro + Garant\u00eda\" \/>\n<meta property=\"og:url\" content=\"https:\/\/compuviper.mx\/tienda\/producto\/hikvision-ds-2cd6d44g1h-izs-camara-panovu-series-vista-panormica-360-4-lentes-mot-2-8-a-12-mm-4-megapixel-por-lente-16-megapixel-en-total-wdr-120-db-darkfighter-exterior-ip67-ik10\/\" \/>\n<meta property=\"og:site_name\" content=\"Compuviper\" \/>\n<meta property=\"article:publisher\" content=\"https:\/\/www.facebook.com\/compuviper\" \/>\n<meta property=\"article:modified_time\" content=\"2026-04-23T06:18:34+00:00\" \/>\n<meta name=\"twitter:card\" content=\"summary_large_image\" \/>\n<meta name=\"twitter:label1\" content=\"Precio\" \/>\n\t<meta name=\"twitter:data1\" content=\"&#36;24,556 con IVA\" \/>\n\t<meta name=\"twitter:label2\" content=\"Availability\" \/>\n\t<meta name=\"twitter:data2\" content=\"Out of stock\" \/>\n<script type=\"application\/ld+json\" class=\"yoast-schema-graph\">{\"@context\":\"https:\/\/schema.org\",\"@graph\":[{\"@type\":\"WebPage\",\"@id\":\"https:\/\/compuviper.mx\/tienda\/producto\/hikvision-ds-2cd6d44g1h-izs-camara-panovu-series-vista-panormica-360-4-lentes-mot-2-8-a-12-mm-4-megapixel-por-lente-16-megapixel-en-total-wdr-120-db-darkfighter-exterior-ip67-ik10\/\",\"url\":\"https:\/\/compuviper.mx\/tienda\/producto\/hikvision-ds-2cd6d44g1h-izs-camara-panovu-series-vista-panormica-360-4-lentes-mot-2-8-a-12-mm-4-megapixel-por-lente-16-megapixel-en-total-wdr-120-db-darkfighter-exterior-ip67-ik10\/\",\"name\":\"[ Hikvision ] &#129351; Ds-2cd6d44g1h-izs Camara \/ Panovu Series \/ Vista Panor\u00e1mica 360\u00ba \/ 4 Lentes Mot. 2.8 A 12 Mm (4 Megapixel Por Lente) \/ 16 Megapixel En Total \/ Wdr 120 Db \/ Darkfighter \/ Exterior Ip67 \/ Ik10 \/ Poe+ \/ 30 Mts I\",\"isPartOf\":{\"@id\":\"https:\/\/compuviper.mx\/tienda\/#website\"},\"datePublished\":\"2026-04-23T06:18:33+00:00\",\"dateModified\":\"2026-04-23T06:18:34+00:00\",\"description\":\"Compra Ds-2cd6d44g1h-izs Camara \/ Panovu Series \/ Vista Panor\u00e1mica 360\u00ba \/ 4 Lentes Mot. 2.8 A 12 Mm (4 Megapixel Por Lente) \/ 16 Megapixel En Total \/ Wdr 120 Db \/ Darkfighter \/ Exterior Ip67 \/ Ik10 \/ Poe+ \/ 30 Mts I + Env\u00edo a domicilio + Pago seguro + Garant\u00eda\",\"breadcrumb\":{\"@id\":\"https:\/\/compuviper.mx\/tienda\/producto\/hikvision-ds-2cd6d44g1h-izs-camara-panovu-series-vista-panormica-360-4-lentes-mot-2-8-a-12-mm-4-megapixel-por-lente-16-megapixel-en-total-wdr-120-db-darkfighter-exterior-ip67-ik10\/#breadcrumb\"},\"inLanguage\":\"es-MX\",\"potentialAction\":[{\"@type\":\"ReadAction\",\"target\":[\"https:\/\/compuviper.mx\/tienda\/producto\/hikvision-ds-2cd6d44g1h-izs-camara-panovu-series-vista-panormica-360-4-lentes-mot-2-8-a-12-mm-4-megapixel-por-lente-16-megapixel-en-total-wdr-120-db-darkfighter-exterior-ip67-ik10\/\"]}]},{\"@type\":\"BreadcrumbList\",\"@id\":\"https:\/\/compuviper.mx\/tienda\/producto\/hikvision-ds-2cd6d44g1h-izs-camara-panovu-series-vista-panormica-360-4-lentes-mot-2-8-a-12-mm-4-megapixel-por-lente-16-megapixel-en-total-wdr-120-db-darkfighter-exterior-ip67-ik10\/#breadcrumb\",\"itemListElement\":[{\"@type\":\"ListItem\",\"position\":1,\"name\":\"Inicio\",\"item\":\"https:\/\/compuviper.mx\/tienda\/\"},{\"@type\":\"ListItem\",\"position\":2,\"name\":\"Productos\",\"item\":\"https:\/\/compuviper.mx\/tienda\/productos\/\"},{\"@type\":\"ListItem\",\"position\":3,\"name\":\"Camaras\",\"item\":\"https:\/\/compuviper.mx\/tienda\/categoria-producto\/camaras-2\/\"},{\"@type\":\"ListItem\",\"position\":4,\"name\":\"Camara De Videovigilancia\",\"item\":\"https:\/\/compuviper.mx\/tienda\/categoria-producto\/camaras-2\/camara-de-videovigilancia\/\"},{\"@type\":\"ListItem\",\"position\":5,\"name\":\"Hikvision Ds-2cd6d44g1h-izs Camara \/ Panovu Series \/ Vista Panor?mica 360? \/ 4 Lentes Mot. 2.8 A 12 Mm (4 Megapixel Por Lente) \/ 16 Megapixel En Total \/ Wdr 120 Db \/ Darkfighter \/ Exterior Ip67 \/ Ik10 \/ Poe+ \/ 30 Mts I\"}]},{\"@type\":\"WebSite\",\"@id\":\"https:\/\/compuviper.mx\/tienda\/#website\",\"url\":\"https:\/\/compuviper.mx\/tienda\/\",\"name\":\"Compuviper\",\"description\":\"Proveedor de Computadoras, Laptops, Servidores, Monitores, Puntos de Venta, Teclados,   Impresoras, T\u00f3ner, C\u00e1maras de Seguridad y m\u00e1s en tu tienda en l\u00ednea\",\"publisher\":{\"@id\":\"https:\/\/compuviper.mx\/tienda\/#organization\"},\"potentialAction\":[{\"@type\":\"SearchAction\",\"target\":{\"@type\":\"EntryPoint\",\"urlTemplate\":\"https:\/\/compuviper.mx\/tienda\/?s={search_term_string}\"},\"query-input\":\"required name=search_term_string\"}],\"inLanguage\":\"es-MX\"},{\"@type\":\"Organization\",\"@id\":\"https:\/\/compuviper.mx\/tienda\/#organization\",\"name\":\"Compuviper\",\"url\":\"https:\/\/compuviper.mx\/tienda\/\",\"logo\":{\"@type\":\"ImageObject\",\"inLanguage\":\"es-MX\",\"@id\":\"https:\/\/compuviper.mx\/tienda\/#\/schema\/logo\/image\/\",\"url\":\"https:\/\/compuviper.mx\/tienda\/wp-content\/uploads\/2021\/08\/Logo-Compuviper-10.png\",\"contentUrl\":\"https:\/\/compuviper.mx\/tienda\/wp-content\/uploads\/2021\/08\/Logo-Compuviper-10.png\",\"width\":1000,\"height\":500,\"caption\":\"Compuviper\"},\"image\":{\"@id\":\"https:\/\/compuviper.mx\/tienda\/#\/schema\/logo\/image\/\"},\"sameAs\":[\"https:\/\/www.facebook.com\/compuviper\",\"https:\/\/www.youtube.com\/channel\/UCf73dERp9Y3cfOq7q8BhLjA?view_as=subscriber\"]}]}<\/script>\n<meta property=\"product:brand\" content=\"HIKVISION\" \/>\n<meta property=\"product:price:amount\" content=\"24556\" \/>\n<meta property=\"product:price:currency\" content=\"MXN\" \/>\n<meta property=\"og:availability\" content=\"out of stock\" \/>\n<meta property=\"product:availability\" content=\"out of stock\" \/>\n<meta property=\"product:retailer_item_id\" content=\"DS-2CD6D44G1H-IZS\" \/>\n<meta property=\"product:condition\" content=\"new\" \/>\n<!-- \/ Yoast SEO plugin. -->","yoast_head_json":{"title":"[ Hikvision ] &#129351; Ds-2cd6d44g1h-izs Camara \/ Panovu Series \/ Vista Panor\u00e1mica 360\u00ba \/ 4 Lentes Mot. 2.8 A 12 Mm (4 Megapixel Por Lente) \/ 16 Megapixel En Total \/ Wdr 120 Db \/ Darkfighter \/ Exterior Ip67 \/ Ik10 \/ Poe+ \/ 30 Mts I","description":"Compra Ds-2cd6d44g1h-izs Camara \/ Panovu Series \/ Vista Panor\u00e1mica 360\u00ba \/ 4 Lentes Mot. 2.8 A 12 Mm (4 Megapixel Por Lente) \/ 16 Megapixel En Total \/ Wdr 120 Db \/ Darkfighter \/ Exterior Ip67 \/ Ik10 \/ Poe+ \/ 30 Mts I + Env\u00edo a domicilio + Pago seguro + Garant\u00eda","robots":{"index":"index","follow":"follow","max-snippet":"max-snippet:-1","max-image-preview":"max-image-preview:large","max-video-preview":"max-video-preview:-1"},"canonical":"https:\/\/compuviper.mx\/tienda\/producto\/hikvision-ds-2cd6d44g1h-izs-camara-panovu-series-vista-panormica-360-4-lentes-mot-2-8-a-12-mm-4-megapixel-por-lente-16-megapixel-en-total-wdr-120-db-darkfighter-exterior-ip67-ik10\/","og_locale":"es_MX","og_type":"article","og_title":"[ Hikvision ] &#129351; Ds-2cd6d44g1h-izs Camara \/ Panovu Series \/ Vista Panor\u00e1mica 360\u00ba \/ 4 Lentes Mot. 2.8 A 12 Mm (4 Megapixel Por Lente) \/ 16 Megapixel En Total \/ Wdr 120 Db \/ Darkfighter \/ Exterior Ip67 \/ Ik10 \/ Poe+ \/ 30 Mts I","og_description":"Compra Ds-2cd6d44g1h-izs Camara \/ Panovu Series \/ Vista Panor\u00e1mica 360\u00ba \/ 4 Lentes Mot. 2.8 A 12 Mm (4 Megapixel Por Lente) \/ 16 Megapixel En Total \/ Wdr 120 Db \/ Darkfighter \/ Exterior Ip67 \/ Ik10 \/ Poe+ \/ 30 Mts I + Env\u00edo a domicilio + Pago seguro + Garant\u00eda","og_url":"https:\/\/compuviper.mx\/tienda\/producto\/hikvision-ds-2cd6d44g1h-izs-camara-panovu-series-vista-panormica-360-4-lentes-mot-2-8-a-12-mm-4-megapixel-por-lente-16-megapixel-en-total-wdr-120-db-darkfighter-exterior-ip67-ik10\/","og_site_name":"Compuviper","article_publisher":"https:\/\/www.facebook.com\/compuviper","article_modified_time":"2026-04-23T06:18:34+00:00","twitter_card":"summary_large_image","twitter_misc":{"Precio":"&#36;24,556 con IVA","Availability":"Out of stock"},"schema":{"@context":"https:\/\/schema.org","@graph":[{"@type":"WebPage","@id":"https:\/\/compuviper.mx\/tienda\/producto\/hikvision-ds-2cd6d44g1h-izs-camara-panovu-series-vista-panormica-360-4-lentes-mot-2-8-a-12-mm-4-megapixel-por-lente-16-megapixel-en-total-wdr-120-db-darkfighter-exterior-ip67-ik10\/","url":"https:\/\/compuviper.mx\/tienda\/producto\/hikvision-ds-2cd6d44g1h-izs-camara-panovu-series-vista-panormica-360-4-lentes-mot-2-8-a-12-mm-4-megapixel-por-lente-16-megapixel-en-total-wdr-120-db-darkfighter-exterior-ip67-ik10\/","name":"[ Hikvision ] &#129351; Ds-2cd6d44g1h-izs Camara \/ Panovu Series \/ Vista Panor\u00e1mica 360\u00ba \/ 4 Lentes Mot. 2.8 A 12 Mm (4 Megapixel Por Lente) \/ 16 Megapixel En Total \/ Wdr 120 Db \/ Darkfighter \/ Exterior Ip67 \/ Ik10 \/ Poe+ \/ 30 Mts I","isPartOf":{"@id":"https:\/\/compuviper.mx\/tienda\/#website"},"datePublished":"2026-04-23T06:18:33+00:00","dateModified":"2026-04-23T06:18:34+00:00","description":"Compra Ds-2cd6d44g1h-izs Camara \/ Panovu Series \/ Vista Panor\u00e1mica 360\u00ba \/ 4 Lentes Mot. 2.8 A 12 Mm (4 Megapixel Por Lente) \/ 16 Megapixel En Total \/ Wdr 120 Db \/ Darkfighter \/ Exterior Ip67 \/ Ik10 \/ Poe+ \/ 30 Mts I + Env\u00edo a domicilio + Pago seguro + Garant\u00eda","breadcrumb":{"@id":"https:\/\/compuviper.mx\/tienda\/producto\/hikvision-ds-2cd6d44g1h-izs-camara-panovu-series-vista-panormica-360-4-lentes-mot-2-8-a-12-mm-4-megapixel-por-lente-16-megapixel-en-total-wdr-120-db-darkfighter-exterior-ip67-ik10\/#breadcrumb"},"inLanguage":"es-MX","potentialAction":[{"@type":"ReadAction","target":["https:\/\/compuviper.mx\/tienda\/producto\/hikvision-ds-2cd6d44g1h-izs-camara-panovu-series-vista-panormica-360-4-lentes-mot-2-8-a-12-mm-4-megapixel-por-lente-16-megapixel-en-total-wdr-120-db-darkfighter-exterior-ip67-ik10\/"]}]},{"@type":"BreadcrumbList","@id":"https:\/\/compuviper.mx\/tienda\/producto\/hikvision-ds-2cd6d44g1h-izs-camara-panovu-series-vista-panormica-360-4-lentes-mot-2-8-a-12-mm-4-megapixel-por-lente-16-megapixel-en-total-wdr-120-db-darkfighter-exterior-ip67-ik10\/#breadcrumb","itemListElement":[{"@type":"ListItem","position":1,"name":"Inicio","item":"https:\/\/compuviper.mx\/tienda\/"},{"@type":"ListItem","position":2,"name":"Productos","item":"https:\/\/compuviper.mx\/tienda\/productos\/"},{"@type":"ListItem","position":3,"name":"Camaras","item":"https:\/\/compuviper.mx\/tienda\/categoria-producto\/camaras-2\/"},{"@type":"ListItem","position":4,"name":"Camara De Videovigilancia","item":"https:\/\/compuviper.mx\/tienda\/categoria-producto\/camaras-2\/camara-de-videovigilancia\/"},{"@type":"ListItem","position":5,"name":"Hikvision Ds-2cd6d44g1h-izs Camara \/ Panovu Series \/ Vista Panor?mica 360? \/ 4 Lentes Mot. 2.8 A 12 Mm (4 Megapixel Por Lente) \/ 16 Megapixel En Total \/ Wdr 120 Db \/ Darkfighter \/ Exterior Ip67 \/ Ik10 \/ Poe+ \/ 30 Mts I"}]},{"@type":"WebSite","@id":"https:\/\/compuviper.mx\/tienda\/#website","url":"https:\/\/compuviper.mx\/tienda\/","name":"Compuviper","description":"Proveedor de Computadoras, Laptops, Servidores, Monitores, Puntos de Venta, Teclados,   Impresoras, T\u00f3ner, C\u00e1maras de Seguridad y m\u00e1s en tu tienda en l\u00ednea","publisher":{"@id":"https:\/\/compuviper.mx\/tienda\/#organization"},"potentialAction":[{"@type":"SearchAction","target":{"@type":"EntryPoint","urlTemplate":"https:\/\/compuviper.mx\/tienda\/?s={search_term_string}"},"query-input":"required name=search_term_string"}],"inLanguage":"es-MX"},{"@type":"Organization","@id":"https:\/\/compuviper.mx\/tienda\/#organization","name":"Compuviper","url":"https:\/\/compuviper.mx\/tienda\/","logo":{"@type":"ImageObject","inLanguage":"es-MX","@id":"https:\/\/compuviper.mx\/tienda\/#\/schema\/logo\/image\/","url":"https:\/\/compuviper.mx\/tienda\/wp-content\/uploads\/2021\/08\/Logo-Compuviper-10.png","contentUrl":"https:\/\/compuviper.mx\/tienda\/wp-content\/uploads\/2021\/08\/Logo-Compuviper-10.png","width":1000,"height":500,"caption":"Compuviper"},"image":{"@id":"https:\/\/compuviper.mx\/tienda\/#\/schema\/logo\/image\/"},"sameAs":["https:\/\/www.facebook.com\/compuviper","https:\/\/www.youtube.com\/channel\/UCf73dERp9Y3cfOq7q8BhLjA?view_as=subscriber"]}]},"product_brand":"HIKVISION","product_price_amount":"24556","product_price_currency":"MXN","og_availability":"out of stock","product_availability":"out of stock","product_retailer_item_id":"DS-2CD6D44G1H-IZS","product_condition":"new"},"_links":{"self":[{"href":"https:\/\/compuviper.mx\/tienda\/wp-json\/wp\/v2\/product\/263077"}],"collection":[{"href":"https:\/\/compuviper.mx\/tienda\/wp-json\/wp\/v2\/product"}],"about":[{"href":"https:\/\/compuviper.mx\/tienda\/wp-json\/wp\/v2\/types\/product"}],"replies":[{"embeddable":true,"href":"https:\/\/compuviper.mx\/tienda\/wp-json\/wp\/v2\/comments?post=263077"}],"wp:attachment":[{"href":"https:\/\/compuviper.mx\/tienda\/wp-json\/wp\/v2\/media?parent=263077"}],"wp:term":[{"taxonomy":"product_cat","embeddable":true,"href":"https:\/\/compuviper.mx\/tienda\/wp-json\/wp\/v2\/product_cat?post=263077"},{"taxonomy":"product_tag","embeddable":true,"href":"https:\/\/compuviper.mx\/tienda\/wp-json\/wp\/v2\/product_tag?post=263077"}],"curies":[{"name":"wp","href":"https:\/\/api.w.org\/{rel}","templated":true}]}}