{"id":263013,"date":"2026-04-11T01:59:44","date_gmt":"2026-04-11T07:59:44","guid":{"rendered":"https:\/\/compuviper.mx\/tienda\/producto\/dell-r360264_6333p2-servidor-poweredge-rack-r360-intel-xeon-6-performace-6333p-6c-3-1ghz-16gb-de-ram-hdd-2tb-sata-perc-h755-sin-sistema-operativo-4-bahias-para-discos-3-5-3-ao-de-garantia\/"},"modified":"2026-04-11T01:59:44","modified_gmt":"2026-04-11T07:59:44","slug":"dell-r360264_6333p2-servidor-poweredge-rack-r360-intel-xeon-6-performace-6333p-6c-3-1ghz-16gb-de-ram-hdd-2tb-sata-perc-h755-sin-sistema-operativo-4-bahias-para-discos-3-5-3-ao-de-garantia","status":"publish","type":"product","link":"https:\/\/compuviper.mx\/tienda\/producto\/dell-r360264_6333p2-servidor-poweredge-rack-r360-intel-xeon-6-performace-6333p-6c-3-1ghz-16gb-de-ram-hdd-2tb-sata-perc-h755-sin-sistema-operativo-4-bahias-para-discos-3-5-3-ao-de-garantia\/","title":{"rendered":"Dell R360264_6333p2 Servidor  Poweredge \/rack \/r360\/ Intel Xeon 6 Performace 6333p\/ 6c-3.1ghz\/ 16gb De Ram \/ Hdd 2tb Sata \/ Perc H755 \/sin Sistema Operativo\/4 Bahias Para Discos 3.5\/3 A?o De Garantia Prosupport"},"content":{"rendered":"<table class=\"descripcion\">\n<tr>\n<td>Chassis para 4 discos 3.5 (sas\/sata) hot-plug.<\/td>\n<\/tr>\n<tr>\n<td>Procesador intel xeon 6333p (6 cores- 3.1 ghz)<\/td>\n<\/tr>\n<tr>\n<td>Memoria 16gb udimm, 5600mt\/s ecc<\/td>\n<\/tr>\n<tr>\n<td>Discos de 2tb hard drive sata 6gbps 7.2k rpm 512n 3.5in<\/td>\n<\/tr>\n<tr>\n<td>Idrac enterpise 16g<\/td>\n<\/tr>\n<tr>\n<td>Sin unidad \u00f3ptica interna<\/td>\n<\/tr>\n<tr>\n<td>Controladora h755 (permite arreglo 0,1,5,6, 10 y 60)<\/td>\n<\/tr>\n<tr>\n<td>Tarjeta broadcom 5720 dos puerto 1gb lom<\/td>\n<\/tr>\n<tr>\n<td>Fuente de redundante de 600w (1+1)<\/td>\n<\/tr>\n<tr>\n<td>Cable de poder 2x nema c13 a 515p<\/td>\n<\/tr>\n<tr>\n<td>Riser config 2: butterfly gen4 (x8\/x8)<\/td>\n<\/tr>\n<tr>\n<td>Slot 1: x8 (gen4) perfil bajo<\/td>\n<\/tr>\n<tr>\n<td>Slot 2: x8 (gen4) perfil bajo<\/td>\n<\/tr>\n<tr>\n<td>Standar bezel<\/td>\n<\/tr>\n<tr>\n<td>Trusted platform module 2.0 v6<\/td>\n<\/tr>\n<tr>\n<td>Sin sistema operativo<\/td>\n<\/tr>\n<tr>\n<td>Garantia: de 3 a\u00f1o prosupport nbd<\/td>\n<\/tr>\n<\/table>\n","protected":false},"excerpt":{"rendered":"<p>El dell poweredge r360 ofrece productividad optimizada, alta velocidad memoria y capacidad, y potente para abordar negocios comunes. Aplicaciones. Ideal para centros de datos. \u0095 peque\u00f1as y medianas empresas. \u0095 cargas cercas del borde. \u0095 colaboraci\u00f3n y uso compartido. \u0095 soporte y gesti\u00f3n de bases de datos<\/p>\n","protected":false},"featured_media":0,"comment_status":"open","ping_status":"open","template":"","meta":[],"product_cat":[1808,1809],"product_tag":[1537],"acf":[],"yoast_head":"<!-- This site is optimized with the Yoast SEO plugin v21.7 - https:\/\/yoast.com\/wordpress\/plugins\/seo\/ -->\n<title>[ Dell ] &#129351; R360264_6333p2 Servidor Poweredge \/rack \/r360\/ Intel Xeon 6 Performace 6333p\/ 6c-3.1ghz\/ 16gb De Ram \/ Hdd 2tb Sata \/ Perc H755 \/sin Sistema Operativo\/4 Bahias Para Discos 3.5\/3 A\u00f1o De Garantia Prosupport<\/title>\n<meta name=\"description\" content=\"Compra R360264_6333p2 Servidor Poweredge \/rack \/r360\/ Intel Xeon 6 Performace 6333p\/ 6c-3.1ghz\/ 16gb De Ram \/ Hdd 2tb Sata \/ Perc H755 \/sin Sistema Operativo\/4 Bahias Para Discos 3.5\/3 A\u00f1o De Garantia Prosupport + Env\u00edo a domicilio + Pago seguro + Garant\u00eda\" \/>\n<meta name=\"robots\" content=\"index, follow, max-snippet:-1, max-image-preview:large, max-video-preview:-1\" \/>\n<link rel=\"canonical\" href=\"https:\/\/compuviper.mx\/tienda\/producto\/dell-r360264_6333p2-servidor-poweredge-rack-r360-intel-xeon-6-performace-6333p-6c-3-1ghz-16gb-de-ram-hdd-2tb-sata-perc-h755-sin-sistema-operativo-4-bahias-para-discos-3-5-3-ao-de-garantia\/\" \/>\n<meta property=\"og:locale\" content=\"es_MX\" \/>\n<meta property=\"og:type\" content=\"article\" \/>\n<meta property=\"og:title\" content=\"[ Dell ] &#129351; R360264_6333p2 Servidor Poweredge \/rack \/r360\/ Intel Xeon 6 Performace 6333p\/ 6c-3.1ghz\/ 16gb De Ram \/ Hdd 2tb Sata \/ Perc H755 \/sin Sistema Operativo\/4 Bahias Para Discos 3.5\/3 A\u00f1o De Garantia Prosupport\" \/>\n<meta property=\"og:description\" content=\"Compra R360264_6333p2 Servidor Poweredge \/rack \/r360\/ Intel Xeon 6 Performace 6333p\/ 6c-3.1ghz\/ 16gb De Ram \/ Hdd 2tb Sata \/ Perc H755 \/sin Sistema Operativo\/4 Bahias Para Discos 3.5\/3 A\u00f1o De Garantia Prosupport + Env\u00edo a domicilio + Pago seguro + Garant\u00eda\" \/>\n<meta property=\"og:url\" content=\"https:\/\/compuviper.mx\/tienda\/producto\/dell-r360264_6333p2-servidor-poweredge-rack-r360-intel-xeon-6-performace-6333p-6c-3-1ghz-16gb-de-ram-hdd-2tb-sata-perc-h755-sin-sistema-operativo-4-bahias-para-discos-3-5-3-ao-de-garantia\/\" \/>\n<meta property=\"og:site_name\" content=\"Compuviper\" \/>\n<meta property=\"article:publisher\" content=\"https:\/\/www.facebook.com\/compuviper\" \/>\n<meta name=\"twitter:card\" content=\"summary_large_image\" \/>\n<meta name=\"twitter:label1\" content=\"Precio\" \/>\n\t<meta name=\"twitter:data1\" content=\"&#36;44,881 con IVA\" \/>\n\t<meta name=\"twitter:label2\" content=\"Availability\" \/>\n\t<meta name=\"twitter:data2\" content=\"Out of stock\" \/>\n<script type=\"application\/ld+json\" class=\"yoast-schema-graph\">{\"@context\":\"https:\/\/schema.org\",\"@graph\":[{\"@type\":\"WebPage\",\"@id\":\"https:\/\/compuviper.mx\/tienda\/producto\/dell-r360264_6333p2-servidor-poweredge-rack-r360-intel-xeon-6-performace-6333p-6c-3-1ghz-16gb-de-ram-hdd-2tb-sata-perc-h755-sin-sistema-operativo-4-bahias-para-discos-3-5-3-ao-de-garantia\/\",\"url\":\"https:\/\/compuviper.mx\/tienda\/producto\/dell-r360264_6333p2-servidor-poweredge-rack-r360-intel-xeon-6-performace-6333p-6c-3-1ghz-16gb-de-ram-hdd-2tb-sata-perc-h755-sin-sistema-operativo-4-bahias-para-discos-3-5-3-ao-de-garantia\/\",\"name\":\"[ Dell ] &#129351; R360264_6333p2 Servidor Poweredge \/rack \/r360\/ Intel Xeon 6 Performace 6333p\/ 6c-3.1ghz\/ 16gb De Ram \/ Hdd 2tb Sata \/ Perc H755 \/sin Sistema Operativo\/4 Bahias Para Discos 3.5\/3 A\u00f1o De Garantia Prosupport\",\"isPartOf\":{\"@id\":\"https:\/\/compuviper.mx\/tienda\/#website\"},\"datePublished\":\"2026-04-11T07:59:44+00:00\",\"dateModified\":\"2026-04-11T07:59:44+00:00\",\"description\":\"Compra R360264_6333p2 Servidor Poweredge \/rack \/r360\/ Intel Xeon 6 Performace 6333p\/ 6c-3.1ghz\/ 16gb De Ram \/ Hdd 2tb Sata \/ Perc H755 \/sin Sistema Operativo\/4 Bahias Para Discos 3.5\/3 A\u00f1o De Garantia Prosupport + Env\u00edo a domicilio + Pago seguro + Garant\u00eda\",\"breadcrumb\":{\"@id\":\"https:\/\/compuviper.mx\/tienda\/producto\/dell-r360264_6333p2-servidor-poweredge-rack-r360-intel-xeon-6-performace-6333p-6c-3-1ghz-16gb-de-ram-hdd-2tb-sata-perc-h755-sin-sistema-operativo-4-bahias-para-discos-3-5-3-ao-de-garantia\/#breadcrumb\"},\"inLanguage\":\"es-MX\",\"potentialAction\":[{\"@type\":\"ReadAction\",\"target\":[\"https:\/\/compuviper.mx\/tienda\/producto\/dell-r360264_6333p2-servidor-poweredge-rack-r360-intel-xeon-6-performace-6333p-6c-3-1ghz-16gb-de-ram-hdd-2tb-sata-perc-h755-sin-sistema-operativo-4-bahias-para-discos-3-5-3-ao-de-garantia\/\"]}]},{\"@type\":\"BreadcrumbList\",\"@id\":\"https:\/\/compuviper.mx\/tienda\/producto\/dell-r360264_6333p2-servidor-poweredge-rack-r360-intel-xeon-6-performace-6333p-6c-3-1ghz-16gb-de-ram-hdd-2tb-sata-perc-h755-sin-sistema-operativo-4-bahias-para-discos-3-5-3-ao-de-garantia\/#breadcrumb\",\"itemListElement\":[{\"@type\":\"ListItem\",\"position\":1,\"name\":\"Inicio\",\"item\":\"https:\/\/compuviper.mx\/tienda\/\"},{\"@type\":\"ListItem\",\"position\":2,\"name\":\"Productos\",\"item\":\"https:\/\/compuviper.mx\/tienda\/productos\/\"},{\"@type\":\"ListItem\",\"position\":3,\"name\":\"Servidores\",\"item\":\"https:\/\/compuviper.mx\/tienda\/categoria-producto\/servidores-2\/\"},{\"@type\":\"ListItem\",\"position\":4,\"name\":\"Rack (dl)\",\"item\":\"https:\/\/compuviper.mx\/tienda\/categoria-producto\/servidores-2\/rack-dl\/\"},{\"@type\":\"ListItem\",\"position\":5,\"name\":\"Dell R360264_6333p2 Servidor Poweredge \/rack \/r360\/ Intel Xeon 6 Performace 6333p\/ 6c-3.1ghz\/ 16gb De Ram \/ Hdd 2tb Sata \/ Perc H755 \/sin Sistema Operativo\/4 Bahias Para Discos 3.5\/3 A?o De Garantia Prosupport\"}]},{\"@type\":\"WebSite\",\"@id\":\"https:\/\/compuviper.mx\/tienda\/#website\",\"url\":\"https:\/\/compuviper.mx\/tienda\/\",\"name\":\"Compuviper\",\"description\":\"Proveedor de Computadoras, Laptops, Servidores, Monitores, Puntos de Venta, Teclados,   Impresoras, T\u00f3ner, C\u00e1maras de Seguridad y m\u00e1s en tu tienda en l\u00ednea\",\"publisher\":{\"@id\":\"https:\/\/compuviper.mx\/tienda\/#organization\"},\"potentialAction\":[{\"@type\":\"SearchAction\",\"target\":{\"@type\":\"EntryPoint\",\"urlTemplate\":\"https:\/\/compuviper.mx\/tienda\/?s={search_term_string}\"},\"query-input\":\"required name=search_term_string\"}],\"inLanguage\":\"es-MX\"},{\"@type\":\"Organization\",\"@id\":\"https:\/\/compuviper.mx\/tienda\/#organization\",\"name\":\"Compuviper\",\"url\":\"https:\/\/compuviper.mx\/tienda\/\",\"logo\":{\"@type\":\"ImageObject\",\"inLanguage\":\"es-MX\",\"@id\":\"https:\/\/compuviper.mx\/tienda\/#\/schema\/logo\/image\/\",\"url\":\"https:\/\/compuviper.mx\/tienda\/wp-content\/uploads\/2021\/08\/Logo-Compuviper-10.png\",\"contentUrl\":\"https:\/\/compuviper.mx\/tienda\/wp-content\/uploads\/2021\/08\/Logo-Compuviper-10.png\",\"width\":1000,\"height\":500,\"caption\":\"Compuviper\"},\"image\":{\"@id\":\"https:\/\/compuviper.mx\/tienda\/#\/schema\/logo\/image\/\"},\"sameAs\":[\"https:\/\/www.facebook.com\/compuviper\",\"https:\/\/www.youtube.com\/channel\/UCf73dERp9Y3cfOq7q8BhLjA?view_as=subscriber\"]}]}<\/script>\n<meta property=\"product:brand\" content=\"DELL\" \/>\n<meta property=\"product:price:amount\" content=\"44881\" \/>\n<meta property=\"product:price:currency\" content=\"MXN\" \/>\n<meta property=\"og:availability\" content=\"out of stock\" \/>\n<meta property=\"product:availability\" content=\"out of stock\" \/>\n<meta property=\"product:retailer_item_id\" content=\"R360264_6333P2\" \/>\n<meta property=\"product:condition\" content=\"new\" \/>\n<!-- \/ Yoast SEO plugin. -->","yoast_head_json":{"title":"[ Dell ] &#129351; R360264_6333p2 Servidor Poweredge \/rack \/r360\/ Intel Xeon 6 Performace 6333p\/ 6c-3.1ghz\/ 16gb De Ram \/ Hdd 2tb Sata \/ Perc H755 \/sin Sistema Operativo\/4 Bahias Para Discos 3.5\/3 A\u00f1o De Garantia Prosupport","description":"Compra R360264_6333p2 Servidor Poweredge \/rack \/r360\/ Intel Xeon 6 Performace 6333p\/ 6c-3.1ghz\/ 16gb De Ram \/ Hdd 2tb Sata \/ Perc H755 \/sin Sistema Operativo\/4 Bahias Para Discos 3.5\/3 A\u00f1o De Garantia Prosupport + Env\u00edo a domicilio + Pago seguro + Garant\u00eda","robots":{"index":"index","follow":"follow","max-snippet":"max-snippet:-1","max-image-preview":"max-image-preview:large","max-video-preview":"max-video-preview:-1"},"canonical":"https:\/\/compuviper.mx\/tienda\/producto\/dell-r360264_6333p2-servidor-poweredge-rack-r360-intel-xeon-6-performace-6333p-6c-3-1ghz-16gb-de-ram-hdd-2tb-sata-perc-h755-sin-sistema-operativo-4-bahias-para-discos-3-5-3-ao-de-garantia\/","og_locale":"es_MX","og_type":"article","og_title":"[ Dell ] &#129351; R360264_6333p2 Servidor Poweredge \/rack \/r360\/ Intel Xeon 6 Performace 6333p\/ 6c-3.1ghz\/ 16gb De Ram \/ Hdd 2tb Sata \/ Perc H755 \/sin Sistema Operativo\/4 Bahias Para Discos 3.5\/3 A\u00f1o De Garantia Prosupport","og_description":"Compra R360264_6333p2 Servidor Poweredge \/rack \/r360\/ Intel Xeon 6 Performace 6333p\/ 6c-3.1ghz\/ 16gb De Ram \/ Hdd 2tb Sata \/ Perc H755 \/sin Sistema Operativo\/4 Bahias Para Discos 3.5\/3 A\u00f1o De Garantia Prosupport + Env\u00edo a domicilio + Pago seguro + Garant\u00eda","og_url":"https:\/\/compuviper.mx\/tienda\/producto\/dell-r360264_6333p2-servidor-poweredge-rack-r360-intel-xeon-6-performace-6333p-6c-3-1ghz-16gb-de-ram-hdd-2tb-sata-perc-h755-sin-sistema-operativo-4-bahias-para-discos-3-5-3-ao-de-garantia\/","og_site_name":"Compuviper","article_publisher":"https:\/\/www.facebook.com\/compuviper","twitter_card":"summary_large_image","twitter_misc":{"Precio":"&#36;44,881 con IVA","Availability":"Out of stock"},"schema":{"@context":"https:\/\/schema.org","@graph":[{"@type":"WebPage","@id":"https:\/\/compuviper.mx\/tienda\/producto\/dell-r360264_6333p2-servidor-poweredge-rack-r360-intel-xeon-6-performace-6333p-6c-3-1ghz-16gb-de-ram-hdd-2tb-sata-perc-h755-sin-sistema-operativo-4-bahias-para-discos-3-5-3-ao-de-garantia\/","url":"https:\/\/compuviper.mx\/tienda\/producto\/dell-r360264_6333p2-servidor-poweredge-rack-r360-intel-xeon-6-performace-6333p-6c-3-1ghz-16gb-de-ram-hdd-2tb-sata-perc-h755-sin-sistema-operativo-4-bahias-para-discos-3-5-3-ao-de-garantia\/","name":"[ Dell ] &#129351; R360264_6333p2 Servidor Poweredge \/rack \/r360\/ Intel Xeon 6 Performace 6333p\/ 6c-3.1ghz\/ 16gb De Ram \/ Hdd 2tb Sata \/ Perc H755 \/sin Sistema Operativo\/4 Bahias Para Discos 3.5\/3 A\u00f1o De Garantia Prosupport","isPartOf":{"@id":"https:\/\/compuviper.mx\/tienda\/#website"},"datePublished":"2026-04-11T07:59:44+00:00","dateModified":"2026-04-11T07:59:44+00:00","description":"Compra R360264_6333p2 Servidor Poweredge \/rack \/r360\/ Intel Xeon 6 Performace 6333p\/ 6c-3.1ghz\/ 16gb De Ram \/ Hdd 2tb Sata \/ Perc H755 \/sin Sistema Operativo\/4 Bahias Para Discos 3.5\/3 A\u00f1o De Garantia Prosupport + Env\u00edo a domicilio + Pago seguro + Garant\u00eda","breadcrumb":{"@id":"https:\/\/compuviper.mx\/tienda\/producto\/dell-r360264_6333p2-servidor-poweredge-rack-r360-intel-xeon-6-performace-6333p-6c-3-1ghz-16gb-de-ram-hdd-2tb-sata-perc-h755-sin-sistema-operativo-4-bahias-para-discos-3-5-3-ao-de-garantia\/#breadcrumb"},"inLanguage":"es-MX","potentialAction":[{"@type":"ReadAction","target":["https:\/\/compuviper.mx\/tienda\/producto\/dell-r360264_6333p2-servidor-poweredge-rack-r360-intel-xeon-6-performace-6333p-6c-3-1ghz-16gb-de-ram-hdd-2tb-sata-perc-h755-sin-sistema-operativo-4-bahias-para-discos-3-5-3-ao-de-garantia\/"]}]},{"@type":"BreadcrumbList","@id":"https:\/\/compuviper.mx\/tienda\/producto\/dell-r360264_6333p2-servidor-poweredge-rack-r360-intel-xeon-6-performace-6333p-6c-3-1ghz-16gb-de-ram-hdd-2tb-sata-perc-h755-sin-sistema-operativo-4-bahias-para-discos-3-5-3-ao-de-garantia\/#breadcrumb","itemListElement":[{"@type":"ListItem","position":1,"name":"Inicio","item":"https:\/\/compuviper.mx\/tienda\/"},{"@type":"ListItem","position":2,"name":"Productos","item":"https:\/\/compuviper.mx\/tienda\/productos\/"},{"@type":"ListItem","position":3,"name":"Servidores","item":"https:\/\/compuviper.mx\/tienda\/categoria-producto\/servidores-2\/"},{"@type":"ListItem","position":4,"name":"Rack (dl)","item":"https:\/\/compuviper.mx\/tienda\/categoria-producto\/servidores-2\/rack-dl\/"},{"@type":"ListItem","position":5,"name":"Dell R360264_6333p2 Servidor Poweredge \/rack \/r360\/ Intel Xeon 6 Performace 6333p\/ 6c-3.1ghz\/ 16gb De Ram \/ Hdd 2tb Sata \/ Perc H755 \/sin Sistema Operativo\/4 Bahias Para Discos 3.5\/3 A?o De Garantia Prosupport"}]},{"@type":"WebSite","@id":"https:\/\/compuviper.mx\/tienda\/#website","url":"https:\/\/compuviper.mx\/tienda\/","name":"Compuviper","description":"Proveedor de Computadoras, Laptops, Servidores, Monitores, Puntos de Venta, Teclados,   Impresoras, T\u00f3ner, C\u00e1maras de Seguridad y m\u00e1s en tu tienda en l\u00ednea","publisher":{"@id":"https:\/\/compuviper.mx\/tienda\/#organization"},"potentialAction":[{"@type":"SearchAction","target":{"@type":"EntryPoint","urlTemplate":"https:\/\/compuviper.mx\/tienda\/?s={search_term_string}"},"query-input":"required name=search_term_string"}],"inLanguage":"es-MX"},{"@type":"Organization","@id":"https:\/\/compuviper.mx\/tienda\/#organization","name":"Compuviper","url":"https:\/\/compuviper.mx\/tienda\/","logo":{"@type":"ImageObject","inLanguage":"es-MX","@id":"https:\/\/compuviper.mx\/tienda\/#\/schema\/logo\/image\/","url":"https:\/\/compuviper.mx\/tienda\/wp-content\/uploads\/2021\/08\/Logo-Compuviper-10.png","contentUrl":"https:\/\/compuviper.mx\/tienda\/wp-content\/uploads\/2021\/08\/Logo-Compuviper-10.png","width":1000,"height":500,"caption":"Compuviper"},"image":{"@id":"https:\/\/compuviper.mx\/tienda\/#\/schema\/logo\/image\/"},"sameAs":["https:\/\/www.facebook.com\/compuviper","https:\/\/www.youtube.com\/channel\/UCf73dERp9Y3cfOq7q8BhLjA?view_as=subscriber"]}]},"product_brand":"DELL","product_price_amount":"44881","product_price_currency":"MXN","og_availability":"out of stock","product_availability":"out of stock","product_retailer_item_id":"R360264_6333P2","product_condition":"new"},"_links":{"self":[{"href":"https:\/\/compuviper.mx\/tienda\/wp-json\/wp\/v2\/product\/263013"}],"collection":[{"href":"https:\/\/compuviper.mx\/tienda\/wp-json\/wp\/v2\/product"}],"about":[{"href":"https:\/\/compuviper.mx\/tienda\/wp-json\/wp\/v2\/types\/product"}],"replies":[{"embeddable":true,"href":"https:\/\/compuviper.mx\/tienda\/wp-json\/wp\/v2\/comments?post=263013"}],"wp:attachment":[{"href":"https:\/\/compuviper.mx\/tienda\/wp-json\/wp\/v2\/media?parent=263013"}],"wp:term":[{"taxonomy":"product_cat","embeddable":true,"href":"https:\/\/compuviper.mx\/tienda\/wp-json\/wp\/v2\/product_cat?post=263013"},{"taxonomy":"product_tag","embeddable":true,"href":"https:\/\/compuviper.mx\/tienda\/wp-json\/wp\/v2\/product_tag?post=263013"}],"curies":[{"name":"wp","href":"https:\/\/api.w.org\/{rel}","templated":true}]}}