{"id":262916,"date":"2026-04-02T02:23:41","date_gmt":"2026-04-02T08:23:41","guid":{"rendered":"https:\/\/compuviper.mx\/tienda\/producto\/lg-55uk670h-hotel-tv-smart-55-compatible-con-pro-centric-direct-y-cloud-resolucion-4k-uhd-nano-panel-googls-cast-airplay-netflix\/"},"modified":"2026-04-02T02:23:41","modified_gmt":"2026-04-02T08:23:41","slug":"lg-55uk670h-hotel-tv-smart-55-compatible-con-pro-centric-direct-y-cloud-resolucion-4k-uhd-nano-panel-googls-cast-airplay-netflix","status":"publish","type":"product","link":"https:\/\/compuviper.mx\/tienda\/producto\/lg-55uk670h-hotel-tv-smart-55-compatible-con-pro-centric-direct-y-cloud-resolucion-4k-uhd-nano-panel-googls-cast-airplay-netflix\/","title":{"rendered":"Lg 55uk670h Hotel Tv Smart  55  Compatible Con Pro Centric Direct Y Cloud Resolucion 4k Uhd Nano Panel Googls Cast Airplay Netflix"},"content":{"rendered":"<table class=\"descripcion\">\n<tr>\n<td>Especificaciones clave<\/td>\n<\/tr>\n<tr>\n<td>Tama\u00f1o (pulgadas)<\/td>\n<\/tr>\n<tr>\n<td>55\u0094<\/td>\n<\/tr>\n<tr>\n<td>Resoluci\u00f3n<\/td>\n<\/tr>\n<tr>\n<td>3.840 \u00d7 2.160 (4k ultra hd)<\/td>\n<\/tr>\n<tr>\n<td>Brillo (t\u00edp.)<\/td>\n<\/tr>\n<tr>\n<td>305 nits<\/td>\n<\/tr>\n<tr>\n<td>Categor\u00eda<\/td>\n<\/tr>\n<tr>\n<td>Pro: centric smart<\/td>\n<\/tr>\n<tr>\n<td>Especificaciones t\u00e9cnicas<\/td>\n<\/tr>\n<tr>\n<td>Categor\u00eda<\/td>\n<\/tr>\n<tr>\n<td>Pro: centric smart<\/td>\n<\/tr>\n<tr>\n<td>Dise\u00f1o<\/td>\n<\/tr>\n<tr>\n<td>Nombre de la herramienta nano80<\/td>\n<\/tr>\n<tr>\n<td>Color frontal negro carb\u00f3n<\/td>\n<\/tr>\n<tr>\n<td>Tipo de soporte 1 poste (giratorio)<\/td>\n<\/tr>\n<tr>\n<td>Mostrar<\/td>\n<\/tr>\n<tr>\n<td>Pulgada 55\u0094<\/td>\n<\/tr>\n<tr>\n<td>Resoluci\u00f3n 3.840 x 2.160 (4k uhd)<\/td>\n<\/tr>\n<tr>\n<td>Brillo 305 nits<\/td>\n<\/tr>\n<tr>\n<td>Video<\/td>\n<\/tr>\n<tr>\n<td>Imagen con ia pro s\u00ed<\/td>\n<\/tr>\n<tr>\n<td>Hdr (10 pro \/ hlg) s\u00ed \/ s\u00ed<\/td>\n<\/tr>\n<tr>\n<td>Optimizador de juegos s\u00ed<\/td>\n<\/tr>\n<tr>\n<td>Audio<\/td>\n<\/tr>\n<tr>\n<td>Salida de audio 20 w<\/td>\n<\/tr>\n<tr>\n<td>Sonido de ia s\u00ed<\/td>\n<\/tr>\n<tr>\n<td>Ajuste ac\u00fastico mediante ia s\u00ed (disponible, vacuna triple v\u00edrica requerida)<\/td>\n<\/tr>\n<tr>\n<td>Sincronizaci\u00f3n de sonido lg s\u00ed<\/td>\n<\/tr>\n<tr>\n<td>Sistema de radiodifusi\u00f3n<\/td>\n<\/tr>\n<tr>\n<td>Digital atsc \/ clear qam<\/td>\n<\/tr>\n<tr>\n<td>Anal\u00f3gico (ntsc \/ secam \/ pal) ntsc<\/td>\n<\/tr>\n<tr>\n<td>Funci\u00f3n inteligente<\/td>\n<\/tr>\n<tr>\n<td>Webos25, navegador web, compatibilidad con magic remote (listo), multivista, wi-fi, bluetooth, softap, compartir pantalla, dial, reproducci\u00f3n de audio por bluetooth, hdmi-arc (hdmi2), reconocimiento de voz (independiente\/en soluci\u00f3n), iot<\/td>\n<\/tr>\n<tr>\n<td>Soluci\u00f3n de hosteler\u00eda<\/td>\n<\/tr>\n<tr>\n<td>Tipo de soluci\u00f3n pro:centric (smart, cloud, direct, v, server) webrtc, men\u00fa r\u00e1pido (portal personalizable)<\/td>\n<\/tr>\n<tr>\n<td>Pro:idioma (drm \/ medios) s\u00ed \/ s\u00ed<\/td>\n<\/tr>\n<tr>\n<td>Caracter\u00edstica de hospitalidad<\/td>\n<\/tr>\n<tr>\n<td>Ezmanager, clonaci\u00f3n usb, wake on rf, wol, snmp, diagn\u00f3stico (control remoto ip), htng-cec (1.4), simplink (hdmi-cec (1.4)), salida ir (rs-232c, mpi), c\u00f3digo ir m\u00faltiple, modo hotel \/ pdm \/ men\u00fa de instalador, pantalla de bienvenida (imagen de inicio), insertar imagen, mapa de un canal (lcm), salida de altavoz externo \/ salida de l\u00ednea, encendido instant\u00e1neo, etiqueta v-lan, control remoto m\u00f3vil, bloqueo de puertos, modo de bloqueo (limitado), compatibilidad con rjp (paquete de conectores remotos), b-lan (b-lan \u00fanico), modo de ahorro de energ\u00eda, baliza, etiqueta de v\u00eddeo (2 v\u00eddeos)<\/td>\n<\/tr>\n<tr>\n<td>Conectividad<\/td>\n<\/tr>\n<tr>\n<td>Entrada hdmi (3), usb 2.0, entrada rf, salida de audio digital (\u00f3ptica), salida de altavoz externo (conector telef\u00f3nico de 3,5 mm), rj45 (2 puertos: ethernet, aux), rs-232c (conector telef\u00f3nico), configuraci\u00f3n de enlace de tv (conector telef\u00f3nico), solo lg svc (conector telef\u00f3nico), puerto mpi (conector rj12)<\/td>\n<\/tr>\n<tr>\n<td>Dimensi\u00f3n<\/td>\n<\/tr>\n<tr>\n<td>Compatible con vesa 300 \u00d7 300 mm<\/td>\n<\/tr>\n<tr>\n<td>Cerradura kensington s\u00ed<\/td>\n<\/tr>\n<tr>\n<td>Orificio para tornillo de seguridad\/credenza s\u00ed (necesita soporte)<\/td>\n<\/tr>\n<tr>\n<td>Placa de bloqueo (para una f\u00e1cil instalaci\u00f3n) s\u00ed (necesita soporte)<\/td>\n<\/tr>\n<tr>\n<td>Ancho \u00d7 alto \u00d7 profundidad \/ peso (con soporte) 1235 \u00d7 777 \u00d7 303 mm \/ 17,2 kg<\/td>\n<\/tr>\n<tr>\n<td>Ancho \u00d7 alto \u00d7 profundidad \/ peso (sin soporte) 1235 \u00d7 715 \u00d7 57,5 mm \/ 14,0 kg<\/td>\n<\/tr>\n<tr>\n<td>Ancho \u00d7 alto \u00d7 profundidad \/ peso (env\u00edo) 1360 \u00d7 810 \u00d7 162 mm \/ 22,3 kg<\/td>\n<\/tr>\n<tr>\n<td>Ancho del bisel (izquierdo\/derecho\/superior\/inferior) 12,8 \/ 12,8 \/ 12,8 \/ 19,9 mm<\/td>\n<\/tr>\n<tr>\n<td>Ancho del bisel (izq.\/der.\/arriba\/abajo) 6,9 \/ 6,9 \/ 6,9 \/ 18,4 mm<\/td>\n<\/tr>\n<tr>\n<td>Fuerza<\/td>\n<\/tr>\n<tr>\n<td>Fuente de alimentaci\u00f3n (voltaje, hz) ca 120 v 50-60 hz<\/td>\n<\/tr>\n<tr>\n<td>Consumo de energ\u00eda (m\u00e1x.) 160 w<\/td>\n<\/tr>\n<tr>\n<td>Consumo de energ\u00eda (t\u00edpico) 130 w<\/td>\n<\/tr>\n<tr>\n<td>Consumo de energ\u00eda en espera menos de 0,5 w<\/td>\n<\/tr>\n<tr>\n<td>Accesorio<\/td>\n<\/tr>\n<tr>\n<td>Tipo de control remoto (s-con \/ mmr (opcional)), cable de alimentaci\u00f3n (1,8 m \/ tipo recto)<\/td>\n<\/tr>\n<tr>\n<td>Listado obligatorio (certificaci\u00f3n)<\/td>\n<\/tr>\n<tr>\n<td>Seguridad interteck<\/td>\n<\/tr>\n<tr>\n<td>Emc fcc<\/td>\n<\/tr>\n<\/table>\n","protected":false},"excerpt":{"rendered":"<p>Televisor inteligente nanocell con soluciones pro:centric panel nano. Experimenta la revolucionaria tecnolog\u00eda nanocell, que utiliza un polarizador especializado y materiales sin tama\u00f1o para lograr una reproducci\u00f3n de color excepcional sin distorsi\u00f3n. La nanotecnolog\u00eda avanzada filtra los colores impuros de las longitudes de onda rgb, ofreciendo colores vibrantes y puros, e im\u00e1genes 4k reales. Disfruta de im\u00e1genes realistas con colores precisos y un contraste mejorado. Al utilizar materiales absorbentes de luz de tama\u00f1o nanom\u00e9trico, nanocell separa las longitudes de onda verdes y rojas superpuestas, ampliando la gama de colores y mejorando la precisi\u00f3n. \u00a1eleva tu experiencia visual y da vida a tu contenido favorito. Pro:centric cloud. Pro:centric cloud mejora la usabilidad de la soluci\u00f3n cms empresarial y la migraci\u00f3n del sistema a la nube, reforzando el servicio de soluciones de terceros. Ofrece diversas plantillas de dise\u00f1o y optimiza la plataforma de recopilaci\u00f3n y an\u00e1lisis de datos con un panel de control intuitivo. Adem\u00e1s, con nuevas funciones, lg channels permite acceder f\u00e1cilmente a una amplia gama de contenido de proveedores, incluyendo canales de televisi\u00f3n abierta, sin necesidad de dispositivos ni suscripciones adicionales. Por otro lado, mobile application creator simplifica la configuraci\u00f3n de servicios de conserjer\u00eda en dispositivos m\u00f3viles para los hu\u00e9spedes, garantizando una respuesta inmediata a sus solicitudes. El televisor lg hotel tv funciona con google cast. Acceda r\u00e1pidamente a sus dispositivos personales con un pr\u00e1ctico c\u00f3digo qr en el televisor lg hotel tv para ver sus series favoritas en la pantalla grande y disfrute de un proceso de pago seguro con borrado autom\u00e1tico de informaci\u00f3n personal para su tranquilidad. Adem\u00e1s, con la funci\u00f3n de emparejamiento persistente, conecte sus dispositivos una sola vez y mant\u00e9ngase conectado durante toda su estancia. Funciona con airplay. Con apple airplay, los hu\u00e9spedes pueden transmitir contenido a los televisores lg pro:centric smart hotel directamente desde su iphone o ipad, ya sea para ver pel\u00edculas y series de sus aplicaciones favoritas o compartir el contenido de sus dispositivos apple, incluyendo fotos, v\u00eddeos personales, juegos y mucho m\u00e1s. Tras registrarse, solo tienen que escanear un c\u00f3digo qr \u00fanico que aparece en la pantalla para conectar de forma privada y segura su iphone o ipad al televisor de la habitaci\u00f3n durante su estancia. F\u00e1cil acceso a la aplicaci\u00f3n de netflix. Disfruta de una amplia variedad de contenido de v\u00eddeo de netflix en tu televisor uk670h con la soluci\u00f3n pro:centric. Disfruta de la comodidad de tu habitaci\u00f3n y de un servicio de streaming con miles de t\u00edtulos. Pro:centric direct. La soluci\u00f3n de gesti\u00f3n de contenido hotelero pro:centric direct ofrece herramientas de edici\u00f3n sencillas e intuitivas, facilitando la gesti\u00f3n remota de servicios y redes ip con un solo clic. Pro:centric direct permite a los usuarios personalizar su interfaz y gestionar de forma eficiente todos los televisores de la habitaci\u00f3n. La \u00faltima versi\u00f3n de pcd ofrece control de la habitaci\u00f3n mediante iot y control por voz a trav\u00e9s del procesamiento del lenguaje natural (pln) de lg. Estas funciones de iot y de voz constituyen el punto de partida para la creaci\u00f3n de habitaciones de hotel de \u00faltima generaci\u00f3n con inteligencia artificial. Softap de entrada inal\u00e1mbrica. Como mejora con respecto al modelo anterior, que requer\u00eda una conexi\u00f3n f\u00edsica por cable al televisor para utilizar la funci\u00f3n softap, el nuevo softap inal\u00e1mbrico ofrece excelentes opciones de conectividad para los hoteles mediante conexi\u00f3n inal\u00e1mbrica al televisor.<\/p>\n","protected":false},"featured_media":0,"comment_status":"open","ping_status":"open","template":"","meta":[],"product_cat":[1838,1839],"product_tag":[1687],"acf":[],"yoast_head":"<!-- This site is optimized with the Yoast SEO plugin v21.7 - https:\/\/yoast.com\/wordpress\/plugins\/seo\/ -->\n<title>[ Lg ] &#129351; 55uk670h Hotel Tv Smart 55 Compatible Con Pro Centric Direct Y Cloud Resolucion 4k Uhd Nano Panel Googls Cast Airplay Netflix<\/title>\n<meta name=\"description\" content=\"Compra 55uk670h Hotel Tv Smart 55 Compatible Con Pro Centric Direct Y Cloud Resolucion 4k Uhd Nano Panel Googls Cast Airplay Netflix + Env\u00edo a domicilio + Pago seguro + Garant\u00eda\" \/>\n<meta name=\"robots\" content=\"index, follow, max-snippet:-1, max-image-preview:large, max-video-preview:-1\" \/>\n<link rel=\"canonical\" href=\"https:\/\/compuviper.mx\/tienda\/producto\/lg-55uk670h-hotel-tv-smart-55-compatible-con-pro-centric-direct-y-cloud-resolucion-4k-uhd-nano-panel-googls-cast-airplay-netflix\/\" \/>\n<meta property=\"og:locale\" content=\"es_MX\" \/>\n<meta property=\"og:type\" content=\"article\" \/>\n<meta property=\"og:title\" content=\"[ Lg ] &#129351; 55uk670h Hotel Tv Smart 55 Compatible Con Pro Centric Direct Y Cloud Resolucion 4k Uhd Nano Panel Googls Cast Airplay Netflix\" \/>\n<meta property=\"og:description\" content=\"Compra 55uk670h Hotel Tv Smart 55 Compatible Con Pro Centric Direct Y Cloud Resolucion 4k Uhd Nano Panel Googls Cast Airplay Netflix + Env\u00edo a domicilio + Pago seguro + Garant\u00eda\" \/>\n<meta property=\"og:url\" content=\"https:\/\/compuviper.mx\/tienda\/producto\/lg-55uk670h-hotel-tv-smart-55-compatible-con-pro-centric-direct-y-cloud-resolucion-4k-uhd-nano-panel-googls-cast-airplay-netflix\/\" \/>\n<meta property=\"og:site_name\" content=\"Compuviper\" \/>\n<meta property=\"article:publisher\" content=\"https:\/\/www.facebook.com\/compuviper\" \/>\n<meta name=\"twitter:card\" content=\"summary_large_image\" \/>\n<meta name=\"twitter:label1\" content=\"Precio\" \/>\n\t<meta name=\"twitter:data1\" content=\"&#36;11,758 con IVA\" \/>\n\t<meta name=\"twitter:label2\" content=\"Availability\" \/>\n\t<meta name=\"twitter:data2\" content=\"On backorder\" \/>\n<script type=\"application\/ld+json\" class=\"yoast-schema-graph\">{\"@context\":\"https:\/\/schema.org\",\"@graph\":[{\"@type\":\"WebPage\",\"@id\":\"https:\/\/compuviper.mx\/tienda\/producto\/lg-55uk670h-hotel-tv-smart-55-compatible-con-pro-centric-direct-y-cloud-resolucion-4k-uhd-nano-panel-googls-cast-airplay-netflix\/\",\"url\":\"https:\/\/compuviper.mx\/tienda\/producto\/lg-55uk670h-hotel-tv-smart-55-compatible-con-pro-centric-direct-y-cloud-resolucion-4k-uhd-nano-panel-googls-cast-airplay-netflix\/\",\"name\":\"[ Lg ] &#129351; 55uk670h Hotel Tv Smart 55 Compatible Con Pro Centric Direct Y Cloud Resolucion 4k Uhd Nano Panel Googls Cast Airplay Netflix\",\"isPartOf\":{\"@id\":\"https:\/\/compuviper.mx\/tienda\/#website\"},\"datePublished\":\"2026-04-02T08:23:41+00:00\",\"dateModified\":\"2026-04-02T08:23:41+00:00\",\"description\":\"Compra 55uk670h Hotel Tv Smart 55 Compatible Con Pro Centric Direct Y Cloud Resolucion 4k Uhd Nano Panel Googls Cast Airplay Netflix + Env\u00edo a domicilio + Pago seguro + Garant\u00eda\",\"breadcrumb\":{\"@id\":\"https:\/\/compuviper.mx\/tienda\/producto\/lg-55uk670h-hotel-tv-smart-55-compatible-con-pro-centric-direct-y-cloud-resolucion-4k-uhd-nano-panel-googls-cast-airplay-netflix\/#breadcrumb\"},\"inLanguage\":\"es-MX\",\"potentialAction\":[{\"@type\":\"ReadAction\",\"target\":[\"https:\/\/compuviper.mx\/tienda\/producto\/lg-55uk670h-hotel-tv-smart-55-compatible-con-pro-centric-direct-y-cloud-resolucion-4k-uhd-nano-panel-googls-cast-airplay-netflix\/\"]}]},{\"@type\":\"BreadcrumbList\",\"@id\":\"https:\/\/compuviper.mx\/tienda\/producto\/lg-55uk670h-hotel-tv-smart-55-compatible-con-pro-centric-direct-y-cloud-resolucion-4k-uhd-nano-panel-googls-cast-airplay-netflix\/#breadcrumb\",\"itemListElement\":[{\"@type\":\"ListItem\",\"position\":1,\"name\":\"Inicio\",\"item\":\"https:\/\/compuviper.mx\/tienda\/\"},{\"@type\":\"ListItem\",\"position\":2,\"name\":\"Productos\",\"item\":\"https:\/\/compuviper.mx\/tienda\/productos\/\"},{\"@type\":\"ListItem\",\"position\":3,\"name\":\"Televisor\",\"item\":\"https:\/\/compuviper.mx\/tienda\/categoria-producto\/televisor\/\"},{\"@type\":\"ListItem\",\"position\":4,\"name\":\"Led\",\"item\":\"https:\/\/compuviper.mx\/tienda\/categoria-producto\/televisor\/led-televisor\/\"},{\"@type\":\"ListItem\",\"position\":5,\"name\":\"Lg 55uk670h Hotel Tv Smart 55 Compatible Con Pro Centric Direct Y Cloud Resolucion 4k Uhd Nano Panel Googls Cast Airplay Netflix\"}]},{\"@type\":\"WebSite\",\"@id\":\"https:\/\/compuviper.mx\/tienda\/#website\",\"url\":\"https:\/\/compuviper.mx\/tienda\/\",\"name\":\"Compuviper\",\"description\":\"Proveedor de Computadoras, Laptops, Servidores, Monitores, Puntos de Venta, Teclados,   Impresoras, T\u00f3ner, C\u00e1maras de Seguridad y m\u00e1s en tu tienda en l\u00ednea\",\"publisher\":{\"@id\":\"https:\/\/compuviper.mx\/tienda\/#organization\"},\"potentialAction\":[{\"@type\":\"SearchAction\",\"target\":{\"@type\":\"EntryPoint\",\"urlTemplate\":\"https:\/\/compuviper.mx\/tienda\/?s={search_term_string}\"},\"query-input\":\"required name=search_term_string\"}],\"inLanguage\":\"es-MX\"},{\"@type\":\"Organization\",\"@id\":\"https:\/\/compuviper.mx\/tienda\/#organization\",\"name\":\"Compuviper\",\"url\":\"https:\/\/compuviper.mx\/tienda\/\",\"logo\":{\"@type\":\"ImageObject\",\"inLanguage\":\"es-MX\",\"@id\":\"https:\/\/compuviper.mx\/tienda\/#\/schema\/logo\/image\/\",\"url\":\"https:\/\/compuviper.mx\/tienda\/wp-content\/uploads\/2021\/08\/Logo-Compuviper-10.png\",\"contentUrl\":\"https:\/\/compuviper.mx\/tienda\/wp-content\/uploads\/2021\/08\/Logo-Compuviper-10.png\",\"width\":1000,\"height\":500,\"caption\":\"Compuviper\"},\"image\":{\"@id\":\"https:\/\/compuviper.mx\/tienda\/#\/schema\/logo\/image\/\"},\"sameAs\":[\"https:\/\/www.facebook.com\/compuviper\",\"https:\/\/www.youtube.com\/channel\/UCf73dERp9Y3cfOq7q8BhLjA?view_as=subscriber\"]}]}<\/script>\n<meta property=\"product:brand\" content=\"LG\" \/>\n<meta property=\"product:price:amount\" content=\"11758\" \/>\n<meta property=\"product:price:currency\" content=\"MXN\" \/>\n<meta property=\"og:availability\" content=\"backorder\" \/>\n<meta property=\"product:availability\" content=\"available for order\" \/>\n<meta property=\"product:retailer_item_id\" content=\"55UK670H\" \/>\n<meta property=\"product:condition\" content=\"new\" \/>\n<!-- \/ Yoast SEO plugin. -->","yoast_head_json":{"title":"[ Lg ] &#129351; 55uk670h Hotel Tv Smart 55 Compatible Con Pro Centric Direct Y Cloud Resolucion 4k Uhd Nano Panel Googls Cast Airplay Netflix","description":"Compra 55uk670h Hotel Tv Smart 55 Compatible Con Pro Centric Direct Y Cloud Resolucion 4k Uhd Nano Panel Googls Cast Airplay Netflix + Env\u00edo a domicilio + Pago seguro + Garant\u00eda","robots":{"index":"index","follow":"follow","max-snippet":"max-snippet:-1","max-image-preview":"max-image-preview:large","max-video-preview":"max-video-preview:-1"},"canonical":"https:\/\/compuviper.mx\/tienda\/producto\/lg-55uk670h-hotel-tv-smart-55-compatible-con-pro-centric-direct-y-cloud-resolucion-4k-uhd-nano-panel-googls-cast-airplay-netflix\/","og_locale":"es_MX","og_type":"article","og_title":"[ Lg ] &#129351; 55uk670h Hotel Tv Smart 55 Compatible Con Pro Centric Direct Y Cloud Resolucion 4k Uhd Nano Panel Googls Cast Airplay Netflix","og_description":"Compra 55uk670h Hotel Tv Smart 55 Compatible Con Pro Centric Direct Y Cloud Resolucion 4k Uhd Nano Panel Googls Cast Airplay Netflix + Env\u00edo a domicilio + Pago seguro + Garant\u00eda","og_url":"https:\/\/compuviper.mx\/tienda\/producto\/lg-55uk670h-hotel-tv-smart-55-compatible-con-pro-centric-direct-y-cloud-resolucion-4k-uhd-nano-panel-googls-cast-airplay-netflix\/","og_site_name":"Compuviper","article_publisher":"https:\/\/www.facebook.com\/compuviper","twitter_card":"summary_large_image","twitter_misc":{"Precio":"&#36;11,758 con IVA","Availability":"On backorder"},"schema":{"@context":"https:\/\/schema.org","@graph":[{"@type":"WebPage","@id":"https:\/\/compuviper.mx\/tienda\/producto\/lg-55uk670h-hotel-tv-smart-55-compatible-con-pro-centric-direct-y-cloud-resolucion-4k-uhd-nano-panel-googls-cast-airplay-netflix\/","url":"https:\/\/compuviper.mx\/tienda\/producto\/lg-55uk670h-hotel-tv-smart-55-compatible-con-pro-centric-direct-y-cloud-resolucion-4k-uhd-nano-panel-googls-cast-airplay-netflix\/","name":"[ Lg ] &#129351; 55uk670h Hotel Tv Smart 55 Compatible Con Pro Centric Direct Y Cloud Resolucion 4k Uhd Nano Panel Googls Cast Airplay Netflix","isPartOf":{"@id":"https:\/\/compuviper.mx\/tienda\/#website"},"datePublished":"2026-04-02T08:23:41+00:00","dateModified":"2026-04-02T08:23:41+00:00","description":"Compra 55uk670h Hotel Tv Smart 55 Compatible Con Pro Centric Direct Y Cloud Resolucion 4k Uhd Nano Panel Googls Cast Airplay Netflix + Env\u00edo a domicilio + Pago seguro + Garant\u00eda","breadcrumb":{"@id":"https:\/\/compuviper.mx\/tienda\/producto\/lg-55uk670h-hotel-tv-smart-55-compatible-con-pro-centric-direct-y-cloud-resolucion-4k-uhd-nano-panel-googls-cast-airplay-netflix\/#breadcrumb"},"inLanguage":"es-MX","potentialAction":[{"@type":"ReadAction","target":["https:\/\/compuviper.mx\/tienda\/producto\/lg-55uk670h-hotel-tv-smart-55-compatible-con-pro-centric-direct-y-cloud-resolucion-4k-uhd-nano-panel-googls-cast-airplay-netflix\/"]}]},{"@type":"BreadcrumbList","@id":"https:\/\/compuviper.mx\/tienda\/producto\/lg-55uk670h-hotel-tv-smart-55-compatible-con-pro-centric-direct-y-cloud-resolucion-4k-uhd-nano-panel-googls-cast-airplay-netflix\/#breadcrumb","itemListElement":[{"@type":"ListItem","position":1,"name":"Inicio","item":"https:\/\/compuviper.mx\/tienda\/"},{"@type":"ListItem","position":2,"name":"Productos","item":"https:\/\/compuviper.mx\/tienda\/productos\/"},{"@type":"ListItem","position":3,"name":"Televisor","item":"https:\/\/compuviper.mx\/tienda\/categoria-producto\/televisor\/"},{"@type":"ListItem","position":4,"name":"Led","item":"https:\/\/compuviper.mx\/tienda\/categoria-producto\/televisor\/led-televisor\/"},{"@type":"ListItem","position":5,"name":"Lg 55uk670h Hotel Tv Smart 55 Compatible Con Pro Centric Direct Y Cloud Resolucion 4k Uhd Nano Panel Googls Cast Airplay Netflix"}]},{"@type":"WebSite","@id":"https:\/\/compuviper.mx\/tienda\/#website","url":"https:\/\/compuviper.mx\/tienda\/","name":"Compuviper","description":"Proveedor de Computadoras, Laptops, Servidores, Monitores, Puntos de Venta, Teclados,   Impresoras, T\u00f3ner, C\u00e1maras de Seguridad y m\u00e1s en tu tienda en l\u00ednea","publisher":{"@id":"https:\/\/compuviper.mx\/tienda\/#organization"},"potentialAction":[{"@type":"SearchAction","target":{"@type":"EntryPoint","urlTemplate":"https:\/\/compuviper.mx\/tienda\/?s={search_term_string}"},"query-input":"required name=search_term_string"}],"inLanguage":"es-MX"},{"@type":"Organization","@id":"https:\/\/compuviper.mx\/tienda\/#organization","name":"Compuviper","url":"https:\/\/compuviper.mx\/tienda\/","logo":{"@type":"ImageObject","inLanguage":"es-MX","@id":"https:\/\/compuviper.mx\/tienda\/#\/schema\/logo\/image\/","url":"https:\/\/compuviper.mx\/tienda\/wp-content\/uploads\/2021\/08\/Logo-Compuviper-10.png","contentUrl":"https:\/\/compuviper.mx\/tienda\/wp-content\/uploads\/2021\/08\/Logo-Compuviper-10.png","width":1000,"height":500,"caption":"Compuviper"},"image":{"@id":"https:\/\/compuviper.mx\/tienda\/#\/schema\/logo\/image\/"},"sameAs":["https:\/\/www.facebook.com\/compuviper","https:\/\/www.youtube.com\/channel\/UCf73dERp9Y3cfOq7q8BhLjA?view_as=subscriber"]}]},"product_brand":"LG","product_price_amount":"11758","product_price_currency":"MXN","og_availability":"backorder","product_availability":"available for order","product_retailer_item_id":"55UK670H","product_condition":"new"},"_links":{"self":[{"href":"https:\/\/compuviper.mx\/tienda\/wp-json\/wp\/v2\/product\/262916"}],"collection":[{"href":"https:\/\/compuviper.mx\/tienda\/wp-json\/wp\/v2\/product"}],"about":[{"href":"https:\/\/compuviper.mx\/tienda\/wp-json\/wp\/v2\/types\/product"}],"replies":[{"embeddable":true,"href":"https:\/\/compuviper.mx\/tienda\/wp-json\/wp\/v2\/comments?post=262916"}],"wp:attachment":[{"href":"https:\/\/compuviper.mx\/tienda\/wp-json\/wp\/v2\/media?parent=262916"}],"wp:term":[{"taxonomy":"product_cat","embeddable":true,"href":"https:\/\/compuviper.mx\/tienda\/wp-json\/wp\/v2\/product_cat?post=262916"},{"taxonomy":"product_tag","embeddable":true,"href":"https:\/\/compuviper.mx\/tienda\/wp-json\/wp\/v2\/product_tag?post=262916"}],"curies":[{"name":"wp","href":"https:\/\/api.w.org\/{rel}","templated":true}]}}