{"id":262914,"date":"2026-04-28T01:56:33","date_gmt":"2026-04-28T07:56:33","guid":{"rendered":"https:\/\/compuviper.mx\/tienda\/producto\/ricoh-cg01000-294101-escaner-sv600-velocidad-de-escaneo-3-segunos-por-barrido-completo-600-dpi-ciclo-recomendado-200-hojas-cenital-simplex-ccd-usb\/"},"modified":"2026-04-28T01:56:34","modified_gmt":"2026-04-28T07:56:34","slug":"ricoh-cg01000-294101pa03641-b305-escaner-sv600-velocidad-de-escaneo-3-segunos-por-barrido-completo-600-dpi-ciclo-recomendado-200-hojas-cenital-simplex-ccd-usb","status":"publish","type":"product","link":"https:\/\/compuviper.mx\/tienda\/producto\/ricoh-cg01000-294101pa03641-b305-escaner-sv600-velocidad-de-escaneo-3-segunos-por-barrido-completo-600-dpi-ciclo-recomendado-200-hojas-cenital-simplex-ccd-usb\/","title":{"rendered":"Ricoh Cg01000-294101,pa03641-b305 Escaner  Sv600, Velocidad De Escaneo 3 Segunos Por Barrido Completo, 600 Dpi, Ciclo Recomendado 200 Hojas, Cenital, Simplex, Ccd, Usb"},"content":{"rendered":"<table class=\"descripcion\">\n<tr>\n<td>Ficha tecnica \u0096 ricoh sv600 scansnap<\/td>\n<\/tr>\n<tr>\n<td>Tipo de escaner:<\/td>\n<\/tr>\n<tr>\n<td>\u0095escaner de superficie plana sin contacto, tipo aereo<\/td>\n<\/tr>\n<tr>\n<td>Tecnologia de escaneo:<\/td>\n<\/tr>\n<tr>\n<td>\u0095tecnologia vi versatile imaging con lente lineal y sensor ccd<\/td>\n<\/tr>\n<tr>\n<td>Resolucion optica:<\/td>\n<\/tr>\n<tr>\n<td>\u0095285 a 218 dpi dependiendo del tamano del documento<\/td>\n<\/tr>\n<tr>\n<td>\u0095maxima resolucion de salida: 1200 dpi<\/td>\n<\/tr>\n<tr>\n<td>Area de escaneo maxima:<\/td>\n<\/tr>\n<tr>\n<td>\u0095a3 297 mm  420 mm<\/td>\n<\/tr>\n<tr>\n<td>Velocidad de escaneo:<\/td>\n<\/tr>\n<tr>\n<td>\u00953 segundos por pagina modo rapido<\/td>\n<\/tr>\n<tr>\n<td>Formatos de archivo compatibles:<\/td>\n<\/tr>\n<tr>\n<td>\u0095pdf, jpeg, tiff, bmp, png<\/td>\n<\/tr>\n<tr>\n<td>Funciones destacadas:<\/td>\n<\/tr>\n<tr>\n<td>\u0095correccion automatica de distorsion y curvatura de libros<\/td>\n<\/tr>\n<tr>\n<td>\u0095deteccion de documentos multiples para escaneo simultaneo<\/td>\n<\/tr>\n<tr>\n<td>\u0095eliminacion de imagenes de dedos<\/td>\n<\/tr>\n<tr>\n<td>\u0095deteccion automatica de cambio de pagina<\/td>\n<\/tr>\n<tr>\n<td>\u0095escaneo programado por intervalos<\/td>\n<\/tr>\n<tr>\n<td>Compatibilidad:<\/td>\n<\/tr>\n<tr>\n<td>\u0095windows 11\/10\/8.1\/7<\/td>\n<\/tr>\n<tr>\n<td>\u0095macos 10.12 o superior<\/td>\n<\/tr>\n<tr>\n<td>Conectividad:<\/td>\n<\/tr>\n<tr>\n<td>\u0095usb 2.0<\/td>\n<\/tr>\n<tr>\n<td>Dimensiones:<\/td>\n<\/tr>\n<tr>\n<td>\u0095210 mm  156 mm  383 mm<\/td>\n<\/tr>\n<tr>\n<td>Peso:<\/td>\n<\/tr>\n<tr>\n<td>\u00953 kg<\/td>\n<\/tr>\n<tr>\n<td>Aplicaciones comunes:<\/td>\n<\/tr>\n<tr>\n<td>\u0095digitalizacion de libros sin danarlos<\/td>\n<\/tr>\n<tr>\n<td>\u0095escaneo de revistas, periodicos, documentos encuadernados<\/td>\n<\/tr>\n<tr>\n<td>\u0095captura de notas, tarjetas, documentos fragiles o de gran tamano<\/td>\n<\/tr>\n<\/table>\n","protected":false},"excerpt":{"rendered":"<p>Innovacion. Ricoh da un paso mas en la captura con su nuevo scansnap sv600, el primer escaner hibrido que recoge las ventajas de los escaneres cenitales y los de cristal, capaz de digitalizar cualquier formato documental hasta a3. Ya no es necesario tener que penalizar la velocidad, la integridad del documento, el tamano del documento o incluso el coste, porque el scansnap sv600 puede con todo. Calidad de imagen. El scansnap sv600 esta dotado de un  sensor lineal ccd tradicional en los escaneres planos, en lugar de una camara de fotos como la de los escaneres especificos de libros, aportando maxima calidad a los documentos digitalizados. Versatilidad. Cuando buscamos un escaner, siempre intentamos que reuna las maximas prestaciones, pero cuando no encontramos el dispositivo idoneo, se nos plantea el dilema de que es mas importante si un escaner rapido, si prefiero que sea mas lento pero que digitalice documentos a3, si seria mejor un escaner de cristal,\u0085 ahora con scansnap sv600 no tenemos que plantearnos nada, porque ademas de digitalizar cualquier documento o libro, puede digitalizar hasta documentos a3, e incluso objetos.<\/p>\n","protected":false},"featured_media":263292,"comment_status":"open","ping_status":"open","template":"","meta":[],"product_cat":[1805,1807],"product_tag":[2306],"acf":[],"yoast_head":"<!-- This site is optimized with the Yoast SEO plugin v21.7 - https:\/\/yoast.com\/wordpress\/plugins\/seo\/ -->\n<title>[ Ricoh ] &#129351; Cg01000-294101,pa03641-b305 Escaner Sv600, Velocidad De Escaneo 3 Segunos Por Barrido Completo, 600 Dpi, Ciclo Recomendado 200 Hojas, Cenital, Simplex, Ccd, Usb<\/title>\n<meta name=\"description\" content=\"Compra Cg01000-294101,pa03641-b305 Escaner Sv600, Velocidad De Escaneo 3 Segunos Por Barrido Completo, 600 Dpi, Ciclo Recomendado 200 Hojas, Cenital, Simplex, Ccd, Usb + Env\u00edo a domicilio + Pago seguro + Garant\u00eda\" \/>\n<meta name=\"robots\" content=\"index, follow, max-snippet:-1, max-image-preview:large, max-video-preview:-1\" \/>\n<link rel=\"canonical\" href=\"https:\/\/compuviper.mx\/tienda\/producto\/ricoh-cg01000-294101pa03641-b305-escaner-sv600-velocidad-de-escaneo-3-segunos-por-barrido-completo-600-dpi-ciclo-recomendado-200-hojas-cenital-simplex-ccd-usb\/\" \/>\n<meta property=\"og:locale\" content=\"es_MX\" \/>\n<meta property=\"og:type\" content=\"article\" \/>\n<meta property=\"og:title\" content=\"[ Ricoh ] &#129351; Cg01000-294101,pa03641-b305 Escaner Sv600, Velocidad De Escaneo 3 Segunos Por Barrido Completo, 600 Dpi, Ciclo Recomendado 200 Hojas, Cenital, Simplex, Ccd, Usb\" \/>\n<meta property=\"og:description\" content=\"Compra Cg01000-294101,pa03641-b305 Escaner Sv600, Velocidad De Escaneo 3 Segunos Por Barrido Completo, 600 Dpi, Ciclo Recomendado 200 Hojas, Cenital, Simplex, Ccd, Usb + Env\u00edo a domicilio + Pago seguro + Garant\u00eda\" \/>\n<meta property=\"og:url\" content=\"https:\/\/compuviper.mx\/tienda\/producto\/ricoh-cg01000-294101pa03641-b305-escaner-sv600-velocidad-de-escaneo-3-segunos-por-barrido-completo-600-dpi-ciclo-recomendado-200-hojas-cenital-simplex-ccd-usb\/\" \/>\n<meta property=\"og:site_name\" content=\"Compuviper\" \/>\n<meta property=\"article:publisher\" content=\"https:\/\/www.facebook.com\/compuviper\" \/>\n<meta property=\"article:modified_time\" content=\"2026-04-28T07:56:34+00:00\" \/>\n<meta property=\"og:image\" content=\"https:\/\/compuviper.mx\/tienda\/wp-content\/uploads\/2025\/11\/Escaner-ricoh-sv600-velocidad-de-escaneo-3-segunos-por-barrido-completo-600-dpi-ciclo-recomendado-200-hojas-cenital-simplex-ccd-usb.jpg\" \/>\n\t<meta property=\"og:image:width\" content=\"200\" \/>\n\t<meta property=\"og:image:height\" content=\"200\" \/>\n\t<meta property=\"og:image:type\" content=\"image\/jpeg\" \/>\n<meta name=\"twitter:card\" content=\"summary_large_image\" \/>\n<meta name=\"twitter:label1\" content=\"Precio\" \/>\n\t<meta name=\"twitter:data1\" content=\"&#36;14,105 con IVA\" \/>\n\t<meta name=\"twitter:label2\" content=\"Availability\" \/>\n\t<meta name=\"twitter:data2\" content=\"Out of stock\" \/>\n<script type=\"application\/ld+json\" class=\"yoast-schema-graph\">{\"@context\":\"https:\/\/schema.org\",\"@graph\":[{\"@type\":\"WebPage\",\"@id\":\"https:\/\/compuviper.mx\/tienda\/producto\/ricoh-cg01000-294101pa03641-b305-escaner-sv600-velocidad-de-escaneo-3-segunos-por-barrido-completo-600-dpi-ciclo-recomendado-200-hojas-cenital-simplex-ccd-usb\/\",\"url\":\"https:\/\/compuviper.mx\/tienda\/producto\/ricoh-cg01000-294101pa03641-b305-escaner-sv600-velocidad-de-escaneo-3-segunos-por-barrido-completo-600-dpi-ciclo-recomendado-200-hojas-cenital-simplex-ccd-usb\/\",\"name\":\"[ Ricoh ] &#129351; Cg01000-294101,pa03641-b305 Escaner Sv600, Velocidad De Escaneo 3 Segunos Por Barrido Completo, 600 Dpi, Ciclo Recomendado 200 Hojas, Cenital, Simplex, Ccd, Usb\",\"isPartOf\":{\"@id\":\"https:\/\/compuviper.mx\/tienda\/#website\"},\"datePublished\":\"2026-04-28T07:56:33+00:00\",\"dateModified\":\"2026-04-28T07:56:34+00:00\",\"description\":\"Compra Cg01000-294101,pa03641-b305 Escaner Sv600, Velocidad De Escaneo 3 Segunos Por Barrido Completo, 600 Dpi, Ciclo Recomendado 200 Hojas, Cenital, Simplex, Ccd, Usb + Env\u00edo a domicilio + Pago seguro + Garant\u00eda\",\"breadcrumb\":{\"@id\":\"https:\/\/compuviper.mx\/tienda\/producto\/ricoh-cg01000-294101pa03641-b305-escaner-sv600-velocidad-de-escaneo-3-segunos-por-barrido-completo-600-dpi-ciclo-recomendado-200-hojas-cenital-simplex-ccd-usb\/#breadcrumb\"},\"inLanguage\":\"es-MX\",\"potentialAction\":[{\"@type\":\"ReadAction\",\"target\":[\"https:\/\/compuviper.mx\/tienda\/producto\/ricoh-cg01000-294101pa03641-b305-escaner-sv600-velocidad-de-escaneo-3-segunos-por-barrido-completo-600-dpi-ciclo-recomendado-200-hojas-cenital-simplex-ccd-usb\/\"]}]},{\"@type\":\"BreadcrumbList\",\"@id\":\"https:\/\/compuviper.mx\/tienda\/producto\/ricoh-cg01000-294101pa03641-b305-escaner-sv600-velocidad-de-escaneo-3-segunos-por-barrido-completo-600-dpi-ciclo-recomendado-200-hojas-cenital-simplex-ccd-usb\/#breadcrumb\",\"itemListElement\":[{\"@type\":\"ListItem\",\"position\":1,\"name\":\"Inicio\",\"item\":\"https:\/\/compuviper.mx\/tienda\/\"},{\"@type\":\"ListItem\",\"position\":2,\"name\":\"Productos\",\"item\":\"https:\/\/compuviper.mx\/tienda\/productos\/\"},{\"@type\":\"ListItem\",\"position\":3,\"name\":\"Scanner\",\"item\":\"https:\/\/compuviper.mx\/tienda\/categoria-producto\/scanner\/\"},{\"@type\":\"ListItem\",\"position\":4,\"name\":\"Scanner Documentos\",\"item\":\"https:\/\/compuviper.mx\/tienda\/categoria-producto\/scanner\/scanner-documentos\/\"},{\"@type\":\"ListItem\",\"position\":5,\"name\":\"Ricoh Cg01000-294101,pa03641-b305 Escaner Sv600, Velocidad De Escaneo 3 Segunos Por Barrido Completo, 600 Dpi, Ciclo Recomendado 200 Hojas, Cenital, Simplex, Ccd, Usb\"}]},{\"@type\":\"WebSite\",\"@id\":\"https:\/\/compuviper.mx\/tienda\/#website\",\"url\":\"https:\/\/compuviper.mx\/tienda\/\",\"name\":\"Compuviper\",\"description\":\"Proveedor de Computadoras, Laptops, Servidores, Monitores, Puntos de Venta, Teclados,   Impresoras, T\u00f3ner, C\u00e1maras de Seguridad y m\u00e1s en tu tienda en l\u00ednea\",\"publisher\":{\"@id\":\"https:\/\/compuviper.mx\/tienda\/#organization\"},\"potentialAction\":[{\"@type\":\"SearchAction\",\"target\":{\"@type\":\"EntryPoint\",\"urlTemplate\":\"https:\/\/compuviper.mx\/tienda\/?s={search_term_string}\"},\"query-input\":\"required name=search_term_string\"}],\"inLanguage\":\"es-MX\"},{\"@type\":\"Organization\",\"@id\":\"https:\/\/compuviper.mx\/tienda\/#organization\",\"name\":\"Compuviper\",\"url\":\"https:\/\/compuviper.mx\/tienda\/\",\"logo\":{\"@type\":\"ImageObject\",\"inLanguage\":\"es-MX\",\"@id\":\"https:\/\/compuviper.mx\/tienda\/#\/schema\/logo\/image\/\",\"url\":\"https:\/\/compuviper.mx\/tienda\/wp-content\/uploads\/2021\/08\/Logo-Compuviper-10.png\",\"contentUrl\":\"https:\/\/compuviper.mx\/tienda\/wp-content\/uploads\/2021\/08\/Logo-Compuviper-10.png\",\"width\":1000,\"height\":500,\"caption\":\"Compuviper\"},\"image\":{\"@id\":\"https:\/\/compuviper.mx\/tienda\/#\/schema\/logo\/image\/\"},\"sameAs\":[\"https:\/\/www.facebook.com\/compuviper\",\"https:\/\/www.youtube.com\/channel\/UCf73dERp9Y3cfOq7q8BhLjA?view_as=subscriber\"]}]}<\/script>\n<meta property=\"product:brand\" content=\"Ricoh\" \/>\n<meta property=\"product:price:amount\" content=\"14105\" \/>\n<meta property=\"product:price:currency\" content=\"MXN\" \/>\n<meta property=\"og:availability\" content=\"out of stock\" \/>\n<meta property=\"product:availability\" content=\"out of stock\" \/>\n<meta property=\"product:retailer_item_id\" content=\"CG01000-294101,PA03641-B305\" \/>\n<meta property=\"product:condition\" content=\"new\" \/>\n<!-- \/ Yoast SEO plugin. -->","yoast_head_json":{"title":"[ Ricoh ] &#129351; Cg01000-294101,pa03641-b305 Escaner Sv600, Velocidad De Escaneo 3 Segunos Por Barrido Completo, 600 Dpi, Ciclo Recomendado 200 Hojas, Cenital, Simplex, Ccd, Usb","description":"Compra Cg01000-294101,pa03641-b305 Escaner Sv600, Velocidad De Escaneo 3 Segunos Por Barrido Completo, 600 Dpi, Ciclo Recomendado 200 Hojas, Cenital, Simplex, Ccd, Usb + Env\u00edo a domicilio + Pago seguro + Garant\u00eda","robots":{"index":"index","follow":"follow","max-snippet":"max-snippet:-1","max-image-preview":"max-image-preview:large","max-video-preview":"max-video-preview:-1"},"canonical":"https:\/\/compuviper.mx\/tienda\/producto\/ricoh-cg01000-294101pa03641-b305-escaner-sv600-velocidad-de-escaneo-3-segunos-por-barrido-completo-600-dpi-ciclo-recomendado-200-hojas-cenital-simplex-ccd-usb\/","og_locale":"es_MX","og_type":"article","og_title":"[ Ricoh ] &#129351; Cg01000-294101,pa03641-b305 Escaner Sv600, Velocidad De Escaneo 3 Segunos Por Barrido Completo, 600 Dpi, Ciclo Recomendado 200 Hojas, Cenital, Simplex, Ccd, Usb","og_description":"Compra Cg01000-294101,pa03641-b305 Escaner Sv600, Velocidad De Escaneo 3 Segunos Por Barrido Completo, 600 Dpi, Ciclo Recomendado 200 Hojas, Cenital, Simplex, Ccd, Usb + Env\u00edo a domicilio + Pago seguro + Garant\u00eda","og_url":"https:\/\/compuviper.mx\/tienda\/producto\/ricoh-cg01000-294101pa03641-b305-escaner-sv600-velocidad-de-escaneo-3-segunos-por-barrido-completo-600-dpi-ciclo-recomendado-200-hojas-cenital-simplex-ccd-usb\/","og_site_name":"Compuviper","article_publisher":"https:\/\/www.facebook.com\/compuviper","article_modified_time":"2026-04-28T07:56:34+00:00","og_image":[{"width":200,"height":200,"url":"https:\/\/compuviper.mx\/tienda\/wp-content\/uploads\/2025\/11\/Escaner-ricoh-sv600-velocidad-de-escaneo-3-segunos-por-barrido-completo-600-dpi-ciclo-recomendado-200-hojas-cenital-simplex-ccd-usb.jpg","type":"image\/jpeg"}],"twitter_card":"summary_large_image","twitter_misc":{"Precio":"&#36;14,105 con IVA","Availability":"Out of stock"},"schema":{"@context":"https:\/\/schema.org","@graph":[{"@type":"WebPage","@id":"https:\/\/compuviper.mx\/tienda\/producto\/ricoh-cg01000-294101pa03641-b305-escaner-sv600-velocidad-de-escaneo-3-segunos-por-barrido-completo-600-dpi-ciclo-recomendado-200-hojas-cenital-simplex-ccd-usb\/","url":"https:\/\/compuviper.mx\/tienda\/producto\/ricoh-cg01000-294101pa03641-b305-escaner-sv600-velocidad-de-escaneo-3-segunos-por-barrido-completo-600-dpi-ciclo-recomendado-200-hojas-cenital-simplex-ccd-usb\/","name":"[ Ricoh ] &#129351; Cg01000-294101,pa03641-b305 Escaner Sv600, Velocidad De Escaneo 3 Segunos Por Barrido Completo, 600 Dpi, Ciclo Recomendado 200 Hojas, Cenital, Simplex, Ccd, Usb","isPartOf":{"@id":"https:\/\/compuviper.mx\/tienda\/#website"},"datePublished":"2026-04-28T07:56:33+00:00","dateModified":"2026-04-28T07:56:34+00:00","description":"Compra Cg01000-294101,pa03641-b305 Escaner Sv600, Velocidad De Escaneo 3 Segunos Por Barrido Completo, 600 Dpi, Ciclo Recomendado 200 Hojas, Cenital, Simplex, Ccd, Usb + Env\u00edo a domicilio + Pago seguro + Garant\u00eda","breadcrumb":{"@id":"https:\/\/compuviper.mx\/tienda\/producto\/ricoh-cg01000-294101pa03641-b305-escaner-sv600-velocidad-de-escaneo-3-segunos-por-barrido-completo-600-dpi-ciclo-recomendado-200-hojas-cenital-simplex-ccd-usb\/#breadcrumb"},"inLanguage":"es-MX","potentialAction":[{"@type":"ReadAction","target":["https:\/\/compuviper.mx\/tienda\/producto\/ricoh-cg01000-294101pa03641-b305-escaner-sv600-velocidad-de-escaneo-3-segunos-por-barrido-completo-600-dpi-ciclo-recomendado-200-hojas-cenital-simplex-ccd-usb\/"]}]},{"@type":"BreadcrumbList","@id":"https:\/\/compuviper.mx\/tienda\/producto\/ricoh-cg01000-294101pa03641-b305-escaner-sv600-velocidad-de-escaneo-3-segunos-por-barrido-completo-600-dpi-ciclo-recomendado-200-hojas-cenital-simplex-ccd-usb\/#breadcrumb","itemListElement":[{"@type":"ListItem","position":1,"name":"Inicio","item":"https:\/\/compuviper.mx\/tienda\/"},{"@type":"ListItem","position":2,"name":"Productos","item":"https:\/\/compuviper.mx\/tienda\/productos\/"},{"@type":"ListItem","position":3,"name":"Scanner","item":"https:\/\/compuviper.mx\/tienda\/categoria-producto\/scanner\/"},{"@type":"ListItem","position":4,"name":"Scanner Documentos","item":"https:\/\/compuviper.mx\/tienda\/categoria-producto\/scanner\/scanner-documentos\/"},{"@type":"ListItem","position":5,"name":"Ricoh Cg01000-294101,pa03641-b305 Escaner Sv600, Velocidad De Escaneo 3 Segunos Por Barrido Completo, 600 Dpi, Ciclo Recomendado 200 Hojas, Cenital, Simplex, Ccd, Usb"}]},{"@type":"WebSite","@id":"https:\/\/compuviper.mx\/tienda\/#website","url":"https:\/\/compuviper.mx\/tienda\/","name":"Compuviper","description":"Proveedor de Computadoras, Laptops, Servidores, Monitores, Puntos de Venta, Teclados,   Impresoras, T\u00f3ner, C\u00e1maras de Seguridad y m\u00e1s en tu tienda en l\u00ednea","publisher":{"@id":"https:\/\/compuviper.mx\/tienda\/#organization"},"potentialAction":[{"@type":"SearchAction","target":{"@type":"EntryPoint","urlTemplate":"https:\/\/compuviper.mx\/tienda\/?s={search_term_string}"},"query-input":"required name=search_term_string"}],"inLanguage":"es-MX"},{"@type":"Organization","@id":"https:\/\/compuviper.mx\/tienda\/#organization","name":"Compuviper","url":"https:\/\/compuviper.mx\/tienda\/","logo":{"@type":"ImageObject","inLanguage":"es-MX","@id":"https:\/\/compuviper.mx\/tienda\/#\/schema\/logo\/image\/","url":"https:\/\/compuviper.mx\/tienda\/wp-content\/uploads\/2021\/08\/Logo-Compuviper-10.png","contentUrl":"https:\/\/compuviper.mx\/tienda\/wp-content\/uploads\/2021\/08\/Logo-Compuviper-10.png","width":1000,"height":500,"caption":"Compuviper"},"image":{"@id":"https:\/\/compuviper.mx\/tienda\/#\/schema\/logo\/image\/"},"sameAs":["https:\/\/www.facebook.com\/compuviper","https:\/\/www.youtube.com\/channel\/UCf73dERp9Y3cfOq7q8BhLjA?view_as=subscriber"]}]},"product_brand":"Ricoh","product_price_amount":"14105","product_price_currency":"MXN","og_availability":"out of stock","product_availability":"out of stock","product_retailer_item_id":"CG01000-294101,PA03641-B305","product_condition":"new"},"_links":{"self":[{"href":"https:\/\/compuviper.mx\/tienda\/wp-json\/wp\/v2\/product\/262914"}],"collection":[{"href":"https:\/\/compuviper.mx\/tienda\/wp-json\/wp\/v2\/product"}],"about":[{"href":"https:\/\/compuviper.mx\/tienda\/wp-json\/wp\/v2\/types\/product"}],"replies":[{"embeddable":true,"href":"https:\/\/compuviper.mx\/tienda\/wp-json\/wp\/v2\/comments?post=262914"}],"wp:featuredmedia":[{"embeddable":true,"href":"https:\/\/compuviper.mx\/tienda\/wp-json\/wp\/v2\/media\/263292"}],"wp:attachment":[{"href":"https:\/\/compuviper.mx\/tienda\/wp-json\/wp\/v2\/media?parent=262914"}],"wp:term":[{"taxonomy":"product_cat","embeddable":true,"href":"https:\/\/compuviper.mx\/tienda\/wp-json\/wp\/v2\/product_cat?post=262914"},{"taxonomy":"product_tag","embeddable":true,"href":"https:\/\/compuviper.mx\/tienda\/wp-json\/wp\/v2\/product_tag?post=262914"}],"curies":[{"name":"wp","href":"https:\/\/api.w.org\/{rel}","templated":true}]}}