{"id":262881,"date":"2026-04-02T01:30:18","date_gmt":"2026-04-02T07:30:18","guid":{"rendered":"https:\/\/compuviper.mx\/tienda\/producto\/lenovo-13c50022ls-pc-thinkcentre-neo-50q-gen-5-intel-core-i3-1315u-8-gb-512-ssd-m-2-teclado-y-mouse-usb-wifi-bt-hdmi-dp-win-11-pro-1-y-garantia\/"},"modified":"2026-04-02T01:30:19","modified_gmt":"2026-04-02T07:30:19","slug":"lenovo-13c50022ls-pc-thinkcentre-neo-50q-gen-5-intel-core-i3-1315u-8-gb-512-ssd-m-2-teclado-y-mouse-usb-wifi-bt-hdmi-dp-win-11-pro-1-y-garantia","status":"publish","type":"product","link":"https:\/\/compuviper.mx\/tienda\/producto\/lenovo-13c50022ls-pc-thinkcentre-neo-50q-gen-5-intel-core-i3-1315u-8-gb-512-ssd-m-2-teclado-y-mouse-usb-wifi-bt-hdmi-dp-win-11-pro-1-y-garantia\/","title":{"rendered":"Lenovo 13c50022ls Pc  Thinkcentre Neo 50q Gen 5 | Intel Core I3-1315u | 8 Gb | 512 Ssd M.2 | Teclado Y Mouse Usb | Wifi +  Bt | Hdmi + Dp | Win 11 Pro | 1 Y Garantia |"},"content":{"rendered":"<table class=\"descripcion\">\n<tr>\n<td>Performance<\/td>\n<\/tr>\n<tr>\n<td>Processor intel core i3-1315u, 6c (2p + 4e) \/ 8t, p-core 1.2 \/ 4.5ghz, e-core 0.9 \/ 3.3ghz, 10mb<\/td>\n<\/tr>\n<tr>\n<td>Graphics integrated intel uhd graphics<\/td>\n<\/tr>\n<tr>\n<td>Chipset intel soc platform<\/td>\n<\/tr>\n<tr>\n<td>Memory[1] 1x 8gb so-dimm ddr5-5600<\/td>\n<\/tr>\n<tr>\n<td>Memory slots two ddr5 so-dimm slots, dual-channel capable<\/td>\n<\/tr>\n<tr>\n<td>Max memory up to 64gb ddr5-5600<\/td>\n<\/tr>\n<tr>\n<td>Storage 512gb ssd m.2 2280 pcie 4.0&#215;4 nvme<\/td>\n<\/tr>\n<tr>\n<td>Max storage support up to two drives, 2x m.2 ssd<\/td>\n<\/tr>\n<tr>\n<td>\u0095 m.2 ssd up to 1tb each<\/td>\n<\/tr>\n<tr>\n<td>Raid preset none<\/td>\n<\/tr>\n<tr>\n<td>Card reader no card reader<\/td>\n<\/tr>\n<tr>\n<td>Optical none<\/td>\n<\/tr>\n<tr>\n<td>Audio chip high definition (hd) audio, realtek alc256 codec<\/td>\n<\/tr>\n<tr>\n<td>Speakers 2wx1<\/td>\n<\/tr>\n<tr>\n<td>Camera no camera<\/td>\n<\/tr>\n<tr>\n<td>Microphone no microphone<\/td>\n<\/tr>\n<tr>\n<td>Power supply 65w 89% adapter<\/td>\n<\/tr>\n<tr>\n<td>Design<\/td>\n<\/tr>\n<tr>\n<td>Keyboard usb, calliope, black, spanish (la)<\/td>\n<\/tr>\n<tr>\n<td>Mouse usb calliope mouse, black<\/td>\n<\/tr>\n<tr>\n<td>Optional bay none<\/td>\n<\/tr>\n<tr>\n<td>Expansion slots three m.2 slots (one for wlan, two for ssd)<\/td>\n<\/tr>\n<tr>\n<td>Case color black<\/td>\n<\/tr>\n<tr>\n<td>Stand none<\/td>\n<\/tr>\n<tr>\n<td>Adapter cage none<\/td>\n<\/tr>\n<tr>\n<td>Toolless chassis screw none<\/td>\n<\/tr>\n<tr>\n<td>Mounting vesa mount<\/td>\n<\/tr>\n<tr>\n<td>Io box no io box<\/td>\n<\/tr>\n<tr>\n<td>Pen pen not supported<\/td>\n<\/tr>\n<tr>\n<td>Form factor tiny (1l)<\/td>\n<\/tr>\n<tr>\n<td>Dimensions (wxdxh) tiny only (without rubber feet) | 179 x 182.9 x 34.5 mm (7.05 x 7.2 x 1.36 inches)<\/td>\n<\/tr>\n<tr>\n<td>Tiny only (with rubber feet) | 179 x 182.9 x 36.5 mm (7.05 x 7.2 x 1.44 inches)<\/td>\n<\/tr>\n<tr>\n<td>Weight around 1.13 kg (2.49 lbs)<\/td>\n<\/tr>\n<tr>\n<td>Connectivity<\/td>\n<\/tr>\n<tr>\n<td>Wlan + bluetooth[2] intel wi-fi 6 ax203, 802.11ax 2&#215;2 + bt5.2<\/td>\n<\/tr>\n<tr>\n<td>Wwan non-wwan<\/td>\n<\/tr>\n<tr>\n<td>Ethernet integrated 100\/1000m<\/td>\n<\/tr>\n<tr>\n<td>Front ports 1x usb-c (usb 10gbps \/ usb 3.2 gen 2), with data transfer and 5v@3a charging<\/td>\n<\/tr>\n<tr>\n<td>1x usb-a (usb 10gbps \/ usb 3.2 gen 2), with always on and 5v@2.1a charging<\/td>\n<\/tr>\n<tr>\n<td>1x headphone \/ microphone combo jack (3.5mm)<\/td>\n<\/tr>\n<tr>\n<td>Rear ports 2x usb-a (hi-speed usb \/ usb 2.0), one supports smart power on<\/td>\n<\/tr>\n<tr>\n<td>2x usb-a (usb 10gbps \/ usb 3.2 gen 2)<\/td>\n<\/tr>\n<tr>\n<td>1x hdmi 2.1 tmds<\/td>\n<\/tr>\n<tr>\n<td>1x displayport 1.4b<\/td>\n<\/tr>\n<tr>\n<td>1x ethernet (gbe rj-45)<\/td>\n<\/tr>\n<tr>\n<td>1x power connector<\/td>\n<\/tr>\n<tr>\n<td>Optional rear ports (configured) none<\/td>\n<\/tr>\n<tr>\n<td>Monitor cable none<\/td>\n<\/tr>\n<tr>\n<td>Security  and  privacy<\/td>\n<\/tr>\n<tr>\n<td>Security chip discrete tpm 2.0, tcg certified, fips 140-2 certified<\/td>\n<\/tr>\n<tr>\n<td>Fingerprint reader no fingerprint reader<\/td>\n<\/tr>\n<tr>\n<td>Physical locks kensington security slot, 3 x 7 mm<\/td>\n<\/tr>\n<tr>\n<td>Chassis intrusion switch[3] chassis intrusion switch<\/td>\n<\/tr>\n<tr>\n<td>Manageability<\/td>\n<\/tr>\n<tr>\n<td>System management non-vpro<\/td>\n<\/tr>\n<tr>\n<td>Service<\/td>\n<\/tr>\n<tr>\n<td>Base warranty 1-year, onsite<\/td>\n<\/tr>\n<tr>\n<td>Included upgrade none<\/td>\n<\/tr>\n<tr>\n<td>Certifications<\/td>\n<\/tr>\n<tr>\n<td>Green certifications energy star 9.0<\/td>\n<\/tr>\n<tr>\n<td>Epeat gold registered<\/td>\n<\/tr>\n<tr>\n<td>Rohs compliant<\/td>\n<\/tr>\n<tr>\n<td>Tco certified, generation 10<\/td>\n<\/tr>\n<tr>\n<td>Software<\/td>\n<\/tr>\n<tr>\n<td>Operating system windows 11 pro, spanish<\/td>\n<\/tr>\n<tr>\n<td>Bundled software thinkshield control 1-year<\/td>\n<\/tr>\n<\/table>\n","protected":false},"excerpt":{"rendered":"<p>Desktops compactas y llenas de funciones que ofrecen un rendimiento para grandes empresas con una potencia de procesamiento y una estabilidad de plataforma impresionantes<\/p>\n","protected":false},"featured_media":0,"comment_status":"open","ping_status":"open","template":"","meta":[],"product_cat":[1971,1972],"product_tag":[1578],"acf":[],"yoast_head":"<!-- This site is optimized with the Yoast SEO plugin v21.7 - https:\/\/yoast.com\/wordpress\/plugins\/seo\/ -->\n<title>[ Lenovo ] &#129351; 13c50022ls Pc Thinkcentre Neo 50q Gen 5 | Intel Core I3-1315u | 8 Gb | 512 Ssd M.2 | Teclado Y Mouse Usb | Wifi + Bt | Hdmi + Dp | Win 11 Pro | 1 Y Garantia |<\/title>\n<meta name=\"description\" content=\"Compra 13c50022ls Pc Thinkcentre Neo 50q Gen 5 | Intel Core I3-1315u | 8 Gb | 512 Ssd M.2 | Teclado Y Mouse Usb | Wifi + Bt | Hdmi + Dp | Win 11 Pro | 1 Y Garantia | + Env\u00edo a domicilio + Pago seguro + Garant\u00eda\" \/>\n<meta name=\"robots\" content=\"index, follow, max-snippet:-1, max-image-preview:large, max-video-preview:-1\" \/>\n<link rel=\"canonical\" href=\"https:\/\/compuviper.mx\/tienda\/producto\/lenovo-13c50022ls-pc-thinkcentre-neo-50q-gen-5-intel-core-i3-1315u-8-gb-512-ssd-m-2-teclado-y-mouse-usb-wifi-bt-hdmi-dp-win-11-pro-1-y-garantia\/\" \/>\n<meta property=\"og:locale\" content=\"es_MX\" \/>\n<meta property=\"og:type\" content=\"article\" \/>\n<meta property=\"og:title\" content=\"[ Lenovo ] &#129351; 13c50022ls Pc Thinkcentre Neo 50q Gen 5 | Intel Core I3-1315u | 8 Gb | 512 Ssd M.2 | Teclado Y Mouse Usb | Wifi + Bt | Hdmi + Dp | Win 11 Pro | 1 Y Garantia |\" \/>\n<meta property=\"og:description\" content=\"Compra 13c50022ls Pc Thinkcentre Neo 50q Gen 5 | Intel Core I3-1315u | 8 Gb | 512 Ssd M.2 | Teclado Y Mouse Usb | Wifi + Bt | Hdmi + Dp | Win 11 Pro | 1 Y Garantia | + Env\u00edo a domicilio + Pago seguro + Garant\u00eda\" \/>\n<meta property=\"og:url\" content=\"https:\/\/compuviper.mx\/tienda\/producto\/lenovo-13c50022ls-pc-thinkcentre-neo-50q-gen-5-intel-core-i3-1315u-8-gb-512-ssd-m-2-teclado-y-mouse-usb-wifi-bt-hdmi-dp-win-11-pro-1-y-garantia\/\" \/>\n<meta property=\"og:site_name\" content=\"Compuviper\" \/>\n<meta property=\"article:publisher\" content=\"https:\/\/www.facebook.com\/compuviper\" \/>\n<meta property=\"article:modified_time\" content=\"2026-04-02T07:30:19+00:00\" \/>\n<meta name=\"twitter:card\" content=\"summary_large_image\" \/>\n<meta name=\"twitter:label1\" content=\"Precio\" \/>\n\t<meta name=\"twitter:data1\" content=\"&#36;11,854 con IVA\" \/>\n\t<meta name=\"twitter:label2\" content=\"Availability\" \/>\n\t<meta name=\"twitter:data2\" content=\"In stock\" \/>\n<script type=\"application\/ld+json\" class=\"yoast-schema-graph\">{\"@context\":\"https:\/\/schema.org\",\"@graph\":[{\"@type\":\"WebPage\",\"@id\":\"https:\/\/compuviper.mx\/tienda\/producto\/lenovo-13c50022ls-pc-thinkcentre-neo-50q-gen-5-intel-core-i3-1315u-8-gb-512-ssd-m-2-teclado-y-mouse-usb-wifi-bt-hdmi-dp-win-11-pro-1-y-garantia\/\",\"url\":\"https:\/\/compuviper.mx\/tienda\/producto\/lenovo-13c50022ls-pc-thinkcentre-neo-50q-gen-5-intel-core-i3-1315u-8-gb-512-ssd-m-2-teclado-y-mouse-usb-wifi-bt-hdmi-dp-win-11-pro-1-y-garantia\/\",\"name\":\"[ Lenovo ] &#129351; 13c50022ls Pc Thinkcentre Neo 50q Gen 5 | Intel Core I3-1315u | 8 Gb | 512 Ssd M.2 | Teclado Y Mouse Usb | Wifi + Bt | Hdmi + Dp | Win 11 Pro | 1 Y Garantia |\",\"isPartOf\":{\"@id\":\"https:\/\/compuviper.mx\/tienda\/#website\"},\"datePublished\":\"2026-04-02T07:30:18+00:00\",\"dateModified\":\"2026-04-02T07:30:19+00:00\",\"description\":\"Compra 13c50022ls Pc Thinkcentre Neo 50q Gen 5 | Intel Core I3-1315u | 8 Gb | 512 Ssd M.2 | Teclado Y Mouse Usb | Wifi + Bt | Hdmi + Dp | Win 11 Pro | 1 Y Garantia | + Env\u00edo a domicilio + Pago seguro + Garant\u00eda\",\"breadcrumb\":{\"@id\":\"https:\/\/compuviper.mx\/tienda\/producto\/lenovo-13c50022ls-pc-thinkcentre-neo-50q-gen-5-intel-core-i3-1315u-8-gb-512-ssd-m-2-teclado-y-mouse-usb-wifi-bt-hdmi-dp-win-11-pro-1-y-garantia\/#breadcrumb\"},\"inLanguage\":\"es-MX\",\"potentialAction\":[{\"@type\":\"ReadAction\",\"target\":[\"https:\/\/compuviper.mx\/tienda\/producto\/lenovo-13c50022ls-pc-thinkcentre-neo-50q-gen-5-intel-core-i3-1315u-8-gb-512-ssd-m-2-teclado-y-mouse-usb-wifi-bt-hdmi-dp-win-11-pro-1-y-garantia\/\"]}]},{\"@type\":\"BreadcrumbList\",\"@id\":\"https:\/\/compuviper.mx\/tienda\/producto\/lenovo-13c50022ls-pc-thinkcentre-neo-50q-gen-5-intel-core-i3-1315u-8-gb-512-ssd-m-2-teclado-y-mouse-usb-wifi-bt-hdmi-dp-win-11-pro-1-y-garantia\/#breadcrumb\",\"itemListElement\":[{\"@type\":\"ListItem\",\"position\":1,\"name\":\"Inicio\",\"item\":\"https:\/\/compuviper.mx\/tienda\/\"},{\"@type\":\"ListItem\",\"position\":2,\"name\":\"Productos\",\"item\":\"https:\/\/compuviper.mx\/tienda\/productos\/\"},{\"@type\":\"ListItem\",\"position\":3,\"name\":\"Computadoras\",\"item\":\"https:\/\/compuviper.mx\/tienda\/categoria-producto\/computadoras\/\"},{\"@type\":\"ListItem\",\"position\":4,\"name\":\"Desktop\",\"item\":\"https:\/\/compuviper.mx\/tienda\/categoria-producto\/computadoras\/desktop-computadoras\/\"},{\"@type\":\"ListItem\",\"position\":5,\"name\":\"Lenovo 13c50022ls Pc Thinkcentre Neo 50q Gen 5 | Intel Core I3-1315u | 8 Gb | 512 Ssd M.2 | Teclado Y Mouse Usb | Wifi + Bt | Hdmi + Dp | Win 11 Pro | 1 Y Garantia |\"}]},{\"@type\":\"WebSite\",\"@id\":\"https:\/\/compuviper.mx\/tienda\/#website\",\"url\":\"https:\/\/compuviper.mx\/tienda\/\",\"name\":\"Compuviper\",\"description\":\"Proveedor de Computadoras, Laptops, Servidores, Monitores, Puntos de Venta, Teclados,   Impresoras, T\u00f3ner, C\u00e1maras de Seguridad y m\u00e1s en tu tienda en l\u00ednea\",\"publisher\":{\"@id\":\"https:\/\/compuviper.mx\/tienda\/#organization\"},\"potentialAction\":[{\"@type\":\"SearchAction\",\"target\":{\"@type\":\"EntryPoint\",\"urlTemplate\":\"https:\/\/compuviper.mx\/tienda\/?s={search_term_string}\"},\"query-input\":\"required name=search_term_string\"}],\"inLanguage\":\"es-MX\"},{\"@type\":\"Organization\",\"@id\":\"https:\/\/compuviper.mx\/tienda\/#organization\",\"name\":\"Compuviper\",\"url\":\"https:\/\/compuviper.mx\/tienda\/\",\"logo\":{\"@type\":\"ImageObject\",\"inLanguage\":\"es-MX\",\"@id\":\"https:\/\/compuviper.mx\/tienda\/#\/schema\/logo\/image\/\",\"url\":\"https:\/\/compuviper.mx\/tienda\/wp-content\/uploads\/2021\/08\/Logo-Compuviper-10.png\",\"contentUrl\":\"https:\/\/compuviper.mx\/tienda\/wp-content\/uploads\/2021\/08\/Logo-Compuviper-10.png\",\"width\":1000,\"height\":500,\"caption\":\"Compuviper\"},\"image\":{\"@id\":\"https:\/\/compuviper.mx\/tienda\/#\/schema\/logo\/image\/\"},\"sameAs\":[\"https:\/\/www.facebook.com\/compuviper\",\"https:\/\/www.youtube.com\/channel\/UCf73dERp9Y3cfOq7q8BhLjA?view_as=subscriber\"]}]}<\/script>\n<meta property=\"product:brand\" content=\"LENOVO\" \/>\n<meta property=\"product:price:amount\" content=\"11854\" \/>\n<meta property=\"product:price:currency\" content=\"MXN\" \/>\n<meta property=\"og:availability\" content=\"instock\" \/>\n<meta property=\"product:availability\" content=\"instock\" \/>\n<meta property=\"product:retailer_item_id\" content=\"13C50022LS\" \/>\n<meta property=\"product:condition\" content=\"new\" \/>\n<!-- \/ Yoast SEO plugin. -->","yoast_head_json":{"title":"[ Lenovo ] &#129351; 13c50022ls Pc Thinkcentre Neo 50q Gen 5 | Intel Core I3-1315u | 8 Gb | 512 Ssd M.2 | Teclado Y Mouse Usb | Wifi + Bt | Hdmi + Dp | Win 11 Pro | 1 Y Garantia |","description":"Compra 13c50022ls Pc Thinkcentre Neo 50q Gen 5 | Intel Core I3-1315u | 8 Gb | 512 Ssd M.2 | Teclado Y Mouse Usb | Wifi + Bt | Hdmi + Dp | Win 11 Pro | 1 Y Garantia | + Env\u00edo a domicilio + Pago seguro + Garant\u00eda","robots":{"index":"index","follow":"follow","max-snippet":"max-snippet:-1","max-image-preview":"max-image-preview:large","max-video-preview":"max-video-preview:-1"},"canonical":"https:\/\/compuviper.mx\/tienda\/producto\/lenovo-13c50022ls-pc-thinkcentre-neo-50q-gen-5-intel-core-i3-1315u-8-gb-512-ssd-m-2-teclado-y-mouse-usb-wifi-bt-hdmi-dp-win-11-pro-1-y-garantia\/","og_locale":"es_MX","og_type":"article","og_title":"[ Lenovo ] &#129351; 13c50022ls Pc Thinkcentre Neo 50q Gen 5 | Intel Core I3-1315u | 8 Gb | 512 Ssd M.2 | Teclado Y Mouse Usb | Wifi + Bt | Hdmi + Dp | Win 11 Pro | 1 Y Garantia |","og_description":"Compra 13c50022ls Pc Thinkcentre Neo 50q Gen 5 | Intel Core I3-1315u | 8 Gb | 512 Ssd M.2 | Teclado Y Mouse Usb | Wifi + Bt | Hdmi + Dp | Win 11 Pro | 1 Y Garantia | + Env\u00edo a domicilio + Pago seguro + Garant\u00eda","og_url":"https:\/\/compuviper.mx\/tienda\/producto\/lenovo-13c50022ls-pc-thinkcentre-neo-50q-gen-5-intel-core-i3-1315u-8-gb-512-ssd-m-2-teclado-y-mouse-usb-wifi-bt-hdmi-dp-win-11-pro-1-y-garantia\/","og_site_name":"Compuviper","article_publisher":"https:\/\/www.facebook.com\/compuviper","article_modified_time":"2026-04-02T07:30:19+00:00","twitter_card":"summary_large_image","twitter_misc":{"Precio":"&#36;11,854 con IVA","Availability":"In stock"},"schema":{"@context":"https:\/\/schema.org","@graph":[{"@type":"WebPage","@id":"https:\/\/compuviper.mx\/tienda\/producto\/lenovo-13c50022ls-pc-thinkcentre-neo-50q-gen-5-intel-core-i3-1315u-8-gb-512-ssd-m-2-teclado-y-mouse-usb-wifi-bt-hdmi-dp-win-11-pro-1-y-garantia\/","url":"https:\/\/compuviper.mx\/tienda\/producto\/lenovo-13c50022ls-pc-thinkcentre-neo-50q-gen-5-intel-core-i3-1315u-8-gb-512-ssd-m-2-teclado-y-mouse-usb-wifi-bt-hdmi-dp-win-11-pro-1-y-garantia\/","name":"[ Lenovo ] &#129351; 13c50022ls Pc Thinkcentre Neo 50q Gen 5 | Intel Core I3-1315u | 8 Gb | 512 Ssd M.2 | Teclado Y Mouse Usb | Wifi + Bt | Hdmi + Dp | Win 11 Pro | 1 Y Garantia |","isPartOf":{"@id":"https:\/\/compuviper.mx\/tienda\/#website"},"datePublished":"2026-04-02T07:30:18+00:00","dateModified":"2026-04-02T07:30:19+00:00","description":"Compra 13c50022ls Pc Thinkcentre Neo 50q Gen 5 | Intel Core I3-1315u | 8 Gb | 512 Ssd M.2 | Teclado Y Mouse Usb | Wifi + Bt | Hdmi + Dp | Win 11 Pro | 1 Y Garantia | + Env\u00edo a domicilio + Pago seguro + Garant\u00eda","breadcrumb":{"@id":"https:\/\/compuviper.mx\/tienda\/producto\/lenovo-13c50022ls-pc-thinkcentre-neo-50q-gen-5-intel-core-i3-1315u-8-gb-512-ssd-m-2-teclado-y-mouse-usb-wifi-bt-hdmi-dp-win-11-pro-1-y-garantia\/#breadcrumb"},"inLanguage":"es-MX","potentialAction":[{"@type":"ReadAction","target":["https:\/\/compuviper.mx\/tienda\/producto\/lenovo-13c50022ls-pc-thinkcentre-neo-50q-gen-5-intel-core-i3-1315u-8-gb-512-ssd-m-2-teclado-y-mouse-usb-wifi-bt-hdmi-dp-win-11-pro-1-y-garantia\/"]}]},{"@type":"BreadcrumbList","@id":"https:\/\/compuviper.mx\/tienda\/producto\/lenovo-13c50022ls-pc-thinkcentre-neo-50q-gen-5-intel-core-i3-1315u-8-gb-512-ssd-m-2-teclado-y-mouse-usb-wifi-bt-hdmi-dp-win-11-pro-1-y-garantia\/#breadcrumb","itemListElement":[{"@type":"ListItem","position":1,"name":"Inicio","item":"https:\/\/compuviper.mx\/tienda\/"},{"@type":"ListItem","position":2,"name":"Productos","item":"https:\/\/compuviper.mx\/tienda\/productos\/"},{"@type":"ListItem","position":3,"name":"Computadoras","item":"https:\/\/compuviper.mx\/tienda\/categoria-producto\/computadoras\/"},{"@type":"ListItem","position":4,"name":"Desktop","item":"https:\/\/compuviper.mx\/tienda\/categoria-producto\/computadoras\/desktop-computadoras\/"},{"@type":"ListItem","position":5,"name":"Lenovo 13c50022ls Pc Thinkcentre Neo 50q Gen 5 | Intel Core I3-1315u | 8 Gb | 512 Ssd M.2 | Teclado Y Mouse Usb | Wifi + Bt | Hdmi + Dp | Win 11 Pro | 1 Y Garantia |"}]},{"@type":"WebSite","@id":"https:\/\/compuviper.mx\/tienda\/#website","url":"https:\/\/compuviper.mx\/tienda\/","name":"Compuviper","description":"Proveedor de Computadoras, Laptops, Servidores, Monitores, Puntos de Venta, Teclados,   Impresoras, T\u00f3ner, C\u00e1maras de Seguridad y m\u00e1s en tu tienda en l\u00ednea","publisher":{"@id":"https:\/\/compuviper.mx\/tienda\/#organization"},"potentialAction":[{"@type":"SearchAction","target":{"@type":"EntryPoint","urlTemplate":"https:\/\/compuviper.mx\/tienda\/?s={search_term_string}"},"query-input":"required name=search_term_string"}],"inLanguage":"es-MX"},{"@type":"Organization","@id":"https:\/\/compuviper.mx\/tienda\/#organization","name":"Compuviper","url":"https:\/\/compuviper.mx\/tienda\/","logo":{"@type":"ImageObject","inLanguage":"es-MX","@id":"https:\/\/compuviper.mx\/tienda\/#\/schema\/logo\/image\/","url":"https:\/\/compuviper.mx\/tienda\/wp-content\/uploads\/2021\/08\/Logo-Compuviper-10.png","contentUrl":"https:\/\/compuviper.mx\/tienda\/wp-content\/uploads\/2021\/08\/Logo-Compuviper-10.png","width":1000,"height":500,"caption":"Compuviper"},"image":{"@id":"https:\/\/compuviper.mx\/tienda\/#\/schema\/logo\/image\/"},"sameAs":["https:\/\/www.facebook.com\/compuviper","https:\/\/www.youtube.com\/channel\/UCf73dERp9Y3cfOq7q8BhLjA?view_as=subscriber"]}]},"product_brand":"LENOVO","product_price_amount":"11854","product_price_currency":"MXN","og_availability":"instock","product_availability":"instock","product_retailer_item_id":"13C50022LS","product_condition":"new"},"_links":{"self":[{"href":"https:\/\/compuviper.mx\/tienda\/wp-json\/wp\/v2\/product\/262881"}],"collection":[{"href":"https:\/\/compuviper.mx\/tienda\/wp-json\/wp\/v2\/product"}],"about":[{"href":"https:\/\/compuviper.mx\/tienda\/wp-json\/wp\/v2\/types\/product"}],"replies":[{"embeddable":true,"href":"https:\/\/compuviper.mx\/tienda\/wp-json\/wp\/v2\/comments?post=262881"}],"wp:attachment":[{"href":"https:\/\/compuviper.mx\/tienda\/wp-json\/wp\/v2\/media?parent=262881"}],"wp:term":[{"taxonomy":"product_cat","embeddable":true,"href":"https:\/\/compuviper.mx\/tienda\/wp-json\/wp\/v2\/product_cat?post=262881"},{"taxonomy":"product_tag","embeddable":true,"href":"https:\/\/compuviper.mx\/tienda\/wp-json\/wp\/v2\/product_tag?post=262881"}],"curies":[{"name":"wp","href":"https:\/\/api.w.org\/{rel}","templated":true}]}}