{"id":262759,"date":"2026-04-10T00:47:48","date_gmt":"2026-04-10T06:47:48","guid":{"rendered":"https:\/\/compuviper.mx\/tienda\/producto\/samsung-ls27dg300elxzx-monitor-led-27-pulgadas-g3-odyssey-gamer-fhd1920-x-1080-va-plano-dp-hdmi-180hz-negro\/"},"modified":"2026-04-10T00:47:48","modified_gmt":"2026-04-10T06:47:48","slug":"samsung-ls27dg300elxzx-monitor-led-27-pulgadas-g3-odyssey-gamer-fhd1920-x-1080-va-plano-dp-hdmi-180hz-negro","status":"publish","type":"product","link":"https:\/\/compuviper.mx\/tienda\/producto\/samsung-ls27dg300elxzx-monitor-led-27-pulgadas-g3-odyssey-gamer-fhd1920-x-1080-va-plano-dp-hdmi-180hz-negro\/","title":{"rendered":"Samsung Ls27dg300elxzx Monitor Led  27 Pulgadas \/ G3 Odyssey Gamer\/ Fhd(1,920 X 1,080)\/ Va \/ Plano\/ Dp\/ Hdmi\/180hz\/ Negro"},"content":{"rendered":"<table class=\"descripcion\">\n<tr>\n<td>Descripcin general<\/td>\n<\/tr>\n<tr>\n<td>\u0095resolucin: fhd 1,920 x 1,080<\/td>\n<\/tr>\n<tr>\n<td>\u0095relacin de aspecto: 16:9<\/td>\n<\/tr>\n<tr>\n<td>\u0095brillo tpico: 250cd\/ and 13217;<\/td>\n<\/tr>\n<tr>\n<td>\u0095relacin de contraste est\u00e1tico: 3,000:1typ.<\/td>\n<\/tr>\n<tr>\n<td>\u0095tiempo de respuesta: 1msmprt<\/td>\n<\/tr>\n<tr>\n<td>\u0095frecuencia de actualizacin: max 180hz<\/td>\n<\/tr>\n<tr>\n<td>\u0095\u00e1ngulo de visualizacin h \/ v: 178\u00b0h\/178\u00b0v<\/td>\n<\/tr>\n<tr>\n<td>Pantalla<\/td>\n<\/tr>\n<tr>\n<td>\u0095tamao de la pantalla clase: 27<\/td>\n<\/tr>\n<tr>\n<td>\u0095plana \/ curva: flat<\/td>\n<\/tr>\n<tr>\n<td>\u0095tamao de \u00e1rea activa h x v [mm]: 596.736mm x 335.664mm<\/td>\n<\/tr>\n<tr>\n<td>\u0095relacin de aspecto: 16:9<\/td>\n<\/tr>\n<tr>\n<td>\u0095tipo de panel: va<\/td>\n<\/tr>\n<tr>\n<td>\u0095brillo tpico: 250 cd\/ and 13217;<\/td>\n<\/tr>\n<tr>\n<td>\u0095brillo mnimo: 200 cd\/ and 13217;<\/td>\n<\/tr>\n<tr>\n<td>\u0095relacin de contraste est\u00e1tico: 3,000:1typ.<\/td>\n<\/tr>\n<tr>\n<td>\u0095contrast ratio dynamic: mega<\/td>\n<\/tr>\n<tr>\n<td>\u0095hdr high dynamic range: hdr10<\/td>\n<\/tr>\n<tr>\n<td>\u0095resolucin: fhd 1,920 x 1,080<\/td>\n<\/tr>\n<tr>\n<td>\u0095tiempo de respuesta: 1msmprt<\/td>\n<\/tr>\n<tr>\n<td>\u0095\u00e1ngulo de visualizacin h \/ v: 178\u00b0h\/178\u00b0v<\/td>\n<\/tr>\n<tr>\n<td>\u0095soporte de colores: max 16.7m<\/td>\n<\/tr>\n<tr>\n<td>\u0095cobertura srgb: 95<\/td>\n<\/tr>\n<tr>\n<td>\u0095frecuencia de actualizacin: max 180hz<\/td>\n<\/tr>\n<tr>\n<td>Caractersticas generales<\/td>\n<\/tr>\n<tr>\n<td>\u0095eco saving plus: yes<\/td>\n<\/tr>\n<tr>\n<td>\u0095modo eye saber: yes<\/td>\n<\/tr>\n<tr>\n<td>\u0095flicker free: yes<\/td>\n<\/tr>\n<tr>\n<td>\u0095certificacin windows: windows 11<\/td>\n<\/tr>\n<tr>\n<td>\u0095freesync: freesync<\/td>\n<\/tr>\n<tr>\n<td>\u0095off timer plus: yes<\/td>\n<\/tr>\n<tr>\n<td>\u0095black equalizer: yes<\/td>\n<\/tr>\n<tr>\n<td>\u0095virtual aim point: yes<\/td>\n<\/tr>\n<tr>\n<td>\u0095refresh rate optimizor: yes<\/td>\n<\/tr>\n<tr>\n<td>\u0095auto source switch: auto source switch<\/td>\n<\/tr>\n<tr>\n<td>Interfaz<\/td>\n<\/tr>\n<tr>\n<td>\u0095displayport: 1 ea<\/td>\n<\/tr>\n<tr>\n<td>\u0095versin de displayport: 1.4<\/td>\n<\/tr>\n<tr>\n<td>\u0095hdcp version dp: 1.3<\/td>\n<\/tr>\n<tr>\n<td>\u0095hdmi:1 ea<\/td>\n<\/tr>\n<tr>\n<td>\u0095versin de hdmi:2.0<\/td>\n<\/tr>\n<tr>\n<td>\u0095hdcp version hdmi:1.4<\/td>\n<\/tr>\n<tr>\n<td>\u0095audfonos:yes<\/td>\n<\/tr>\n<tr>\n<td>\u0095hub usb:no<\/td>\n<\/tr>\n<tr>\n<td>Condiciones de operacin<\/td>\n<\/tr>\n<tr>\n<td>\u0095temperatura:10~40  and 8451;<\/td>\n<\/tr>\n<tr>\n<td>\u0095humedad:10~80, non-condensing<\/td>\n<\/tr>\n<tr>\n<td>Diseo<\/td>\n<\/tr>\n<tr>\n<td>\u0095color frontal:black<\/td>\n<\/tr>\n<tr>\n<td>\u0095rear color:black<\/td>\n<\/tr>\n<tr>\n<td>\u0095stand color:black<\/td>\n<\/tr>\n<tr>\n<td>\u0095tipo de base:has<\/td>\n<\/tr>\n<tr>\n<td>\u0095base de altura ajustable:120.0 \u00b1 5.0 mm<\/td>\n<\/tr>\n<tr>\n<td>\u0095inclinacin:-5.0\u00b0\u00b12.0\u00b0 ~ 20.0\u00b0\u00b12.0\u00b0<\/td>\n<\/tr>\n<tr>\n<td>\u0095giro: -15.0\u00b0\u00b12.0\u00b0 ~ 15.0\u00b0\u00b12.0\u00b0<\/td>\n<\/tr>\n<tr>\n<td>\u0095pivote: -2.0\u00b0\u00b12.0\u00b0 ~ 92.0\u00b0\u00b12.0\u00b0<\/td>\n<\/tr>\n<tr>\n<td>\u0095montura de pared: 100.0 x 100.0<\/td>\n<\/tr>\n<tr>\n<td>Alimentacin<\/td>\n<\/tr>\n<tr>\n<td>\u0095alimentacin:ac100~240v<\/td>\n<\/tr>\n<tr>\n<td>\u0095consumo de energa m\u00e1ximo:35w<\/td>\n<\/tr>\n<tr>\n<td>\u0095tipo:external adaptor<\/td>\n<\/tr>\n<tr>\n<td>Dimensiones<\/td>\n<\/tr>\n<tr>\n<td>\u0095dimensiones del equipo con base a x al x p: 618.2 x 520.6 x 234.2 mm<\/td>\n<\/tr>\n<tr>\n<td>\u0095dimensiones del equipo sin base a x al x p: 618.2 x 376.9 x 92.4 mm<\/td>\n<\/tr>\n<tr>\n<td>\u0095dimensiones del paquete a x al x p: 694.0 x 207.0 x 454.0 mm<\/td>\n<\/tr>\n<tr>\n<td>Peso g<\/td>\n<\/tr>\n<tr>\n<td>\u0095peso del equipo con base: 4.4 kg<\/td>\n<\/tr>\n<tr>\n<td>\u0095peso del equipo sin base: 2.9 kg<\/td>\n<\/tr>\n<tr>\n<td>\u0095peso del paquete: 6.4 kg<\/td>\n<\/tr>\n<tr>\n<td>Accesorios<\/td>\n<\/tr>\n<tr>\n<td>\u0095longitud del cable de alimentacin: 1.5 m<\/td>\n<\/tr>\n<tr>\n<td>\u0095cable dp: yes<\/td>\n<\/tr>\n<\/table>\n","protected":false},"excerpt":{"rendered":"<p>Mantente en sincrona con la accin. Experiencia de entretenimiento superfluida. Monitor gamer con amd radeon freesync\u0099 mantiene sincronizadas la frecuencia de actualizacin del monitor y la tarjeta gr\u00e1fica para reducir el rasgado de im\u00e1genes. Ve pelculas y juega sin interrupciones. Incluso las escenas r\u00e1pidas se ven fluidas y sin cortes<\/p>\n","protected":false},"featured_media":0,"comment_status":"open","ping_status":"open","template":"","meta":[],"product_cat":[1740,1741],"product_tag":[1743],"acf":[],"yoast_head":"<!-- This site is optimized with the Yoast SEO plugin v21.7 - https:\/\/yoast.com\/wordpress\/plugins\/seo\/ -->\n<title>[ Samsung ] &#129351; Ls27dg300elxzx Monitor Led 27 Pulgadas \/ G3 Odyssey Gamer\/ Fhd(1,920 X 1,080)\/ Va \/ Plano\/ Dp\/ Hdmi\/180hz\/ Negro<\/title>\n<meta name=\"description\" content=\"Compra Ls27dg300elxzx Monitor Led 27 Pulgadas \/ G3 Odyssey Gamer\/ Fhd(1,920 X 1,080)\/ Va \/ Plano\/ Dp\/ Hdmi\/180hz\/ Negro + Env\u00edo a domicilio + Pago seguro + Garant\u00eda\" \/>\n<meta name=\"robots\" content=\"index, follow, max-snippet:-1, max-image-preview:large, max-video-preview:-1\" \/>\n<link rel=\"canonical\" href=\"https:\/\/compuviper.mx\/tienda\/producto\/samsung-ls27dg300elxzx-monitor-led-27-pulgadas-g3-odyssey-gamer-fhd1920-x-1080-va-plano-dp-hdmi-180hz-negro\/\" \/>\n<meta property=\"og:locale\" content=\"es_MX\" \/>\n<meta property=\"og:type\" content=\"article\" \/>\n<meta property=\"og:title\" content=\"[ Samsung ] &#129351; Ls27dg300elxzx Monitor Led 27 Pulgadas \/ G3 Odyssey Gamer\/ Fhd(1,920 X 1,080)\/ Va \/ Plano\/ Dp\/ Hdmi\/180hz\/ Negro\" \/>\n<meta property=\"og:description\" content=\"Compra Ls27dg300elxzx Monitor Led 27 Pulgadas \/ G3 Odyssey Gamer\/ Fhd(1,920 X 1,080)\/ Va \/ Plano\/ Dp\/ Hdmi\/180hz\/ Negro + Env\u00edo a domicilio + Pago seguro + Garant\u00eda\" \/>\n<meta property=\"og:url\" content=\"https:\/\/compuviper.mx\/tienda\/producto\/samsung-ls27dg300elxzx-monitor-led-27-pulgadas-g3-odyssey-gamer-fhd1920-x-1080-va-plano-dp-hdmi-180hz-negro\/\" \/>\n<meta property=\"og:site_name\" content=\"Compuviper\" \/>\n<meta property=\"article:publisher\" content=\"https:\/\/www.facebook.com\/compuviper\" \/>\n<meta name=\"twitter:card\" content=\"summary_large_image\" \/>\n<meta name=\"twitter:label1\" content=\"Precio\" \/>\n\t<meta name=\"twitter:data1\" content=\"&#36;3,263 con IVA\" \/>\n\t<meta name=\"twitter:label2\" content=\"Availability\" \/>\n\t<meta name=\"twitter:data2\" content=\"In stock\" \/>\n<script type=\"application\/ld+json\" class=\"yoast-schema-graph\">{\"@context\":\"https:\/\/schema.org\",\"@graph\":[{\"@type\":\"WebPage\",\"@id\":\"https:\/\/compuviper.mx\/tienda\/producto\/samsung-ls27dg300elxzx-monitor-led-27-pulgadas-g3-odyssey-gamer-fhd1920-x-1080-va-plano-dp-hdmi-180hz-negro\/\",\"url\":\"https:\/\/compuviper.mx\/tienda\/producto\/samsung-ls27dg300elxzx-monitor-led-27-pulgadas-g3-odyssey-gamer-fhd1920-x-1080-va-plano-dp-hdmi-180hz-negro\/\",\"name\":\"[ Samsung ] &#129351; Ls27dg300elxzx Monitor Led 27 Pulgadas \/ G3 Odyssey Gamer\/ Fhd(1,920 X 1,080)\/ Va \/ Plano\/ Dp\/ Hdmi\/180hz\/ Negro\",\"isPartOf\":{\"@id\":\"https:\/\/compuviper.mx\/tienda\/#website\"},\"datePublished\":\"2026-04-10T06:47:48+00:00\",\"dateModified\":\"2026-04-10T06:47:48+00:00\",\"description\":\"Compra Ls27dg300elxzx Monitor Led 27 Pulgadas \/ G3 Odyssey Gamer\/ Fhd(1,920 X 1,080)\/ Va \/ Plano\/ Dp\/ Hdmi\/180hz\/ Negro + Env\u00edo a domicilio + Pago seguro + Garant\u00eda\",\"breadcrumb\":{\"@id\":\"https:\/\/compuviper.mx\/tienda\/producto\/samsung-ls27dg300elxzx-monitor-led-27-pulgadas-g3-odyssey-gamer-fhd1920-x-1080-va-plano-dp-hdmi-180hz-negro\/#breadcrumb\"},\"inLanguage\":\"es-MX\",\"potentialAction\":[{\"@type\":\"ReadAction\",\"target\":[\"https:\/\/compuviper.mx\/tienda\/producto\/samsung-ls27dg300elxzx-monitor-led-27-pulgadas-g3-odyssey-gamer-fhd1920-x-1080-va-plano-dp-hdmi-180hz-negro\/\"]}]},{\"@type\":\"BreadcrumbList\",\"@id\":\"https:\/\/compuviper.mx\/tienda\/producto\/samsung-ls27dg300elxzx-monitor-led-27-pulgadas-g3-odyssey-gamer-fhd1920-x-1080-va-plano-dp-hdmi-180hz-negro\/#breadcrumb\",\"itemListElement\":[{\"@type\":\"ListItem\",\"position\":1,\"name\":\"Inicio\",\"item\":\"https:\/\/compuviper.mx\/tienda\/\"},{\"@type\":\"ListItem\",\"position\":2,\"name\":\"Productos\",\"item\":\"https:\/\/compuviper.mx\/tienda\/productos\/\"},{\"@type\":\"ListItem\",\"position\":3,\"name\":\"Monitores\",\"item\":\"https:\/\/compuviper.mx\/tienda\/categoria-producto\/monitores\/\"},{\"@type\":\"ListItem\",\"position\":4,\"name\":\"Led\",\"item\":\"https:\/\/compuviper.mx\/tienda\/categoria-producto\/monitores\/led\/\"},{\"@type\":\"ListItem\",\"position\":5,\"name\":\"Samsung Ls27dg300elxzx Monitor Led 27 Pulgadas \/ G3 Odyssey Gamer\/ Fhd(1,920 X 1,080)\/ Va \/ Plano\/ Dp\/ Hdmi\/180hz\/ Negro\"}]},{\"@type\":\"WebSite\",\"@id\":\"https:\/\/compuviper.mx\/tienda\/#website\",\"url\":\"https:\/\/compuviper.mx\/tienda\/\",\"name\":\"Compuviper\",\"description\":\"Proveedor de Computadoras, Laptops, Servidores, Monitores, Puntos de Venta, Teclados,   Impresoras, T\u00f3ner, C\u00e1maras de Seguridad y m\u00e1s en tu tienda en l\u00ednea\",\"publisher\":{\"@id\":\"https:\/\/compuviper.mx\/tienda\/#organization\"},\"potentialAction\":[{\"@type\":\"SearchAction\",\"target\":{\"@type\":\"EntryPoint\",\"urlTemplate\":\"https:\/\/compuviper.mx\/tienda\/?s={search_term_string}\"},\"query-input\":\"required name=search_term_string\"}],\"inLanguage\":\"es-MX\"},{\"@type\":\"Organization\",\"@id\":\"https:\/\/compuviper.mx\/tienda\/#organization\",\"name\":\"Compuviper\",\"url\":\"https:\/\/compuviper.mx\/tienda\/\",\"logo\":{\"@type\":\"ImageObject\",\"inLanguage\":\"es-MX\",\"@id\":\"https:\/\/compuviper.mx\/tienda\/#\/schema\/logo\/image\/\",\"url\":\"https:\/\/compuviper.mx\/tienda\/wp-content\/uploads\/2021\/08\/Logo-Compuviper-10.png\",\"contentUrl\":\"https:\/\/compuviper.mx\/tienda\/wp-content\/uploads\/2021\/08\/Logo-Compuviper-10.png\",\"width\":1000,\"height\":500,\"caption\":\"Compuviper\"},\"image\":{\"@id\":\"https:\/\/compuviper.mx\/tienda\/#\/schema\/logo\/image\/\"},\"sameAs\":[\"https:\/\/www.facebook.com\/compuviper\",\"https:\/\/www.youtube.com\/channel\/UCf73dERp9Y3cfOq7q8BhLjA?view_as=subscriber\"]}]}<\/script>\n<meta property=\"product:brand\" content=\"SAMSUNG\" \/>\n<meta property=\"product:price:amount\" content=\"3263\" \/>\n<meta property=\"product:price:currency\" content=\"MXN\" \/>\n<meta property=\"og:availability\" content=\"instock\" \/>\n<meta property=\"product:availability\" content=\"instock\" \/>\n<meta property=\"product:retailer_item_id\" content=\"LS27DG300ELXZX\" \/>\n<meta property=\"product:condition\" content=\"new\" \/>\n<!-- \/ Yoast SEO plugin. -->","yoast_head_json":{"title":"[ Samsung ] &#129351; Ls27dg300elxzx Monitor Led 27 Pulgadas \/ G3 Odyssey Gamer\/ Fhd(1,920 X 1,080)\/ Va \/ Plano\/ Dp\/ Hdmi\/180hz\/ Negro","description":"Compra Ls27dg300elxzx Monitor Led 27 Pulgadas \/ G3 Odyssey Gamer\/ Fhd(1,920 X 1,080)\/ Va \/ Plano\/ Dp\/ Hdmi\/180hz\/ Negro + Env\u00edo a domicilio + Pago seguro + Garant\u00eda","robots":{"index":"index","follow":"follow","max-snippet":"max-snippet:-1","max-image-preview":"max-image-preview:large","max-video-preview":"max-video-preview:-1"},"canonical":"https:\/\/compuviper.mx\/tienda\/producto\/samsung-ls27dg300elxzx-monitor-led-27-pulgadas-g3-odyssey-gamer-fhd1920-x-1080-va-plano-dp-hdmi-180hz-negro\/","og_locale":"es_MX","og_type":"article","og_title":"[ Samsung ] &#129351; Ls27dg300elxzx Monitor Led 27 Pulgadas \/ G3 Odyssey Gamer\/ Fhd(1,920 X 1,080)\/ Va \/ Plano\/ Dp\/ Hdmi\/180hz\/ Negro","og_description":"Compra Ls27dg300elxzx Monitor Led 27 Pulgadas \/ G3 Odyssey Gamer\/ Fhd(1,920 X 1,080)\/ Va \/ Plano\/ Dp\/ Hdmi\/180hz\/ Negro + Env\u00edo a domicilio + Pago seguro + Garant\u00eda","og_url":"https:\/\/compuviper.mx\/tienda\/producto\/samsung-ls27dg300elxzx-monitor-led-27-pulgadas-g3-odyssey-gamer-fhd1920-x-1080-va-plano-dp-hdmi-180hz-negro\/","og_site_name":"Compuviper","article_publisher":"https:\/\/www.facebook.com\/compuviper","twitter_card":"summary_large_image","twitter_misc":{"Precio":"&#36;3,263 con IVA","Availability":"In stock"},"schema":{"@context":"https:\/\/schema.org","@graph":[{"@type":"WebPage","@id":"https:\/\/compuviper.mx\/tienda\/producto\/samsung-ls27dg300elxzx-monitor-led-27-pulgadas-g3-odyssey-gamer-fhd1920-x-1080-va-plano-dp-hdmi-180hz-negro\/","url":"https:\/\/compuviper.mx\/tienda\/producto\/samsung-ls27dg300elxzx-monitor-led-27-pulgadas-g3-odyssey-gamer-fhd1920-x-1080-va-plano-dp-hdmi-180hz-negro\/","name":"[ Samsung ] &#129351; Ls27dg300elxzx Monitor Led 27 Pulgadas \/ G3 Odyssey Gamer\/ Fhd(1,920 X 1,080)\/ Va \/ Plano\/ Dp\/ Hdmi\/180hz\/ Negro","isPartOf":{"@id":"https:\/\/compuviper.mx\/tienda\/#website"},"datePublished":"2026-04-10T06:47:48+00:00","dateModified":"2026-04-10T06:47:48+00:00","description":"Compra Ls27dg300elxzx Monitor Led 27 Pulgadas \/ G3 Odyssey Gamer\/ Fhd(1,920 X 1,080)\/ Va \/ Plano\/ Dp\/ Hdmi\/180hz\/ Negro + Env\u00edo a domicilio + Pago seguro + Garant\u00eda","breadcrumb":{"@id":"https:\/\/compuviper.mx\/tienda\/producto\/samsung-ls27dg300elxzx-monitor-led-27-pulgadas-g3-odyssey-gamer-fhd1920-x-1080-va-plano-dp-hdmi-180hz-negro\/#breadcrumb"},"inLanguage":"es-MX","potentialAction":[{"@type":"ReadAction","target":["https:\/\/compuviper.mx\/tienda\/producto\/samsung-ls27dg300elxzx-monitor-led-27-pulgadas-g3-odyssey-gamer-fhd1920-x-1080-va-plano-dp-hdmi-180hz-negro\/"]}]},{"@type":"BreadcrumbList","@id":"https:\/\/compuviper.mx\/tienda\/producto\/samsung-ls27dg300elxzx-monitor-led-27-pulgadas-g3-odyssey-gamer-fhd1920-x-1080-va-plano-dp-hdmi-180hz-negro\/#breadcrumb","itemListElement":[{"@type":"ListItem","position":1,"name":"Inicio","item":"https:\/\/compuviper.mx\/tienda\/"},{"@type":"ListItem","position":2,"name":"Productos","item":"https:\/\/compuviper.mx\/tienda\/productos\/"},{"@type":"ListItem","position":3,"name":"Monitores","item":"https:\/\/compuviper.mx\/tienda\/categoria-producto\/monitores\/"},{"@type":"ListItem","position":4,"name":"Led","item":"https:\/\/compuviper.mx\/tienda\/categoria-producto\/monitores\/led\/"},{"@type":"ListItem","position":5,"name":"Samsung Ls27dg300elxzx Monitor Led 27 Pulgadas \/ G3 Odyssey Gamer\/ Fhd(1,920 X 1,080)\/ Va \/ Plano\/ Dp\/ Hdmi\/180hz\/ Negro"}]},{"@type":"WebSite","@id":"https:\/\/compuviper.mx\/tienda\/#website","url":"https:\/\/compuviper.mx\/tienda\/","name":"Compuviper","description":"Proveedor de Computadoras, Laptops, Servidores, Monitores, Puntos de Venta, Teclados,   Impresoras, T\u00f3ner, C\u00e1maras de Seguridad y m\u00e1s en tu tienda en l\u00ednea","publisher":{"@id":"https:\/\/compuviper.mx\/tienda\/#organization"},"potentialAction":[{"@type":"SearchAction","target":{"@type":"EntryPoint","urlTemplate":"https:\/\/compuviper.mx\/tienda\/?s={search_term_string}"},"query-input":"required name=search_term_string"}],"inLanguage":"es-MX"},{"@type":"Organization","@id":"https:\/\/compuviper.mx\/tienda\/#organization","name":"Compuviper","url":"https:\/\/compuviper.mx\/tienda\/","logo":{"@type":"ImageObject","inLanguage":"es-MX","@id":"https:\/\/compuviper.mx\/tienda\/#\/schema\/logo\/image\/","url":"https:\/\/compuviper.mx\/tienda\/wp-content\/uploads\/2021\/08\/Logo-Compuviper-10.png","contentUrl":"https:\/\/compuviper.mx\/tienda\/wp-content\/uploads\/2021\/08\/Logo-Compuviper-10.png","width":1000,"height":500,"caption":"Compuviper"},"image":{"@id":"https:\/\/compuviper.mx\/tienda\/#\/schema\/logo\/image\/"},"sameAs":["https:\/\/www.facebook.com\/compuviper","https:\/\/www.youtube.com\/channel\/UCf73dERp9Y3cfOq7q8BhLjA?view_as=subscriber"]}]},"product_brand":"SAMSUNG","product_price_amount":"3263","product_price_currency":"MXN","og_availability":"instock","product_availability":"instock","product_retailer_item_id":"LS27DG300ELXZX","product_condition":"new"},"_links":{"self":[{"href":"https:\/\/compuviper.mx\/tienda\/wp-json\/wp\/v2\/product\/262759"}],"collection":[{"href":"https:\/\/compuviper.mx\/tienda\/wp-json\/wp\/v2\/product"}],"about":[{"href":"https:\/\/compuviper.mx\/tienda\/wp-json\/wp\/v2\/types\/product"}],"replies":[{"embeddable":true,"href":"https:\/\/compuviper.mx\/tienda\/wp-json\/wp\/v2\/comments?post=262759"}],"wp:attachment":[{"href":"https:\/\/compuviper.mx\/tienda\/wp-json\/wp\/v2\/media?parent=262759"}],"wp:term":[{"taxonomy":"product_cat","embeddable":true,"href":"https:\/\/compuviper.mx\/tienda\/wp-json\/wp\/v2\/product_cat?post=262759"},{"taxonomy":"product_tag","embeddable":true,"href":"https:\/\/compuviper.mx\/tienda\/wp-json\/wp\/v2\/product_tag?post=262759"}],"curies":[{"name":"wp","href":"https:\/\/api.w.org\/{rel}","templated":true}]}}