{"id":262445,"date":"2026-04-17T00:12:13","date_gmt":"2026-04-17T06:12:13","guid":{"rendered":"https:\/\/compuviper.mx\/tienda\/producto\/intellinet-716222-gabinetes-gabinete-19-pro-line-con-extractores-de-aire-18u\/"},"modified":"2026-04-17T00:12:13","modified_gmt":"2026-04-17T06:12:13","slug":"intellinet-716222-gabinetes-gabinete-19-pro-line-con-extractores-de-aire-18u","status":"publish","type":"product","link":"https:\/\/compuviper.mx\/tienda\/producto\/intellinet-716222-gabinetes-gabinete-19-pro-line-con-extractores-de-aire-18u\/","title":{"rendered":"Intellinet 716222 Gabinetes\/\/\/gabinete 19 Pro Line Con Extractores De Aire, 18u"},"content":{"rendered":"<table class=\"descripcion\">\n<tr>\n<td>Normas y certificaciones<\/td>\n<\/tr>\n<tr>\n<td>Ansi\/eia 310-d<\/td>\n<\/tr>\n<tr>\n<td>Iec 60297-2<\/td>\n<\/tr>\n<tr>\n<td>Din41494 parte 1 y 7<\/td>\n<\/tr>\n<tr>\n<td>Etsi<\/td>\n<\/tr>\n<tr>\n<td>Ul ventiladores<\/td>\n<\/tr>\n<tr>\n<td>Ce<\/td>\n<\/tr>\n<tr>\n<td>Rohs<\/td>\n<\/tr>\n<tr>\n<td>Grado de proteccin ip20<\/td>\n<\/tr>\n<tr>\n<td>Generalidades &#8211; gabinete<\/td>\n<\/tr>\n<tr>\n<td>Dimensiones exteriores sin niveladores ni ruedas prof. x anch. x alt.: 600 x 600 x 917 mm 23.62 x 23.62 x 36.1 pulg.; 18u<\/td>\n<\/tr>\n<tr>\n<td>Altura de la rueda: 2.91 pulg. 74 mm<\/td>\n<\/tr>\n<tr>\n<td>Postes de montaje ajustables en profundidad para una profundidad de instalacin til: 150 mm hasta 500 mm 5.91 a 19.69 pulg.<\/td>\n<\/tr>\n<tr>\n<td>Perfil de riel de montaje de 19: forma de s; 10-32 roscado<\/td>\n<\/tr>\n<tr>\n<td>Peso neto: 55 kg, 122 lbs.<\/td>\n<\/tr>\n<tr>\n<td>Peso bruto:64 kg, 142 lbs.<\/td>\n<\/tr>\n<tr>\n<td>Carga est\u00e1tica m\u00e1xima: 800 kg 1760 lbs. ; 320 kg 700 lbs cuando est\u00e1 sobre ruedas<\/td>\n<\/tr>\n<tr>\n<td>Espesor del acero: 2 mm 0.08 pulg. en rieles de perfil y hasta 1.5 mm 0.06 pulg. en otras piezas<\/td>\n<\/tr>\n<tr>\n<td>Material: acero con recubrimiento en polvo antiest\u00e1tico<\/td>\n<\/tr>\n<tr>\n<td>Color: negro ral 9004<\/td>\n<\/tr>\n<tr>\n<td>Generalidades &#8211; unidad de ventilacin<\/td>\n<\/tr>\n<tr>\n<td>Dos extractores de aire<\/td>\n<\/tr>\n<tr>\n<td>Flujo de aire: 86 cfm 146 m\u00b3\/h por ventilador<\/td>\n<\/tr>\n<tr>\n<td>Nivel de ruido: 46 db a<\/td>\n<\/tr>\n<tr>\n<td>Cable de alimentacin: 5 pies 1.5 m, enchufe nema 5-15p<\/td>\n<\/tr>\n<tr>\n<td>Rango de temperatura de funcionamiento: 0\u00b0 a 60\u00b0 c<\/td>\n<\/tr>\n<tr>\n<td>Humedad de funcionamiento sin condensacin: 0 &#8211; 70 hr<\/td>\n<\/tr>\n<tr>\n<td>Tensin de funcionamiento: 110.0 vca, 60 hz, 0.27 a<\/td>\n<\/tr>\n<tr>\n<td>Potencia nominal: 19.0 w<\/td>\n<\/tr>\n<tr>\n<td>Contenido del paquete<\/td>\n<\/tr>\n<tr>\n<td>Gabinete 19 pro line con extractores de aire, 18u<\/td>\n<\/tr>\n<tr>\n<td>Unidad de ventilacin con dos ventiladores montada en el techo<\/td>\n<\/tr>\n<tr>\n<td>Material para instalacin en rack: 40 tornillos unf 10-32<\/td>\n<\/tr>\n<tr>\n<td>Cuatro niveladores ajustables<\/td>\n<\/tr>\n<tr>\n<td>Cuatro ruedas de alta resistencia<\/td>\n<\/tr>\n<tr>\n<td>Tres charolas de 2u, 15 pulg. 380 mm de profundidad, con capacidad de carga de 10 kg cada una<\/td>\n<\/tr>\n<tr>\n<td>Tres p\u00e1neles ciegos ventilados de 2u<\/td>\n<\/tr>\n<tr>\n<td>Cuatro llaves dos para la cerradura de la puerta delantera, dos para la cerradura de la puerta posterior<\/td>\n<\/tr>\n<\/table>\n","protected":false},"excerpt":{"rendered":"<p>Gabinete de red de 19 pulgadas, pr\u00e1ctico y seguro, con mltiples accesorios incluidos. Este gabinete para redes de 19 y de 18u, proporciona un alojamiento seguro y pr\u00e1ctico para tus equipos inform\u00e1ticos y servidores. Sus postes verticales delanteros y posteriores son ajustables de 150 mm 5.91 pulg. A 500 mm 19.69 pulg. Y ofrecen orificios de montaje roscados 10-32. Cada unidad de rack est\u00e1 numerado para facilitar la referencia. La carcasa, resistente y duradera, est\u00e1 fabricada en acero laminado en fro spcc de alta calidad con recubrimiento de polvo antiest\u00e1tico y tiene una capacidad de carga de hasta 800 kg. Se enva completamente ensamblado, lo que te ahorra la molestia de armarlo y as aprovechar mejor el tiempo para instalar tus equipos y accesorios. Ventiladores extractores de aire preinstalados para una ventilacin adecuada para tus equipos. La unidad de ventilacin con dos extractores proporciona una refrigeracin fiable y una circulacin de aire ideal en el gabinete para mejorar el rendimiento y prolongar la vida til de sus valiosos componentes de red. Viene preinstalado en el techo del gabinete, esto ayuda a disipar el calor perjudicial. Charolas, p\u00e1neles ciegos, kits de conexin a tierra, ruedas, niveladores, tornillos 40 x 10-32 y extractores de aire incluidos. El contenido de este paquete no termina con el rack y los ventiladores. En las nueve charolas incluidas, puede colocar equipos que no se pueden instalar en rack. Nueve p\u00e1neles ciegos ventilados cubren los espacios de unidad no utilizadas en el gabinete. Las cuatro ruedas facilitan la movilidad ya se en el site o una sala de servidores. Una vez instalado el gabinete podr\u00e1s utilizar los niveladores con ajuste para esos pisos con desnivel y as asegurar que el gabinete quede completamente fijo en el piso. Para instalar equipos de 19, no necesitas comprar tornilleria de montaje porque tambin se incluyen 40 tornillos 10-32. Proteccin segura. Para ofrecerte una visibilidad completa de tus equipos mientras el gabinete est\u00e1 cerrado se cuenta con una puerta frontal de cristal templado. Se puede instalar a la izquierda o a la derecha para abrirla como sea necesario, al igual que la puerta posterior la cual est\u00e1 elaborada con acero. Los p\u00e1neles laterales se pueden desmontar para acceder f\u00e1cilmente al cableado y a los componentes. Se incluyen dos llaves para cada puerta.<\/p>\n","protected":false},"featured_media":0,"comment_status":"open","ping_status":"open","template":"","meta":[],"product_cat":[1674,1945],"product_tag":[1489],"acf":[],"yoast_head":"<!-- This site is optimized with the Yoast SEO plugin v21.7 - https:\/\/yoast.com\/wordpress\/plugins\/seo\/ -->\n<title>[ Intellinet ] &#129351; 716222 Gabinetes\/\/\/gabinete 19 Pro Line Con Extractores De Aire, 18u<\/title>\n<meta name=\"description\" content=\"Compra 716222 Gabinetes\/\/\/gabinete 19 Pro Line Con Extractores De Aire, 18u + Env\u00edo a domicilio + Pago seguro + Garant\u00eda\" \/>\n<meta name=\"robots\" content=\"index, follow, max-snippet:-1, max-image-preview:large, max-video-preview:-1\" \/>\n<link rel=\"canonical\" href=\"https:\/\/compuviper.mx\/tienda\/producto\/intellinet-716222-gabinetes-gabinete-19-pro-line-con-extractores-de-aire-18u\/\" \/>\n<meta property=\"og:locale\" content=\"es_MX\" \/>\n<meta property=\"og:type\" content=\"article\" \/>\n<meta property=\"og:title\" content=\"[ Intellinet ] &#129351; 716222 Gabinetes\/\/\/gabinete 19 Pro Line Con Extractores De Aire, 18u\" \/>\n<meta property=\"og:description\" content=\"Compra 716222 Gabinetes\/\/\/gabinete 19 Pro Line Con Extractores De Aire, 18u + Env\u00edo a domicilio + Pago seguro + Garant\u00eda\" \/>\n<meta property=\"og:url\" content=\"https:\/\/compuviper.mx\/tienda\/producto\/intellinet-716222-gabinetes-gabinete-19-pro-line-con-extractores-de-aire-18u\/\" \/>\n<meta property=\"og:site_name\" content=\"Compuviper\" \/>\n<meta property=\"article:publisher\" content=\"https:\/\/www.facebook.com\/compuviper\" \/>\n<meta name=\"twitter:card\" content=\"summary_large_image\" \/>\n<meta name=\"twitter:label1\" content=\"Precio\" \/>\n\t<meta name=\"twitter:data1\" content=\"&#36;11,957 con IVA\" \/>\n\t<meta name=\"twitter:label2\" content=\"Availability\" \/>\n\t<meta name=\"twitter:data2\" content=\"Out of stock\" \/>\n<script type=\"application\/ld+json\" class=\"yoast-schema-graph\">{\"@context\":\"https:\/\/schema.org\",\"@graph\":[{\"@type\":\"WebPage\",\"@id\":\"https:\/\/compuviper.mx\/tienda\/producto\/intellinet-716222-gabinetes-gabinete-19-pro-line-con-extractores-de-aire-18u\/\",\"url\":\"https:\/\/compuviper.mx\/tienda\/producto\/intellinet-716222-gabinetes-gabinete-19-pro-line-con-extractores-de-aire-18u\/\",\"name\":\"[ Intellinet ] &#129351; 716222 Gabinetes\/\/\/gabinete 19 Pro Line Con Extractores De Aire, 18u\",\"isPartOf\":{\"@id\":\"https:\/\/compuviper.mx\/tienda\/#website\"},\"datePublished\":\"2026-04-17T06:12:13+00:00\",\"dateModified\":\"2026-04-17T06:12:13+00:00\",\"description\":\"Compra 716222 Gabinetes\/\/\/gabinete 19 Pro Line Con Extractores De Aire, 18u + Env\u00edo a domicilio + Pago seguro + Garant\u00eda\",\"breadcrumb\":{\"@id\":\"https:\/\/compuviper.mx\/tienda\/producto\/intellinet-716222-gabinetes-gabinete-19-pro-line-con-extractores-de-aire-18u\/#breadcrumb\"},\"inLanguage\":\"es-MX\",\"potentialAction\":[{\"@type\":\"ReadAction\",\"target\":[\"https:\/\/compuviper.mx\/tienda\/producto\/intellinet-716222-gabinetes-gabinete-19-pro-line-con-extractores-de-aire-18u\/\"]}]},{\"@type\":\"BreadcrumbList\",\"@id\":\"https:\/\/compuviper.mx\/tienda\/producto\/intellinet-716222-gabinetes-gabinete-19-pro-line-con-extractores-de-aire-18u\/#breadcrumb\",\"itemListElement\":[{\"@type\":\"ListItem\",\"position\":1,\"name\":\"Inicio\",\"item\":\"https:\/\/compuviper.mx\/tienda\/\"},{\"@type\":\"ListItem\",\"position\":2,\"name\":\"Productos\",\"item\":\"https:\/\/compuviper.mx\/tienda\/productos\/\"},{\"@type\":\"ListItem\",\"position\":3,\"name\":\"Gabinetes\",\"item\":\"https:\/\/compuviper.mx\/tienda\/categoria-producto\/gabinetes\/\"},{\"@type\":\"ListItem\",\"position\":4,\"name\":\"Mini Torre\",\"item\":\"https:\/\/compuviper.mx\/tienda\/categoria-producto\/gabinetes\/mini-torre\/\"},{\"@type\":\"ListItem\",\"position\":5,\"name\":\"Intellinet 716222 Gabinetes\/\/\/gabinete 19 Pro Line Con Extractores De Aire, 18u\"}]},{\"@type\":\"WebSite\",\"@id\":\"https:\/\/compuviper.mx\/tienda\/#website\",\"url\":\"https:\/\/compuviper.mx\/tienda\/\",\"name\":\"Compuviper\",\"description\":\"Proveedor de Computadoras, Laptops, Servidores, Monitores, Puntos de Venta, Teclados,   Impresoras, T\u00f3ner, C\u00e1maras de Seguridad y m\u00e1s en tu tienda en l\u00ednea\",\"publisher\":{\"@id\":\"https:\/\/compuviper.mx\/tienda\/#organization\"},\"potentialAction\":[{\"@type\":\"SearchAction\",\"target\":{\"@type\":\"EntryPoint\",\"urlTemplate\":\"https:\/\/compuviper.mx\/tienda\/?s={search_term_string}\"},\"query-input\":\"required name=search_term_string\"}],\"inLanguage\":\"es-MX\"},{\"@type\":\"Organization\",\"@id\":\"https:\/\/compuviper.mx\/tienda\/#organization\",\"name\":\"Compuviper\",\"url\":\"https:\/\/compuviper.mx\/tienda\/\",\"logo\":{\"@type\":\"ImageObject\",\"inLanguage\":\"es-MX\",\"@id\":\"https:\/\/compuviper.mx\/tienda\/#\/schema\/logo\/image\/\",\"url\":\"https:\/\/compuviper.mx\/tienda\/wp-content\/uploads\/2021\/08\/Logo-Compuviper-10.png\",\"contentUrl\":\"https:\/\/compuviper.mx\/tienda\/wp-content\/uploads\/2021\/08\/Logo-Compuviper-10.png\",\"width\":1000,\"height\":500,\"caption\":\"Compuviper\"},\"image\":{\"@id\":\"https:\/\/compuviper.mx\/tienda\/#\/schema\/logo\/image\/\"},\"sameAs\":[\"https:\/\/www.facebook.com\/compuviper\",\"https:\/\/www.youtube.com\/channel\/UCf73dERp9Y3cfOq7q8BhLjA?view_as=subscriber\"]}]}<\/script>\n<meta property=\"product:brand\" content=\"INTELLINET\" \/>\n<meta property=\"product:price:amount\" content=\"11957\" \/>\n<meta property=\"product:price:currency\" content=\"MXN\" \/>\n<meta property=\"og:availability\" content=\"out of stock\" \/>\n<meta property=\"product:availability\" content=\"out of stock\" \/>\n<meta property=\"product:retailer_item_id\" content=\"716222\" \/>\n<meta property=\"product:condition\" content=\"new\" \/>\n<!-- \/ Yoast SEO plugin. -->","yoast_head_json":{"title":"[ Intellinet ] &#129351; 716222 Gabinetes\/\/\/gabinete 19 Pro Line Con Extractores De Aire, 18u","description":"Compra 716222 Gabinetes\/\/\/gabinete 19 Pro Line Con Extractores De Aire, 18u + Env\u00edo a domicilio + Pago seguro + Garant\u00eda","robots":{"index":"index","follow":"follow","max-snippet":"max-snippet:-1","max-image-preview":"max-image-preview:large","max-video-preview":"max-video-preview:-1"},"canonical":"https:\/\/compuviper.mx\/tienda\/producto\/intellinet-716222-gabinetes-gabinete-19-pro-line-con-extractores-de-aire-18u\/","og_locale":"es_MX","og_type":"article","og_title":"[ Intellinet ] &#129351; 716222 Gabinetes\/\/\/gabinete 19 Pro Line Con Extractores De Aire, 18u","og_description":"Compra 716222 Gabinetes\/\/\/gabinete 19 Pro Line Con Extractores De Aire, 18u + Env\u00edo a domicilio + Pago seguro + Garant\u00eda","og_url":"https:\/\/compuviper.mx\/tienda\/producto\/intellinet-716222-gabinetes-gabinete-19-pro-line-con-extractores-de-aire-18u\/","og_site_name":"Compuviper","article_publisher":"https:\/\/www.facebook.com\/compuviper","twitter_card":"summary_large_image","twitter_misc":{"Precio":"&#36;11,957 con IVA","Availability":"Out of stock"},"schema":{"@context":"https:\/\/schema.org","@graph":[{"@type":"WebPage","@id":"https:\/\/compuviper.mx\/tienda\/producto\/intellinet-716222-gabinetes-gabinete-19-pro-line-con-extractores-de-aire-18u\/","url":"https:\/\/compuviper.mx\/tienda\/producto\/intellinet-716222-gabinetes-gabinete-19-pro-line-con-extractores-de-aire-18u\/","name":"[ Intellinet ] &#129351; 716222 Gabinetes\/\/\/gabinete 19 Pro Line Con Extractores De Aire, 18u","isPartOf":{"@id":"https:\/\/compuviper.mx\/tienda\/#website"},"datePublished":"2026-04-17T06:12:13+00:00","dateModified":"2026-04-17T06:12:13+00:00","description":"Compra 716222 Gabinetes\/\/\/gabinete 19 Pro Line Con Extractores De Aire, 18u + Env\u00edo a domicilio + Pago seguro + Garant\u00eda","breadcrumb":{"@id":"https:\/\/compuviper.mx\/tienda\/producto\/intellinet-716222-gabinetes-gabinete-19-pro-line-con-extractores-de-aire-18u\/#breadcrumb"},"inLanguage":"es-MX","potentialAction":[{"@type":"ReadAction","target":["https:\/\/compuviper.mx\/tienda\/producto\/intellinet-716222-gabinetes-gabinete-19-pro-line-con-extractores-de-aire-18u\/"]}]},{"@type":"BreadcrumbList","@id":"https:\/\/compuviper.mx\/tienda\/producto\/intellinet-716222-gabinetes-gabinete-19-pro-line-con-extractores-de-aire-18u\/#breadcrumb","itemListElement":[{"@type":"ListItem","position":1,"name":"Inicio","item":"https:\/\/compuviper.mx\/tienda\/"},{"@type":"ListItem","position":2,"name":"Productos","item":"https:\/\/compuviper.mx\/tienda\/productos\/"},{"@type":"ListItem","position":3,"name":"Gabinetes","item":"https:\/\/compuviper.mx\/tienda\/categoria-producto\/gabinetes\/"},{"@type":"ListItem","position":4,"name":"Mini Torre","item":"https:\/\/compuviper.mx\/tienda\/categoria-producto\/gabinetes\/mini-torre\/"},{"@type":"ListItem","position":5,"name":"Intellinet 716222 Gabinetes\/\/\/gabinete 19 Pro Line Con Extractores De Aire, 18u"}]},{"@type":"WebSite","@id":"https:\/\/compuviper.mx\/tienda\/#website","url":"https:\/\/compuviper.mx\/tienda\/","name":"Compuviper","description":"Proveedor de Computadoras, Laptops, Servidores, Monitores, Puntos de Venta, Teclados,   Impresoras, T\u00f3ner, C\u00e1maras de Seguridad y m\u00e1s en tu tienda en l\u00ednea","publisher":{"@id":"https:\/\/compuviper.mx\/tienda\/#organization"},"potentialAction":[{"@type":"SearchAction","target":{"@type":"EntryPoint","urlTemplate":"https:\/\/compuviper.mx\/tienda\/?s={search_term_string}"},"query-input":"required name=search_term_string"}],"inLanguage":"es-MX"},{"@type":"Organization","@id":"https:\/\/compuviper.mx\/tienda\/#organization","name":"Compuviper","url":"https:\/\/compuviper.mx\/tienda\/","logo":{"@type":"ImageObject","inLanguage":"es-MX","@id":"https:\/\/compuviper.mx\/tienda\/#\/schema\/logo\/image\/","url":"https:\/\/compuviper.mx\/tienda\/wp-content\/uploads\/2021\/08\/Logo-Compuviper-10.png","contentUrl":"https:\/\/compuviper.mx\/tienda\/wp-content\/uploads\/2021\/08\/Logo-Compuviper-10.png","width":1000,"height":500,"caption":"Compuviper"},"image":{"@id":"https:\/\/compuviper.mx\/tienda\/#\/schema\/logo\/image\/"},"sameAs":["https:\/\/www.facebook.com\/compuviper","https:\/\/www.youtube.com\/channel\/UCf73dERp9Y3cfOq7q8BhLjA?view_as=subscriber"]}]},"product_brand":"INTELLINET","product_price_amount":"11957","product_price_currency":"MXN","og_availability":"out of stock","product_availability":"out of stock","product_retailer_item_id":"716222","product_condition":"new"},"_links":{"self":[{"href":"https:\/\/compuviper.mx\/tienda\/wp-json\/wp\/v2\/product\/262445"}],"collection":[{"href":"https:\/\/compuviper.mx\/tienda\/wp-json\/wp\/v2\/product"}],"about":[{"href":"https:\/\/compuviper.mx\/tienda\/wp-json\/wp\/v2\/types\/product"}],"replies":[{"embeddable":true,"href":"https:\/\/compuviper.mx\/tienda\/wp-json\/wp\/v2\/comments?post=262445"}],"wp:attachment":[{"href":"https:\/\/compuviper.mx\/tienda\/wp-json\/wp\/v2\/media?parent=262445"}],"wp:term":[{"taxonomy":"product_cat","embeddable":true,"href":"https:\/\/compuviper.mx\/tienda\/wp-json\/wp\/v2\/product_cat?post=262445"},{"taxonomy":"product_tag","embeddable":true,"href":"https:\/\/compuviper.mx\/tienda\/wp-json\/wp\/v2\/product_tag?post=262445"}],"curies":[{"name":"wp","href":"https:\/\/api.w.org\/{rel}","templated":true}]}}