{"id":262426,"date":"2026-04-01T23:17:55","date_gmt":"2026-04-02T05:17:55","guid":{"rendered":"https:\/\/compuviper.mx\/tienda\/producto\/manhattan-190442-dockingstatio-docking-station-usb-c-7-en-1-con-hdmi-4k\/"},"modified":"2026-04-01T23:17:55","modified_gmt":"2026-04-02T05:17:55","slug":"manhattan-190442-dockingstatio-docking-station-usb-c-7-en-1-con-hdmi-4k","status":"publish","type":"product","link":"https:\/\/compuviper.mx\/tienda\/producto\/manhattan-190442-dockingstatio-docking-station-usb-c-7-en-1-con-hdmi-4k\/","title":{"rendered":"Manhattan 190442 Dockingstatio\/\/\/docking Station Usb-c 7 En 1 Con Hdmi 4k"},"content":{"rendered":"<table class=\"descripcion\">\n<tr>\n<td>Normas y certificaciones<\/td>\n<\/tr>\n<tr>\n<td>&#8211; modo dp 1.4 alt sobre usb-c<\/td>\n<\/tr>\n<tr>\n<td>&#8211; usb 3.2 gen 1<\/td>\n<\/tr>\n<tr>\n<td>&#8211; hdmi 2.0<\/td>\n<\/tr>\n<tr>\n<td>&#8211; hdcp 2.3<\/td>\n<\/tr>\n<tr>\n<td>&#8211; ce<\/td>\n<\/tr>\n<tr>\n<td>&#8211; fcc<\/td>\n<\/tr>\n<tr>\n<td>&#8211; rohs<\/td>\n<\/tr>\n<tr>\n<td>&#8211; reach<\/td>\n<\/tr>\n<tr>\n<td>&#8211; ukca<\/td>\n<\/tr>\n<tr>\n<td>General<\/td>\n<\/tr>\n<tr>\n<td>&#8211; resoluciones de v\u00eddeo disponibles: 480i, 480p, 576i, 576p, 720p, 1080i, 1080p, 4k@30hz, 4k@60hz<\/td>\n<\/tr>\n<tr>\n<td>&#8211; velocidad de transferencia de datos del puerto usb-a: 5 gbps<\/td>\n<\/tr>\n<tr>\n<td>&#8211; velocidad de transferencia de datos del puerto usb-c: 5 gbps<\/td>\n<\/tr>\n<tr>\n<td>&#8211; funcionamiento con alimentaci\u00f3n por bus (excepto funciones de carga)<\/td>\n<\/tr>\n<tr>\n<td>&#8211; carga usb-a: 4.5 w (5.0 v a 0.9 a) m\u00e1x.<\/td>\n<\/tr>\n<tr>\n<td>&#8211; puerto de carga usb-c pd: 100.0 w (20.0 v a 5.0 a) m\u00e1x.<\/td>\n<\/tr>\n<tr>\n<td>&#8211; ajustes de tensi\u00f3n\/corriente (m\u00e1ximo):<\/td>\n<\/tr>\n<tr>\n<td>&#8211; 5.0 v \/ 3.0 a<\/td>\n<\/tr>\n<tr>\n<td>&#8211; 9.0 v \/ 3.0 a<\/td>\n<\/tr>\n<tr>\n<td>&#8211; 12.0 v \/ 3.0 a<\/td>\n<\/tr>\n<tr>\n<td>&#8211; 15.0 v \/ 3.0 a<\/td>\n<\/tr>\n<tr>\n<td>&#8211; 19.0 v \/ 5.0 a<\/td>\n<\/tr>\n<tr>\n<td>&#8211; 20.0 v \/ 5.0 a<\/td>\n<\/tr>\n<tr>\n<td>Conexiones<\/td>\n<\/tr>\n<tr>\n<td>&#8211; un usb-c de 24 clavijas, macho<\/td>\n<\/tr>\n<tr>\n<td>&#8211; un usb-c de 16 clavijas, power delivery, hembra<\/td>\n<\/tr>\n<tr>\n<td>&#8211; un usb-c de 24 clavijas, s\u00f3lo datos, hembra<\/td>\n<\/tr>\n<tr>\n<td>&#8211; dos usb-a de 9 clavijas, hembra<\/td>\n<\/tr>\n<tr>\n<td>&#8211; un hdmi de 19 clavijas, hembra<\/td>\n<\/tr>\n<tr>\n<td>&#8211; una ranura de memoria sd<\/td>\n<\/tr>\n<tr>\n<td>&#8211; una ranura de memoria microsd<\/td>\n<\/tr>\n<tr>\n<td>F\u00edsico<\/td>\n<\/tr>\n<tr>\n<td>&#8211; dimensiones (l x a x a): 135 x 34 x 13 mm (5.31 x 1.34 x 0.51 pulg.)<\/td>\n<\/tr>\n<tr>\n<td>&#8211; longitud del cable: 30 cm (11.8 pulgadas)<\/td>\n<\/tr>\n<tr>\n<td>&#8211; di\u00e1metro exterior del cable: 4.5 mm<\/td>\n<\/tr>\n<tr>\n<td>&#8211; peso neto: 63 g (0.14 lbs.)<\/td>\n<\/tr>\n<tr>\n<td>&#8211; peso bruto: 91 g (0.2 lbs.)<\/td>\n<\/tr>\n<tr>\n<td>&#8211; cubierta de aluminio<\/td>\n<\/tr>\n<tr>\n<td>Entorno operativo<\/td>\n<\/tr>\n<tr>\n<td>&#8211; temperatura de funcionamiento y almacenamiento 0 &#8211; 50\u00b0c (32 &#8211; 122\u00b0f)<\/td>\n<\/tr>\n<tr>\n<td>&#8211; humedad (sin condensaci\u00f3n): 0 &#8211; 85% hr<\/td>\n<\/tr>\n<tr>\n<td>Requisitos del sistema<\/td>\n<\/tr>\n<tr>\n<td>&#8211; windows 7\/8.1\/10\/11, chrome os, macos, ipados, ios, android o linux<\/td>\n<\/tr>\n<tr>\n<td>Contenido del paquete<\/td>\n<\/tr>\n<tr>\n<td>&#8211; estaci\u00f3n de acoplamiento usb-c pd 7 en 1 \/ adaptador multipuerto para un monitor hdmi<\/td>\n<\/tr>\n<tr>\n<td>&#8211; instructivo<\/td>\n<\/tr>\n<\/table>\n","protected":false},"excerpt":{"rendered":"<p>Adaptador hdmi multipuerto usb tipo-c para port\u00e1til, macbook, tablet y m\u00e1s &#8211; adem\u00e1s de carga power delivery de 100 w, puertos usb y lector de tarjetas. Eleva la conectividad de tu dispositivo con el adaptador multipuerto 7 en 1 de manhattan. Esta vers\u00e1til estaci\u00f3n de acoplamiento llena los vac\u00edos de tu port\u00e1til, macbook\u00ae, tablet o tel\u00e9fono, ofreciendo conexiones esenciales como hdmi, pd, lector de tarjetas y puertos usb. Incre\u00edble compatibilidad con pantallas 4k uhd. Experimenta im\u00e1genes n\u00edtidas con resoluciones de hasta uhd 4k@60hz. Ya sea que estes presentando en una reuni\u00f3n, transmitiendo tu contenido favorito o trabajando en proyectos detallados, este adaptador asegura que todo se vea n\u00edtido y vibrante. Conectividad vers\u00e1til con puertos usb y ranuras para lector de tarjetas. Los puertos usb 3.2 gen 1 (antes conocidos como usb 3.0) tipo-a y tipo-c ofrecen velocidades de transferencia de datos superspeed de hasta 5 gbps, por lo que son ideales para conectar perif\u00e9ricos como ratones, teclados y dispositivos de memoria usb o sincronizar tel\u00e9fonos y tabletas. Gracias a las dos ranuras para tarjetas sd\/microsd, ya no necesitar\u00e1 un lector de tarjetas externo. Carga y conecta simult\u00e1neamente con hasta 100 w. Con la compatibilidad con usb power delivery (pd) de hasta 100 w, puede mantener tu laptop, tableta o smartphone cargado mientras utilizas todas las funciones de conectividad del adaptador. S\u00f3lo tienes que conectar un cargador pd externo y listo. Compatibilidad universal con sencillez plug-and-play. Compatible con una amplia gama de dispositivos compatibles con usb-c dp-alt-mode, incluidos apple\u00ae macbook\u00ae, chromebook\u0099 y pixel\u0099, este adaptador es perfecto para cualquier configuraci\u00f3n. Sin necesidad de controladores ni software, ofrece una instalaci\u00f3n plug-and-play sin complicaciones. Es compatible con windows\u00ae, macos\u00ae, linux\u00ae, chrome os\u0099, ipados\u00ae, ios\u00ae y android\u0099, lo que lo convierte en una soluci\u00f3n vers\u00e1til para cualquier usuario. Transforma tu macbook\u00ae, chromebook\u0099, pixel\u0099 y pixel\u0099 en un solo dispositivo. Transforma tu smartphone en una computadora de escritorio. Para dispositivos que admiten salida de v\u00eddeo a trav\u00e9s de usb-c, este adaptador puede convertir tu smartphone en una experiencia similar a la de una computadora de escritorio, completa con pantalla hdmi y perif\u00e9ricos usb, todo ello mientras cargas tu tel\u00e9fono.<\/p>\n","protected":false},"featured_media":0,"comment_status":"open","ping_status":"open","template":"","meta":[],"product_cat":[1485,1497],"product_tag":[1487],"acf":[],"yoast_head":"<!-- This site is optimized with the Yoast SEO plugin v21.7 - https:\/\/yoast.com\/wordpress\/plugins\/seo\/ -->\n<title>[ Manhattan ] &#129351; 190442 Dockingstatio\/\/\/docking Station Usb-c 7 En 1 Con Hdmi 4k<\/title>\n<meta name=\"description\" content=\"Compra 190442 Dockingstatio\/\/\/docking Station Usb-c 7 En 1 Con Hdmi 4k + Env\u00edo a domicilio + Pago seguro + Garant\u00eda\" \/>\n<meta name=\"robots\" content=\"index, follow, max-snippet:-1, max-image-preview:large, max-video-preview:-1\" \/>\n<link rel=\"canonical\" href=\"https:\/\/compuviper.mx\/tienda\/producto\/manhattan-190442-dockingstatio-docking-station-usb-c-7-en-1-con-hdmi-4k\/\" \/>\n<meta property=\"og:locale\" content=\"es_MX\" \/>\n<meta property=\"og:type\" content=\"article\" \/>\n<meta property=\"og:title\" content=\"[ Manhattan ] &#129351; 190442 Dockingstatio\/\/\/docking Station Usb-c 7 En 1 Con Hdmi 4k\" \/>\n<meta property=\"og:description\" content=\"Compra 190442 Dockingstatio\/\/\/docking Station Usb-c 7 En 1 Con Hdmi 4k + Env\u00edo a domicilio + Pago seguro + Garant\u00eda\" \/>\n<meta property=\"og:url\" content=\"https:\/\/compuviper.mx\/tienda\/producto\/manhattan-190442-dockingstatio-docking-station-usb-c-7-en-1-con-hdmi-4k\/\" \/>\n<meta property=\"og:site_name\" content=\"Compuviper\" \/>\n<meta property=\"article:publisher\" content=\"https:\/\/www.facebook.com\/compuviper\" \/>\n<meta name=\"twitter:card\" content=\"summary_large_image\" \/>\n<meta name=\"twitter:label1\" content=\"Precio\" \/>\n\t<meta name=\"twitter:data1\" content=\"&#36;379 con IVA\" \/>\n\t<meta name=\"twitter:label2\" content=\"Availability\" \/>\n\t<meta name=\"twitter:data2\" content=\"Out of stock\" \/>\n<script type=\"application\/ld+json\" class=\"yoast-schema-graph\">{\"@context\":\"https:\/\/schema.org\",\"@graph\":[{\"@type\":\"WebPage\",\"@id\":\"https:\/\/compuviper.mx\/tienda\/producto\/manhattan-190442-dockingstatio-docking-station-usb-c-7-en-1-con-hdmi-4k\/\",\"url\":\"https:\/\/compuviper.mx\/tienda\/producto\/manhattan-190442-dockingstatio-docking-station-usb-c-7-en-1-con-hdmi-4k\/\",\"name\":\"[ Manhattan ] &#129351; 190442 Dockingstatio\/\/\/docking Station Usb-c 7 En 1 Con Hdmi 4k\",\"isPartOf\":{\"@id\":\"https:\/\/compuviper.mx\/tienda\/#website\"},\"datePublished\":\"2026-04-02T05:17:55+00:00\",\"dateModified\":\"2026-04-02T05:17:55+00:00\",\"description\":\"Compra 190442 Dockingstatio\/\/\/docking Station Usb-c 7 En 1 Con Hdmi 4k + Env\u00edo a domicilio + Pago seguro + Garant\u00eda\",\"breadcrumb\":{\"@id\":\"https:\/\/compuviper.mx\/tienda\/producto\/manhattan-190442-dockingstatio-docking-station-usb-c-7-en-1-con-hdmi-4k\/#breadcrumb\"},\"inLanguage\":\"es-MX\",\"potentialAction\":[{\"@type\":\"ReadAction\",\"target\":[\"https:\/\/compuviper.mx\/tienda\/producto\/manhattan-190442-dockingstatio-docking-station-usb-c-7-en-1-con-hdmi-4k\/\"]}]},{\"@type\":\"BreadcrumbList\",\"@id\":\"https:\/\/compuviper.mx\/tienda\/producto\/manhattan-190442-dockingstatio-docking-station-usb-c-7-en-1-con-hdmi-4k\/#breadcrumb\",\"itemListElement\":[{\"@type\":\"ListItem\",\"position\":1,\"name\":\"Inicio\",\"item\":\"https:\/\/compuviper.mx\/tienda\/\"},{\"@type\":\"ListItem\",\"position\":2,\"name\":\"Productos\",\"item\":\"https:\/\/compuviper.mx\/tienda\/productos\/\"},{\"@type\":\"ListItem\",\"position\":3,\"name\":\"Accesorios\",\"item\":\"https:\/\/compuviper.mx\/tienda\/categoria-producto\/accesorios\/\"},{\"@type\":\"ListItem\",\"position\":4,\"name\":\"Hub Usb\",\"item\":\"https:\/\/compuviper.mx\/tienda\/categoria-producto\/accesorios\/hub-usb\/\"},{\"@type\":\"ListItem\",\"position\":5,\"name\":\"Manhattan 190442 Dockingstatio\/\/\/docking Station Usb-c 7 En 1 Con Hdmi 4k\"}]},{\"@type\":\"WebSite\",\"@id\":\"https:\/\/compuviper.mx\/tienda\/#website\",\"url\":\"https:\/\/compuviper.mx\/tienda\/\",\"name\":\"Compuviper\",\"description\":\"Proveedor de Computadoras, Laptops, Servidores, Monitores, Puntos de Venta, Teclados,   Impresoras, T\u00f3ner, C\u00e1maras de Seguridad y m\u00e1s en tu tienda en l\u00ednea\",\"publisher\":{\"@id\":\"https:\/\/compuviper.mx\/tienda\/#organization\"},\"potentialAction\":[{\"@type\":\"SearchAction\",\"target\":{\"@type\":\"EntryPoint\",\"urlTemplate\":\"https:\/\/compuviper.mx\/tienda\/?s={search_term_string}\"},\"query-input\":\"required name=search_term_string\"}],\"inLanguage\":\"es-MX\"},{\"@type\":\"Organization\",\"@id\":\"https:\/\/compuviper.mx\/tienda\/#organization\",\"name\":\"Compuviper\",\"url\":\"https:\/\/compuviper.mx\/tienda\/\",\"logo\":{\"@type\":\"ImageObject\",\"inLanguage\":\"es-MX\",\"@id\":\"https:\/\/compuviper.mx\/tienda\/#\/schema\/logo\/image\/\",\"url\":\"https:\/\/compuviper.mx\/tienda\/wp-content\/uploads\/2021\/08\/Logo-Compuviper-10.png\",\"contentUrl\":\"https:\/\/compuviper.mx\/tienda\/wp-content\/uploads\/2021\/08\/Logo-Compuviper-10.png\",\"width\":1000,\"height\":500,\"caption\":\"Compuviper\"},\"image\":{\"@id\":\"https:\/\/compuviper.mx\/tienda\/#\/schema\/logo\/image\/\"},\"sameAs\":[\"https:\/\/www.facebook.com\/compuviper\",\"https:\/\/www.youtube.com\/channel\/UCf73dERp9Y3cfOq7q8BhLjA?view_as=subscriber\"]}]}<\/script>\n<meta property=\"product:brand\" content=\"MANHATTAN\" \/>\n<meta property=\"product:price:amount\" content=\"379\" \/>\n<meta property=\"product:price:currency\" content=\"MXN\" \/>\n<meta property=\"og:availability\" content=\"out of stock\" \/>\n<meta property=\"product:availability\" content=\"out of stock\" \/>\n<meta property=\"product:retailer_item_id\" content=\"190442\" \/>\n<meta property=\"product:condition\" content=\"new\" \/>\n<!-- \/ Yoast SEO plugin. -->","yoast_head_json":{"title":"[ Manhattan ] &#129351; 190442 Dockingstatio\/\/\/docking Station Usb-c 7 En 1 Con Hdmi 4k","description":"Compra 190442 Dockingstatio\/\/\/docking Station Usb-c 7 En 1 Con Hdmi 4k + Env\u00edo a domicilio + Pago seguro + Garant\u00eda","robots":{"index":"index","follow":"follow","max-snippet":"max-snippet:-1","max-image-preview":"max-image-preview:large","max-video-preview":"max-video-preview:-1"},"canonical":"https:\/\/compuviper.mx\/tienda\/producto\/manhattan-190442-dockingstatio-docking-station-usb-c-7-en-1-con-hdmi-4k\/","og_locale":"es_MX","og_type":"article","og_title":"[ Manhattan ] &#129351; 190442 Dockingstatio\/\/\/docking Station Usb-c 7 En 1 Con Hdmi 4k","og_description":"Compra 190442 Dockingstatio\/\/\/docking Station Usb-c 7 En 1 Con Hdmi 4k + Env\u00edo a domicilio + Pago seguro + Garant\u00eda","og_url":"https:\/\/compuviper.mx\/tienda\/producto\/manhattan-190442-dockingstatio-docking-station-usb-c-7-en-1-con-hdmi-4k\/","og_site_name":"Compuviper","article_publisher":"https:\/\/www.facebook.com\/compuviper","twitter_card":"summary_large_image","twitter_misc":{"Precio":"&#36;379 con IVA","Availability":"Out of stock"},"schema":{"@context":"https:\/\/schema.org","@graph":[{"@type":"WebPage","@id":"https:\/\/compuviper.mx\/tienda\/producto\/manhattan-190442-dockingstatio-docking-station-usb-c-7-en-1-con-hdmi-4k\/","url":"https:\/\/compuviper.mx\/tienda\/producto\/manhattan-190442-dockingstatio-docking-station-usb-c-7-en-1-con-hdmi-4k\/","name":"[ Manhattan ] &#129351; 190442 Dockingstatio\/\/\/docking Station Usb-c 7 En 1 Con Hdmi 4k","isPartOf":{"@id":"https:\/\/compuviper.mx\/tienda\/#website"},"datePublished":"2026-04-02T05:17:55+00:00","dateModified":"2026-04-02T05:17:55+00:00","description":"Compra 190442 Dockingstatio\/\/\/docking Station Usb-c 7 En 1 Con Hdmi 4k + Env\u00edo a domicilio + Pago seguro + Garant\u00eda","breadcrumb":{"@id":"https:\/\/compuviper.mx\/tienda\/producto\/manhattan-190442-dockingstatio-docking-station-usb-c-7-en-1-con-hdmi-4k\/#breadcrumb"},"inLanguage":"es-MX","potentialAction":[{"@type":"ReadAction","target":["https:\/\/compuviper.mx\/tienda\/producto\/manhattan-190442-dockingstatio-docking-station-usb-c-7-en-1-con-hdmi-4k\/"]}]},{"@type":"BreadcrumbList","@id":"https:\/\/compuviper.mx\/tienda\/producto\/manhattan-190442-dockingstatio-docking-station-usb-c-7-en-1-con-hdmi-4k\/#breadcrumb","itemListElement":[{"@type":"ListItem","position":1,"name":"Inicio","item":"https:\/\/compuviper.mx\/tienda\/"},{"@type":"ListItem","position":2,"name":"Productos","item":"https:\/\/compuviper.mx\/tienda\/productos\/"},{"@type":"ListItem","position":3,"name":"Accesorios","item":"https:\/\/compuviper.mx\/tienda\/categoria-producto\/accesorios\/"},{"@type":"ListItem","position":4,"name":"Hub Usb","item":"https:\/\/compuviper.mx\/tienda\/categoria-producto\/accesorios\/hub-usb\/"},{"@type":"ListItem","position":5,"name":"Manhattan 190442 Dockingstatio\/\/\/docking Station Usb-c 7 En 1 Con Hdmi 4k"}]},{"@type":"WebSite","@id":"https:\/\/compuviper.mx\/tienda\/#website","url":"https:\/\/compuviper.mx\/tienda\/","name":"Compuviper","description":"Proveedor de Computadoras, Laptops, Servidores, Monitores, Puntos de Venta, Teclados,   Impresoras, T\u00f3ner, C\u00e1maras de Seguridad y m\u00e1s en tu tienda en l\u00ednea","publisher":{"@id":"https:\/\/compuviper.mx\/tienda\/#organization"},"potentialAction":[{"@type":"SearchAction","target":{"@type":"EntryPoint","urlTemplate":"https:\/\/compuviper.mx\/tienda\/?s={search_term_string}"},"query-input":"required name=search_term_string"}],"inLanguage":"es-MX"},{"@type":"Organization","@id":"https:\/\/compuviper.mx\/tienda\/#organization","name":"Compuviper","url":"https:\/\/compuviper.mx\/tienda\/","logo":{"@type":"ImageObject","inLanguage":"es-MX","@id":"https:\/\/compuviper.mx\/tienda\/#\/schema\/logo\/image\/","url":"https:\/\/compuviper.mx\/tienda\/wp-content\/uploads\/2021\/08\/Logo-Compuviper-10.png","contentUrl":"https:\/\/compuviper.mx\/tienda\/wp-content\/uploads\/2021\/08\/Logo-Compuviper-10.png","width":1000,"height":500,"caption":"Compuviper"},"image":{"@id":"https:\/\/compuviper.mx\/tienda\/#\/schema\/logo\/image\/"},"sameAs":["https:\/\/www.facebook.com\/compuviper","https:\/\/www.youtube.com\/channel\/UCf73dERp9Y3cfOq7q8BhLjA?view_as=subscriber"]}]},"product_brand":"MANHATTAN","product_price_amount":"379","product_price_currency":"MXN","og_availability":"out of stock","product_availability":"out of stock","product_retailer_item_id":"190442","product_condition":"new"},"_links":{"self":[{"href":"https:\/\/compuviper.mx\/tienda\/wp-json\/wp\/v2\/product\/262426"}],"collection":[{"href":"https:\/\/compuviper.mx\/tienda\/wp-json\/wp\/v2\/product"}],"about":[{"href":"https:\/\/compuviper.mx\/tienda\/wp-json\/wp\/v2\/types\/product"}],"replies":[{"embeddable":true,"href":"https:\/\/compuviper.mx\/tienda\/wp-json\/wp\/v2\/comments?post=262426"}],"wp:attachment":[{"href":"https:\/\/compuviper.mx\/tienda\/wp-json\/wp\/v2\/media?parent=262426"}],"wp:term":[{"taxonomy":"product_cat","embeddable":true,"href":"https:\/\/compuviper.mx\/tienda\/wp-json\/wp\/v2\/product_cat?post=262426"},{"taxonomy":"product_tag","embeddable":true,"href":"https:\/\/compuviper.mx\/tienda\/wp-json\/wp\/v2\/product_tag?post=262426"}],"curies":[{"name":"wp","href":"https:\/\/api.w.org\/{rel}","templated":true}]}}