{"id":262425,"date":"2026-04-01T23:17:53","date_gmt":"2026-04-02T05:17:53","guid":{"rendered":"https:\/\/compuviper.mx\/tienda\/producto\/manhattan-181167-hub-hub-de-7-puertos-10g-5g-usb-c-usb-a-43-con-power-delivery\/"},"modified":"2026-04-01T23:17:54","modified_gmt":"2026-04-02T05:17:54","slug":"manhattan-181167-hub-hub-de-7-puertos-10g-5g-usb-c-usb-a-43-con-power-delivery","status":"publish","type":"product","link":"https:\/\/compuviper.mx\/tienda\/producto\/manhattan-181167-hub-hub-de-7-puertos-10g-5g-usb-c-usb-a-43-con-power-delivery\/","title":{"rendered":"Manhattan 181167 Hub\/\/\/hub De 7 Puertos 10g\/5g Usb-c \/ Usb-a 4+3 Con Power Delivery"},"content":{"rendered":"<table class=\"descripcion\">\n<tr>\n<td>Est\u00e1ndares y certificaciones<\/td>\n<\/tr>\n<tr>\n<td>Usb 3.2 gen 2<\/td>\n<\/tr>\n<tr>\n<td>Pd 3.0<\/td>\n<\/tr>\n<tr>\n<td>Ce<\/td>\n<\/tr>\n<tr>\n<td>Fcc<\/td>\n<\/tr>\n<tr>\n<td>Rohs<\/td>\n<\/tr>\n<tr>\n<td>Reach<\/td>\n<\/tr>\n<tr>\n<td>Ukca<\/td>\n<\/tr>\n<tr>\n<td>General<\/td>\n<\/tr>\n<tr>\n<td>Velocidades de transferencia de datos: 10 gbps<\/td>\n<\/tr>\n<tr>\n<td>Potencia de carga del puerto usb (no pd): 4.5 w (5.0 v a 0.9 a) m\u00e1x.<\/td>\n<\/tr>\n<tr>\n<td>Tensi\u00f3n soportada: 300,0 v cc<\/td>\n<\/tr>\n<tr>\n<td>Resistencia de los aislantes: 10 mohms<\/td>\n<\/tr>\n<tr>\n<td>Forro de pl\u00e1stico t\u00e9rmico<\/td>\n<\/tr>\n<tr>\n<td>Puerto de carga usb-c pd: 100 w (20 v a 5 a) m\u00e1x.<\/td>\n<\/tr>\n<tr>\n<td>&#8211; ajustes de voltaje\/corriente (m\u00e1ximo):<\/td>\n<\/tr>\n<tr>\n<td>&#8211; 5.0 v \/ 3.0 a<\/td>\n<\/tr>\n<tr>\n<td>&#8211; 9.0 v \/ 3.0 a<\/td>\n<\/tr>\n<tr>\n<td>&#8211; 12.0 v \/ 3.0 a<\/td>\n<\/tr>\n<tr>\n<td>&#8211; 15.0 v \/ 3.0 a<\/td>\n<\/tr>\n<tr>\n<td>&#8211; 19.0 v \/ 5.0 a<\/td>\n<\/tr>\n<tr>\n<td>&#8211; 20.0 v \/ 5.0 a<\/td>\n<\/tr>\n<tr>\n<td>Conexiones<\/td>\n<\/tr>\n<tr>\n<td>\u0095un usb-c de 24 pines, macho<\/td>\n<\/tr>\n<tr>\n<td>\u0095tres usb-c de 24 pines, hembra (2 x 10 gbps, 1 x 5 gbps)<\/td>\n<\/tr>\n<tr>\n<td>\u0095un usb-c de 16 pines, hembra (power delivery)<\/td>\n<\/tr>\n<tr>\n<td>Tres usb-a de 9 pines, hembra (1 x 10 gbps, 2 x 5 gbps)<\/td>\n<\/tr>\n<tr>\n<td>Dise\u00f1o<\/td>\n<\/tr>\n<tr>\n<td>Dimensiones (l x an x al): 169 x 34 x 13 mm (6.65 x 1.34 x 0.51 in.)<\/td>\n<\/tr>\n<tr>\n<td>Peso neto: 74 g (0.16 lbs.)<\/td>\n<\/tr>\n<tr>\n<td>Peso bruto: 100 g (0.22 lbs.)<\/td>\n<\/tr>\n<tr>\n<td>Longitud del cable: 30 cm (1 pie)<\/td>\n<\/tr>\n<tr>\n<td>Di\u00e1metro exterior del cable: 4.5 mm (0.18 pulg.)<\/td>\n<\/tr>\n<tr>\n<td>Cubierta: aluminio<\/td>\n<\/tr>\n<tr>\n<td>Entorno de funcionamiento<\/td>\n<\/tr>\n<tr>\n<td>Temperatura de funcionamiento: 0 &#8211; 50\u00b0c (32 &#8211; 122\u00b0f)<\/td>\n<\/tr>\n<tr>\n<td>Temperatura de almacenamiento: -20 &#8211; 60 \u00b0c (-4 &#8211; 140 \u00b0f)<\/td>\n<\/tr>\n<tr>\n<td>Humedad (sin condensaci\u00f3n): 0 &#8211; 85%<\/td>\n<\/tr>\n<tr>\n<td>Requerimientos de sistema<\/td>\n<\/tr>\n<tr>\n<td>Windows xp\/vista\/7\/8.1\/10\/11, linux, chrome os o macos<\/td>\n<\/tr>\n<tr>\n<td>Contenidos del envase<\/td>\n<\/tr>\n<tr>\n<td>Hub de 7 puertos 10g\/5g usb-c \/ usb-a 4+3 con power delivery<\/td>\n<\/tr>\n<tr>\n<td>Instructivo<\/td>\n<\/tr>\n<\/table>\n","protected":false},"excerpt":{"rendered":"<p>Hub pd de 7 puertos 10g con 3 puertos de datos usb tipo-c y 3 puertos de datos usb tipo-a para a\u00f1adir conectividad usb ultra-r\u00e1pida y carga de 100 w a tu laptop. Maximiza tu conectividad con el hub usb-c \/ usb-a de 7 puertos 10g de manhattan, dise\u00f1ado para aumentar tu productividad con transferencias de datos super r\u00e1pidas, conexiones vers\u00e1tiles y potentes capacidades de carga, todo en un dise\u00f1o elegante y port\u00e1til. Extensi\u00f3n de puertos vers\u00e1til. Equipado con tres puertos usb-c y tres puertos usb-a, este hub te brinda la flexibilidad para conectar una amplia gama de dispositivos. Conecta tus ssd externos, lectores de tarjetas y adaptadores ethernet a trav\u00e9s de usb-c, mientras sigues conectando tus perif\u00e9ricos esenciales como ratones, teclados y unidades flash a trav\u00e9s de los puertos usb-a. Rendimiento r\u00e1pido de 10g. Un puerto usb-a y dos puertos usb-c soportan la tecnolog\u00eda usb 3.2 gen 2 superspeed+, ofreciendo tasas de transferencia de hasta 10 gbps, perfectas para mover archivos grandes, hacer copias de seguridad de datos o conectar perif\u00e9ricos de alto rendimiento sin retrasos. Un puerto usb-c y dos puertos usb-a soportan la tecnolog\u00eda usb 3.2 gen 1 superspeed, ofreciendo tasas de transferencia de hasta 5 gbps. Alimenta tu laptop mientras trabajas. Mantente alimentado con el soporte para usb power delivery (pd). Simplemente conecta tu cargador pd (disponible de manhattan) para proporcionar hasta 100 w de potencia de carga, manteniendo tu laptop, macbook\u00ae o dispositivo surface\u00ae listo para la acci\u00f3n. Simplicidad plug-and-play. Olv\u00eddate de configuraciones complicadas: este hub ofrece instalaci\u00f3n plug-and-play sin necesidad de controladores. Es compatible con windows\u00ae, macos\u00ae, linux\u00ae y chrome os\u0099, asegurando una integraci\u00f3n fluida con tus dispositivos. Dise\u00f1ado para la comodidad. El cable incorporado de 30 cm (1 pie) del hub proporciona un alcance \u00f3ptimo para configuraciones de escritorio, mientras que su elegante carcasa de aluminio ofrece durabilidad y estilo. El dise\u00f1o compacto y liviano cabe f\u00e1cilmente en tu bolsa de laptop, haci\u00e9ndolo perfecto para viajar o entornos de trabajo h\u00edbridos. Construido para el rendimiento y la protecci\u00f3n. Con soporte para hot swapping y funcionalidad alimentada por bus, este hub se adapta a tu flujo de trabajo. Para mayor flexibilidad, el puerto de carga usb-c opcional soporta funcionalidad pd cuando se conecta un cargador externo. Otros clientes tambi\u00e9n compraron esto<\/p>\n","protected":false},"featured_media":0,"comment_status":"open","ping_status":"open","template":"","meta":[],"product_cat":[1485,1497],"product_tag":[1487],"acf":[],"yoast_head":"<!-- This site is optimized with the Yoast SEO plugin v21.7 - https:\/\/yoast.com\/wordpress\/plugins\/seo\/ -->\n<title>[ Manhattan ] &#129351; 181167 Hub\/\/\/hub De 7 Puertos 10g\/5g Usb-c \/ Usb-a 4+3 Con Power Delivery<\/title>\n<meta name=\"description\" content=\"Compra 181167 Hub\/\/\/hub De 7 Puertos 10g\/5g Usb-c \/ Usb-a 4+3 Con Power Delivery + Env\u00edo a domicilio + Pago seguro + Garant\u00eda\" \/>\n<meta name=\"robots\" content=\"index, follow, max-snippet:-1, max-image-preview:large, max-video-preview:-1\" \/>\n<link rel=\"canonical\" href=\"https:\/\/compuviper.mx\/tienda\/producto\/manhattan-181167-hub-hub-de-7-puertos-10g-5g-usb-c-usb-a-43-con-power-delivery\/\" \/>\n<meta property=\"og:locale\" content=\"es_MX\" \/>\n<meta property=\"og:type\" content=\"article\" \/>\n<meta property=\"og:title\" content=\"[ Manhattan ] &#129351; 181167 Hub\/\/\/hub De 7 Puertos 10g\/5g Usb-c \/ Usb-a 4+3 Con Power Delivery\" \/>\n<meta property=\"og:description\" content=\"Compra 181167 Hub\/\/\/hub De 7 Puertos 10g\/5g Usb-c \/ Usb-a 4+3 Con Power Delivery + Env\u00edo a domicilio + Pago seguro + Garant\u00eda\" \/>\n<meta property=\"og:url\" content=\"https:\/\/compuviper.mx\/tienda\/producto\/manhattan-181167-hub-hub-de-7-puertos-10g-5g-usb-c-usb-a-43-con-power-delivery\/\" \/>\n<meta property=\"og:site_name\" content=\"Compuviper\" \/>\n<meta property=\"article:publisher\" content=\"https:\/\/www.facebook.com\/compuviper\" \/>\n<meta property=\"article:modified_time\" content=\"2026-04-02T05:17:54+00:00\" \/>\n<meta name=\"twitter:card\" content=\"summary_large_image\" \/>\n<meta name=\"twitter:label1\" content=\"Precio\" \/>\n\t<meta name=\"twitter:data1\" content=\"&#36;494 con IVA\" \/>\n\t<meta name=\"twitter:label2\" content=\"Availability\" \/>\n\t<meta name=\"twitter:data2\" content=\"Out of stock\" \/>\n<script type=\"application\/ld+json\" class=\"yoast-schema-graph\">{\"@context\":\"https:\/\/schema.org\",\"@graph\":[{\"@type\":\"WebPage\",\"@id\":\"https:\/\/compuviper.mx\/tienda\/producto\/manhattan-181167-hub-hub-de-7-puertos-10g-5g-usb-c-usb-a-43-con-power-delivery\/\",\"url\":\"https:\/\/compuviper.mx\/tienda\/producto\/manhattan-181167-hub-hub-de-7-puertos-10g-5g-usb-c-usb-a-43-con-power-delivery\/\",\"name\":\"[ Manhattan ] &#129351; 181167 Hub\/\/\/hub De 7 Puertos 10g\/5g Usb-c \/ Usb-a 4+3 Con Power Delivery\",\"isPartOf\":{\"@id\":\"https:\/\/compuviper.mx\/tienda\/#website\"},\"datePublished\":\"2026-04-02T05:17:53+00:00\",\"dateModified\":\"2026-04-02T05:17:54+00:00\",\"description\":\"Compra 181167 Hub\/\/\/hub De 7 Puertos 10g\/5g Usb-c \/ Usb-a 4+3 Con Power Delivery + Env\u00edo a domicilio + Pago seguro + Garant\u00eda\",\"breadcrumb\":{\"@id\":\"https:\/\/compuviper.mx\/tienda\/producto\/manhattan-181167-hub-hub-de-7-puertos-10g-5g-usb-c-usb-a-43-con-power-delivery\/#breadcrumb\"},\"inLanguage\":\"es-MX\",\"potentialAction\":[{\"@type\":\"ReadAction\",\"target\":[\"https:\/\/compuviper.mx\/tienda\/producto\/manhattan-181167-hub-hub-de-7-puertos-10g-5g-usb-c-usb-a-43-con-power-delivery\/\"]}]},{\"@type\":\"BreadcrumbList\",\"@id\":\"https:\/\/compuviper.mx\/tienda\/producto\/manhattan-181167-hub-hub-de-7-puertos-10g-5g-usb-c-usb-a-43-con-power-delivery\/#breadcrumb\",\"itemListElement\":[{\"@type\":\"ListItem\",\"position\":1,\"name\":\"Inicio\",\"item\":\"https:\/\/compuviper.mx\/tienda\/\"},{\"@type\":\"ListItem\",\"position\":2,\"name\":\"Productos\",\"item\":\"https:\/\/compuviper.mx\/tienda\/productos\/\"},{\"@type\":\"ListItem\",\"position\":3,\"name\":\"Accesorios\",\"item\":\"https:\/\/compuviper.mx\/tienda\/categoria-producto\/accesorios\/\"},{\"@type\":\"ListItem\",\"position\":4,\"name\":\"Hub Usb\",\"item\":\"https:\/\/compuviper.mx\/tienda\/categoria-producto\/accesorios\/hub-usb\/\"},{\"@type\":\"ListItem\",\"position\":5,\"name\":\"Manhattan 181167 Hub\/\/\/hub De 7 Puertos 10g\/5g Usb-c \/ Usb-a 4+3 Con Power Delivery\"}]},{\"@type\":\"WebSite\",\"@id\":\"https:\/\/compuviper.mx\/tienda\/#website\",\"url\":\"https:\/\/compuviper.mx\/tienda\/\",\"name\":\"Compuviper\",\"description\":\"Proveedor de Computadoras, Laptops, Servidores, Monitores, Puntos de Venta, Teclados,   Impresoras, T\u00f3ner, C\u00e1maras de Seguridad y m\u00e1s en tu tienda en l\u00ednea\",\"publisher\":{\"@id\":\"https:\/\/compuviper.mx\/tienda\/#organization\"},\"potentialAction\":[{\"@type\":\"SearchAction\",\"target\":{\"@type\":\"EntryPoint\",\"urlTemplate\":\"https:\/\/compuviper.mx\/tienda\/?s={search_term_string}\"},\"query-input\":\"required name=search_term_string\"}],\"inLanguage\":\"es-MX\"},{\"@type\":\"Organization\",\"@id\":\"https:\/\/compuviper.mx\/tienda\/#organization\",\"name\":\"Compuviper\",\"url\":\"https:\/\/compuviper.mx\/tienda\/\",\"logo\":{\"@type\":\"ImageObject\",\"inLanguage\":\"es-MX\",\"@id\":\"https:\/\/compuviper.mx\/tienda\/#\/schema\/logo\/image\/\",\"url\":\"https:\/\/compuviper.mx\/tienda\/wp-content\/uploads\/2021\/08\/Logo-Compuviper-10.png\",\"contentUrl\":\"https:\/\/compuviper.mx\/tienda\/wp-content\/uploads\/2021\/08\/Logo-Compuviper-10.png\",\"width\":1000,\"height\":500,\"caption\":\"Compuviper\"},\"image\":{\"@id\":\"https:\/\/compuviper.mx\/tienda\/#\/schema\/logo\/image\/\"},\"sameAs\":[\"https:\/\/www.facebook.com\/compuviper\",\"https:\/\/www.youtube.com\/channel\/UCf73dERp9Y3cfOq7q8BhLjA?view_as=subscriber\"]}]}<\/script>\n<meta property=\"product:brand\" content=\"MANHATTAN\" \/>\n<meta property=\"product:price:amount\" content=\"494\" \/>\n<meta property=\"product:price:currency\" content=\"MXN\" \/>\n<meta property=\"og:availability\" content=\"out of stock\" \/>\n<meta property=\"product:availability\" content=\"out of stock\" \/>\n<meta property=\"product:retailer_item_id\" content=\"181167\" \/>\n<meta property=\"product:condition\" content=\"new\" \/>\n<!-- \/ Yoast SEO plugin. -->","yoast_head_json":{"title":"[ Manhattan ] &#129351; 181167 Hub\/\/\/hub De 7 Puertos 10g\/5g Usb-c \/ Usb-a 4+3 Con Power Delivery","description":"Compra 181167 Hub\/\/\/hub De 7 Puertos 10g\/5g Usb-c \/ Usb-a 4+3 Con Power Delivery + Env\u00edo a domicilio + Pago seguro + Garant\u00eda","robots":{"index":"index","follow":"follow","max-snippet":"max-snippet:-1","max-image-preview":"max-image-preview:large","max-video-preview":"max-video-preview:-1"},"canonical":"https:\/\/compuviper.mx\/tienda\/producto\/manhattan-181167-hub-hub-de-7-puertos-10g-5g-usb-c-usb-a-43-con-power-delivery\/","og_locale":"es_MX","og_type":"article","og_title":"[ Manhattan ] &#129351; 181167 Hub\/\/\/hub De 7 Puertos 10g\/5g Usb-c \/ Usb-a 4+3 Con Power Delivery","og_description":"Compra 181167 Hub\/\/\/hub De 7 Puertos 10g\/5g Usb-c \/ Usb-a 4+3 Con Power Delivery + Env\u00edo a domicilio + Pago seguro + Garant\u00eda","og_url":"https:\/\/compuviper.mx\/tienda\/producto\/manhattan-181167-hub-hub-de-7-puertos-10g-5g-usb-c-usb-a-43-con-power-delivery\/","og_site_name":"Compuviper","article_publisher":"https:\/\/www.facebook.com\/compuviper","article_modified_time":"2026-04-02T05:17:54+00:00","twitter_card":"summary_large_image","twitter_misc":{"Precio":"&#36;494 con IVA","Availability":"Out of stock"},"schema":{"@context":"https:\/\/schema.org","@graph":[{"@type":"WebPage","@id":"https:\/\/compuviper.mx\/tienda\/producto\/manhattan-181167-hub-hub-de-7-puertos-10g-5g-usb-c-usb-a-43-con-power-delivery\/","url":"https:\/\/compuviper.mx\/tienda\/producto\/manhattan-181167-hub-hub-de-7-puertos-10g-5g-usb-c-usb-a-43-con-power-delivery\/","name":"[ Manhattan ] &#129351; 181167 Hub\/\/\/hub De 7 Puertos 10g\/5g Usb-c \/ Usb-a 4+3 Con Power Delivery","isPartOf":{"@id":"https:\/\/compuviper.mx\/tienda\/#website"},"datePublished":"2026-04-02T05:17:53+00:00","dateModified":"2026-04-02T05:17:54+00:00","description":"Compra 181167 Hub\/\/\/hub De 7 Puertos 10g\/5g Usb-c \/ Usb-a 4+3 Con Power Delivery + Env\u00edo a domicilio + Pago seguro + Garant\u00eda","breadcrumb":{"@id":"https:\/\/compuviper.mx\/tienda\/producto\/manhattan-181167-hub-hub-de-7-puertos-10g-5g-usb-c-usb-a-43-con-power-delivery\/#breadcrumb"},"inLanguage":"es-MX","potentialAction":[{"@type":"ReadAction","target":["https:\/\/compuviper.mx\/tienda\/producto\/manhattan-181167-hub-hub-de-7-puertos-10g-5g-usb-c-usb-a-43-con-power-delivery\/"]}]},{"@type":"BreadcrumbList","@id":"https:\/\/compuviper.mx\/tienda\/producto\/manhattan-181167-hub-hub-de-7-puertos-10g-5g-usb-c-usb-a-43-con-power-delivery\/#breadcrumb","itemListElement":[{"@type":"ListItem","position":1,"name":"Inicio","item":"https:\/\/compuviper.mx\/tienda\/"},{"@type":"ListItem","position":2,"name":"Productos","item":"https:\/\/compuviper.mx\/tienda\/productos\/"},{"@type":"ListItem","position":3,"name":"Accesorios","item":"https:\/\/compuviper.mx\/tienda\/categoria-producto\/accesorios\/"},{"@type":"ListItem","position":4,"name":"Hub Usb","item":"https:\/\/compuviper.mx\/tienda\/categoria-producto\/accesorios\/hub-usb\/"},{"@type":"ListItem","position":5,"name":"Manhattan 181167 Hub\/\/\/hub De 7 Puertos 10g\/5g Usb-c \/ Usb-a 4+3 Con Power Delivery"}]},{"@type":"WebSite","@id":"https:\/\/compuviper.mx\/tienda\/#website","url":"https:\/\/compuviper.mx\/tienda\/","name":"Compuviper","description":"Proveedor de Computadoras, Laptops, Servidores, Monitores, Puntos de Venta, Teclados,   Impresoras, T\u00f3ner, C\u00e1maras de Seguridad y m\u00e1s en tu tienda en l\u00ednea","publisher":{"@id":"https:\/\/compuviper.mx\/tienda\/#organization"},"potentialAction":[{"@type":"SearchAction","target":{"@type":"EntryPoint","urlTemplate":"https:\/\/compuviper.mx\/tienda\/?s={search_term_string}"},"query-input":"required name=search_term_string"}],"inLanguage":"es-MX"},{"@type":"Organization","@id":"https:\/\/compuviper.mx\/tienda\/#organization","name":"Compuviper","url":"https:\/\/compuviper.mx\/tienda\/","logo":{"@type":"ImageObject","inLanguage":"es-MX","@id":"https:\/\/compuviper.mx\/tienda\/#\/schema\/logo\/image\/","url":"https:\/\/compuviper.mx\/tienda\/wp-content\/uploads\/2021\/08\/Logo-Compuviper-10.png","contentUrl":"https:\/\/compuviper.mx\/tienda\/wp-content\/uploads\/2021\/08\/Logo-Compuviper-10.png","width":1000,"height":500,"caption":"Compuviper"},"image":{"@id":"https:\/\/compuviper.mx\/tienda\/#\/schema\/logo\/image\/"},"sameAs":["https:\/\/www.facebook.com\/compuviper","https:\/\/www.youtube.com\/channel\/UCf73dERp9Y3cfOq7q8BhLjA?view_as=subscriber"]}]},"product_brand":"MANHATTAN","product_price_amount":"494","product_price_currency":"MXN","og_availability":"out of stock","product_availability":"out of stock","product_retailer_item_id":"181167","product_condition":"new"},"_links":{"self":[{"href":"https:\/\/compuviper.mx\/tienda\/wp-json\/wp\/v2\/product\/262425"}],"collection":[{"href":"https:\/\/compuviper.mx\/tienda\/wp-json\/wp\/v2\/product"}],"about":[{"href":"https:\/\/compuviper.mx\/tienda\/wp-json\/wp\/v2\/types\/product"}],"replies":[{"embeddable":true,"href":"https:\/\/compuviper.mx\/tienda\/wp-json\/wp\/v2\/comments?post=262425"}],"wp:attachment":[{"href":"https:\/\/compuviper.mx\/tienda\/wp-json\/wp\/v2\/media?parent=262425"}],"wp:term":[{"taxonomy":"product_cat","embeddable":true,"href":"https:\/\/compuviper.mx\/tienda\/wp-json\/wp\/v2\/product_cat?post=262425"},{"taxonomy":"product_tag","embeddable":true,"href":"https:\/\/compuviper.mx\/tienda\/wp-json\/wp\/v2\/product_tag?post=262425"}],"curies":[{"name":"wp","href":"https:\/\/api.w.org\/{rel}","templated":true}]}}