{"id":262347,"date":"2026-04-16T00:11:01","date_gmt":"2026-04-16T06:11:01","guid":{"rendered":"https:\/\/compuviper.mx\/tienda\/producto\/intellinet-712071-gabinetes-gabinete-mural-de-19-9u-ensamblado\/"},"modified":"2026-04-16T00:11:01","modified_gmt":"2026-04-16T06:11:01","slug":"intellinet-712071-gabinetes-gabinete-mural-de-19-9u-ensamblado","status":"publish","type":"product","link":"https:\/\/compuviper.mx\/tienda\/producto\/intellinet-712071-gabinetes-gabinete-mural-de-19-9u-ensamblado\/","title":{"rendered":"Intellinet 712071 Gabinetes\/\/\/gabinete Mural De 19, 9u, Ensamblado"},"content":{"rendered":"<table class=\"descripcion\">\n<tr>\n<td>General:<\/td>\n<\/tr>\n<tr>\n<td>19<\/td>\n<\/tr>\n<tr>\n<td>Altura: 9u<\/td>\n<\/tr>\n<tr>\n<td>Color: negro ral9005<\/td>\n<\/tr>\n<tr>\n<td>Cumple con: ansi\/eia rs-310-d; iec60297-2; din41494, parte 1; din41494, parte 7<\/td>\n<\/tr>\n<tr>\n<td>Dimensiones<\/td>\n<\/tr>\n<tr>\n<td>Dimensiones (al x an x prof): 500 x 600 x 600 mm (19.7 x 23.6 x 23.6 in.)<\/td>\n<\/tr>\n<tr>\n<td>Profundidad \u00fatil: de 212 mm a 519 mm<\/td>\n<\/tr>\n<tr>\n<td>Peso neto: 21.5 kg (47.4 lbs.)<\/td>\n<\/tr>\n<tr>\n<td>Peso bruto: 22.5 kg (49.6 lbs.)<\/td>\n<\/tr>\n<tr>\n<td>Contenido del paquete:<\/td>\n<\/tr>\n<tr>\n<td>Gabinete mural de 19, 9u, 4 postes, ensamblado<\/td>\n<\/tr>\n<tr>\n<td>Accesorios de instalaci\u00f3n, incluidos 10 juegos m6 y 6 llaves<\/td>\n<\/tr>\n<\/table>\n","protected":false},"excerpt":{"rendered":"<p>Protecci\u00f3n y seguridad para tus equipos de red para cualquier espacio de instalaci\u00f3n. Los gabinetes murales de intellinet network solutions te ofrecen una soluci\u00f3n flexible y completa para tus instalaciones de red. Nuestro servicio comienza con las condiciones de env\u00edo: reciba el gabinete completamente ensamblado o ahorre espacio y dinero con la versi\u00f3n flatpack (sin ensamblar). En cuanto a la carcasa, puede elegir entre los gabinetes extracompactos de 10 and #8243; y numerosas versiones de 19 and #8243;, con profundidades de instalaci\u00f3n que van de 300 a 600 mm. Alturas de 6 a 20 unidades en negro (ral9005) o (ral7021) y gris (ral7035). Intellinet ofrece una soluci\u00f3n para cada necesidad. Los diferentes modelos pueden incluir. P\u00e1neles laterales desmontables (algunos con cerradura). Puertas frontales de cristal templado\/endurecido. Secci\u00f3n doble (abatible), lo que simplifica el cableado y el intercambio de componentes. Ideal para aplicaciones de montaje en rack de 19. Carga est\u00e1tica m\u00e1xima de 60 kg. Profundidad \u00fatil: de 212 mm a 519 mm. Puerta de cristal templado que puede ser abierta a m\u00e1s de 180?. Entrada de cables a trav\u00e9s del p\u00e1nel posterior o superior. Acero spcc laminado en fr\u00edo y galvanizado con un espesor de hasta 1.2 mm. Puerta frontal reversible. P\u00e1neles laterales desmontables y con cerradura. Se entrega ensamblado. Tres a\u00f1os de garant\u00eda* (*consulta el tiempo de garant\u00eda en tu pa\u00eds o ciudad)<\/p>\n","protected":false},"featured_media":262348,"comment_status":"open","ping_status":"open","template":"","meta":[],"product_cat":[2167,1674],"product_tag":[1489],"acf":[],"yoast_head":"<!-- This site is optimized with the Yoast SEO plugin v21.7 - https:\/\/yoast.com\/wordpress\/plugins\/seo\/ -->\n<title>[ Intellinet ] &#129351; 712071 Gabinetes\/\/\/gabinete Mural De 19, 9u, Ensamblado<\/title>\n<meta name=\"description\" content=\"Compra 712071 Gabinetes\/\/\/gabinete Mural De 19, 9u, Ensamblado + Env\u00edo a domicilio + Pago seguro + Garant\u00eda\" \/>\n<meta name=\"robots\" content=\"index, follow, max-snippet:-1, max-image-preview:large, max-video-preview:-1\" \/>\n<link rel=\"canonical\" href=\"https:\/\/compuviper.mx\/tienda\/producto\/intellinet-712071-gabinetes-gabinete-mural-de-19-9u-ensamblado\/\" \/>\n<meta property=\"og:locale\" content=\"es_MX\" \/>\n<meta property=\"og:type\" content=\"article\" \/>\n<meta property=\"og:title\" content=\"[ Intellinet ] &#129351; 712071 Gabinetes\/\/\/gabinete Mural De 19, 9u, Ensamblado\" \/>\n<meta property=\"og:description\" content=\"Compra 712071 Gabinetes\/\/\/gabinete Mural De 19, 9u, Ensamblado + Env\u00edo a domicilio + Pago seguro + Garant\u00eda\" \/>\n<meta property=\"og:url\" content=\"https:\/\/compuviper.mx\/tienda\/producto\/intellinet-712071-gabinetes-gabinete-mural-de-19-9u-ensamblado\/\" \/>\n<meta property=\"og:site_name\" content=\"Compuviper\" \/>\n<meta property=\"article:publisher\" content=\"https:\/\/www.facebook.com\/compuviper\" \/>\n<meta property=\"og:image\" content=\"https:\/\/compuviper.mx\/tienda\/wp-content\/uploads\/2025\/11\/Gabinetesintellinet712071gabinete-mural-de-19-9u-ensamblado.jpg\" \/>\n\t<meta property=\"og:image:width\" content=\"200\" \/>\n\t<meta property=\"og:image:height\" content=\"200\" \/>\n\t<meta property=\"og:image:type\" content=\"image\/jpeg\" \/>\n<meta name=\"twitter:card\" content=\"summary_large_image\" \/>\n<meta name=\"twitter:label1\" content=\"Precio\" \/>\n\t<meta name=\"twitter:data1\" content=\"&#36;4,400 con IVA\" \/>\n\t<meta name=\"twitter:label2\" content=\"Availability\" \/>\n\t<meta name=\"twitter:data2\" content=\"On backorder\" \/>\n<script type=\"application\/ld+json\" class=\"yoast-schema-graph\">{\"@context\":\"https:\/\/schema.org\",\"@graph\":[{\"@type\":\"WebPage\",\"@id\":\"https:\/\/compuviper.mx\/tienda\/producto\/intellinet-712071-gabinetes-gabinete-mural-de-19-9u-ensamblado\/\",\"url\":\"https:\/\/compuviper.mx\/tienda\/producto\/intellinet-712071-gabinetes-gabinete-mural-de-19-9u-ensamblado\/\",\"name\":\"[ Intellinet ] &#129351; 712071 Gabinetes\/\/\/gabinete Mural De 19, 9u, Ensamblado\",\"isPartOf\":{\"@id\":\"https:\/\/compuviper.mx\/tienda\/#website\"},\"datePublished\":\"2026-04-16T06:11:01+00:00\",\"dateModified\":\"2026-04-16T06:11:01+00:00\",\"description\":\"Compra 712071 Gabinetes\/\/\/gabinete Mural De 19, 9u, Ensamblado + Env\u00edo a domicilio + Pago seguro + Garant\u00eda\",\"breadcrumb\":{\"@id\":\"https:\/\/compuviper.mx\/tienda\/producto\/intellinet-712071-gabinetes-gabinete-mural-de-19-9u-ensamblado\/#breadcrumb\"},\"inLanguage\":\"es-MX\",\"potentialAction\":[{\"@type\":\"ReadAction\",\"target\":[\"https:\/\/compuviper.mx\/tienda\/producto\/intellinet-712071-gabinetes-gabinete-mural-de-19-9u-ensamblado\/\"]}]},{\"@type\":\"BreadcrumbList\",\"@id\":\"https:\/\/compuviper.mx\/tienda\/producto\/intellinet-712071-gabinetes-gabinete-mural-de-19-9u-ensamblado\/#breadcrumb\",\"itemListElement\":[{\"@type\":\"ListItem\",\"position\":1,\"name\":\"Inicio\",\"item\":\"https:\/\/compuviper.mx\/tienda\/\"},{\"@type\":\"ListItem\",\"position\":2,\"name\":\"Productos\",\"item\":\"https:\/\/compuviper.mx\/tienda\/productos\/\"},{\"@type\":\"ListItem\",\"position\":3,\"name\":\"Gabinetes\",\"item\":\"https:\/\/compuviper.mx\/tienda\/categoria-producto\/gabinetes\/\"},{\"@type\":\"ListItem\",\"position\":4,\"name\":\"Sin Categor\u00eda\",\"item\":\"https:\/\/compuviper.mx\/tienda\/categoria-producto\/gabinetes\/sin-categoria-gabinetes\/\"},{\"@type\":\"ListItem\",\"position\":5,\"name\":\"Intellinet 712071 Gabinetes\/\/\/gabinete Mural De 19, 9u, Ensamblado\"}]},{\"@type\":\"WebSite\",\"@id\":\"https:\/\/compuviper.mx\/tienda\/#website\",\"url\":\"https:\/\/compuviper.mx\/tienda\/\",\"name\":\"Compuviper\",\"description\":\"Proveedor de Computadoras, Laptops, Servidores, Monitores, Puntos de Venta, Teclados,   Impresoras, T\u00f3ner, C\u00e1maras de Seguridad y m\u00e1s en tu tienda en l\u00ednea\",\"publisher\":{\"@id\":\"https:\/\/compuviper.mx\/tienda\/#organization\"},\"potentialAction\":[{\"@type\":\"SearchAction\",\"target\":{\"@type\":\"EntryPoint\",\"urlTemplate\":\"https:\/\/compuviper.mx\/tienda\/?s={search_term_string}\"},\"query-input\":\"required name=search_term_string\"}],\"inLanguage\":\"es-MX\"},{\"@type\":\"Organization\",\"@id\":\"https:\/\/compuviper.mx\/tienda\/#organization\",\"name\":\"Compuviper\",\"url\":\"https:\/\/compuviper.mx\/tienda\/\",\"logo\":{\"@type\":\"ImageObject\",\"inLanguage\":\"es-MX\",\"@id\":\"https:\/\/compuviper.mx\/tienda\/#\/schema\/logo\/image\/\",\"url\":\"https:\/\/compuviper.mx\/tienda\/wp-content\/uploads\/2021\/08\/Logo-Compuviper-10.png\",\"contentUrl\":\"https:\/\/compuviper.mx\/tienda\/wp-content\/uploads\/2021\/08\/Logo-Compuviper-10.png\",\"width\":1000,\"height\":500,\"caption\":\"Compuviper\"},\"image\":{\"@id\":\"https:\/\/compuviper.mx\/tienda\/#\/schema\/logo\/image\/\"},\"sameAs\":[\"https:\/\/www.facebook.com\/compuviper\",\"https:\/\/www.youtube.com\/channel\/UCf73dERp9Y3cfOq7q8BhLjA?view_as=subscriber\"]}]}<\/script>\n<meta property=\"product:brand\" content=\"INTELLINET\" \/>\n<meta property=\"product:price:amount\" content=\"4400\" \/>\n<meta property=\"product:price:currency\" content=\"MXN\" \/>\n<meta property=\"og:availability\" content=\"backorder\" \/>\n<meta property=\"product:availability\" content=\"available for order\" \/>\n<meta property=\"product:retailer_item_id\" content=\"712071\" \/>\n<meta property=\"product:condition\" content=\"new\" \/>\n<!-- \/ Yoast SEO plugin. -->","yoast_head_json":{"title":"[ Intellinet ] &#129351; 712071 Gabinetes\/\/\/gabinete Mural De 19, 9u, Ensamblado","description":"Compra 712071 Gabinetes\/\/\/gabinete Mural De 19, 9u, Ensamblado + Env\u00edo a domicilio + Pago seguro + Garant\u00eda","robots":{"index":"index","follow":"follow","max-snippet":"max-snippet:-1","max-image-preview":"max-image-preview:large","max-video-preview":"max-video-preview:-1"},"canonical":"https:\/\/compuviper.mx\/tienda\/producto\/intellinet-712071-gabinetes-gabinete-mural-de-19-9u-ensamblado\/","og_locale":"es_MX","og_type":"article","og_title":"[ Intellinet ] &#129351; 712071 Gabinetes\/\/\/gabinete Mural De 19, 9u, Ensamblado","og_description":"Compra 712071 Gabinetes\/\/\/gabinete Mural De 19, 9u, Ensamblado + Env\u00edo a domicilio + Pago seguro + Garant\u00eda","og_url":"https:\/\/compuviper.mx\/tienda\/producto\/intellinet-712071-gabinetes-gabinete-mural-de-19-9u-ensamblado\/","og_site_name":"Compuviper","article_publisher":"https:\/\/www.facebook.com\/compuviper","og_image":[{"width":200,"height":200,"url":"https:\/\/compuviper.mx\/tienda\/wp-content\/uploads\/2025\/11\/Gabinetesintellinet712071gabinete-mural-de-19-9u-ensamblado.jpg","type":"image\/jpeg"}],"twitter_card":"summary_large_image","twitter_misc":{"Precio":"&#36;4,400 con IVA","Availability":"On backorder"},"schema":{"@context":"https:\/\/schema.org","@graph":[{"@type":"WebPage","@id":"https:\/\/compuviper.mx\/tienda\/producto\/intellinet-712071-gabinetes-gabinete-mural-de-19-9u-ensamblado\/","url":"https:\/\/compuviper.mx\/tienda\/producto\/intellinet-712071-gabinetes-gabinete-mural-de-19-9u-ensamblado\/","name":"[ Intellinet ] &#129351; 712071 Gabinetes\/\/\/gabinete Mural De 19, 9u, Ensamblado","isPartOf":{"@id":"https:\/\/compuviper.mx\/tienda\/#website"},"datePublished":"2026-04-16T06:11:01+00:00","dateModified":"2026-04-16T06:11:01+00:00","description":"Compra 712071 Gabinetes\/\/\/gabinete Mural De 19, 9u, Ensamblado + Env\u00edo a domicilio + Pago seguro + Garant\u00eda","breadcrumb":{"@id":"https:\/\/compuviper.mx\/tienda\/producto\/intellinet-712071-gabinetes-gabinete-mural-de-19-9u-ensamblado\/#breadcrumb"},"inLanguage":"es-MX","potentialAction":[{"@type":"ReadAction","target":["https:\/\/compuviper.mx\/tienda\/producto\/intellinet-712071-gabinetes-gabinete-mural-de-19-9u-ensamblado\/"]}]},{"@type":"BreadcrumbList","@id":"https:\/\/compuviper.mx\/tienda\/producto\/intellinet-712071-gabinetes-gabinete-mural-de-19-9u-ensamblado\/#breadcrumb","itemListElement":[{"@type":"ListItem","position":1,"name":"Inicio","item":"https:\/\/compuviper.mx\/tienda\/"},{"@type":"ListItem","position":2,"name":"Productos","item":"https:\/\/compuviper.mx\/tienda\/productos\/"},{"@type":"ListItem","position":3,"name":"Gabinetes","item":"https:\/\/compuviper.mx\/tienda\/categoria-producto\/gabinetes\/"},{"@type":"ListItem","position":4,"name":"Sin Categor\u00eda","item":"https:\/\/compuviper.mx\/tienda\/categoria-producto\/gabinetes\/sin-categoria-gabinetes\/"},{"@type":"ListItem","position":5,"name":"Intellinet 712071 Gabinetes\/\/\/gabinete Mural De 19, 9u, Ensamblado"}]},{"@type":"WebSite","@id":"https:\/\/compuviper.mx\/tienda\/#website","url":"https:\/\/compuviper.mx\/tienda\/","name":"Compuviper","description":"Proveedor de Computadoras, Laptops, Servidores, Monitores, Puntos de Venta, Teclados,   Impresoras, T\u00f3ner, C\u00e1maras de Seguridad y m\u00e1s en tu tienda en l\u00ednea","publisher":{"@id":"https:\/\/compuviper.mx\/tienda\/#organization"},"potentialAction":[{"@type":"SearchAction","target":{"@type":"EntryPoint","urlTemplate":"https:\/\/compuviper.mx\/tienda\/?s={search_term_string}"},"query-input":"required name=search_term_string"}],"inLanguage":"es-MX"},{"@type":"Organization","@id":"https:\/\/compuviper.mx\/tienda\/#organization","name":"Compuviper","url":"https:\/\/compuviper.mx\/tienda\/","logo":{"@type":"ImageObject","inLanguage":"es-MX","@id":"https:\/\/compuviper.mx\/tienda\/#\/schema\/logo\/image\/","url":"https:\/\/compuviper.mx\/tienda\/wp-content\/uploads\/2021\/08\/Logo-Compuviper-10.png","contentUrl":"https:\/\/compuviper.mx\/tienda\/wp-content\/uploads\/2021\/08\/Logo-Compuviper-10.png","width":1000,"height":500,"caption":"Compuviper"},"image":{"@id":"https:\/\/compuviper.mx\/tienda\/#\/schema\/logo\/image\/"},"sameAs":["https:\/\/www.facebook.com\/compuviper","https:\/\/www.youtube.com\/channel\/UCf73dERp9Y3cfOq7q8BhLjA?view_as=subscriber"]}]},"product_brand":"INTELLINET","product_price_amount":"4400","product_price_currency":"MXN","og_availability":"backorder","product_availability":"available for order","product_retailer_item_id":"712071","product_condition":"new"},"_links":{"self":[{"href":"https:\/\/compuviper.mx\/tienda\/wp-json\/wp\/v2\/product\/262347"}],"collection":[{"href":"https:\/\/compuviper.mx\/tienda\/wp-json\/wp\/v2\/product"}],"about":[{"href":"https:\/\/compuviper.mx\/tienda\/wp-json\/wp\/v2\/types\/product"}],"replies":[{"embeddable":true,"href":"https:\/\/compuviper.mx\/tienda\/wp-json\/wp\/v2\/comments?post=262347"}],"wp:featuredmedia":[{"embeddable":true,"href":"https:\/\/compuviper.mx\/tienda\/wp-json\/wp\/v2\/media\/262348"}],"wp:attachment":[{"href":"https:\/\/compuviper.mx\/tienda\/wp-json\/wp\/v2\/media?parent=262347"}],"wp:term":[{"taxonomy":"product_cat","embeddable":true,"href":"https:\/\/compuviper.mx\/tienda\/wp-json\/wp\/v2\/product_cat?post=262347"},{"taxonomy":"product_tag","embeddable":true,"href":"https:\/\/compuviper.mx\/tienda\/wp-json\/wp\/v2\/product_tag?post=262347"}],"curies":[{"name":"wp","href":"https:\/\/api.w.org\/{rel}","templated":true}]}}