{"id":262345,"date":"2026-04-16T00:11:01","date_gmt":"2026-04-16T06:11:01","guid":{"rendered":"https:\/\/compuviper.mx\/tienda\/producto\/intellinet-713887-gabinetes-gabinete-mural-abatible-19-15u-flatpack\/"},"modified":"2026-04-16T00:11:01","modified_gmt":"2026-04-16T06:11:01","slug":"intellinet-713887-gabinetes-gabinete-mural-abatible-19-15u-flatpack","status":"publish","type":"product","link":"https:\/\/compuviper.mx\/tienda\/producto\/intellinet-713887-gabinetes-gabinete-mural-abatible-19-15u-flatpack\/","title":{"rendered":"Intellinet 713887 Gabinetes\/\/\/gabinete Mural Abatible 19, 15u, Flatpack"},"content":{"rendered":"<table class=\"descripcion\">\n<tr>\n<td>General:<\/td>\n<\/tr>\n<tr>\n<td>19<\/td>\n<\/tr>\n<tr>\n<td>Altura: 15u<\/td>\n<\/tr>\n<tr>\n<td>Color: negro ral7021<\/td>\n<\/tr>\n<tr>\n<td>Cumple con: ansi\/eia rs-310-d; iec60297-2; din41494, parte 1; din41494, parte 7<\/td>\n<\/tr>\n<tr>\n<td>Dimensiones<\/td>\n<\/tr>\n<tr>\n<td>725 (al) x 540 (an) x 600 (prof) mm<\/td>\n<\/tr>\n<tr>\n<td>28.54 (h) x 21.26 (w) x 23.62 (d) in<\/td>\n<\/tr>\n<tr>\n<td>Profundidad \u00fatil: de 279 mm (10.98 pulg.) a 359 mm (14.13 pulg.)<\/td>\n<\/tr>\n<tr>\n<td>Carga est\u00e1tica m\u00e1xima de 30 kg<\/td>\n<\/tr>\n<tr>\n<td>Contenido del paquete:<\/td>\n<\/tr>\n<tr>\n<td>2 postes de montaje<\/td>\n<\/tr>\n<tr>\n<td>P\u00e1neles superior, inferior, trasero y laterales<\/td>\n<\/tr>\n<tr>\n<td>Accesorios de instalaci\u00f3n: herramienta, 20 juegos m6 y 4 llaves<\/td>\n<\/tr>\n<\/table>\n","protected":false},"excerpt":{"rendered":"<p>Seguridad y flexibilidad de instalaci\u00f3n con los gabinetes murales intellinet. Los gabinetes murales (abatibles) de doble secci\u00f3n de intellinet network solutions te ofrecen una soluci\u00f3n flexible para tus instalaciones de red. Como se env\u00edan en presentaci\u00f3n flat-pack (sin ensamblar)*, ahorran espacio y dinero. Entre sus caracter\u00edsticas de alta calidad se incluyen una puerta de cristal templado de 4 mm y acero galvanizado laminado en fr\u00edo. La puerta posterior del gabinete facilita el intercambio de conexiones y componentes. *en algunos pa\u00edses existen versiones completamente ensambladas. Ideal para aplicaciones de 19 de montaje en rack. Carga est\u00e1tica m\u00e1xima de 30 kg. Profundidad \u00fatil: de 279 mm (10.98 pulg.) a 359 mm (14.13 pulg.. Entrada de cables a trav\u00e9s del p\u00e1nel posterior o superior. Puerta de cristal templado de 4 mm. Puerta trasera para un f\u00e1cil acceso a la parte posterior del gabinete. Puerta frontal reversible. Acero laminado, galvanizado. Se entrega desarmado. Tres a\u00f1os de garant\u00eda* (*consulta el tiempo de garant\u00eda en tu pa\u00eds o ciudad)<\/p>\n","protected":false},"featured_media":262346,"comment_status":"open","ping_status":"open","template":"","meta":[],"product_cat":[2167,1674],"product_tag":[1489],"acf":[],"yoast_head":"<!-- This site is optimized with the Yoast SEO plugin v21.7 - https:\/\/yoast.com\/wordpress\/plugins\/seo\/ -->\n<title>[ Intellinet ] &#129351; 713887 Gabinetes\/\/\/gabinete Mural Abatible 19, 15u, Flatpack<\/title>\n<meta name=\"description\" content=\"Compra 713887 Gabinetes\/\/\/gabinete Mural Abatible 19, 15u, Flatpack + Env\u00edo a domicilio + Pago seguro + Garant\u00eda\" \/>\n<meta name=\"robots\" content=\"index, follow, max-snippet:-1, max-image-preview:large, max-video-preview:-1\" \/>\n<link rel=\"canonical\" href=\"https:\/\/compuviper.mx\/tienda\/producto\/intellinet-713887-gabinetes-gabinete-mural-abatible-19-15u-flatpack\/\" \/>\n<meta property=\"og:locale\" content=\"es_MX\" \/>\n<meta property=\"og:type\" content=\"article\" \/>\n<meta property=\"og:title\" content=\"[ Intellinet ] &#129351; 713887 Gabinetes\/\/\/gabinete Mural Abatible 19, 15u, Flatpack\" \/>\n<meta property=\"og:description\" content=\"Compra 713887 Gabinetes\/\/\/gabinete Mural Abatible 19, 15u, Flatpack + Env\u00edo a domicilio + Pago seguro + Garant\u00eda\" \/>\n<meta property=\"og:url\" content=\"https:\/\/compuviper.mx\/tienda\/producto\/intellinet-713887-gabinetes-gabinete-mural-abatible-19-15u-flatpack\/\" \/>\n<meta property=\"og:site_name\" content=\"Compuviper\" \/>\n<meta property=\"article:publisher\" content=\"https:\/\/www.facebook.com\/compuviper\" \/>\n<meta property=\"og:image\" content=\"https:\/\/compuviper.mx\/tienda\/wp-content\/uploads\/2025\/11\/Gabinetesintellinet713887gabinete-mural-abatible-19-15u-flatpack.jpg\" \/>\n\t<meta property=\"og:image:width\" content=\"200\" \/>\n\t<meta property=\"og:image:height\" content=\"200\" \/>\n\t<meta property=\"og:image:type\" content=\"image\/jpeg\" \/>\n<meta name=\"twitter:card\" content=\"summary_large_image\" \/>\n<meta name=\"twitter:label1\" content=\"Precio\" \/>\n\t<meta name=\"twitter:data1\" content=\"&#36;6,119 con IVA\" \/>\n\t<meta name=\"twitter:label2\" content=\"Availability\" \/>\n\t<meta name=\"twitter:data2\" content=\"On backorder\" \/>\n<script type=\"application\/ld+json\" class=\"yoast-schema-graph\">{\"@context\":\"https:\/\/schema.org\",\"@graph\":[{\"@type\":\"WebPage\",\"@id\":\"https:\/\/compuviper.mx\/tienda\/producto\/intellinet-713887-gabinetes-gabinete-mural-abatible-19-15u-flatpack\/\",\"url\":\"https:\/\/compuviper.mx\/tienda\/producto\/intellinet-713887-gabinetes-gabinete-mural-abatible-19-15u-flatpack\/\",\"name\":\"[ Intellinet ] &#129351; 713887 Gabinetes\/\/\/gabinete Mural Abatible 19, 15u, Flatpack\",\"isPartOf\":{\"@id\":\"https:\/\/compuviper.mx\/tienda\/#website\"},\"datePublished\":\"2026-04-16T06:11:01+00:00\",\"dateModified\":\"2026-04-16T06:11:01+00:00\",\"description\":\"Compra 713887 Gabinetes\/\/\/gabinete Mural Abatible 19, 15u, Flatpack + Env\u00edo a domicilio + Pago seguro + Garant\u00eda\",\"breadcrumb\":{\"@id\":\"https:\/\/compuviper.mx\/tienda\/producto\/intellinet-713887-gabinetes-gabinete-mural-abatible-19-15u-flatpack\/#breadcrumb\"},\"inLanguage\":\"es-MX\",\"potentialAction\":[{\"@type\":\"ReadAction\",\"target\":[\"https:\/\/compuviper.mx\/tienda\/producto\/intellinet-713887-gabinetes-gabinete-mural-abatible-19-15u-flatpack\/\"]}]},{\"@type\":\"BreadcrumbList\",\"@id\":\"https:\/\/compuviper.mx\/tienda\/producto\/intellinet-713887-gabinetes-gabinete-mural-abatible-19-15u-flatpack\/#breadcrumb\",\"itemListElement\":[{\"@type\":\"ListItem\",\"position\":1,\"name\":\"Inicio\",\"item\":\"https:\/\/compuviper.mx\/tienda\/\"},{\"@type\":\"ListItem\",\"position\":2,\"name\":\"Productos\",\"item\":\"https:\/\/compuviper.mx\/tienda\/productos\/\"},{\"@type\":\"ListItem\",\"position\":3,\"name\":\"Gabinetes\",\"item\":\"https:\/\/compuviper.mx\/tienda\/categoria-producto\/gabinetes\/\"},{\"@type\":\"ListItem\",\"position\":4,\"name\":\"Sin Categor\u00eda\",\"item\":\"https:\/\/compuviper.mx\/tienda\/categoria-producto\/gabinetes\/sin-categoria-gabinetes\/\"},{\"@type\":\"ListItem\",\"position\":5,\"name\":\"Intellinet 713887 Gabinetes\/\/\/gabinete Mural Abatible 19, 15u, Flatpack\"}]},{\"@type\":\"WebSite\",\"@id\":\"https:\/\/compuviper.mx\/tienda\/#website\",\"url\":\"https:\/\/compuviper.mx\/tienda\/\",\"name\":\"Compuviper\",\"description\":\"Proveedor de Computadoras, Laptops, Servidores, Monitores, Puntos de Venta, Teclados,   Impresoras, T\u00f3ner, C\u00e1maras de Seguridad y m\u00e1s en tu tienda en l\u00ednea\",\"publisher\":{\"@id\":\"https:\/\/compuviper.mx\/tienda\/#organization\"},\"potentialAction\":[{\"@type\":\"SearchAction\",\"target\":{\"@type\":\"EntryPoint\",\"urlTemplate\":\"https:\/\/compuviper.mx\/tienda\/?s={search_term_string}\"},\"query-input\":\"required name=search_term_string\"}],\"inLanguage\":\"es-MX\"},{\"@type\":\"Organization\",\"@id\":\"https:\/\/compuviper.mx\/tienda\/#organization\",\"name\":\"Compuviper\",\"url\":\"https:\/\/compuviper.mx\/tienda\/\",\"logo\":{\"@type\":\"ImageObject\",\"inLanguage\":\"es-MX\",\"@id\":\"https:\/\/compuviper.mx\/tienda\/#\/schema\/logo\/image\/\",\"url\":\"https:\/\/compuviper.mx\/tienda\/wp-content\/uploads\/2021\/08\/Logo-Compuviper-10.png\",\"contentUrl\":\"https:\/\/compuviper.mx\/tienda\/wp-content\/uploads\/2021\/08\/Logo-Compuviper-10.png\",\"width\":1000,\"height\":500,\"caption\":\"Compuviper\"},\"image\":{\"@id\":\"https:\/\/compuviper.mx\/tienda\/#\/schema\/logo\/image\/\"},\"sameAs\":[\"https:\/\/www.facebook.com\/compuviper\",\"https:\/\/www.youtube.com\/channel\/UCf73dERp9Y3cfOq7q8BhLjA?view_as=subscriber\"]}]}<\/script>\n<meta property=\"product:brand\" content=\"INTELLINET\" \/>\n<meta property=\"product:price:amount\" content=\"6119\" \/>\n<meta property=\"product:price:currency\" content=\"MXN\" \/>\n<meta property=\"og:availability\" content=\"backorder\" \/>\n<meta property=\"product:availability\" content=\"available for order\" \/>\n<meta property=\"product:retailer_item_id\" content=\"713887\" \/>\n<meta property=\"product:condition\" content=\"new\" \/>\n<!-- \/ Yoast SEO plugin. -->","yoast_head_json":{"title":"[ Intellinet ] &#129351; 713887 Gabinetes\/\/\/gabinete Mural Abatible 19, 15u, Flatpack","description":"Compra 713887 Gabinetes\/\/\/gabinete Mural Abatible 19, 15u, Flatpack + Env\u00edo a domicilio + Pago seguro + Garant\u00eda","robots":{"index":"index","follow":"follow","max-snippet":"max-snippet:-1","max-image-preview":"max-image-preview:large","max-video-preview":"max-video-preview:-1"},"canonical":"https:\/\/compuviper.mx\/tienda\/producto\/intellinet-713887-gabinetes-gabinete-mural-abatible-19-15u-flatpack\/","og_locale":"es_MX","og_type":"article","og_title":"[ Intellinet ] &#129351; 713887 Gabinetes\/\/\/gabinete Mural Abatible 19, 15u, Flatpack","og_description":"Compra 713887 Gabinetes\/\/\/gabinete Mural Abatible 19, 15u, Flatpack + Env\u00edo a domicilio + Pago seguro + Garant\u00eda","og_url":"https:\/\/compuviper.mx\/tienda\/producto\/intellinet-713887-gabinetes-gabinete-mural-abatible-19-15u-flatpack\/","og_site_name":"Compuviper","article_publisher":"https:\/\/www.facebook.com\/compuviper","og_image":[{"width":200,"height":200,"url":"https:\/\/compuviper.mx\/tienda\/wp-content\/uploads\/2025\/11\/Gabinetesintellinet713887gabinete-mural-abatible-19-15u-flatpack.jpg","type":"image\/jpeg"}],"twitter_card":"summary_large_image","twitter_misc":{"Precio":"&#36;6,119 con IVA","Availability":"On backorder"},"schema":{"@context":"https:\/\/schema.org","@graph":[{"@type":"WebPage","@id":"https:\/\/compuviper.mx\/tienda\/producto\/intellinet-713887-gabinetes-gabinete-mural-abatible-19-15u-flatpack\/","url":"https:\/\/compuviper.mx\/tienda\/producto\/intellinet-713887-gabinetes-gabinete-mural-abatible-19-15u-flatpack\/","name":"[ Intellinet ] &#129351; 713887 Gabinetes\/\/\/gabinete Mural Abatible 19, 15u, Flatpack","isPartOf":{"@id":"https:\/\/compuviper.mx\/tienda\/#website"},"datePublished":"2026-04-16T06:11:01+00:00","dateModified":"2026-04-16T06:11:01+00:00","description":"Compra 713887 Gabinetes\/\/\/gabinete Mural Abatible 19, 15u, Flatpack + Env\u00edo a domicilio + Pago seguro + Garant\u00eda","breadcrumb":{"@id":"https:\/\/compuviper.mx\/tienda\/producto\/intellinet-713887-gabinetes-gabinete-mural-abatible-19-15u-flatpack\/#breadcrumb"},"inLanguage":"es-MX","potentialAction":[{"@type":"ReadAction","target":["https:\/\/compuviper.mx\/tienda\/producto\/intellinet-713887-gabinetes-gabinete-mural-abatible-19-15u-flatpack\/"]}]},{"@type":"BreadcrumbList","@id":"https:\/\/compuviper.mx\/tienda\/producto\/intellinet-713887-gabinetes-gabinete-mural-abatible-19-15u-flatpack\/#breadcrumb","itemListElement":[{"@type":"ListItem","position":1,"name":"Inicio","item":"https:\/\/compuviper.mx\/tienda\/"},{"@type":"ListItem","position":2,"name":"Productos","item":"https:\/\/compuviper.mx\/tienda\/productos\/"},{"@type":"ListItem","position":3,"name":"Gabinetes","item":"https:\/\/compuviper.mx\/tienda\/categoria-producto\/gabinetes\/"},{"@type":"ListItem","position":4,"name":"Sin Categor\u00eda","item":"https:\/\/compuviper.mx\/tienda\/categoria-producto\/gabinetes\/sin-categoria-gabinetes\/"},{"@type":"ListItem","position":5,"name":"Intellinet 713887 Gabinetes\/\/\/gabinete Mural Abatible 19, 15u, Flatpack"}]},{"@type":"WebSite","@id":"https:\/\/compuviper.mx\/tienda\/#website","url":"https:\/\/compuviper.mx\/tienda\/","name":"Compuviper","description":"Proveedor de Computadoras, Laptops, Servidores, Monitores, Puntos de Venta, Teclados,   Impresoras, T\u00f3ner, C\u00e1maras de Seguridad y m\u00e1s en tu tienda en l\u00ednea","publisher":{"@id":"https:\/\/compuviper.mx\/tienda\/#organization"},"potentialAction":[{"@type":"SearchAction","target":{"@type":"EntryPoint","urlTemplate":"https:\/\/compuviper.mx\/tienda\/?s={search_term_string}"},"query-input":"required name=search_term_string"}],"inLanguage":"es-MX"},{"@type":"Organization","@id":"https:\/\/compuviper.mx\/tienda\/#organization","name":"Compuviper","url":"https:\/\/compuviper.mx\/tienda\/","logo":{"@type":"ImageObject","inLanguage":"es-MX","@id":"https:\/\/compuviper.mx\/tienda\/#\/schema\/logo\/image\/","url":"https:\/\/compuviper.mx\/tienda\/wp-content\/uploads\/2021\/08\/Logo-Compuviper-10.png","contentUrl":"https:\/\/compuviper.mx\/tienda\/wp-content\/uploads\/2021\/08\/Logo-Compuviper-10.png","width":1000,"height":500,"caption":"Compuviper"},"image":{"@id":"https:\/\/compuviper.mx\/tienda\/#\/schema\/logo\/image\/"},"sameAs":["https:\/\/www.facebook.com\/compuviper","https:\/\/www.youtube.com\/channel\/UCf73dERp9Y3cfOq7q8BhLjA?view_as=subscriber"]}]},"product_brand":"INTELLINET","product_price_amount":"6119","product_price_currency":"MXN","og_availability":"backorder","product_availability":"available for order","product_retailer_item_id":"713887","product_condition":"new"},"_links":{"self":[{"href":"https:\/\/compuviper.mx\/tienda\/wp-json\/wp\/v2\/product\/262345"}],"collection":[{"href":"https:\/\/compuviper.mx\/tienda\/wp-json\/wp\/v2\/product"}],"about":[{"href":"https:\/\/compuviper.mx\/tienda\/wp-json\/wp\/v2\/types\/product"}],"replies":[{"embeddable":true,"href":"https:\/\/compuviper.mx\/tienda\/wp-json\/wp\/v2\/comments?post=262345"}],"wp:featuredmedia":[{"embeddable":true,"href":"https:\/\/compuviper.mx\/tienda\/wp-json\/wp\/v2\/media\/262346"}],"wp:attachment":[{"href":"https:\/\/compuviper.mx\/tienda\/wp-json\/wp\/v2\/media?parent=262345"}],"wp:term":[{"taxonomy":"product_cat","embeddable":true,"href":"https:\/\/compuviper.mx\/tienda\/wp-json\/wp\/v2\/product_cat?post=262345"},{"taxonomy":"product_tag","embeddable":true,"href":"https:\/\/compuviper.mx\/tienda\/wp-json\/wp\/v2\/product_tag?post=262345"}],"curies":[{"name":"wp","href":"https:\/\/api.w.org\/{rel}","templated":true}]}}