{"id":262253,"date":"2026-04-06T23:18:16","date_gmt":"2026-04-07T05:18:16","guid":{"rendered":"https:\/\/compuviper.mx\/tienda\/producto\/huawei-55037261n-ds-pluma-optica-m-pencil-3rd-gen\/"},"modified":"2026-04-06T23:18:16","modified_gmt":"2026-04-07T05:18:16","slug":"huawei-55037261n-ds-pluma-optica-m-pencil-3rd-gen","status":"publish","type":"product","link":"https:\/\/compuviper.mx\/tienda\/producto\/huawei-55037261n-ds-pluma-optica-m-pencil-3rd-gen\/","title":{"rendered":"Huawei 55037261n-ds Pluma  Optica  M-pencil 3rd Gen"},"content":{"rendered":"<table class=\"descripcion\">\n<tr>\n<td>Latencia ultrabaja con nearlink<\/td>\n<\/tr>\n<tr>\n<td>La respuesta t\u00e1ctil del l\u00e1piz es incre\u00edble, gracias a nearlink, la nueva tecnolog\u00eda de comunicaci\u00f3n inal\u00e1mbrica de corto alcance de huawei,3 la cual potencia la se\u00f1al, reduce la latencia,4 y mantiene a raya las interferencias.<\/td>\n<\/tr>\n<tr>\n<td>M\u00e1s de 10,000 niveles de detecci\u00f3n de presi\u00f3n<\/td>\n<\/tr>\n<tr>\n<td>Crea todo lo que imaginas con el l\u00e1piz, gracias a sus m\u00e1s de 10,000 niveles de detecci\u00f3n de presi\u00f3n sin precedentes.5 la frecuencia de muestreo de alta presi\u00f3n le permite percibir el m\u00e1s m\u00ednimo cambio de fuerza, y crear l\u00edneas de grosor variables.<\/td>\n<\/tr>\n<tr>\n<td>Pon tus comentarios al<\/td>\n<\/tr>\n<tr>\n<td>Frente y en el centro<\/td>\n<\/tr>\n<tr>\n<td>Comparte la pantalla de tu tablet y convierte tu m-pencil en un puntero l\u00e1ser o un bol\u00edgrafo con la funci\u00f3n mostrar comentarios, para resaltar puntos clave y hacer anotaciones que se muestren en tiempo real.6<\/td>\n<\/tr>\n<tr>\n<td>Captura<\/td>\n<\/tr>\n<tr>\n<td>Colores llamativos<\/td>\n<\/tr>\n<tr>\n<td>Captura de color7 no s\u00f3lo te permite capturar y aplicar colores entre aplicaciones, tambi\u00e9n extiende esta capacidad sin problemas a un smartphone.8 un toque es todo lo que necesitas para transferir un color llamativo a una nueva pantalla.<\/td>\n<\/tr>\n<tr>\n<td>Extrae para conseguir exactamente lo que necesitas<\/td>\n<\/tr>\n<tr>\n<td>La funci\u00f3n tomar fragmentos del l\u00e1piz \u00f3ptico te permite transferir contenido de imagen y texto con poco esfuerzo. s\u00f3lo tienes que dibujar un c\u00edrculo para capturar una imagen, o mantener pulsada la imagen para extraer el texto.9<\/td>\n<\/tr>\n<tr>\n<td>Borra a tu antojo<\/td>\n<\/tr>\n<tr>\n<td>Huawei m-pencil no es s\u00f3lo una herramienta de escritura digital, tambi\u00e9n responde al tacto. cambia entre el pincel y el borrador con s\u00f3lo tocar dos veces el cuerpo del m-pencil.10<\/td>\n<\/tr>\n<tr>\n<td>Carga f\u00e1cil<\/td>\n<\/tr>\n<tr>\n<td>Huawei m-pencil (3\u00aa generaci\u00f3n) se acopla firmemente a la parte superior de tu tablet mediante conexi\u00f3n magn\u00e9tica, y se puede emparejar y cargar de forma inal\u00e1mbrica.11<\/td>\n<\/tr>\n<\/table>\n","protected":false},"excerpt":{"rendered":"<p>El huawei m-pencil 3rd gen se comercializa como un l\u00e1piz digital de alta precisi\u00f3n, dise\u00f1ado para la escritura y el dibujo, que ofrece una latencia ultrabaja gracias a la tecnolog\u00eda nearlink. Cuenta con m\u00e1s de 10,000 niveles de detecci\u00f3n de presi\u00f3n, un dise\u00f1o ergon\u00f3mico que lo hace c\u00f3modo de usar, carga magn\u00e9tica inal\u00e1mbrica y la capacidad de emparejarse con tablets compatibles. Caracter\u00edsticas clave. Tecnolog\u00eda nearlink: proporciona una conexi\u00f3n m\u00e1s r\u00e1pida y estable, reduciendo la latencia y las interferencias. Detecci\u00f3n de presi\u00f3n: con m\u00e1s de 10,000 niveles de presi\u00f3n, permite crear trazos de grosor variable para un resultado m\u00e1s detallado. Dise\u00f1o ergon\u00f3mico: su forma hexagonal redondeada y su acabado suave lo hacen c\u00f3modo de sostener durante largas sesiones de uso. Carga y emparejamiento magn\u00e9tico: se acopla f\u00e1cilmente a la parte superior de las tablets compatibles y se carga de forma inal\u00e1mbrica. Funciones de productividad: incluye funciones como mostrar comentarios para compartir la pantalla, apuntar y anotar, y la capacidad de capturar colores. Punta intercambiable: viene con puntas que se pueden reemplazar para mantener el rendimiento. Compatibilidad: funciona con tablets huawei compatibles y requiere harmonyos 4 o superior para algunas funciones.<\/p>\n","protected":false},"featured_media":0,"comment_status":"open","ping_status":"open","template":"","meta":[],"product_cat":[1485,1877],"product_tag":[1673],"acf":[],"yoast_head":"<!-- This site is optimized with the Yoast SEO plugin v21.7 - https:\/\/yoast.com\/wordpress\/plugins\/seo\/ -->\n<title>[ Huawei ] &#129351; 55037261n-ds Pluma Optica M-pencil 3rd Gen<\/title>\n<meta name=\"description\" content=\"Compra 55037261n-ds Pluma Optica M-pencil 3rd Gen + Env\u00edo a domicilio + Pago seguro + Garant\u00eda\" \/>\n<meta name=\"robots\" content=\"index, follow, max-snippet:-1, max-image-preview:large, max-video-preview:-1\" \/>\n<link rel=\"canonical\" href=\"https:\/\/compuviper.mx\/tienda\/producto\/huawei-55037261n-ds-pluma-optica-m-pencil-3rd-gen\/\" \/>\n<meta property=\"og:locale\" content=\"es_MX\" \/>\n<meta property=\"og:type\" content=\"article\" \/>\n<meta property=\"og:title\" content=\"[ Huawei ] &#129351; 55037261n-ds Pluma Optica M-pencil 3rd Gen\" \/>\n<meta property=\"og:description\" content=\"Compra 55037261n-ds Pluma Optica M-pencil 3rd Gen + Env\u00edo a domicilio + Pago seguro + Garant\u00eda\" \/>\n<meta property=\"og:url\" content=\"https:\/\/compuviper.mx\/tienda\/producto\/huawei-55037261n-ds-pluma-optica-m-pencil-3rd-gen\/\" \/>\n<meta property=\"og:site_name\" content=\"Compuviper\" \/>\n<meta property=\"article:publisher\" content=\"https:\/\/www.facebook.com\/compuviper\" \/>\n<meta name=\"twitter:card\" content=\"summary_large_image\" \/>\n<meta name=\"twitter:label1\" content=\"Precio\" \/>\n\t<meta name=\"twitter:data1\" content=\"&#36;1,158 con IVA\" \/>\n\t<meta name=\"twitter:label2\" content=\"Availability\" \/>\n\t<meta name=\"twitter:data2\" content=\"Out of stock\" \/>\n<script type=\"application\/ld+json\" class=\"yoast-schema-graph\">{\"@context\":\"https:\/\/schema.org\",\"@graph\":[{\"@type\":\"WebPage\",\"@id\":\"https:\/\/compuviper.mx\/tienda\/producto\/huawei-55037261n-ds-pluma-optica-m-pencil-3rd-gen\/\",\"url\":\"https:\/\/compuviper.mx\/tienda\/producto\/huawei-55037261n-ds-pluma-optica-m-pencil-3rd-gen\/\",\"name\":\"[ Huawei ] &#129351; 55037261n-ds Pluma Optica M-pencil 3rd Gen\",\"isPartOf\":{\"@id\":\"https:\/\/compuviper.mx\/tienda\/#website\"},\"datePublished\":\"2026-04-07T05:18:16+00:00\",\"dateModified\":\"2026-04-07T05:18:16+00:00\",\"description\":\"Compra 55037261n-ds Pluma Optica M-pencil 3rd Gen + Env\u00edo a domicilio + Pago seguro + Garant\u00eda\",\"breadcrumb\":{\"@id\":\"https:\/\/compuviper.mx\/tienda\/producto\/huawei-55037261n-ds-pluma-optica-m-pencil-3rd-gen\/#breadcrumb\"},\"inLanguage\":\"es-MX\",\"potentialAction\":[{\"@type\":\"ReadAction\",\"target\":[\"https:\/\/compuviper.mx\/tienda\/producto\/huawei-55037261n-ds-pluma-optica-m-pencil-3rd-gen\/\"]}]},{\"@type\":\"BreadcrumbList\",\"@id\":\"https:\/\/compuviper.mx\/tienda\/producto\/huawei-55037261n-ds-pluma-optica-m-pencil-3rd-gen\/#breadcrumb\",\"itemListElement\":[{\"@type\":\"ListItem\",\"position\":1,\"name\":\"Inicio\",\"item\":\"https:\/\/compuviper.mx\/tienda\/\"},{\"@type\":\"ListItem\",\"position\":2,\"name\":\"Productos\",\"item\":\"https:\/\/compuviper.mx\/tienda\/productos\/\"},{\"@type\":\"ListItem\",\"position\":3,\"name\":\"Accesorios\",\"item\":\"https:\/\/compuviper.mx\/tienda\/categoria-producto\/accesorios\/\"},{\"@type\":\"ListItem\",\"position\":4,\"name\":\"Pluma Interactiva\",\"item\":\"https:\/\/compuviper.mx\/tienda\/categoria-producto\/accesorios\/pluma-interactiva\/\"},{\"@type\":\"ListItem\",\"position\":5,\"name\":\"Huawei 55037261n-ds Pluma Optica M-pencil 3rd Gen\"}]},{\"@type\":\"WebSite\",\"@id\":\"https:\/\/compuviper.mx\/tienda\/#website\",\"url\":\"https:\/\/compuviper.mx\/tienda\/\",\"name\":\"Compuviper\",\"description\":\"Proveedor de Computadoras, Laptops, Servidores, Monitores, Puntos de Venta, Teclados,   Impresoras, T\u00f3ner, C\u00e1maras de Seguridad y m\u00e1s en tu tienda en l\u00ednea\",\"publisher\":{\"@id\":\"https:\/\/compuviper.mx\/tienda\/#organization\"},\"potentialAction\":[{\"@type\":\"SearchAction\",\"target\":{\"@type\":\"EntryPoint\",\"urlTemplate\":\"https:\/\/compuviper.mx\/tienda\/?s={search_term_string}\"},\"query-input\":\"required name=search_term_string\"}],\"inLanguage\":\"es-MX\"},{\"@type\":\"Organization\",\"@id\":\"https:\/\/compuviper.mx\/tienda\/#organization\",\"name\":\"Compuviper\",\"url\":\"https:\/\/compuviper.mx\/tienda\/\",\"logo\":{\"@type\":\"ImageObject\",\"inLanguage\":\"es-MX\",\"@id\":\"https:\/\/compuviper.mx\/tienda\/#\/schema\/logo\/image\/\",\"url\":\"https:\/\/compuviper.mx\/tienda\/wp-content\/uploads\/2021\/08\/Logo-Compuviper-10.png\",\"contentUrl\":\"https:\/\/compuviper.mx\/tienda\/wp-content\/uploads\/2021\/08\/Logo-Compuviper-10.png\",\"width\":1000,\"height\":500,\"caption\":\"Compuviper\"},\"image\":{\"@id\":\"https:\/\/compuviper.mx\/tienda\/#\/schema\/logo\/image\/\"},\"sameAs\":[\"https:\/\/www.facebook.com\/compuviper\",\"https:\/\/www.youtube.com\/channel\/UCf73dERp9Y3cfOq7q8BhLjA?view_as=subscriber\"]}]}<\/script>\n<meta property=\"product:brand\" content=\"HUAWEI\" \/>\n<meta property=\"product:price:amount\" content=\"1158\" \/>\n<meta property=\"product:price:currency\" content=\"MXN\" \/>\n<meta property=\"og:availability\" content=\"out of stock\" \/>\n<meta property=\"product:availability\" content=\"out of stock\" \/>\n<meta property=\"product:retailer_item_id\" content=\"55037261N-DS\" \/>\n<meta property=\"product:condition\" content=\"new\" \/>\n<!-- \/ Yoast SEO plugin. -->","yoast_head_json":{"title":"[ Huawei ] &#129351; 55037261n-ds Pluma Optica M-pencil 3rd Gen","description":"Compra 55037261n-ds Pluma Optica M-pencil 3rd Gen + Env\u00edo a domicilio + Pago seguro + Garant\u00eda","robots":{"index":"index","follow":"follow","max-snippet":"max-snippet:-1","max-image-preview":"max-image-preview:large","max-video-preview":"max-video-preview:-1"},"canonical":"https:\/\/compuviper.mx\/tienda\/producto\/huawei-55037261n-ds-pluma-optica-m-pencil-3rd-gen\/","og_locale":"es_MX","og_type":"article","og_title":"[ Huawei ] &#129351; 55037261n-ds Pluma Optica M-pencil 3rd Gen","og_description":"Compra 55037261n-ds Pluma Optica M-pencil 3rd Gen + Env\u00edo a domicilio + Pago seguro + Garant\u00eda","og_url":"https:\/\/compuviper.mx\/tienda\/producto\/huawei-55037261n-ds-pluma-optica-m-pencil-3rd-gen\/","og_site_name":"Compuviper","article_publisher":"https:\/\/www.facebook.com\/compuviper","twitter_card":"summary_large_image","twitter_misc":{"Precio":"&#36;1,158 con IVA","Availability":"Out of stock"},"schema":{"@context":"https:\/\/schema.org","@graph":[{"@type":"WebPage","@id":"https:\/\/compuviper.mx\/tienda\/producto\/huawei-55037261n-ds-pluma-optica-m-pencil-3rd-gen\/","url":"https:\/\/compuviper.mx\/tienda\/producto\/huawei-55037261n-ds-pluma-optica-m-pencil-3rd-gen\/","name":"[ Huawei ] &#129351; 55037261n-ds Pluma Optica M-pencil 3rd Gen","isPartOf":{"@id":"https:\/\/compuviper.mx\/tienda\/#website"},"datePublished":"2026-04-07T05:18:16+00:00","dateModified":"2026-04-07T05:18:16+00:00","description":"Compra 55037261n-ds Pluma Optica M-pencil 3rd Gen + Env\u00edo a domicilio + Pago seguro + Garant\u00eda","breadcrumb":{"@id":"https:\/\/compuviper.mx\/tienda\/producto\/huawei-55037261n-ds-pluma-optica-m-pencil-3rd-gen\/#breadcrumb"},"inLanguage":"es-MX","potentialAction":[{"@type":"ReadAction","target":["https:\/\/compuviper.mx\/tienda\/producto\/huawei-55037261n-ds-pluma-optica-m-pencil-3rd-gen\/"]}]},{"@type":"BreadcrumbList","@id":"https:\/\/compuviper.mx\/tienda\/producto\/huawei-55037261n-ds-pluma-optica-m-pencil-3rd-gen\/#breadcrumb","itemListElement":[{"@type":"ListItem","position":1,"name":"Inicio","item":"https:\/\/compuviper.mx\/tienda\/"},{"@type":"ListItem","position":2,"name":"Productos","item":"https:\/\/compuviper.mx\/tienda\/productos\/"},{"@type":"ListItem","position":3,"name":"Accesorios","item":"https:\/\/compuviper.mx\/tienda\/categoria-producto\/accesorios\/"},{"@type":"ListItem","position":4,"name":"Pluma Interactiva","item":"https:\/\/compuviper.mx\/tienda\/categoria-producto\/accesorios\/pluma-interactiva\/"},{"@type":"ListItem","position":5,"name":"Huawei 55037261n-ds Pluma Optica M-pencil 3rd Gen"}]},{"@type":"WebSite","@id":"https:\/\/compuviper.mx\/tienda\/#website","url":"https:\/\/compuviper.mx\/tienda\/","name":"Compuviper","description":"Proveedor de Computadoras, Laptops, Servidores, Monitores, Puntos de Venta, Teclados,   Impresoras, T\u00f3ner, C\u00e1maras de Seguridad y m\u00e1s en tu tienda en l\u00ednea","publisher":{"@id":"https:\/\/compuviper.mx\/tienda\/#organization"},"potentialAction":[{"@type":"SearchAction","target":{"@type":"EntryPoint","urlTemplate":"https:\/\/compuviper.mx\/tienda\/?s={search_term_string}"},"query-input":"required name=search_term_string"}],"inLanguage":"es-MX"},{"@type":"Organization","@id":"https:\/\/compuviper.mx\/tienda\/#organization","name":"Compuviper","url":"https:\/\/compuviper.mx\/tienda\/","logo":{"@type":"ImageObject","inLanguage":"es-MX","@id":"https:\/\/compuviper.mx\/tienda\/#\/schema\/logo\/image\/","url":"https:\/\/compuviper.mx\/tienda\/wp-content\/uploads\/2021\/08\/Logo-Compuviper-10.png","contentUrl":"https:\/\/compuviper.mx\/tienda\/wp-content\/uploads\/2021\/08\/Logo-Compuviper-10.png","width":1000,"height":500,"caption":"Compuviper"},"image":{"@id":"https:\/\/compuviper.mx\/tienda\/#\/schema\/logo\/image\/"},"sameAs":["https:\/\/www.facebook.com\/compuviper","https:\/\/www.youtube.com\/channel\/UCf73dERp9Y3cfOq7q8BhLjA?view_as=subscriber"]}]},"product_brand":"HUAWEI","product_price_amount":"1158","product_price_currency":"MXN","og_availability":"out of stock","product_availability":"out of stock","product_retailer_item_id":"55037261N-DS","product_condition":"new"},"_links":{"self":[{"href":"https:\/\/compuviper.mx\/tienda\/wp-json\/wp\/v2\/product\/262253"}],"collection":[{"href":"https:\/\/compuviper.mx\/tienda\/wp-json\/wp\/v2\/product"}],"about":[{"href":"https:\/\/compuviper.mx\/tienda\/wp-json\/wp\/v2\/types\/product"}],"replies":[{"embeddable":true,"href":"https:\/\/compuviper.mx\/tienda\/wp-json\/wp\/v2\/comments?post=262253"}],"wp:attachment":[{"href":"https:\/\/compuviper.mx\/tienda\/wp-json\/wp\/v2\/media?parent=262253"}],"wp:term":[{"taxonomy":"product_cat","embeddable":true,"href":"https:\/\/compuviper.mx\/tienda\/wp-json\/wp\/v2\/product_cat?post=262253"},{"taxonomy":"product_tag","embeddable":true,"href":"https:\/\/compuviper.mx\/tienda\/wp-json\/wp\/v2\/product_tag?post=262253"}],"curies":[{"name":"wp","href":"https:\/\/api.w.org\/{rel}","templated":true}]}}