{"id":261838,"date":"2026-04-10T00:47:40","date_gmt":"2026-04-10T06:47:40","guid":{"rendered":"https:\/\/compuviper.mx\/tienda\/producto\/samsung-ls27fm500elxzx-monitor-led-27-pulgadas-fhd-1920-x-1080-plano-smart-monitor-m5-va-60-hz-hdmi-negro\/"},"modified":"2026-04-10T00:47:41","modified_gmt":"2026-04-10T06:47:41","slug":"samsung-ls27fm500elxzx-monitor-led-27-pulgadas-smart-monitor-m5-fhd-1920-x-1080-va-plano-hdmi-bt-wifi-60-hz-negro","status":"publish","type":"product","link":"https:\/\/compuviper.mx\/tienda\/producto\/samsung-ls27fm500elxzx-monitor-led-27-pulgadas-smart-monitor-m5-fhd-1920-x-1080-va-plano-hdmi-bt-wifi-60-hz-negro\/","title":{"rendered":"Samsung Ls27fm500elxzx Monitor Led  27 Pulgadas \/smart Monitor M5\/ Fhd (1920 X 1080)\/ Va\/ Plano\/ Hdmi \/bt\/ Wifi\/ 60 Hz\/ Negro"},"content":{"rendered":"<table class=\"descripcion\">\n<tr>\n<td>Tama\u00f1o de pantalla (clase): 27<\/td>\n<\/tr>\n<tr>\n<td>Plana \/ curva: plana<\/td>\n<\/tr>\n<tr>\n<td>Tama\u00f1o de pantalla activa (hxv) (mm) 597,888 x 336,312 mm<\/td>\n<\/tr>\n<tr>\n<td>Relaci\u00f3n de aspecto 16:9<\/td>\n<\/tr>\n<tr>\n<td>Tipo de panel ips<\/td>\n<\/tr>\n<tr>\n<td>Brillo (t\u00edpico) 250 cd\/ and #13217;<\/td>\n<\/tr>\n<tr>\n<td>Brillo (m\u00edn.) 200 cd\/ and #13217;<\/td>\n<\/tr>\n<tr>\n<td>Relaci\u00f3n de contraste (est\u00e1tico) 1000:1 (t\u00edpico)<\/td>\n<\/tr>\n<tr>\n<td>Hdr (alto rango din\u00e1mico) hdr10<\/td>\n<\/tr>\n<tr>\n<td>Resoluci\u00f3n fhd (1920 x 1080)<\/td>\n<\/tr>\n<tr>\n<td>Tiempo de respuesta (ms) 5 ms (gtg)<\/td>\n<\/tr>\n<tr>\n<td>\u00e1ngulo de visi\u00f3n (h\/v) 178\/178<\/td>\n<\/tr>\n<tr>\n<td>Compatibilidad de color m\u00e1xima: 16,7 m<\/td>\n<\/tr>\n<tr>\n<td>Gama de colores (ntsc) 72 %<\/td>\n<\/tr>\n<tr>\n<td>Frecuencia de imagen m\u00e1xima: 60 hz<\/td>\n<\/tr>\n<tr>\n<td>Modo de descanso para la vista: s\u00ed<\/td>\n<\/tr>\n<tr>\n<td>Sin parpadeo: s\u00ed<\/td>\n<\/tr>\n<tr>\n<td>Tama\u00f1o de imagen: s\u00ed<\/td>\n<\/tr>\n<tr>\n<td>Certificaci\u00f3n de windows: windows 11<\/td>\n<\/tr>\n<tr>\n<td>Centro de juegos: s\u00ed (kr, us, ca, br, gb, fr, de, it, es, mx, au)<\/td>\n<\/tr>\n<tr>\n<td>Hdmi-cec s\u00ed<\/td>\n<\/tr>\n<tr>\n<td>Servicio inteligente tipo inteligente<\/td>\n<\/tr>\n<tr>\n<td>Sistema operativo tizen\u0099<\/td>\n<\/tr>\n<tr>\n<td>Tv plus s\u00ed (solo mx, br)<\/td>\n<\/tr>\n<tr>\n<td>Experiencia multidispositivo: m\u00f3vil a pantalla, duplicaci\u00f3n de sonido, conexi\u00f3n inal\u00e1mbrica activada<\/td>\n<\/tr>\n<tr>\n<td>Hdmi 2ea<\/td>\n<\/tr>\n<tr>\n<td>Versi\u00f3n hdmi 1.4<\/td>\n<\/tr>\n<tr>\n<td>Versi\u00f3n hdcp (hdmi) 2.2<\/td>\n<\/tr>\n<tr>\n<td>Puertos usb 2<\/td>\n<\/tr>\n<tr>\n<td>Usb-c noea<\/td>\n<\/tr>\n<tr>\n<td>Puerto de descarga usb tipo a 2<\/td>\n<\/tr>\n<tr>\n<td>Usb tipo a versi\u00f3n 2.0<\/td>\n<\/tr>\n<tr>\n<td>Wi-fi s\u00ed (wi-fi 5)<\/td>\n<\/tr>\n<tr>\n<td>Bluetooth s\u00ed (5.2)<\/td>\n<\/tr>\n<tr>\n<td>Salida de altavoz: a37:c60 altavoz: s\u00ed<\/td>\n<\/tr>\n<tr>\n<td>Salida de altavoz: 10 w<\/td>\n<\/tr>\n<tr>\n<td>Sonido adaptativo<\/td>\n<\/tr>\n<tr>\n<td>Condiciones de funcionamiento: temperatura: 10 &#8211; 40 \u00b0c<\/td>\n<\/tr>\n<tr>\n<td>Humedad: 10 &#8211; 80 % (sin condensaci\u00f3n)<\/td>\n<\/tr>\n<tr>\n<td>Dise\u00f1o: color frontal: negro<\/td>\n<\/tr>\n<tr>\n<td>Color trasero: negro<\/td>\n<\/tr>\n<tr>\n<td>Color del soporte: negro<\/td>\n<\/tr>\n<tr>\n<td>Tipo de soporte: simple<\/td>\n<\/tr>\n<tr>\n<td>Inclinaci\u00f3n: -2,0 (\u00b12,0) &#8211; 15,0 \u00b0c (\u00b12,0 \u00b0c)<\/td>\n<\/tr>\n<tr>\n<td>Montaje en pared: 100 x 100<\/td>\n<\/tr>\n<tr>\n<td>Alimentaci\u00f3n: ca 100 &#8211; 240 v<\/td>\n<\/tr>\n<tr>\n<td>Consumo de energ\u00eda (m\u00e1x.): 48 w<\/td>\n<\/tr>\n<tr>\n<td>Consumo de energ\u00eda (modo apagado): &#8211; w<\/td>\n<\/tr>\n<tr>\n<td>Tipo: adaptador externo<\/td>\n<\/tr>\n<tr>\n<td>Dimensiones: dimensiones del equipo con soporte (an. x al. x pr.): 612,7 x 468,9 x 200,5 mm<\/td>\n<\/tr>\n<tr>\n<td>Dimensiones del equipo sin soporte (an. x al. x pr.): 612,7 x 369,6 x 41,1 mm<\/td>\n<\/tr>\n<tr>\n<td>Dimensiones del paquete (an. x al. x pr.): 667 x 100 x 467 mm<\/td>\n<\/tr>\n<tr>\n<td>Peso del equipo con soporte: 3,5 kg<\/td>\n<\/tr>\n<tr>\n<td>Peso del equipo sin soporte: 3,0 kg<\/td>\n<\/tr>\n<tr>\n<td>Peso del paquete: 5,2 kg<\/td>\n<\/tr>\n<tr>\n<td>Longitud del cable de alimentaci\u00f3n: 1,5 m<\/td>\n<\/tr>\n<tr>\n<td>Cable hdmi: s\u00ed<\/td>\n<\/tr>\n<tr>\n<td>Mando a distancia: s\u00ed<\/td>\n<\/tr>\n<\/table>\n","protected":false},"excerpt":{"rendered":"<p>Tama\u00f1o de pantalla (clase): 27 Plana \/ curva: plana Tama\u00f1o de pantalla activa (hxv) (mm) 597,888 x 336,312 mm Relaci\u00f3n de aspecto 16:9 Tipo de panel ips Brillo (t\u00edpico) 250 cd\/ and #13217; Brillo (m\u00edn.) 200 cd\/ and #13217; Relaci\u00f3n de contraste (est\u00e1tico) 1000:1 (t\u00edpico) Hdr (alto rango din\u00e1mico) hdr10 Resoluci\u00f3n fhd (1920 x 1080) [&hellip;]<\/p>\n","protected":false},"featured_media":0,"comment_status":"open","ping_status":"open","template":"","meta":[],"product_cat":[1740,1848],"product_tag":[1743],"acf":[],"yoast_head":"<!-- This site is optimized with the Yoast SEO plugin v21.7 - https:\/\/yoast.com\/wordpress\/plugins\/seo\/ -->\n<title>[ Samsung ] &#129351; Ls27fm500elxzx Monitor Led 27 Pulgadas \/smart Monitor M5\/ Fhd (1920 X 1080)\/ Va\/ Plano\/ Hdmi \/bt\/ Wifi\/ 60 Hz\/ Negro<\/title>\n<meta name=\"description\" content=\"Compra Ls27fm500elxzx Monitor Led 27 Pulgadas \/smart Monitor M5\/ Fhd (1920 X 1080)\/ Va\/ Plano\/ Hdmi \/bt\/ Wifi\/ 60 Hz\/ Negro + Env\u00edo a domicilio + Pago seguro + Garant\u00eda\" \/>\n<meta name=\"robots\" content=\"index, follow, max-snippet:-1, max-image-preview:large, max-video-preview:-1\" \/>\n<link rel=\"canonical\" href=\"https:\/\/compuviper.mx\/tienda\/producto\/samsung-ls27fm500elxzx-monitor-led-27-pulgadas-smart-monitor-m5-fhd-1920-x-1080-va-plano-hdmi-bt-wifi-60-hz-negro\/\" \/>\n<meta property=\"og:locale\" content=\"es_MX\" \/>\n<meta property=\"og:type\" content=\"article\" \/>\n<meta property=\"og:title\" content=\"[ Samsung ] &#129351; Ls27fm500elxzx Monitor Led 27 Pulgadas \/smart Monitor M5\/ Fhd (1920 X 1080)\/ Va\/ Plano\/ Hdmi \/bt\/ Wifi\/ 60 Hz\/ Negro\" \/>\n<meta property=\"og:description\" content=\"Compra Ls27fm500elxzx Monitor Led 27 Pulgadas \/smart Monitor M5\/ Fhd (1920 X 1080)\/ Va\/ Plano\/ Hdmi \/bt\/ Wifi\/ 60 Hz\/ Negro + Env\u00edo a domicilio + Pago seguro + Garant\u00eda\" \/>\n<meta property=\"og:url\" content=\"https:\/\/compuviper.mx\/tienda\/producto\/samsung-ls27fm500elxzx-monitor-led-27-pulgadas-smart-monitor-m5-fhd-1920-x-1080-va-plano-hdmi-bt-wifi-60-hz-negro\/\" \/>\n<meta property=\"og:site_name\" content=\"Compuviper\" \/>\n<meta property=\"article:publisher\" content=\"https:\/\/www.facebook.com\/compuviper\" \/>\n<meta property=\"article:modified_time\" content=\"2026-04-10T06:47:41+00:00\" \/>\n<meta name=\"twitter:card\" content=\"summary_large_image\" \/>\n<meta name=\"twitter:label1\" content=\"Precio\" \/>\n\t<meta name=\"twitter:data1\" content=\"&#36;3,492 con IVA\" \/>\n\t<meta name=\"twitter:label2\" content=\"Availability\" \/>\n\t<meta name=\"twitter:data2\" content=\"In stock\" \/>\n<script type=\"application\/ld+json\" class=\"yoast-schema-graph\">{\"@context\":\"https:\/\/schema.org\",\"@graph\":[{\"@type\":\"WebPage\",\"@id\":\"https:\/\/compuviper.mx\/tienda\/producto\/samsung-ls27fm500elxzx-monitor-led-27-pulgadas-smart-monitor-m5-fhd-1920-x-1080-va-plano-hdmi-bt-wifi-60-hz-negro\/\",\"url\":\"https:\/\/compuviper.mx\/tienda\/producto\/samsung-ls27fm500elxzx-monitor-led-27-pulgadas-smart-monitor-m5-fhd-1920-x-1080-va-plano-hdmi-bt-wifi-60-hz-negro\/\",\"name\":\"[ Samsung ] &#129351; Ls27fm500elxzx Monitor Led 27 Pulgadas \/smart Monitor M5\/ Fhd (1920 X 1080)\/ Va\/ Plano\/ Hdmi \/bt\/ Wifi\/ 60 Hz\/ Negro\",\"isPartOf\":{\"@id\":\"https:\/\/compuviper.mx\/tienda\/#website\"},\"datePublished\":\"2026-04-10T06:47:40+00:00\",\"dateModified\":\"2026-04-10T06:47:41+00:00\",\"description\":\"Compra Ls27fm500elxzx Monitor Led 27 Pulgadas \/smart Monitor M5\/ Fhd (1920 X 1080)\/ Va\/ Plano\/ Hdmi \/bt\/ Wifi\/ 60 Hz\/ Negro + Env\u00edo a domicilio + Pago seguro + Garant\u00eda\",\"breadcrumb\":{\"@id\":\"https:\/\/compuviper.mx\/tienda\/producto\/samsung-ls27fm500elxzx-monitor-led-27-pulgadas-smart-monitor-m5-fhd-1920-x-1080-va-plano-hdmi-bt-wifi-60-hz-negro\/#breadcrumb\"},\"inLanguage\":\"es-MX\",\"potentialAction\":[{\"@type\":\"ReadAction\",\"target\":[\"https:\/\/compuviper.mx\/tienda\/producto\/samsung-ls27fm500elxzx-monitor-led-27-pulgadas-smart-monitor-m5-fhd-1920-x-1080-va-plano-hdmi-bt-wifi-60-hz-negro\/\"]}]},{\"@type\":\"BreadcrumbList\",\"@id\":\"https:\/\/compuviper.mx\/tienda\/producto\/samsung-ls27fm500elxzx-monitor-led-27-pulgadas-smart-monitor-m5-fhd-1920-x-1080-va-plano-hdmi-bt-wifi-60-hz-negro\/#breadcrumb\",\"itemListElement\":[{\"@type\":\"ListItem\",\"position\":1,\"name\":\"Inicio\",\"item\":\"https:\/\/compuviper.mx\/tienda\/\"},{\"@type\":\"ListItem\",\"position\":2,\"name\":\"Productos\",\"item\":\"https:\/\/compuviper.mx\/tienda\/productos\/\"},{\"@type\":\"ListItem\",\"position\":3,\"name\":\"Monitores\",\"item\":\"https:\/\/compuviper.mx\/tienda\/categoria-producto\/monitores\/\"},{\"@type\":\"ListItem\",\"position\":4,\"name\":\"Sin Categor\u00eda\",\"item\":\"https:\/\/compuviper.mx\/tienda\/categoria-producto\/monitores\/sin-categoria-monitores\/\"},{\"@type\":\"ListItem\",\"position\":5,\"name\":\"Samsung Ls27fm500elxzx Monitor Led 27 Pulgadas \/smart Monitor M5\/ Fhd (1920 X 1080)\/ Va\/ Plano\/ Hdmi \/bt\/ Wifi\/ 60 Hz\/ Negro\"}]},{\"@type\":\"WebSite\",\"@id\":\"https:\/\/compuviper.mx\/tienda\/#website\",\"url\":\"https:\/\/compuviper.mx\/tienda\/\",\"name\":\"Compuviper\",\"description\":\"Proveedor de Computadoras, Laptops, Servidores, Monitores, Puntos de Venta, Teclados,   Impresoras, T\u00f3ner, C\u00e1maras de Seguridad y m\u00e1s en tu tienda en l\u00ednea\",\"publisher\":{\"@id\":\"https:\/\/compuviper.mx\/tienda\/#organization\"},\"potentialAction\":[{\"@type\":\"SearchAction\",\"target\":{\"@type\":\"EntryPoint\",\"urlTemplate\":\"https:\/\/compuviper.mx\/tienda\/?s={search_term_string}\"},\"query-input\":\"required name=search_term_string\"}],\"inLanguage\":\"es-MX\"},{\"@type\":\"Organization\",\"@id\":\"https:\/\/compuviper.mx\/tienda\/#organization\",\"name\":\"Compuviper\",\"url\":\"https:\/\/compuviper.mx\/tienda\/\",\"logo\":{\"@type\":\"ImageObject\",\"inLanguage\":\"es-MX\",\"@id\":\"https:\/\/compuviper.mx\/tienda\/#\/schema\/logo\/image\/\",\"url\":\"https:\/\/compuviper.mx\/tienda\/wp-content\/uploads\/2021\/08\/Logo-Compuviper-10.png\",\"contentUrl\":\"https:\/\/compuviper.mx\/tienda\/wp-content\/uploads\/2021\/08\/Logo-Compuviper-10.png\",\"width\":1000,\"height\":500,\"caption\":\"Compuviper\"},\"image\":{\"@id\":\"https:\/\/compuviper.mx\/tienda\/#\/schema\/logo\/image\/\"},\"sameAs\":[\"https:\/\/www.facebook.com\/compuviper\",\"https:\/\/www.youtube.com\/channel\/UCf73dERp9Y3cfOq7q8BhLjA?view_as=subscriber\"]}]}<\/script>\n<meta property=\"product:brand\" content=\"SAMSUNG\" \/>\n<meta property=\"product:price:amount\" content=\"3492\" \/>\n<meta property=\"product:price:currency\" content=\"MXN\" \/>\n<meta property=\"og:availability\" content=\"instock\" \/>\n<meta property=\"product:availability\" content=\"instock\" \/>\n<meta property=\"product:retailer_item_id\" content=\"LS27FM500ELXZX\" \/>\n<meta property=\"product:condition\" content=\"new\" \/>\n<!-- \/ Yoast SEO plugin. -->","yoast_head_json":{"title":"[ Samsung ] &#129351; Ls27fm500elxzx Monitor Led 27 Pulgadas \/smart Monitor M5\/ Fhd (1920 X 1080)\/ Va\/ Plano\/ Hdmi \/bt\/ Wifi\/ 60 Hz\/ Negro","description":"Compra Ls27fm500elxzx Monitor Led 27 Pulgadas \/smart Monitor M5\/ Fhd (1920 X 1080)\/ Va\/ Plano\/ Hdmi \/bt\/ Wifi\/ 60 Hz\/ Negro + Env\u00edo a domicilio + Pago seguro + Garant\u00eda","robots":{"index":"index","follow":"follow","max-snippet":"max-snippet:-1","max-image-preview":"max-image-preview:large","max-video-preview":"max-video-preview:-1"},"canonical":"https:\/\/compuviper.mx\/tienda\/producto\/samsung-ls27fm500elxzx-monitor-led-27-pulgadas-smart-monitor-m5-fhd-1920-x-1080-va-plano-hdmi-bt-wifi-60-hz-negro\/","og_locale":"es_MX","og_type":"article","og_title":"[ Samsung ] &#129351; Ls27fm500elxzx Monitor Led 27 Pulgadas \/smart Monitor M5\/ Fhd (1920 X 1080)\/ Va\/ Plano\/ Hdmi \/bt\/ Wifi\/ 60 Hz\/ Negro","og_description":"Compra Ls27fm500elxzx Monitor Led 27 Pulgadas \/smart Monitor M5\/ Fhd (1920 X 1080)\/ Va\/ Plano\/ Hdmi \/bt\/ Wifi\/ 60 Hz\/ Negro + Env\u00edo a domicilio + Pago seguro + Garant\u00eda","og_url":"https:\/\/compuviper.mx\/tienda\/producto\/samsung-ls27fm500elxzx-monitor-led-27-pulgadas-smart-monitor-m5-fhd-1920-x-1080-va-plano-hdmi-bt-wifi-60-hz-negro\/","og_site_name":"Compuviper","article_publisher":"https:\/\/www.facebook.com\/compuviper","article_modified_time":"2026-04-10T06:47:41+00:00","twitter_card":"summary_large_image","twitter_misc":{"Precio":"&#36;3,492 con IVA","Availability":"In stock"},"schema":{"@context":"https:\/\/schema.org","@graph":[{"@type":"WebPage","@id":"https:\/\/compuviper.mx\/tienda\/producto\/samsung-ls27fm500elxzx-monitor-led-27-pulgadas-smart-monitor-m5-fhd-1920-x-1080-va-plano-hdmi-bt-wifi-60-hz-negro\/","url":"https:\/\/compuviper.mx\/tienda\/producto\/samsung-ls27fm500elxzx-monitor-led-27-pulgadas-smart-monitor-m5-fhd-1920-x-1080-va-plano-hdmi-bt-wifi-60-hz-negro\/","name":"[ Samsung ] &#129351; Ls27fm500elxzx Monitor Led 27 Pulgadas \/smart Monitor M5\/ Fhd (1920 X 1080)\/ Va\/ Plano\/ Hdmi \/bt\/ Wifi\/ 60 Hz\/ Negro","isPartOf":{"@id":"https:\/\/compuviper.mx\/tienda\/#website"},"datePublished":"2026-04-10T06:47:40+00:00","dateModified":"2026-04-10T06:47:41+00:00","description":"Compra Ls27fm500elxzx Monitor Led 27 Pulgadas \/smart Monitor M5\/ Fhd (1920 X 1080)\/ Va\/ Plano\/ Hdmi \/bt\/ Wifi\/ 60 Hz\/ Negro + Env\u00edo a domicilio + Pago seguro + Garant\u00eda","breadcrumb":{"@id":"https:\/\/compuviper.mx\/tienda\/producto\/samsung-ls27fm500elxzx-monitor-led-27-pulgadas-smart-monitor-m5-fhd-1920-x-1080-va-plano-hdmi-bt-wifi-60-hz-negro\/#breadcrumb"},"inLanguage":"es-MX","potentialAction":[{"@type":"ReadAction","target":["https:\/\/compuviper.mx\/tienda\/producto\/samsung-ls27fm500elxzx-monitor-led-27-pulgadas-smart-monitor-m5-fhd-1920-x-1080-va-plano-hdmi-bt-wifi-60-hz-negro\/"]}]},{"@type":"BreadcrumbList","@id":"https:\/\/compuviper.mx\/tienda\/producto\/samsung-ls27fm500elxzx-monitor-led-27-pulgadas-smart-monitor-m5-fhd-1920-x-1080-va-plano-hdmi-bt-wifi-60-hz-negro\/#breadcrumb","itemListElement":[{"@type":"ListItem","position":1,"name":"Inicio","item":"https:\/\/compuviper.mx\/tienda\/"},{"@type":"ListItem","position":2,"name":"Productos","item":"https:\/\/compuviper.mx\/tienda\/productos\/"},{"@type":"ListItem","position":3,"name":"Monitores","item":"https:\/\/compuviper.mx\/tienda\/categoria-producto\/monitores\/"},{"@type":"ListItem","position":4,"name":"Sin Categor\u00eda","item":"https:\/\/compuviper.mx\/tienda\/categoria-producto\/monitores\/sin-categoria-monitores\/"},{"@type":"ListItem","position":5,"name":"Samsung Ls27fm500elxzx Monitor Led 27 Pulgadas \/smart Monitor M5\/ Fhd (1920 X 1080)\/ Va\/ Plano\/ Hdmi \/bt\/ Wifi\/ 60 Hz\/ Negro"}]},{"@type":"WebSite","@id":"https:\/\/compuviper.mx\/tienda\/#website","url":"https:\/\/compuviper.mx\/tienda\/","name":"Compuviper","description":"Proveedor de Computadoras, Laptops, Servidores, Monitores, Puntos de Venta, Teclados,   Impresoras, T\u00f3ner, C\u00e1maras de Seguridad y m\u00e1s en tu tienda en l\u00ednea","publisher":{"@id":"https:\/\/compuviper.mx\/tienda\/#organization"},"potentialAction":[{"@type":"SearchAction","target":{"@type":"EntryPoint","urlTemplate":"https:\/\/compuviper.mx\/tienda\/?s={search_term_string}"},"query-input":"required name=search_term_string"}],"inLanguage":"es-MX"},{"@type":"Organization","@id":"https:\/\/compuviper.mx\/tienda\/#organization","name":"Compuviper","url":"https:\/\/compuviper.mx\/tienda\/","logo":{"@type":"ImageObject","inLanguage":"es-MX","@id":"https:\/\/compuviper.mx\/tienda\/#\/schema\/logo\/image\/","url":"https:\/\/compuviper.mx\/tienda\/wp-content\/uploads\/2021\/08\/Logo-Compuviper-10.png","contentUrl":"https:\/\/compuviper.mx\/tienda\/wp-content\/uploads\/2021\/08\/Logo-Compuviper-10.png","width":1000,"height":500,"caption":"Compuviper"},"image":{"@id":"https:\/\/compuviper.mx\/tienda\/#\/schema\/logo\/image\/"},"sameAs":["https:\/\/www.facebook.com\/compuviper","https:\/\/www.youtube.com\/channel\/UCf73dERp9Y3cfOq7q8BhLjA?view_as=subscriber"]}]},"product_brand":"SAMSUNG","product_price_amount":"3492","product_price_currency":"MXN","og_availability":"instock","product_availability":"instock","product_retailer_item_id":"LS27FM500ELXZX","product_condition":"new"},"_links":{"self":[{"href":"https:\/\/compuviper.mx\/tienda\/wp-json\/wp\/v2\/product\/261838"}],"collection":[{"href":"https:\/\/compuviper.mx\/tienda\/wp-json\/wp\/v2\/product"}],"about":[{"href":"https:\/\/compuviper.mx\/tienda\/wp-json\/wp\/v2\/types\/product"}],"replies":[{"embeddable":true,"href":"https:\/\/compuviper.mx\/tienda\/wp-json\/wp\/v2\/comments?post=261838"}],"wp:attachment":[{"href":"https:\/\/compuviper.mx\/tienda\/wp-json\/wp\/v2\/media?parent=261838"}],"wp:term":[{"taxonomy":"product_cat","embeddable":true,"href":"https:\/\/compuviper.mx\/tienda\/wp-json\/wp\/v2\/product_cat?post=261838"},{"taxonomy":"product_tag","embeddable":true,"href":"https:\/\/compuviper.mx\/tienda\/wp-json\/wp\/v2\/product_tag?post=261838"}],"curies":[{"name":"wp","href":"https:\/\/api.w.org\/{rel}","templated":true}]}}