{"id":261610,"date":"2026-04-18T01:11:08","date_gmt":"2026-04-18T07:11:08","guid":{"rendered":"https:\/\/compuviper.mx\/tienda\/producto\/tp-link-halo-h70x2-pack-router-mercusys-wifi-6-mesh-ax1800\/"},"modified":"2026-04-18T01:11:08","modified_gmt":"2026-04-18T07:11:08","slug":"tp-link-halo-h70x2-pack-router-mercusys-wifi-6-mesh-ax1800","status":"publish","type":"product","link":"https:\/\/compuviper.mx\/tienda\/producto\/tp-link-halo-h70x2-pack-router-mercusys-wifi-6-mesh-ax1800\/","title":{"rendered":"Tp Link Halo H70x(2-pack) Router  Mercusys   Wifi 6 Mesh Ax1800"},"content":{"rendered":"<table class=\"descripcion\">\n<tr>\n<td>Inalambrico<\/td>\n<\/tr>\n<tr>\n<td>Estandares inalambricos<\/td>\n<\/tr>\n<tr>\n<td>    wifi 6<\/td>\n<\/tr>\n<tr>\n<td>    ieee 802.11ax\/ac\/n\/a 5 ghz<\/td>\n<\/tr>\n<tr>\n<td>    ieee 802.11ax\/n\/b\/g 2,4 ghz<\/td>\n<\/tr>\n<tr>\n<td>Velocidades wifi<\/td>\n<\/tr>\n<tr>\n<td>    1201 mbps en 5 ghz, 574 mbps en 2,4 ghz<\/td>\n<\/tr>\n<tr>\n<td>Sensibilidad de recepcion<\/td>\n<\/tr>\n<tr>\n<td>    2,4 ghz:<\/td>\n<\/tr>\n<tr>\n<td>    11g 6mbps:-96.5dbm<\/td>\n<\/tr>\n<tr>\n<td>    11g 54mbps:-78dbm<\/td>\n<\/tr>\n<tr>\n<td>    11ax he20 mcs0:-96.5dbm<\/td>\n<\/tr>\n<tr>\n<td>    11ax he20 mcs11:-65dbm<\/td>\n<\/tr>\n<tr>\n<td>    11ax he40 mcs0:-93.5dbm<\/td>\n<\/tr>\n<tr>\n<td>    11ax he40 mcs11:-63dbm<\/td>\n<\/tr>\n<tr>\n<td>    5ghz:<\/td>\n<\/tr>\n<tr>\n<td>    11a 6mbps:-96dbm<\/td>\n<\/tr>\n<tr>\n<td>    11a 54mbps:-78dbm<\/td>\n<\/tr>\n<tr>\n<td>    11ac vht20 mcs8:-74.5dbm<\/td>\n<\/tr>\n<tr>\n<td>    11ac vht40 mcs9:-70.5dbm<\/td>\n<\/tr>\n<tr>\n<td>    11ac vht80 mcs9:-66.5dbm<\/td>\n<\/tr>\n<tr>\n<td>    11ax he20 mcs11:-66dbm<\/td>\n<\/tr>\n<tr>\n<td>    11ax he40 mcs11:-63dbm<\/td>\n<\/tr>\n<tr>\n<td>    11ax he80 mcs11:-61dbm<\/td>\n<\/tr>\n<tr>\n<td>Poder de transmision<\/td>\n<\/tr>\n<tr>\n<td>    2,4 ghz  20dbm (pire)<\/td>\n<\/tr>\n<tr>\n<td>    5 ghz   23dbm (pire)<\/td>\n<\/tr>\n<tr>\n<td>Seguridad inal\u00e1mbrica<\/td>\n<\/tr>\n<tr>\n<td>    wpa-psk\/wpa2-psk\/wpa3<\/td>\n<\/tr>\n<tr>\n<td>Protocolo de malla<\/td>\n<\/tr>\n<tr>\n<td>    802.11k\/v\/r<\/td>\n<\/tr>\n<tr>\n<td>Software<\/td>\n<\/tr>\n<tr>\n<td>Modos de operaci\u00f3n<\/td>\n<\/tr>\n<tr>\n<td>    enrutador, punto de acceso<\/td>\n<\/tr>\n<tr>\n<td>Calidad de servicio<\/td>\n<\/tr>\n<tr>\n<td>    mmm<\/td>\n<\/tr>\n<tr>\n<td>Tipo de wan<\/td>\n<\/tr>\n<tr>\n<td>    ip din\u00e1mica\/ip estatica\/pppoe\/l2tp\/pptp<\/td>\n<\/tr>\n<tr>\n<td>Gesti\u00f3n<\/td>\n<\/tr>\n<tr>\n<td>    gestion local, gestion remota, multigestores<\/td>\n<\/tr>\n<tr>\n<td>Dhcp<\/td>\n<\/tr>\n<tr>\n<td>    servidor, cliente<\/td>\n<\/tr>\n<tr>\n<td>Seguridad del cortafuegos<\/td>\n<\/tr>\n<tr>\n<td>    cortafuegos spi<\/td>\n<\/tr>\n<tr>\n<td>Protocolos<\/td>\n<\/tr>\n<tr>\n<td>    soporta ipv4 e ipv6<\/td>\n<\/tr>\n<tr>\n<td>Red de invitados<\/td>\n<\/tr>\n<tr>\n<td>    red de invitados de 2,4 ghz,<\/td>\n<\/tr>\n<tr>\n<td>    red de invitados de 5 ghz<\/td>\n<\/tr>\n<tr>\n<td>Hardware<\/td>\n<\/tr>\n<tr>\n<td>Dimensiones<\/td>\n<\/tr>\n<tr>\n<td>    5 \u00d7 3,2 \u00d7 3,3 pulgadas (128 \u00d7 81 \u00d7 83,7 mm)<\/td>\n<\/tr>\n<tr>\n<td>Interfaces<\/td>\n<\/tr>\n<tr>\n<td>    3 puertos gigabit por unidad halo<\/td>\n<\/tr>\n<tr>\n<td>    (detecci\u00f3n autom\u00e1tica de wan\/lan)<\/td>\n<\/tr>\n<tr>\n<td>Boton<\/td>\n<\/tr>\n<tr>\n<td>    boton de reinicio<\/td>\n<\/tr>\n<tr>\n<td>Otros<\/td>\n<\/tr>\n<tr>\n<td>Contenidos del paquete<\/td>\n<\/tr>\n<tr>\n<td>    3 paquetes<\/td>\n<\/tr>\n<tr>\n<td>    3 unidades halo h70x<\/td>\n<\/tr>\n<tr>\n<td>    1 cable ethernet rj45.<\/td>\n<\/tr>\n<tr>\n<td>    3 \u00d7 adaptadores de corriente<\/td>\n<\/tr>\n<tr>\n<td>    gu\u00eda de instalacion rapida<\/td>\n<\/tr>\n<tr>\n<td>    2 paquetes<\/td>\n<\/tr>\n<tr>\n<td>    2 unidades halo h70x<\/td>\n<\/tr>\n<tr>\n<td>    1 cable ethernet rj45.<\/td>\n<\/tr>\n<tr>\n<td>    2 \u00d7 adaptadores de corriente<\/td>\n<\/tr>\n<tr>\n<td>    gu\u00eda de instalaci\u00f3n r\u00e1pida<\/td>\n<\/tr>\n<tr>\n<td>Ambiente<\/td>\n<\/tr>\n<tr>\n<td>    temperatura de funcionamiento: 0\u00b0c~40\u00b0c (32\u00b0f~104\u00b0f)<\/td>\n<\/tr>\n<tr>\n<td>    humedad de funcionamiento: 10 %~90 % sin condensaci\u00f3n<\/td>\n<\/tr>\n<tr>\n<td>    humedad de almacenamiento: 5 %~90 % sin condensaci\u00f3n<\/td>\n<\/tr>\n<\/table>\n","protected":false},"excerpt":{"rendered":"<p>Sistema wifi 6 mesh para todo el hogar ax1800.     Wifi 6 de doble banda velocidades de hasta 1800 mbps: 1201 mbps en 5 ghz y 574 mbps en 2,4 ghz.     Roaming continuo con una red unificada: las unidades halo funcionan juntas para cambiar automaticamente entre halos mientras te mueves por tu casa con un solo nombre y contrasena de wifi unificados.     Cobertura para toda la casa: cubra hasta 350 m\u00b2 (4000 ft\u00b2) con wi-fi de alta velocidad y elimine las zonas muertas de wi-fi en su hogar.     Conectese a mas de 150 dispositivos: proporcione conexiones rapidas y estables a mas de 150 dispositivos.     Administre facilmente su red domestica: use la aplicacion mercusys para configurar y administrar rapidamente su wifi. Tambien puede administrar el tiempo y los contenidos en linea de sus hijos.     Puertos gigabit completos: 3 puertos gigabit por unidad halo para conexiones por cable ultrarrapidas. Tenga en cuenta que la serie halo h y la serie s no pueden funcionar juntas.<\/p>\n","protected":false},"featured_media":261741,"comment_status":"open","ping_status":"open","template":"","meta":[],"product_cat":[1563,1753],"product_tag":[1562],"acf":[],"yoast_head":"<!-- This site is optimized with the Yoast SEO plugin v21.7 - https:\/\/yoast.com\/wordpress\/plugins\/seo\/ -->\n<title>[ Tp Link ] &#129351; Halo H70x(2-pack) Router Mercusys Wifi 6 Mesh Ax1800<\/title>\n<meta name=\"description\" content=\"Compra Halo H70x(2-pack) Router Mercusys Wifi 6 Mesh Ax1800 + Env\u00edo a domicilio + Pago seguro + Garant\u00eda\" \/>\n<meta name=\"robots\" content=\"index, follow, max-snippet:-1, max-image-preview:large, max-video-preview:-1\" \/>\n<link rel=\"canonical\" href=\"https:\/\/compuviper.mx\/tienda\/producto\/tp-link-halo-h70x2-pack-router-mercusys-wifi-6-mesh-ax1800\/\" \/>\n<meta property=\"og:locale\" content=\"es_MX\" \/>\n<meta property=\"og:type\" content=\"article\" \/>\n<meta property=\"og:title\" content=\"[ Tp Link ] &#129351; Halo H70x(2-pack) Router Mercusys Wifi 6 Mesh Ax1800\" \/>\n<meta property=\"og:description\" content=\"Compra Halo H70x(2-pack) Router Mercusys Wifi 6 Mesh Ax1800 + Env\u00edo a domicilio + Pago seguro + Garant\u00eda\" \/>\n<meta property=\"og:url\" content=\"https:\/\/compuviper.mx\/tienda\/producto\/tp-link-halo-h70x2-pack-router-mercusys-wifi-6-mesh-ax1800\/\" \/>\n<meta property=\"og:site_name\" content=\"Compuviper\" \/>\n<meta property=\"article:publisher\" content=\"https:\/\/www.facebook.com\/compuviper\" \/>\n<meta property=\"og:image\" content=\"https:\/\/compuviper.mx\/tienda\/wp-content\/uploads\/2025\/10\/Router-mercusys-halo-h70x2-pack-wifi-6-mesh-ax1800.jpg\" \/>\n\t<meta property=\"og:image:width\" content=\"200\" \/>\n\t<meta property=\"og:image:height\" content=\"200\" \/>\n\t<meta property=\"og:image:type\" content=\"image\/jpeg\" \/>\n<meta name=\"twitter:card\" content=\"summary_large_image\" \/>\n<meta name=\"twitter:label1\" content=\"Precio\" \/>\n\t<meta name=\"twitter:data1\" content=\"&#36;1,562 con IVA\" \/>\n\t<meta name=\"twitter:label2\" content=\"Availability\" \/>\n\t<meta name=\"twitter:data2\" content=\"Out of stock\" \/>\n<script type=\"application\/ld+json\" class=\"yoast-schema-graph\">{\"@context\":\"https:\/\/schema.org\",\"@graph\":[{\"@type\":\"WebPage\",\"@id\":\"https:\/\/compuviper.mx\/tienda\/producto\/tp-link-halo-h70x2-pack-router-mercusys-wifi-6-mesh-ax1800\/\",\"url\":\"https:\/\/compuviper.mx\/tienda\/producto\/tp-link-halo-h70x2-pack-router-mercusys-wifi-6-mesh-ax1800\/\",\"name\":\"[ Tp Link ] &#129351; Halo H70x(2-pack) Router Mercusys Wifi 6 Mesh Ax1800\",\"isPartOf\":{\"@id\":\"https:\/\/compuviper.mx\/tienda\/#website\"},\"datePublished\":\"2026-04-18T07:11:08+00:00\",\"dateModified\":\"2026-04-18T07:11:08+00:00\",\"description\":\"Compra Halo H70x(2-pack) Router Mercusys Wifi 6 Mesh Ax1800 + Env\u00edo a domicilio + Pago seguro + Garant\u00eda\",\"breadcrumb\":{\"@id\":\"https:\/\/compuviper.mx\/tienda\/producto\/tp-link-halo-h70x2-pack-router-mercusys-wifi-6-mesh-ax1800\/#breadcrumb\"},\"inLanguage\":\"es-MX\",\"potentialAction\":[{\"@type\":\"ReadAction\",\"target\":[\"https:\/\/compuviper.mx\/tienda\/producto\/tp-link-halo-h70x2-pack-router-mercusys-wifi-6-mesh-ax1800\/\"]}]},{\"@type\":\"BreadcrumbList\",\"@id\":\"https:\/\/compuviper.mx\/tienda\/producto\/tp-link-halo-h70x2-pack-router-mercusys-wifi-6-mesh-ax1800\/#breadcrumb\",\"itemListElement\":[{\"@type\":\"ListItem\",\"position\":1,\"name\":\"Inicio\",\"item\":\"https:\/\/compuviper.mx\/tienda\/\"},{\"@type\":\"ListItem\",\"position\":2,\"name\":\"Productos\",\"item\":\"https:\/\/compuviper.mx\/tienda\/productos\/\"},{\"@type\":\"ListItem\",\"position\":3,\"name\":\"Redes\",\"item\":\"https:\/\/compuviper.mx\/tienda\/categoria-producto\/redes\/\"},{\"@type\":\"ListItem\",\"position\":4,\"name\":\"Router\",\"item\":\"https:\/\/compuviper.mx\/tienda\/categoria-producto\/redes\/router\/\"},{\"@type\":\"ListItem\",\"position\":5,\"name\":\"Tp Link Halo H70x(2-pack) Router Mercusys Wifi 6 Mesh Ax1800\"}]},{\"@type\":\"WebSite\",\"@id\":\"https:\/\/compuviper.mx\/tienda\/#website\",\"url\":\"https:\/\/compuviper.mx\/tienda\/\",\"name\":\"Compuviper\",\"description\":\"Proveedor de Computadoras, Laptops, Servidores, Monitores, Puntos de Venta, Teclados,   Impresoras, T\u00f3ner, C\u00e1maras de Seguridad y m\u00e1s en tu tienda en l\u00ednea\",\"publisher\":{\"@id\":\"https:\/\/compuviper.mx\/tienda\/#organization\"},\"potentialAction\":[{\"@type\":\"SearchAction\",\"target\":{\"@type\":\"EntryPoint\",\"urlTemplate\":\"https:\/\/compuviper.mx\/tienda\/?s={search_term_string}\"},\"query-input\":\"required name=search_term_string\"}],\"inLanguage\":\"es-MX\"},{\"@type\":\"Organization\",\"@id\":\"https:\/\/compuviper.mx\/tienda\/#organization\",\"name\":\"Compuviper\",\"url\":\"https:\/\/compuviper.mx\/tienda\/\",\"logo\":{\"@type\":\"ImageObject\",\"inLanguage\":\"es-MX\",\"@id\":\"https:\/\/compuviper.mx\/tienda\/#\/schema\/logo\/image\/\",\"url\":\"https:\/\/compuviper.mx\/tienda\/wp-content\/uploads\/2021\/08\/Logo-Compuviper-10.png\",\"contentUrl\":\"https:\/\/compuviper.mx\/tienda\/wp-content\/uploads\/2021\/08\/Logo-Compuviper-10.png\",\"width\":1000,\"height\":500,\"caption\":\"Compuviper\"},\"image\":{\"@id\":\"https:\/\/compuviper.mx\/tienda\/#\/schema\/logo\/image\/\"},\"sameAs\":[\"https:\/\/www.facebook.com\/compuviper\",\"https:\/\/www.youtube.com\/channel\/UCf73dERp9Y3cfOq7q8BhLjA?view_as=subscriber\"]}]}<\/script>\n<meta property=\"product:brand\" content=\"TP LINK\" \/>\n<meta property=\"product:price:amount\" content=\"1562\" \/>\n<meta property=\"product:price:currency\" content=\"MXN\" \/>\n<meta property=\"og:availability\" content=\"out of stock\" \/>\n<meta property=\"product:availability\" content=\"out of stock\" \/>\n<meta property=\"product:retailer_item_id\" content=\"HALO H70X(2-PACK)\" \/>\n<meta property=\"product:condition\" content=\"new\" \/>\n<!-- \/ Yoast SEO plugin. -->","yoast_head_json":{"title":"[ Tp Link ] &#129351; Halo H70x(2-pack) Router Mercusys Wifi 6 Mesh Ax1800","description":"Compra Halo H70x(2-pack) Router Mercusys Wifi 6 Mesh Ax1800 + Env\u00edo a domicilio + Pago seguro + Garant\u00eda","robots":{"index":"index","follow":"follow","max-snippet":"max-snippet:-1","max-image-preview":"max-image-preview:large","max-video-preview":"max-video-preview:-1"},"canonical":"https:\/\/compuviper.mx\/tienda\/producto\/tp-link-halo-h70x2-pack-router-mercusys-wifi-6-mesh-ax1800\/","og_locale":"es_MX","og_type":"article","og_title":"[ Tp Link ] &#129351; Halo H70x(2-pack) Router Mercusys Wifi 6 Mesh Ax1800","og_description":"Compra Halo H70x(2-pack) Router Mercusys Wifi 6 Mesh Ax1800 + Env\u00edo a domicilio + Pago seguro + Garant\u00eda","og_url":"https:\/\/compuviper.mx\/tienda\/producto\/tp-link-halo-h70x2-pack-router-mercusys-wifi-6-mesh-ax1800\/","og_site_name":"Compuviper","article_publisher":"https:\/\/www.facebook.com\/compuviper","og_image":[{"width":200,"height":200,"url":"https:\/\/compuviper.mx\/tienda\/wp-content\/uploads\/2025\/10\/Router-mercusys-halo-h70x2-pack-wifi-6-mesh-ax1800.jpg","type":"image\/jpeg"}],"twitter_card":"summary_large_image","twitter_misc":{"Precio":"&#36;1,562 con IVA","Availability":"Out of stock"},"schema":{"@context":"https:\/\/schema.org","@graph":[{"@type":"WebPage","@id":"https:\/\/compuviper.mx\/tienda\/producto\/tp-link-halo-h70x2-pack-router-mercusys-wifi-6-mesh-ax1800\/","url":"https:\/\/compuviper.mx\/tienda\/producto\/tp-link-halo-h70x2-pack-router-mercusys-wifi-6-mesh-ax1800\/","name":"[ Tp Link ] &#129351; Halo H70x(2-pack) Router Mercusys Wifi 6 Mesh Ax1800","isPartOf":{"@id":"https:\/\/compuviper.mx\/tienda\/#website"},"datePublished":"2026-04-18T07:11:08+00:00","dateModified":"2026-04-18T07:11:08+00:00","description":"Compra Halo H70x(2-pack) Router Mercusys Wifi 6 Mesh Ax1800 + Env\u00edo a domicilio + Pago seguro + Garant\u00eda","breadcrumb":{"@id":"https:\/\/compuviper.mx\/tienda\/producto\/tp-link-halo-h70x2-pack-router-mercusys-wifi-6-mesh-ax1800\/#breadcrumb"},"inLanguage":"es-MX","potentialAction":[{"@type":"ReadAction","target":["https:\/\/compuviper.mx\/tienda\/producto\/tp-link-halo-h70x2-pack-router-mercusys-wifi-6-mesh-ax1800\/"]}]},{"@type":"BreadcrumbList","@id":"https:\/\/compuviper.mx\/tienda\/producto\/tp-link-halo-h70x2-pack-router-mercusys-wifi-6-mesh-ax1800\/#breadcrumb","itemListElement":[{"@type":"ListItem","position":1,"name":"Inicio","item":"https:\/\/compuviper.mx\/tienda\/"},{"@type":"ListItem","position":2,"name":"Productos","item":"https:\/\/compuviper.mx\/tienda\/productos\/"},{"@type":"ListItem","position":3,"name":"Redes","item":"https:\/\/compuviper.mx\/tienda\/categoria-producto\/redes\/"},{"@type":"ListItem","position":4,"name":"Router","item":"https:\/\/compuviper.mx\/tienda\/categoria-producto\/redes\/router\/"},{"@type":"ListItem","position":5,"name":"Tp Link Halo H70x(2-pack) Router Mercusys Wifi 6 Mesh Ax1800"}]},{"@type":"WebSite","@id":"https:\/\/compuviper.mx\/tienda\/#website","url":"https:\/\/compuviper.mx\/tienda\/","name":"Compuviper","description":"Proveedor de Computadoras, Laptops, Servidores, Monitores, Puntos de Venta, Teclados,   Impresoras, T\u00f3ner, C\u00e1maras de Seguridad y m\u00e1s en tu tienda en l\u00ednea","publisher":{"@id":"https:\/\/compuviper.mx\/tienda\/#organization"},"potentialAction":[{"@type":"SearchAction","target":{"@type":"EntryPoint","urlTemplate":"https:\/\/compuviper.mx\/tienda\/?s={search_term_string}"},"query-input":"required name=search_term_string"}],"inLanguage":"es-MX"},{"@type":"Organization","@id":"https:\/\/compuviper.mx\/tienda\/#organization","name":"Compuviper","url":"https:\/\/compuviper.mx\/tienda\/","logo":{"@type":"ImageObject","inLanguage":"es-MX","@id":"https:\/\/compuviper.mx\/tienda\/#\/schema\/logo\/image\/","url":"https:\/\/compuviper.mx\/tienda\/wp-content\/uploads\/2021\/08\/Logo-Compuviper-10.png","contentUrl":"https:\/\/compuviper.mx\/tienda\/wp-content\/uploads\/2021\/08\/Logo-Compuviper-10.png","width":1000,"height":500,"caption":"Compuviper"},"image":{"@id":"https:\/\/compuviper.mx\/tienda\/#\/schema\/logo\/image\/"},"sameAs":["https:\/\/www.facebook.com\/compuviper","https:\/\/www.youtube.com\/channel\/UCf73dERp9Y3cfOq7q8BhLjA?view_as=subscriber"]}]},"product_brand":"TP LINK","product_price_amount":"1562","product_price_currency":"MXN","og_availability":"out of stock","product_availability":"out of stock","product_retailer_item_id":"HALO H70X(2-PACK)","product_condition":"new"},"_links":{"self":[{"href":"https:\/\/compuviper.mx\/tienda\/wp-json\/wp\/v2\/product\/261610"}],"collection":[{"href":"https:\/\/compuviper.mx\/tienda\/wp-json\/wp\/v2\/product"}],"about":[{"href":"https:\/\/compuviper.mx\/tienda\/wp-json\/wp\/v2\/types\/product"}],"replies":[{"embeddable":true,"href":"https:\/\/compuviper.mx\/tienda\/wp-json\/wp\/v2\/comments?post=261610"}],"wp:featuredmedia":[{"embeddable":true,"href":"https:\/\/compuviper.mx\/tienda\/wp-json\/wp\/v2\/media\/261741"}],"wp:attachment":[{"href":"https:\/\/compuviper.mx\/tienda\/wp-json\/wp\/v2\/media?parent=261610"}],"wp:term":[{"taxonomy":"product_cat","embeddable":true,"href":"https:\/\/compuviper.mx\/tienda\/wp-json\/wp\/v2\/product_cat?post=261610"},{"taxonomy":"product_tag","embeddable":true,"href":"https:\/\/compuviper.mx\/tienda\/wp-json\/wp\/v2\/product_tag?post=261610"}],"curies":[{"name":"wp","href":"https:\/\/api.w.org\/{rel}","templated":true}]}}