{"id":261508,"date":"2026-04-07T00:25:40","date_gmt":"2026-04-07T06:25:40","guid":{"rendered":"https:\/\/compuviper.mx\/tienda\/producto\/apc-srt10krmxlt-unidad-smart-ups-srt-de-10-000-va-y-208-v-para-rack\/"},"modified":"2026-04-07T00:25:41","modified_gmt":"2026-04-07T06:25:41","slug":"apc-srt10krmxlt-unidad-smart-ups-srt-de-10-000-va-y-208-v-para-rack","status":"publish","type":"product","link":"https:\/\/compuviper.mx\/tienda\/producto\/apc-srt10krmxlt-unidad-smart-ups-srt-de-10-000-va-y-208-v-para-rack\/","title":{"rendered":"Apc Srt10krmxlt  Unidad Smart-ups Srt De  10.000 Va Y 208 V Para Rack"},"content":{"rendered":"<table class=\"descripcion\">\n<tr>\n<td>Unidad smart-ups srt de apc, 10.000 va y 208 v para rack  srt10krmxlt<\/td>\n<\/tr>\n<tr>\n<td>Salida<\/td>\n<\/tr>\n<tr>\n<td>Capacidad de potencia de salida 10.0 kvatios \/ 10.0 kva mxima potencia configurable vatios 10.0 kvatios \/ 10.0 kva tensin de salida nominal 208v distorsin de tensin de salida menos que 2 frequencia de salida sincronizada con la red 50\/60 hz \/- 3 hz otras tensiones de salida 240 factor de cresta de carga 3 : 1 topologa doble conversin en lneatipo de forma de onda onda senoidal conexiones de salida<\/td>\n<\/tr>\n<tr>\n<td>1 hard wire 3-wire 2ph  g respaldo de batera<\/td>\n<\/tr>\n<tr>\n<td>4 nema l6-20r respaldo de batera<\/td>\n<\/tr>\n<tr>\n<td>2 nema l6-30r respaldo de batera<\/td>\n<\/tr>\n<tr>\n<td>Desviacin desviacin interna automtica y manual<\/td>\n<\/tr>\n<tr>\n<td>Entrada<\/td>\n<\/tr>\n<tr>\n<td>Entrada de voltaje 208v frecuencia de entrada 40 &#8211; 70 hz autosensortipo de enchufe hard wire 3-wire 2ph  gvariacin de tensin de entrada para operaciones principales 160 &#8211; 275v variacin de tensin de entrada adaptable para operaciones principales 100 &#8211; 275 half loadvotras tensiones de entrada 240<\/td>\n<\/tr>\n<tr>\n<td>Bateras y autonoma<\/td>\n<\/tr>\n<tr>\n<td>Tipo de batera: batera sellada de plomo sin necesidad de mantencin con electrolito suspendido: a prueba de filtracin tiempo de recarga tpico 1.5horas<\/td>\n<\/tr>\n<tr>\n<td>Batera de recambio apcrbc140<\/td>\n<\/tr>\n<tr>\n<td>Vida til esperada de las bateras aos 3 &#8211; 5 cantidad de cartuchos de batera de recambio 2 duracin prolongable 1<\/td>\n<\/tr>\n<\/table>\n","protected":false},"excerpt":{"rendered":"<p>Srt10krmxltfeatures. Unidad smart-ups srt de apc, 10.000 va y 208 v para rack. Conexin 10\/100 base t los informes detallados de antigedad de las bateras, carga, salud, etctera, reducen el riesgo de tiempo de inactividad y facilitan el reemplazo oportuno de las bateras del ups. Notificacin sobre fallas de la batera analiza las bateras a fin de advertir anticipadamente en caso de fallas posibles, lo que garantiza que el mantenimiento preventivo sea oportuno.Modo ecolgico modo de funcionamiento que permite saltear los componentes elctricos en buenas condiciones energticas que no se estn utilizando para lograr un altsimo nivel de eficiencia operativa sin sacrificar la proteccin patente en trmite .Pantalla grfica lcd diagramas de esquema y de texto que muestran modos de operacin, parmetros del sistema y alarmas.Convertible para torre o rack protege la inversin inicial en sistemas ups cuando se migra de un entorno en torre a otro de montaje en rack.<\/p>\n","protected":false},"featured_media":261722,"comment_status":"open","ping_status":"open","template":"","meta":[],"product_cat":[1508,1691],"product_tag":[1694],"acf":[],"yoast_head":"<!-- This site is optimized with the Yoast SEO plugin v21.7 - https:\/\/yoast.com\/wordpress\/plugins\/seo\/ -->\n<title>[ Apc ] &#129351; Srt10krmxlt Unidad Smart-ups Srt De 10.000 Va Y 208 V Para Rack<\/title>\n<meta name=\"description\" content=\"Compra Srt10krmxlt Unidad Smart-ups Srt De 10.000 Va Y 208 V Para Rack + Env\u00edo a domicilio + Pago seguro + Garant\u00eda\" \/>\n<meta name=\"robots\" content=\"index, follow, max-snippet:-1, max-image-preview:large, max-video-preview:-1\" \/>\n<link rel=\"canonical\" href=\"https:\/\/compuviper.mx\/tienda\/producto\/apc-srt10krmxlt-unidad-smart-ups-srt-de-10-000-va-y-208-v-para-rack\/\" \/>\n<meta property=\"og:locale\" content=\"es_MX\" \/>\n<meta property=\"og:type\" content=\"article\" \/>\n<meta property=\"og:title\" content=\"[ Apc ] &#129351; Srt10krmxlt Unidad Smart-ups Srt De 10.000 Va Y 208 V Para Rack\" \/>\n<meta property=\"og:description\" content=\"Compra Srt10krmxlt Unidad Smart-ups Srt De 10.000 Va Y 208 V Para Rack + Env\u00edo a domicilio + Pago seguro + Garant\u00eda\" \/>\n<meta property=\"og:url\" content=\"https:\/\/compuviper.mx\/tienda\/producto\/apc-srt10krmxlt-unidad-smart-ups-srt-de-10-000-va-y-208-v-para-rack\/\" \/>\n<meta property=\"og:site_name\" content=\"Compuviper\" \/>\n<meta property=\"article:publisher\" content=\"https:\/\/www.facebook.com\/compuviper\" \/>\n<meta property=\"article:modified_time\" content=\"2026-04-07T06:25:41+00:00\" \/>\n<meta property=\"og:image\" content=\"https:\/\/compuviper.mx\/tienda\/wp-content\/uploads\/2025\/10\/Apc-unidad-smart-ups-srt-de-apc-10.000-va-y-208-v-para-rack-srt10krmxlt.jpg\" \/>\n\t<meta property=\"og:image:width\" content=\"200\" \/>\n\t<meta property=\"og:image:height\" content=\"200\" \/>\n\t<meta property=\"og:image:type\" content=\"image\/jpeg\" \/>\n<meta name=\"twitter:card\" content=\"summary_large_image\" \/>\n<meta name=\"twitter:label1\" content=\"Precio\" \/>\n\t<meta name=\"twitter:data1\" content=\"&#36;104,931 con IVA\" \/>\n\t<meta name=\"twitter:label2\" content=\"Availability\" \/>\n\t<meta name=\"twitter:data2\" content=\"Out of stock\" \/>\n<script type=\"application\/ld+json\" class=\"yoast-schema-graph\">{\"@context\":\"https:\/\/schema.org\",\"@graph\":[{\"@type\":\"WebPage\",\"@id\":\"https:\/\/compuviper.mx\/tienda\/producto\/apc-srt10krmxlt-unidad-smart-ups-srt-de-10-000-va-y-208-v-para-rack\/\",\"url\":\"https:\/\/compuviper.mx\/tienda\/producto\/apc-srt10krmxlt-unidad-smart-ups-srt-de-10-000-va-y-208-v-para-rack\/\",\"name\":\"[ Apc ] &#129351; Srt10krmxlt Unidad Smart-ups Srt De 10.000 Va Y 208 V Para Rack\",\"isPartOf\":{\"@id\":\"https:\/\/compuviper.mx\/tienda\/#website\"},\"datePublished\":\"2026-04-07T06:25:40+00:00\",\"dateModified\":\"2026-04-07T06:25:41+00:00\",\"description\":\"Compra Srt10krmxlt Unidad Smart-ups Srt De 10.000 Va Y 208 V Para Rack + Env\u00edo a domicilio + Pago seguro + Garant\u00eda\",\"breadcrumb\":{\"@id\":\"https:\/\/compuviper.mx\/tienda\/producto\/apc-srt10krmxlt-unidad-smart-ups-srt-de-10-000-va-y-208-v-para-rack\/#breadcrumb\"},\"inLanguage\":\"es-MX\",\"potentialAction\":[{\"@type\":\"ReadAction\",\"target\":[\"https:\/\/compuviper.mx\/tienda\/producto\/apc-srt10krmxlt-unidad-smart-ups-srt-de-10-000-va-y-208-v-para-rack\/\"]}]},{\"@type\":\"BreadcrumbList\",\"@id\":\"https:\/\/compuviper.mx\/tienda\/producto\/apc-srt10krmxlt-unidad-smart-ups-srt-de-10-000-va-y-208-v-para-rack\/#breadcrumb\",\"itemListElement\":[{\"@type\":\"ListItem\",\"position\":1,\"name\":\"Inicio\",\"item\":\"https:\/\/compuviper.mx\/tienda\/\"},{\"@type\":\"ListItem\",\"position\":2,\"name\":\"Productos\",\"item\":\"https:\/\/compuviper.mx\/tienda\/productos\/\"},{\"@type\":\"ListItem\",\"position\":3,\"name\":\"Energia\",\"item\":\"https:\/\/compuviper.mx\/tienda\/categoria-producto\/energia\/\"},{\"@type\":\"ListItem\",\"position\":4,\"name\":\"No Break\",\"item\":\"https:\/\/compuviper.mx\/tienda\/categoria-producto\/energia\/no-break\/\"},{\"@type\":\"ListItem\",\"position\":5,\"name\":\"Apc Srt10krmxlt Unidad Smart-ups Srt De 10.000 Va Y 208 V Para Rack\"}]},{\"@type\":\"WebSite\",\"@id\":\"https:\/\/compuviper.mx\/tienda\/#website\",\"url\":\"https:\/\/compuviper.mx\/tienda\/\",\"name\":\"Compuviper\",\"description\":\"Proveedor de Computadoras, Laptops, Servidores, Monitores, Puntos de Venta, Teclados,   Impresoras, T\u00f3ner, C\u00e1maras de Seguridad y m\u00e1s en tu tienda en l\u00ednea\",\"publisher\":{\"@id\":\"https:\/\/compuviper.mx\/tienda\/#organization\"},\"potentialAction\":[{\"@type\":\"SearchAction\",\"target\":{\"@type\":\"EntryPoint\",\"urlTemplate\":\"https:\/\/compuviper.mx\/tienda\/?s={search_term_string}\"},\"query-input\":\"required name=search_term_string\"}],\"inLanguage\":\"es-MX\"},{\"@type\":\"Organization\",\"@id\":\"https:\/\/compuviper.mx\/tienda\/#organization\",\"name\":\"Compuviper\",\"url\":\"https:\/\/compuviper.mx\/tienda\/\",\"logo\":{\"@type\":\"ImageObject\",\"inLanguage\":\"es-MX\",\"@id\":\"https:\/\/compuviper.mx\/tienda\/#\/schema\/logo\/image\/\",\"url\":\"https:\/\/compuviper.mx\/tienda\/wp-content\/uploads\/2021\/08\/Logo-Compuviper-10.png\",\"contentUrl\":\"https:\/\/compuviper.mx\/tienda\/wp-content\/uploads\/2021\/08\/Logo-Compuviper-10.png\",\"width\":1000,\"height\":500,\"caption\":\"Compuviper\"},\"image\":{\"@id\":\"https:\/\/compuviper.mx\/tienda\/#\/schema\/logo\/image\/\"},\"sameAs\":[\"https:\/\/www.facebook.com\/compuviper\",\"https:\/\/www.youtube.com\/channel\/UCf73dERp9Y3cfOq7q8BhLjA?view_as=subscriber\"]}]}<\/script>\n<meta property=\"product:brand\" content=\"APC\" \/>\n<meta property=\"product:price:amount\" content=\"104931\" \/>\n<meta property=\"product:price:currency\" content=\"MXN\" \/>\n<meta property=\"og:availability\" content=\"out of stock\" \/>\n<meta property=\"product:availability\" content=\"out of stock\" \/>\n<meta property=\"product:retailer_item_id\" content=\"SRT10KRMXLT\" \/>\n<meta property=\"product:condition\" content=\"new\" \/>\n<!-- \/ Yoast SEO plugin. -->","yoast_head_json":{"title":"[ Apc ] &#129351; Srt10krmxlt Unidad Smart-ups Srt De 10.000 Va Y 208 V Para Rack","description":"Compra Srt10krmxlt Unidad Smart-ups Srt De 10.000 Va Y 208 V Para Rack + Env\u00edo a domicilio + Pago seguro + Garant\u00eda","robots":{"index":"index","follow":"follow","max-snippet":"max-snippet:-1","max-image-preview":"max-image-preview:large","max-video-preview":"max-video-preview:-1"},"canonical":"https:\/\/compuviper.mx\/tienda\/producto\/apc-srt10krmxlt-unidad-smart-ups-srt-de-10-000-va-y-208-v-para-rack\/","og_locale":"es_MX","og_type":"article","og_title":"[ Apc ] &#129351; Srt10krmxlt Unidad Smart-ups Srt De 10.000 Va Y 208 V Para Rack","og_description":"Compra Srt10krmxlt Unidad Smart-ups Srt De 10.000 Va Y 208 V Para Rack + Env\u00edo a domicilio + Pago seguro + Garant\u00eda","og_url":"https:\/\/compuviper.mx\/tienda\/producto\/apc-srt10krmxlt-unidad-smart-ups-srt-de-10-000-va-y-208-v-para-rack\/","og_site_name":"Compuviper","article_publisher":"https:\/\/www.facebook.com\/compuviper","article_modified_time":"2026-04-07T06:25:41+00:00","og_image":[{"width":200,"height":200,"url":"https:\/\/compuviper.mx\/tienda\/wp-content\/uploads\/2025\/10\/Apc-unidad-smart-ups-srt-de-apc-10.000-va-y-208-v-para-rack-srt10krmxlt.jpg","type":"image\/jpeg"}],"twitter_card":"summary_large_image","twitter_misc":{"Precio":"&#36;104,931 con IVA","Availability":"Out of stock"},"schema":{"@context":"https:\/\/schema.org","@graph":[{"@type":"WebPage","@id":"https:\/\/compuviper.mx\/tienda\/producto\/apc-srt10krmxlt-unidad-smart-ups-srt-de-10-000-va-y-208-v-para-rack\/","url":"https:\/\/compuviper.mx\/tienda\/producto\/apc-srt10krmxlt-unidad-smart-ups-srt-de-10-000-va-y-208-v-para-rack\/","name":"[ Apc ] &#129351; Srt10krmxlt Unidad Smart-ups Srt De 10.000 Va Y 208 V Para Rack","isPartOf":{"@id":"https:\/\/compuviper.mx\/tienda\/#website"},"datePublished":"2026-04-07T06:25:40+00:00","dateModified":"2026-04-07T06:25:41+00:00","description":"Compra Srt10krmxlt Unidad Smart-ups Srt De 10.000 Va Y 208 V Para Rack + Env\u00edo a domicilio + Pago seguro + Garant\u00eda","breadcrumb":{"@id":"https:\/\/compuviper.mx\/tienda\/producto\/apc-srt10krmxlt-unidad-smart-ups-srt-de-10-000-va-y-208-v-para-rack\/#breadcrumb"},"inLanguage":"es-MX","potentialAction":[{"@type":"ReadAction","target":["https:\/\/compuviper.mx\/tienda\/producto\/apc-srt10krmxlt-unidad-smart-ups-srt-de-10-000-va-y-208-v-para-rack\/"]}]},{"@type":"BreadcrumbList","@id":"https:\/\/compuviper.mx\/tienda\/producto\/apc-srt10krmxlt-unidad-smart-ups-srt-de-10-000-va-y-208-v-para-rack\/#breadcrumb","itemListElement":[{"@type":"ListItem","position":1,"name":"Inicio","item":"https:\/\/compuviper.mx\/tienda\/"},{"@type":"ListItem","position":2,"name":"Productos","item":"https:\/\/compuviper.mx\/tienda\/productos\/"},{"@type":"ListItem","position":3,"name":"Energia","item":"https:\/\/compuviper.mx\/tienda\/categoria-producto\/energia\/"},{"@type":"ListItem","position":4,"name":"No Break","item":"https:\/\/compuviper.mx\/tienda\/categoria-producto\/energia\/no-break\/"},{"@type":"ListItem","position":5,"name":"Apc Srt10krmxlt Unidad Smart-ups Srt De 10.000 Va Y 208 V Para Rack"}]},{"@type":"WebSite","@id":"https:\/\/compuviper.mx\/tienda\/#website","url":"https:\/\/compuviper.mx\/tienda\/","name":"Compuviper","description":"Proveedor de Computadoras, Laptops, Servidores, Monitores, Puntos de Venta, Teclados,   Impresoras, T\u00f3ner, C\u00e1maras de Seguridad y m\u00e1s en tu tienda en l\u00ednea","publisher":{"@id":"https:\/\/compuviper.mx\/tienda\/#organization"},"potentialAction":[{"@type":"SearchAction","target":{"@type":"EntryPoint","urlTemplate":"https:\/\/compuviper.mx\/tienda\/?s={search_term_string}"},"query-input":"required name=search_term_string"}],"inLanguage":"es-MX"},{"@type":"Organization","@id":"https:\/\/compuviper.mx\/tienda\/#organization","name":"Compuviper","url":"https:\/\/compuviper.mx\/tienda\/","logo":{"@type":"ImageObject","inLanguage":"es-MX","@id":"https:\/\/compuviper.mx\/tienda\/#\/schema\/logo\/image\/","url":"https:\/\/compuviper.mx\/tienda\/wp-content\/uploads\/2021\/08\/Logo-Compuviper-10.png","contentUrl":"https:\/\/compuviper.mx\/tienda\/wp-content\/uploads\/2021\/08\/Logo-Compuviper-10.png","width":1000,"height":500,"caption":"Compuviper"},"image":{"@id":"https:\/\/compuviper.mx\/tienda\/#\/schema\/logo\/image\/"},"sameAs":["https:\/\/www.facebook.com\/compuviper","https:\/\/www.youtube.com\/channel\/UCf73dERp9Y3cfOq7q8BhLjA?view_as=subscriber"]}]},"product_brand":"APC","product_price_amount":"104931","product_price_currency":"MXN","og_availability":"out of stock","product_availability":"out of stock","product_retailer_item_id":"SRT10KRMXLT","product_condition":"new"},"_links":{"self":[{"href":"https:\/\/compuviper.mx\/tienda\/wp-json\/wp\/v2\/product\/261508"}],"collection":[{"href":"https:\/\/compuviper.mx\/tienda\/wp-json\/wp\/v2\/product"}],"about":[{"href":"https:\/\/compuviper.mx\/tienda\/wp-json\/wp\/v2\/types\/product"}],"replies":[{"embeddable":true,"href":"https:\/\/compuviper.mx\/tienda\/wp-json\/wp\/v2\/comments?post=261508"}],"wp:featuredmedia":[{"embeddable":true,"href":"https:\/\/compuviper.mx\/tienda\/wp-json\/wp\/v2\/media\/261722"}],"wp:attachment":[{"href":"https:\/\/compuviper.mx\/tienda\/wp-json\/wp\/v2\/media?parent=261508"}],"wp:term":[{"taxonomy":"product_cat","embeddable":true,"href":"https:\/\/compuviper.mx\/tienda\/wp-json\/wp\/v2\/product_cat?post=261508"},{"taxonomy":"product_tag","embeddable":true,"href":"https:\/\/compuviper.mx\/tienda\/wp-json\/wp\/v2\/product_tag?post=261508"}],"curies":[{"name":"wp","href":"https:\/\/api.w.org\/{rel}","templated":true}]}}