{"id":261379,"date":"2026-04-02T01:30:07","date_gmt":"2026-04-02T07:30:07","guid":{"rendered":"https:\/\/compuviper.mx\/tienda\/producto\/lenovo-12sb0075ls-pc-thinkcentre-neo-50a-gen-5-intel-core-5-210h-16gb-512-gb-ssd-27-fhd-win-11-pro-1-ao-en-sitio\/"},"modified":"2026-04-02T01:30:07","modified_gmt":"2026-04-02T07:30:07","slug":"lenovo-12sb0075ls-pc-thinkcentre-neo-50a-gen-5-intel-core-5-210h-16gb-512-gb-ssd-27-fhd-win-11-pro-1-ao-en-sitio","status":"publish","type":"product","link":"https:\/\/compuviper.mx\/tienda\/producto\/lenovo-12sb0075ls-pc-thinkcentre-neo-50a-gen-5-intel-core-5-210h-16gb-512-gb-ssd-27-fhd-win-11-pro-1-ao-en-sitio\/","title":{"rendered":"Lenovo 12sb0075ls Pc  Thinkcentre Neo 50a Gen 5 | Intel Core 5 210h | 16gb | 512 Gb Ssd | 27 Fhd | Win 11 Pro | 1 A?o En Sitio |"},"content":{"rendered":"<table class=\"descripcion\">\n<tr>\n<td>Performance<\/td>\n<\/tr>\n<tr>\n<td>Processor intel core 5 210h, 8c (4p + 4e) \/ 12t, p-core 2.2 \/ 4.8ghz, e-core 1.6 \/ 3.6ghz, 12mb<\/td>\n<\/tr>\n<tr>\n<td>Graphics integrated intel graphics<\/td>\n<\/tr>\n<tr>\n<td>Chipset intel soc platform<\/td>\n<\/tr>\n<tr>\n<td>Memory 1x 16gb so-dimm ddr5-5200<\/td>\n<\/tr>\n<tr>\n<td>Memory slots two ddr5 so-dimm slots, dual-channel capable<\/td>\n<\/tr>\n<tr>\n<td>Max memory up to 32gb ddr5-5200<\/td>\n<\/tr>\n<tr>\n<td>Storage 512gb ssd m.2 2280 pcie 4.0&#215;4 nvme<\/td>\n<\/tr>\n<tr>\n<td>Max storage support one drive, up to 1tb m.2 2280 ssd<\/td>\n<\/tr>\n<tr>\n<td>Card reader no card reader<\/td>\n<\/tr>\n<tr>\n<td>Optical none<\/td>\n<\/tr>\n<tr>\n<td>Audio chip high definition (hd) audio, realtek alc233-cg codec<\/td>\n<\/tr>\n<tr>\n<td>Speakers 3wx2<\/td>\n<\/tr>\n<tr>\n<td>Camera 5.0mp<\/td>\n<\/tr>\n<tr>\n<td>Microphone 2x, array<\/td>\n<\/tr>\n<tr>\n<td>Power supply 90w 89% adapter<\/td>\n<\/tr>\n<tr>\n<td>Design<\/td>\n<\/tr>\n<tr>\n<td>Display 27 fhd (1920&#215;1080) ips anti-glare 300nits, 99% srgb<\/td>\n<\/tr>\n<tr>\n<td>Touchscreen none<\/td>\n<\/tr>\n<tr>\n<td>Keyboard usb calliope keyboard, black, spanish (la)<\/td>\n<\/tr>\n<tr>\n<td>Mouse usb calliope mouse, black<\/td>\n<\/tr>\n<tr>\n<td>Expansion slots two m.2 slots (one for wlan, one for ssd)<\/td>\n<\/tr>\n<tr>\n<td>Case color luna grey<\/td>\n<\/tr>\n<tr>\n<td>Stand monitor stand<\/td>\n<\/tr>\n<tr>\n<td>Mounting none<\/td>\n<\/tr>\n<tr>\n<td>Wireless charger none<\/td>\n<\/tr>\n<tr>\n<td>Pen pen not supported<\/td>\n<\/tr>\n<tr>\n<td>Form factor aio (27 inches)<\/td>\n<\/tr>\n<tr>\n<td>Dimensions (wxdxh) 611.72 x 192 x 473.16 mm (24.08 x 7.55 x 18.62 inches)<\/td>\n<\/tr>\n<tr>\n<td>Weight around 7.1 kg (15.65 lbs)<\/td>\n<\/tr>\n<tr>\n<td>Connectivity<\/td>\n<\/tr>\n<tr>\n<td>Wlan + bluetooth intel wi-fi 6 ax201, 802.11ax 2&#215;2 + bt5.2<\/td>\n<\/tr>\n<tr>\n<td>Wwan non-wwan<\/td>\n<\/tr>\n<tr>\n<td>Ethernet integrated 100\/1000m<\/td>\n<\/tr>\n<tr>\n<td>Rear ports 1x usb-a (usb 10gbps \/ usb 3.2 gen 2)<\/td>\n<\/tr>\n<tr>\n<td>2x usb-a (hi-speed usb \/ usb 2.0)<\/td>\n<\/tr>\n<tr>\n<td>1x hdmi-in 1.4<\/td>\n<\/tr>\n<tr>\n<td>1x hdmi-out 2.1 tmds<\/td>\n<\/tr>\n<tr>\n<td>1x ethernet (rj-45)<\/td>\n<\/tr>\n<tr>\n<td>1x power connector<\/td>\n<\/tr>\n<tr>\n<td>Left ports 1x usb-c (usb 10gbps \/ usb 3.2 gen 2), data transfer only<\/td>\n<\/tr>\n<tr>\n<td>1x headphone \/ microphone combo jack (3.5mm)<\/td>\n<\/tr>\n<tr>\n<td>Security  and  privacy<\/td>\n<\/tr>\n<tr>\n<td>Security chip firmware tpm 2.0 integrated in soc<\/td>\n<\/tr>\n<tr>\n<td>Physical locks kensington security slot, 3 x 7 mm<\/td>\n<\/tr>\n<tr>\n<td>Chassis intrusion switch no chassis intrusion switch<\/td>\n<\/tr>\n<tr>\n<td>Service<\/td>\n<\/tr>\n<tr>\n<td>Base warranty 1-year, onsite<\/td>\n<\/tr>\n<tr>\n<td>Included upgrade none<\/td>\n<\/tr>\n<tr>\n<td>Certifications<\/td>\n<\/tr>\n<tr>\n<td>Green certifications energy star 8.0<\/td>\n<\/tr>\n<tr>\n<td>Epeat gold registered<\/td>\n<\/tr>\n<tr>\n<td>Erp lot 3\/7<\/td>\n<\/tr>\n<tr>\n<td>Greenguard<\/td>\n<\/tr>\n<tr>\n<td>Rohs \/ weee \/ reach<\/td>\n<\/tr>\n<tr>\n<td>Other certifications t\u00fcv rheinland flicker free<\/td>\n<\/tr>\n<tr>\n<td>T\u00fcv rheinland low blue light<\/td>\n<\/tr>\n<tr>\n<td>T\u00fcv rheinland ultra low noise<\/td>\n<\/tr>\n<tr>\n<td>Software<\/td>\n<\/tr>\n<tr>\n<td>Operating system windows 11 pro, spanish<\/td>\n<\/tr>\n<tr>\n<td>Bundled software thinkshield control 1-year<\/td>\n<\/tr>\n<\/table>\n","protected":false},"excerpt":{"rendered":"<p>La thinkcentre neo 50a 27 gen 5 es una solucion todo en uno dise\u00f1ada para satisfacer las demandas del entorno empresarial moderno.<\/p>\n","protected":false},"featured_media":0,"comment_status":"open","ping_status":"open","template":"","meta":[],"product_cat":[1977,1971],"product_tag":[1578],"acf":[],"yoast_head":"<!-- This site is optimized with the Yoast SEO plugin v21.7 - https:\/\/yoast.com\/wordpress\/plugins\/seo\/ -->\n<title>[ Lenovo ] &#129351; 12sb0075ls Pc Thinkcentre Neo 50a Gen 5 | Intel Core 5 210h | 16gb | 512 Gb Ssd | 27 Fhd | Win 11 Pro | 1 A\u00f1o En Sitio |<\/title>\n<meta name=\"description\" content=\"Compra 12sb0075ls Pc Thinkcentre Neo 50a Gen 5 | Intel Core 5 210h | 16gb | 512 Gb Ssd | 27 Fhd | Win 11 Pro | 1 A\u00f1o En Sitio | + Env\u00edo a domicilio + Pago seguro + Garant\u00eda\" \/>\n<meta name=\"robots\" content=\"index, follow, max-snippet:-1, max-image-preview:large, max-video-preview:-1\" \/>\n<link rel=\"canonical\" href=\"https:\/\/compuviper.mx\/tienda\/producto\/lenovo-12sb0075ls-pc-thinkcentre-neo-50a-gen-5-intel-core-5-210h-16gb-512-gb-ssd-27-fhd-win-11-pro-1-ao-en-sitio\/\" \/>\n<meta property=\"og:locale\" content=\"es_MX\" \/>\n<meta property=\"og:type\" content=\"article\" \/>\n<meta property=\"og:title\" content=\"[ Lenovo ] &#129351; 12sb0075ls Pc Thinkcentre Neo 50a Gen 5 | Intel Core 5 210h | 16gb | 512 Gb Ssd | 27 Fhd | Win 11 Pro | 1 A\u00f1o En Sitio |\" \/>\n<meta property=\"og:description\" content=\"Compra 12sb0075ls Pc Thinkcentre Neo 50a Gen 5 | Intel Core 5 210h | 16gb | 512 Gb Ssd | 27 Fhd | Win 11 Pro | 1 A\u00f1o En Sitio | + Env\u00edo a domicilio + Pago seguro + Garant\u00eda\" \/>\n<meta property=\"og:url\" content=\"https:\/\/compuviper.mx\/tienda\/producto\/lenovo-12sb0075ls-pc-thinkcentre-neo-50a-gen-5-intel-core-5-210h-16gb-512-gb-ssd-27-fhd-win-11-pro-1-ao-en-sitio\/\" \/>\n<meta property=\"og:site_name\" content=\"Compuviper\" \/>\n<meta property=\"article:publisher\" content=\"https:\/\/www.facebook.com\/compuviper\" \/>\n<meta name=\"twitter:card\" content=\"summary_large_image\" \/>\n<meta name=\"twitter:label1\" content=\"Precio\" \/>\n\t<meta name=\"twitter:data1\" content=\"&#36;19,775 con IVA\" \/>\n\t<meta name=\"twitter:label2\" content=\"Availability\" \/>\n\t<meta name=\"twitter:data2\" content=\"In stock\" \/>\n<script type=\"application\/ld+json\" class=\"yoast-schema-graph\">{\"@context\":\"https:\/\/schema.org\",\"@graph\":[{\"@type\":\"WebPage\",\"@id\":\"https:\/\/compuviper.mx\/tienda\/producto\/lenovo-12sb0075ls-pc-thinkcentre-neo-50a-gen-5-intel-core-5-210h-16gb-512-gb-ssd-27-fhd-win-11-pro-1-ao-en-sitio\/\",\"url\":\"https:\/\/compuviper.mx\/tienda\/producto\/lenovo-12sb0075ls-pc-thinkcentre-neo-50a-gen-5-intel-core-5-210h-16gb-512-gb-ssd-27-fhd-win-11-pro-1-ao-en-sitio\/\",\"name\":\"[ Lenovo ] &#129351; 12sb0075ls Pc Thinkcentre Neo 50a Gen 5 | Intel Core 5 210h | 16gb | 512 Gb Ssd | 27 Fhd | Win 11 Pro | 1 A\u00f1o En Sitio |\",\"isPartOf\":{\"@id\":\"https:\/\/compuviper.mx\/tienda\/#website\"},\"datePublished\":\"2026-04-02T07:30:07+00:00\",\"dateModified\":\"2026-04-02T07:30:07+00:00\",\"description\":\"Compra 12sb0075ls Pc Thinkcentre Neo 50a Gen 5 | Intel Core 5 210h | 16gb | 512 Gb Ssd | 27 Fhd | Win 11 Pro | 1 A\u00f1o En Sitio | + Env\u00edo a domicilio + Pago seguro + Garant\u00eda\",\"breadcrumb\":{\"@id\":\"https:\/\/compuviper.mx\/tienda\/producto\/lenovo-12sb0075ls-pc-thinkcentre-neo-50a-gen-5-intel-core-5-210h-16gb-512-gb-ssd-27-fhd-win-11-pro-1-ao-en-sitio\/#breadcrumb\"},\"inLanguage\":\"es-MX\",\"potentialAction\":[{\"@type\":\"ReadAction\",\"target\":[\"https:\/\/compuviper.mx\/tienda\/producto\/lenovo-12sb0075ls-pc-thinkcentre-neo-50a-gen-5-intel-core-5-210h-16gb-512-gb-ssd-27-fhd-win-11-pro-1-ao-en-sitio\/\"]}]},{\"@type\":\"BreadcrumbList\",\"@id\":\"https:\/\/compuviper.mx\/tienda\/producto\/lenovo-12sb0075ls-pc-thinkcentre-neo-50a-gen-5-intel-core-5-210h-16gb-512-gb-ssd-27-fhd-win-11-pro-1-ao-en-sitio\/#breadcrumb\",\"itemListElement\":[{\"@type\":\"ListItem\",\"position\":1,\"name\":\"Inicio\",\"item\":\"https:\/\/compuviper.mx\/tienda\/\"},{\"@type\":\"ListItem\",\"position\":2,\"name\":\"Productos\",\"item\":\"https:\/\/compuviper.mx\/tienda\/productos\/\"},{\"@type\":\"ListItem\",\"position\":3,\"name\":\"Computadoras\",\"item\":\"https:\/\/compuviper.mx\/tienda\/categoria-producto\/computadoras\/\"},{\"@type\":\"ListItem\",\"position\":4,\"name\":\"All In One\",\"item\":\"https:\/\/compuviper.mx\/tienda\/categoria-producto\/computadoras\/all-in-one-computadoras\/\"},{\"@type\":\"ListItem\",\"position\":5,\"name\":\"Lenovo 12sb0075ls Pc Thinkcentre Neo 50a Gen 5 | Intel Core 5 210h | 16gb | 512 Gb Ssd | 27 Fhd | Win 11 Pro | 1 A?o En Sitio |\"}]},{\"@type\":\"WebSite\",\"@id\":\"https:\/\/compuviper.mx\/tienda\/#website\",\"url\":\"https:\/\/compuviper.mx\/tienda\/\",\"name\":\"Compuviper\",\"description\":\"Proveedor de Computadoras, Laptops, Servidores, Monitores, Puntos de Venta, Teclados,   Impresoras, T\u00f3ner, C\u00e1maras de Seguridad y m\u00e1s en tu tienda en l\u00ednea\",\"publisher\":{\"@id\":\"https:\/\/compuviper.mx\/tienda\/#organization\"},\"potentialAction\":[{\"@type\":\"SearchAction\",\"target\":{\"@type\":\"EntryPoint\",\"urlTemplate\":\"https:\/\/compuviper.mx\/tienda\/?s={search_term_string}\"},\"query-input\":\"required name=search_term_string\"}],\"inLanguage\":\"es-MX\"},{\"@type\":\"Organization\",\"@id\":\"https:\/\/compuviper.mx\/tienda\/#organization\",\"name\":\"Compuviper\",\"url\":\"https:\/\/compuviper.mx\/tienda\/\",\"logo\":{\"@type\":\"ImageObject\",\"inLanguage\":\"es-MX\",\"@id\":\"https:\/\/compuviper.mx\/tienda\/#\/schema\/logo\/image\/\",\"url\":\"https:\/\/compuviper.mx\/tienda\/wp-content\/uploads\/2021\/08\/Logo-Compuviper-10.png\",\"contentUrl\":\"https:\/\/compuviper.mx\/tienda\/wp-content\/uploads\/2021\/08\/Logo-Compuviper-10.png\",\"width\":1000,\"height\":500,\"caption\":\"Compuviper\"},\"image\":{\"@id\":\"https:\/\/compuviper.mx\/tienda\/#\/schema\/logo\/image\/\"},\"sameAs\":[\"https:\/\/www.facebook.com\/compuviper\",\"https:\/\/www.youtube.com\/channel\/UCf73dERp9Y3cfOq7q8BhLjA?view_as=subscriber\"]}]}<\/script>\n<meta property=\"product:brand\" content=\"LENOVO\" \/>\n<meta property=\"product:price:amount\" content=\"19775\" \/>\n<meta property=\"product:price:currency\" content=\"MXN\" \/>\n<meta property=\"og:availability\" content=\"instock\" \/>\n<meta property=\"product:availability\" content=\"instock\" \/>\n<meta property=\"product:retailer_item_id\" content=\"12SB0075LS\" \/>\n<meta property=\"product:condition\" content=\"new\" \/>\n<!-- \/ Yoast SEO plugin. -->","yoast_head_json":{"title":"[ Lenovo ] &#129351; 12sb0075ls Pc Thinkcentre Neo 50a Gen 5 | Intel Core 5 210h | 16gb | 512 Gb Ssd | 27 Fhd | Win 11 Pro | 1 A\u00f1o En Sitio |","description":"Compra 12sb0075ls Pc Thinkcentre Neo 50a Gen 5 | Intel Core 5 210h | 16gb | 512 Gb Ssd | 27 Fhd | Win 11 Pro | 1 A\u00f1o En Sitio | + Env\u00edo a domicilio + Pago seguro + Garant\u00eda","robots":{"index":"index","follow":"follow","max-snippet":"max-snippet:-1","max-image-preview":"max-image-preview:large","max-video-preview":"max-video-preview:-1"},"canonical":"https:\/\/compuviper.mx\/tienda\/producto\/lenovo-12sb0075ls-pc-thinkcentre-neo-50a-gen-5-intel-core-5-210h-16gb-512-gb-ssd-27-fhd-win-11-pro-1-ao-en-sitio\/","og_locale":"es_MX","og_type":"article","og_title":"[ Lenovo ] &#129351; 12sb0075ls Pc Thinkcentre Neo 50a Gen 5 | Intel Core 5 210h | 16gb | 512 Gb Ssd | 27 Fhd | Win 11 Pro | 1 A\u00f1o En Sitio |","og_description":"Compra 12sb0075ls Pc Thinkcentre Neo 50a Gen 5 | Intel Core 5 210h | 16gb | 512 Gb Ssd | 27 Fhd | Win 11 Pro | 1 A\u00f1o En Sitio | + Env\u00edo a domicilio + Pago seguro + Garant\u00eda","og_url":"https:\/\/compuviper.mx\/tienda\/producto\/lenovo-12sb0075ls-pc-thinkcentre-neo-50a-gen-5-intel-core-5-210h-16gb-512-gb-ssd-27-fhd-win-11-pro-1-ao-en-sitio\/","og_site_name":"Compuviper","article_publisher":"https:\/\/www.facebook.com\/compuviper","twitter_card":"summary_large_image","twitter_misc":{"Precio":"&#36;19,775 con IVA","Availability":"In stock"},"schema":{"@context":"https:\/\/schema.org","@graph":[{"@type":"WebPage","@id":"https:\/\/compuviper.mx\/tienda\/producto\/lenovo-12sb0075ls-pc-thinkcentre-neo-50a-gen-5-intel-core-5-210h-16gb-512-gb-ssd-27-fhd-win-11-pro-1-ao-en-sitio\/","url":"https:\/\/compuviper.mx\/tienda\/producto\/lenovo-12sb0075ls-pc-thinkcentre-neo-50a-gen-5-intel-core-5-210h-16gb-512-gb-ssd-27-fhd-win-11-pro-1-ao-en-sitio\/","name":"[ Lenovo ] &#129351; 12sb0075ls Pc Thinkcentre Neo 50a Gen 5 | Intel Core 5 210h | 16gb | 512 Gb Ssd | 27 Fhd | Win 11 Pro | 1 A\u00f1o En Sitio |","isPartOf":{"@id":"https:\/\/compuviper.mx\/tienda\/#website"},"datePublished":"2026-04-02T07:30:07+00:00","dateModified":"2026-04-02T07:30:07+00:00","description":"Compra 12sb0075ls Pc Thinkcentre Neo 50a Gen 5 | Intel Core 5 210h | 16gb | 512 Gb Ssd | 27 Fhd | Win 11 Pro | 1 A\u00f1o En Sitio | + Env\u00edo a domicilio + Pago seguro + Garant\u00eda","breadcrumb":{"@id":"https:\/\/compuviper.mx\/tienda\/producto\/lenovo-12sb0075ls-pc-thinkcentre-neo-50a-gen-5-intel-core-5-210h-16gb-512-gb-ssd-27-fhd-win-11-pro-1-ao-en-sitio\/#breadcrumb"},"inLanguage":"es-MX","potentialAction":[{"@type":"ReadAction","target":["https:\/\/compuviper.mx\/tienda\/producto\/lenovo-12sb0075ls-pc-thinkcentre-neo-50a-gen-5-intel-core-5-210h-16gb-512-gb-ssd-27-fhd-win-11-pro-1-ao-en-sitio\/"]}]},{"@type":"BreadcrumbList","@id":"https:\/\/compuviper.mx\/tienda\/producto\/lenovo-12sb0075ls-pc-thinkcentre-neo-50a-gen-5-intel-core-5-210h-16gb-512-gb-ssd-27-fhd-win-11-pro-1-ao-en-sitio\/#breadcrumb","itemListElement":[{"@type":"ListItem","position":1,"name":"Inicio","item":"https:\/\/compuviper.mx\/tienda\/"},{"@type":"ListItem","position":2,"name":"Productos","item":"https:\/\/compuviper.mx\/tienda\/productos\/"},{"@type":"ListItem","position":3,"name":"Computadoras","item":"https:\/\/compuviper.mx\/tienda\/categoria-producto\/computadoras\/"},{"@type":"ListItem","position":4,"name":"All In One","item":"https:\/\/compuviper.mx\/tienda\/categoria-producto\/computadoras\/all-in-one-computadoras\/"},{"@type":"ListItem","position":5,"name":"Lenovo 12sb0075ls Pc Thinkcentre Neo 50a Gen 5 | Intel Core 5 210h | 16gb | 512 Gb Ssd | 27 Fhd | Win 11 Pro | 1 A?o En Sitio |"}]},{"@type":"WebSite","@id":"https:\/\/compuviper.mx\/tienda\/#website","url":"https:\/\/compuviper.mx\/tienda\/","name":"Compuviper","description":"Proveedor de Computadoras, Laptops, Servidores, Monitores, Puntos de Venta, Teclados,   Impresoras, T\u00f3ner, C\u00e1maras de Seguridad y m\u00e1s en tu tienda en l\u00ednea","publisher":{"@id":"https:\/\/compuviper.mx\/tienda\/#organization"},"potentialAction":[{"@type":"SearchAction","target":{"@type":"EntryPoint","urlTemplate":"https:\/\/compuviper.mx\/tienda\/?s={search_term_string}"},"query-input":"required name=search_term_string"}],"inLanguage":"es-MX"},{"@type":"Organization","@id":"https:\/\/compuviper.mx\/tienda\/#organization","name":"Compuviper","url":"https:\/\/compuviper.mx\/tienda\/","logo":{"@type":"ImageObject","inLanguage":"es-MX","@id":"https:\/\/compuviper.mx\/tienda\/#\/schema\/logo\/image\/","url":"https:\/\/compuviper.mx\/tienda\/wp-content\/uploads\/2021\/08\/Logo-Compuviper-10.png","contentUrl":"https:\/\/compuviper.mx\/tienda\/wp-content\/uploads\/2021\/08\/Logo-Compuviper-10.png","width":1000,"height":500,"caption":"Compuviper"},"image":{"@id":"https:\/\/compuviper.mx\/tienda\/#\/schema\/logo\/image\/"},"sameAs":["https:\/\/www.facebook.com\/compuviper","https:\/\/www.youtube.com\/channel\/UCf73dERp9Y3cfOq7q8BhLjA?view_as=subscriber"]}]},"product_brand":"LENOVO","product_price_amount":"19775","product_price_currency":"MXN","og_availability":"instock","product_availability":"instock","product_retailer_item_id":"12SB0075LS","product_condition":"new"},"_links":{"self":[{"href":"https:\/\/compuviper.mx\/tienda\/wp-json\/wp\/v2\/product\/261379"}],"collection":[{"href":"https:\/\/compuviper.mx\/tienda\/wp-json\/wp\/v2\/product"}],"about":[{"href":"https:\/\/compuviper.mx\/tienda\/wp-json\/wp\/v2\/types\/product"}],"replies":[{"embeddable":true,"href":"https:\/\/compuviper.mx\/tienda\/wp-json\/wp\/v2\/comments?post=261379"}],"wp:attachment":[{"href":"https:\/\/compuviper.mx\/tienda\/wp-json\/wp\/v2\/media?parent=261379"}],"wp:term":[{"taxonomy":"product_cat","embeddable":true,"href":"https:\/\/compuviper.mx\/tienda\/wp-json\/wp\/v2\/product_cat?post=261379"},{"taxonomy":"product_tag","embeddable":true,"href":"https:\/\/compuviper.mx\/tienda\/wp-json\/wp\/v2\/product_tag?post=261379"}],"curies":[{"name":"wp","href":"https:\/\/api.w.org\/{rel}","templated":true}]}}