{"id":261341,"date":"2026-04-11T00:12:37","date_gmt":"2026-04-11T06:12:37","guid":{"rendered":"https:\/\/compuviper.mx\/tienda\/producto\/quaroni-qcmt-10-gabinete-micro-torre-micro-atx-mini-itx-2usb-2-0-front-zigzag-fuente-500-w-1-ventilador-incluido-negro\/"},"modified":"2026-04-11T00:12:37","modified_gmt":"2026-04-11T06:12:37","slug":"quaroni-qcmt-10-gabinete-micro-torre-micro-atx-mini-itx-2usb-2-0-front-zigzag-fuente-500-w-1-ventilador-incluido-negro","status":"publish","type":"product","link":"https:\/\/compuviper.mx\/tienda\/producto\/quaroni-qcmt-10-gabinete-micro-torre-micro-atx-mini-itx-2usb-2-0-front-zigzag-fuente-500-w-1-ventilador-incluido-negro\/","title":{"rendered":"Quaroni Qcmt-10 Gabinete Micro Torre  Micro Atx, Mini Itx \/ 2usb 2.0 \/ Front Zigzag\/ Fuente 500 W\/1 Ventilador Incluido\/negro"},"content":{"rendered":"<table class=\"descripcion\">\n<tr>\n<td>Factor de forma: micro torre<\/td>\n<\/tr>\n<tr>\n<td>Admite motherboards: micro atx, mini itx, medidas hasta: 215 mm(l) x 236mm(a)<\/td>\n<\/tr>\n<tr>\n<td>Fuente de poder \u0095compatible: atx<\/td>\n<\/tr>\n<tr>\n<td>Soporte para ventiladores: 1 incluido<\/td>\n<\/tr>\n<tr>\n<td>Trasero y  lateral<\/td>\n<\/tr>\n<tr>\n<td>Ranuras pci: 3<\/td>\n<\/tr>\n<tr>\n<td>Ba\u00edhas<\/td>\n<\/tr>\n<tr>\n<td>\u00952.5 \/ 3.5: 2<\/td>\n<\/tr>\n<tr>\n<td>Interfaz<\/td>\n<\/tr>\n<tr>\n<td>\u0095puertos usb: 2* usb 2.0<\/td>\n<\/tr>\n<tr>\n<td>\u0095puertos de audio: 1 audio dual<\/td>\n<\/tr>\n<tr>\n<td>Vga compatible: 200mm<\/td>\n<\/tr>\n<tr>\n<td>Altura de disipador m\u00e1xima: 140mm<\/td>\n<\/tr>\n<tr>\n<td>Materiales<\/td>\n<\/tr>\n<tr>\n<td>\u0095estructura: spcc 0.4 mm<\/td>\n<\/tr>\n<tr>\n<td>\u0095panel izquierdo: aluminio<\/td>\n<\/tr>\n<tr>\n<td>\u0095panel derecho: aluminio<\/td>\n<\/tr>\n<tr>\n<td>\u0095panel frontal: abs<\/td>\n<\/tr>\n<tr>\n<td>Tama\u00f1o del gabinete:  largo: 248mm ancho: 168mm alto: 338mm<\/td>\n<\/tr>\n<\/table>\n","protected":false},"excerpt":{"rendered":"<p>El gabinete micro torre est\u00e1 dise\u00f1ado para optimizar el espacio de trabajo, con ranuras para 2 ventiladores que permiten el flujo de aire ideal el correcto funcionamiento del hardware. Con compatibilidad para discos duros de 2.5\u0094 o 3.5\u0094. Explora la m\u00e1xima capacidad en un formato sencillo, compacto y elegante.<\/p>\n","protected":false},"featured_media":0,"comment_status":"open","ping_status":"open","template":"","meta":[],"product_cat":[1674,1945],"product_tag":[1678],"acf":[],"yoast_head":"<!-- This site is optimized with the Yoast SEO plugin v21.7 - https:\/\/yoast.com\/wordpress\/plugins\/seo\/ -->\n<title>[ Quaroni ] &#129351; Qcmt-10 Gabinete Micro Torre Micro Atx, Mini Itx \/ 2usb 2.0 \/ Front Zigzag\/ Fuente 500 W\/1 Ventilador Incluido\/negro<\/title>\n<meta name=\"description\" content=\"Compra Qcmt-10 Gabinete Micro Torre Micro Atx, Mini Itx \/ 2usb 2.0 \/ Front Zigzag\/ Fuente 500 W\/1 Ventilador Incluido\/negro + Env\u00edo a domicilio + Pago seguro + Garant\u00eda\" \/>\n<meta name=\"robots\" content=\"index, follow, max-snippet:-1, max-image-preview:large, max-video-preview:-1\" \/>\n<link rel=\"canonical\" href=\"https:\/\/compuviper.mx\/tienda\/producto\/quaroni-qcmt-10-gabinete-micro-torre-micro-atx-mini-itx-2usb-2-0-front-zigzag-fuente-500-w-1-ventilador-incluido-negro\/\" \/>\n<meta property=\"og:locale\" content=\"es_MX\" \/>\n<meta property=\"og:type\" content=\"article\" \/>\n<meta property=\"og:title\" content=\"[ Quaroni ] &#129351; Qcmt-10 Gabinete Micro Torre Micro Atx, Mini Itx \/ 2usb 2.0 \/ Front Zigzag\/ Fuente 500 W\/1 Ventilador Incluido\/negro\" \/>\n<meta property=\"og:description\" content=\"Compra Qcmt-10 Gabinete Micro Torre Micro Atx, Mini Itx \/ 2usb 2.0 \/ Front Zigzag\/ Fuente 500 W\/1 Ventilador Incluido\/negro + Env\u00edo a domicilio + Pago seguro + Garant\u00eda\" \/>\n<meta property=\"og:url\" content=\"https:\/\/compuviper.mx\/tienda\/producto\/quaroni-qcmt-10-gabinete-micro-torre-micro-atx-mini-itx-2usb-2-0-front-zigzag-fuente-500-w-1-ventilador-incluido-negro\/\" \/>\n<meta property=\"og:site_name\" content=\"Compuviper\" \/>\n<meta property=\"article:publisher\" content=\"https:\/\/www.facebook.com\/compuviper\" \/>\n<meta name=\"twitter:card\" content=\"summary_large_image\" \/>\n<meta name=\"twitter:label1\" content=\"Precio\" \/>\n\t<meta name=\"twitter:data1\" content=\"&#36;324 con IVA\" \/>\n\t<meta name=\"twitter:label2\" content=\"Availability\" \/>\n\t<meta name=\"twitter:data2\" content=\"In stock\" \/>\n<script type=\"application\/ld+json\" class=\"yoast-schema-graph\">{\"@context\":\"https:\/\/schema.org\",\"@graph\":[{\"@type\":\"WebPage\",\"@id\":\"https:\/\/compuviper.mx\/tienda\/producto\/quaroni-qcmt-10-gabinete-micro-torre-micro-atx-mini-itx-2usb-2-0-front-zigzag-fuente-500-w-1-ventilador-incluido-negro\/\",\"url\":\"https:\/\/compuviper.mx\/tienda\/producto\/quaroni-qcmt-10-gabinete-micro-torre-micro-atx-mini-itx-2usb-2-0-front-zigzag-fuente-500-w-1-ventilador-incluido-negro\/\",\"name\":\"[ Quaroni ] &#129351; Qcmt-10 Gabinete Micro Torre Micro Atx, Mini Itx \/ 2usb 2.0 \/ Front Zigzag\/ Fuente 500 W\/1 Ventilador Incluido\/negro\",\"isPartOf\":{\"@id\":\"https:\/\/compuviper.mx\/tienda\/#website\"},\"datePublished\":\"2026-04-11T06:12:37+00:00\",\"dateModified\":\"2026-04-11T06:12:37+00:00\",\"description\":\"Compra Qcmt-10 Gabinete Micro Torre Micro Atx, Mini Itx \/ 2usb 2.0 \/ Front Zigzag\/ Fuente 500 W\/1 Ventilador Incluido\/negro + Env\u00edo a domicilio + Pago seguro + Garant\u00eda\",\"breadcrumb\":{\"@id\":\"https:\/\/compuviper.mx\/tienda\/producto\/quaroni-qcmt-10-gabinete-micro-torre-micro-atx-mini-itx-2usb-2-0-front-zigzag-fuente-500-w-1-ventilador-incluido-negro\/#breadcrumb\"},\"inLanguage\":\"es-MX\",\"potentialAction\":[{\"@type\":\"ReadAction\",\"target\":[\"https:\/\/compuviper.mx\/tienda\/producto\/quaroni-qcmt-10-gabinete-micro-torre-micro-atx-mini-itx-2usb-2-0-front-zigzag-fuente-500-w-1-ventilador-incluido-negro\/\"]}]},{\"@type\":\"BreadcrumbList\",\"@id\":\"https:\/\/compuviper.mx\/tienda\/producto\/quaroni-qcmt-10-gabinete-micro-torre-micro-atx-mini-itx-2usb-2-0-front-zigzag-fuente-500-w-1-ventilador-incluido-negro\/#breadcrumb\",\"itemListElement\":[{\"@type\":\"ListItem\",\"position\":1,\"name\":\"Inicio\",\"item\":\"https:\/\/compuviper.mx\/tienda\/\"},{\"@type\":\"ListItem\",\"position\":2,\"name\":\"Productos\",\"item\":\"https:\/\/compuviper.mx\/tienda\/productos\/\"},{\"@type\":\"ListItem\",\"position\":3,\"name\":\"Gabinetes\",\"item\":\"https:\/\/compuviper.mx\/tienda\/categoria-producto\/gabinetes\/\"},{\"@type\":\"ListItem\",\"position\":4,\"name\":\"Mini Torre\",\"item\":\"https:\/\/compuviper.mx\/tienda\/categoria-producto\/gabinetes\/mini-torre\/\"},{\"@type\":\"ListItem\",\"position\":5,\"name\":\"Quaroni Qcmt-10 Gabinete Micro Torre Micro Atx, Mini Itx \/ 2usb 2.0 \/ Front Zigzag\/ Fuente 500 W\/1 Ventilador Incluido\/negro\"}]},{\"@type\":\"WebSite\",\"@id\":\"https:\/\/compuviper.mx\/tienda\/#website\",\"url\":\"https:\/\/compuviper.mx\/tienda\/\",\"name\":\"Compuviper\",\"description\":\"Proveedor de Computadoras, Laptops, Servidores, Monitores, Puntos de Venta, Teclados,   Impresoras, T\u00f3ner, C\u00e1maras de Seguridad y m\u00e1s en tu tienda en l\u00ednea\",\"publisher\":{\"@id\":\"https:\/\/compuviper.mx\/tienda\/#organization\"},\"potentialAction\":[{\"@type\":\"SearchAction\",\"target\":{\"@type\":\"EntryPoint\",\"urlTemplate\":\"https:\/\/compuviper.mx\/tienda\/?s={search_term_string}\"},\"query-input\":\"required name=search_term_string\"}],\"inLanguage\":\"es-MX\"},{\"@type\":\"Organization\",\"@id\":\"https:\/\/compuviper.mx\/tienda\/#organization\",\"name\":\"Compuviper\",\"url\":\"https:\/\/compuviper.mx\/tienda\/\",\"logo\":{\"@type\":\"ImageObject\",\"inLanguage\":\"es-MX\",\"@id\":\"https:\/\/compuviper.mx\/tienda\/#\/schema\/logo\/image\/\",\"url\":\"https:\/\/compuviper.mx\/tienda\/wp-content\/uploads\/2021\/08\/Logo-Compuviper-10.png\",\"contentUrl\":\"https:\/\/compuviper.mx\/tienda\/wp-content\/uploads\/2021\/08\/Logo-Compuviper-10.png\",\"width\":1000,\"height\":500,\"caption\":\"Compuviper\"},\"image\":{\"@id\":\"https:\/\/compuviper.mx\/tienda\/#\/schema\/logo\/image\/\"},\"sameAs\":[\"https:\/\/www.facebook.com\/compuviper\",\"https:\/\/www.youtube.com\/channel\/UCf73dERp9Y3cfOq7q8BhLjA?view_as=subscriber\"]}]}<\/script>\n<meta property=\"product:brand\" content=\"QUARONI\" \/>\n<meta property=\"product:price:amount\" content=\"324\" \/>\n<meta property=\"product:price:currency\" content=\"MXN\" \/>\n<meta property=\"og:availability\" content=\"instock\" \/>\n<meta property=\"product:availability\" content=\"instock\" \/>\n<meta property=\"product:retailer_item_id\" content=\"QCMT-10\" \/>\n<meta property=\"product:condition\" content=\"new\" \/>\n<!-- \/ Yoast SEO plugin. -->","yoast_head_json":{"title":"[ Quaroni ] &#129351; Qcmt-10 Gabinete Micro Torre Micro Atx, Mini Itx \/ 2usb 2.0 \/ Front Zigzag\/ Fuente 500 W\/1 Ventilador Incluido\/negro","description":"Compra Qcmt-10 Gabinete Micro Torre Micro Atx, Mini Itx \/ 2usb 2.0 \/ Front Zigzag\/ Fuente 500 W\/1 Ventilador Incluido\/negro + Env\u00edo a domicilio + Pago seguro + Garant\u00eda","robots":{"index":"index","follow":"follow","max-snippet":"max-snippet:-1","max-image-preview":"max-image-preview:large","max-video-preview":"max-video-preview:-1"},"canonical":"https:\/\/compuviper.mx\/tienda\/producto\/quaroni-qcmt-10-gabinete-micro-torre-micro-atx-mini-itx-2usb-2-0-front-zigzag-fuente-500-w-1-ventilador-incluido-negro\/","og_locale":"es_MX","og_type":"article","og_title":"[ Quaroni ] &#129351; Qcmt-10 Gabinete Micro Torre Micro Atx, Mini Itx \/ 2usb 2.0 \/ Front Zigzag\/ Fuente 500 W\/1 Ventilador Incluido\/negro","og_description":"Compra Qcmt-10 Gabinete Micro Torre Micro Atx, Mini Itx \/ 2usb 2.0 \/ Front Zigzag\/ Fuente 500 W\/1 Ventilador Incluido\/negro + Env\u00edo a domicilio + Pago seguro + Garant\u00eda","og_url":"https:\/\/compuviper.mx\/tienda\/producto\/quaroni-qcmt-10-gabinete-micro-torre-micro-atx-mini-itx-2usb-2-0-front-zigzag-fuente-500-w-1-ventilador-incluido-negro\/","og_site_name":"Compuviper","article_publisher":"https:\/\/www.facebook.com\/compuviper","twitter_card":"summary_large_image","twitter_misc":{"Precio":"&#36;324 con IVA","Availability":"In stock"},"schema":{"@context":"https:\/\/schema.org","@graph":[{"@type":"WebPage","@id":"https:\/\/compuviper.mx\/tienda\/producto\/quaroni-qcmt-10-gabinete-micro-torre-micro-atx-mini-itx-2usb-2-0-front-zigzag-fuente-500-w-1-ventilador-incluido-negro\/","url":"https:\/\/compuviper.mx\/tienda\/producto\/quaroni-qcmt-10-gabinete-micro-torre-micro-atx-mini-itx-2usb-2-0-front-zigzag-fuente-500-w-1-ventilador-incluido-negro\/","name":"[ Quaroni ] &#129351; Qcmt-10 Gabinete Micro Torre Micro Atx, Mini Itx \/ 2usb 2.0 \/ Front Zigzag\/ Fuente 500 W\/1 Ventilador Incluido\/negro","isPartOf":{"@id":"https:\/\/compuviper.mx\/tienda\/#website"},"datePublished":"2026-04-11T06:12:37+00:00","dateModified":"2026-04-11T06:12:37+00:00","description":"Compra Qcmt-10 Gabinete Micro Torre Micro Atx, Mini Itx \/ 2usb 2.0 \/ Front Zigzag\/ Fuente 500 W\/1 Ventilador Incluido\/negro + Env\u00edo a domicilio + Pago seguro + Garant\u00eda","breadcrumb":{"@id":"https:\/\/compuviper.mx\/tienda\/producto\/quaroni-qcmt-10-gabinete-micro-torre-micro-atx-mini-itx-2usb-2-0-front-zigzag-fuente-500-w-1-ventilador-incluido-negro\/#breadcrumb"},"inLanguage":"es-MX","potentialAction":[{"@type":"ReadAction","target":["https:\/\/compuviper.mx\/tienda\/producto\/quaroni-qcmt-10-gabinete-micro-torre-micro-atx-mini-itx-2usb-2-0-front-zigzag-fuente-500-w-1-ventilador-incluido-negro\/"]}]},{"@type":"BreadcrumbList","@id":"https:\/\/compuviper.mx\/tienda\/producto\/quaroni-qcmt-10-gabinete-micro-torre-micro-atx-mini-itx-2usb-2-0-front-zigzag-fuente-500-w-1-ventilador-incluido-negro\/#breadcrumb","itemListElement":[{"@type":"ListItem","position":1,"name":"Inicio","item":"https:\/\/compuviper.mx\/tienda\/"},{"@type":"ListItem","position":2,"name":"Productos","item":"https:\/\/compuviper.mx\/tienda\/productos\/"},{"@type":"ListItem","position":3,"name":"Gabinetes","item":"https:\/\/compuviper.mx\/tienda\/categoria-producto\/gabinetes\/"},{"@type":"ListItem","position":4,"name":"Mini Torre","item":"https:\/\/compuviper.mx\/tienda\/categoria-producto\/gabinetes\/mini-torre\/"},{"@type":"ListItem","position":5,"name":"Quaroni Qcmt-10 Gabinete Micro Torre Micro Atx, Mini Itx \/ 2usb 2.0 \/ Front Zigzag\/ Fuente 500 W\/1 Ventilador Incluido\/negro"}]},{"@type":"WebSite","@id":"https:\/\/compuviper.mx\/tienda\/#website","url":"https:\/\/compuviper.mx\/tienda\/","name":"Compuviper","description":"Proveedor de Computadoras, Laptops, Servidores, Monitores, Puntos de Venta, Teclados,   Impresoras, T\u00f3ner, C\u00e1maras de Seguridad y m\u00e1s en tu tienda en l\u00ednea","publisher":{"@id":"https:\/\/compuviper.mx\/tienda\/#organization"},"potentialAction":[{"@type":"SearchAction","target":{"@type":"EntryPoint","urlTemplate":"https:\/\/compuviper.mx\/tienda\/?s={search_term_string}"},"query-input":"required name=search_term_string"}],"inLanguage":"es-MX"},{"@type":"Organization","@id":"https:\/\/compuviper.mx\/tienda\/#organization","name":"Compuviper","url":"https:\/\/compuviper.mx\/tienda\/","logo":{"@type":"ImageObject","inLanguage":"es-MX","@id":"https:\/\/compuviper.mx\/tienda\/#\/schema\/logo\/image\/","url":"https:\/\/compuviper.mx\/tienda\/wp-content\/uploads\/2021\/08\/Logo-Compuviper-10.png","contentUrl":"https:\/\/compuviper.mx\/tienda\/wp-content\/uploads\/2021\/08\/Logo-Compuviper-10.png","width":1000,"height":500,"caption":"Compuviper"},"image":{"@id":"https:\/\/compuviper.mx\/tienda\/#\/schema\/logo\/image\/"},"sameAs":["https:\/\/www.facebook.com\/compuviper","https:\/\/www.youtube.com\/channel\/UCf73dERp9Y3cfOq7q8BhLjA?view_as=subscriber"]}]},"product_brand":"QUARONI","product_price_amount":"324","product_price_currency":"MXN","og_availability":"instock","product_availability":"instock","product_retailer_item_id":"QCMT-10","product_condition":"new"},"_links":{"self":[{"href":"https:\/\/compuviper.mx\/tienda\/wp-json\/wp\/v2\/product\/261341"}],"collection":[{"href":"https:\/\/compuviper.mx\/tienda\/wp-json\/wp\/v2\/product"}],"about":[{"href":"https:\/\/compuviper.mx\/tienda\/wp-json\/wp\/v2\/types\/product"}],"replies":[{"embeddable":true,"href":"https:\/\/compuviper.mx\/tienda\/wp-json\/wp\/v2\/comments?post=261341"}],"wp:attachment":[{"href":"https:\/\/compuviper.mx\/tienda\/wp-json\/wp\/v2\/media?parent=261341"}],"wp:term":[{"taxonomy":"product_cat","embeddable":true,"href":"https:\/\/compuviper.mx\/tienda\/wp-json\/wp\/v2\/product_cat?post=261341"},{"taxonomy":"product_tag","embeddable":true,"href":"https:\/\/compuviper.mx\/tienda\/wp-json\/wp\/v2\/product_tag?post=261341"}],"curies":[{"name":"wp","href":"https:\/\/api.w.org\/{rel}","templated":true}]}}