{"id":261298,"date":"2026-04-02T00:51:58","date_gmt":"2026-04-02T06:51:58","guid":{"rendered":"https:\/\/compuviper.mx\/tienda\/producto\/samsung-ls37d700ealxzx-monitor-led-37-pulgadas-viewfinity-s7-4k-uhd-3840-x-2160-plano-va-60-hz-dp-hdmi-negro\/"},"modified":"2026-04-02T00:51:59","modified_gmt":"2026-04-02T06:51:59","slug":"samsung-ls37d700ealxzx-monitor-led-37-pulgadas-viewfinity-s7-4k-uhd-3840-x-2160-plano-va-60-hz-dp-hdmi-negro","status":"publish","type":"product","link":"https:\/\/compuviper.mx\/tienda\/producto\/samsung-ls37d700ealxzx-monitor-led-37-pulgadas-viewfinity-s7-4k-uhd-3840-x-2160-plano-va-60-hz-dp-hdmi-negro\/","title":{"rendered":"Samsung Ls37d700ealxzx Monitor Led  37 Pulgadas \/ Viewfinity S7\/ 4k Uhd (3840 X 2160)\/ Plano\/ Va \/ 60 Hz \/  Dp \/hdmi \/ Negro"},"content":{"rendered":"<table class=\"descripcion\">\n<tr>\n<td>Screen size (class):  37<\/td>\n<\/tr>\n<tr>\n<td>Flat \/ curved:  flat<\/td>\n<\/tr>\n<tr>\n<td>Active display size (hxv) (mm):  808.0128 (h) x 454.5072 (v)<\/td>\n<\/tr>\n<tr>\n<td>Aspect ratio:  16:9<\/td>\n<\/tr>\n<tr>\n<td>Panel type:  va<\/td>\n<\/tr>\n<tr>\n<td>Brightness (typical):  350cd\/ and #13217;<\/td>\n<\/tr>\n<tr>\n<td>Brightness (min):  280cd\/ and #13217;<\/td>\n<\/tr>\n<tr>\n<td>Contrast ratio (static):  3000:1(typ)<\/td>\n<\/tr>\n<tr>\n<td>Contrast ratio (dynamic):  mega  and #8734; dcr<\/td>\n<\/tr>\n<tr>\n<td>Hdr(high dynamic range):  hdr10<\/td>\n<\/tr>\n<tr>\n<td>Resolution:  4k (3,840 x 2,160)<\/td>\n<\/tr>\n<tr>\n<td>Response time (ms):  5ms<\/td>\n<\/tr>\n<tr>\n<td>Viewing angle (h\/v):  178\/178<\/td>\n<\/tr>\n<tr>\n<td>Color support:  max 1.07b<\/td>\n<\/tr>\n<tr>\n<td>Color gamut (srgb coverage):  100% (typ)<\/td>\n<\/tr>\n<tr>\n<td>Frame rate:  max 60hz<\/td>\n<\/tr>\n<tr>\n<td>Energy saving solution:  yes<\/td>\n<\/tr>\n<tr>\n<td>Eye saver mode:  yes<\/td>\n<\/tr>\n<tr>\n<td>Flicker free:  yes<\/td>\n<\/tr>\n<tr>\n<td>Picture-in-picture:  yes<\/td>\n<\/tr>\n<tr>\n<td>Picture-by-picture:  yes<\/td>\n<\/tr>\n<tr>\n<td>Image size:  yes<\/td>\n<\/tr>\n<tr>\n<td>Windows certification:  windows11<\/td>\n<\/tr>\n<tr>\n<td>Freesync:  no<\/td>\n<\/tr>\n<tr>\n<td>G-sync:  no<\/td>\n<\/tr>\n<tr>\n<td>Off timer plus:  yes<\/td>\n<\/tr>\n<tr>\n<td>Auto source switch:  auto source switch+<\/td>\n<\/tr>\n<tr>\n<td>Adaptive picture:  yes<\/td>\n<\/tr>\n<tr>\n<td>Smart type:  no<\/td>\n<\/tr>\n<tr>\n<td>Display port:  1ea<\/td>\n<\/tr>\n<tr>\n<td>Display port version:  1.2<\/td>\n<\/tr>\n<tr>\n<td>Hdcp version (dp):  2.2<\/td>\n<\/tr>\n<tr>\n<td>Hdmi:  1ea<\/td>\n<\/tr>\n<tr>\n<td>Hdmi version:  2.0<\/td>\n<\/tr>\n<tr>\n<td>Hdcp version (hdmi):  2.2<\/td>\n<\/tr>\n<tr>\n<td>Headphone:  yes<\/td>\n<\/tr>\n<tr>\n<td>Usb-c:  noea<\/td>\n<\/tr>\n<tr>\n<td>Speaker:  no<\/td>\n<\/tr>\n<tr>\n<td>Temperature:  10~40 and #8451;<\/td>\n<\/tr>\n<tr>\n<td>Humidity:  10~80, non-condensing%<\/td>\n<\/tr>\n<tr>\n<td>Factory tunning:  yes<\/td>\n<\/tr>\n<tr>\n<td>Front color:  black<\/td>\n<\/tr>\n<tr>\n<td>Rear color:  black<\/td>\n<\/tr>\n<tr>\n<td>Stand color:  black<\/td>\n<\/tr>\n<tr>\n<td>Stand type:  simple<\/td>\n<\/tr>\n<tr>\n<td>Tilt:  -5.0 and #730;(\u00b12.0 and #730;)~25.0 and #730;(\u00b12.0 and #730;)<\/td>\n<\/tr>\n<tr>\n<td>Wall mount:  100 x 100<\/td>\n<\/tr>\n<tr>\n<td>Tco certified:  yes<\/td>\n<\/tr>\n<tr>\n<td>Carbon footprint:  yes<\/td>\n<\/tr>\n<tr>\n<td>Recycled plastic:  over 15%<\/td>\n<\/tr>\n<tr>\n<td>Power supply:  ac 100~240v<\/td>\n<\/tr>\n<tr>\n<td>Power consumption (max):  110w<\/td>\n<\/tr>\n<tr>\n<td>Power consumption (off mode):  -w<\/td>\n<\/tr>\n<tr>\n<td>Type:  internal power<\/td>\n<\/tr>\n<tr>\n<td>Set dimension with stand (wxhxd):  823.9 x 565.0 x 250mm<\/td>\n<\/tr>\n<tr>\n<td>Set dimension without stand (wxhxd):  823.9 x 486.5 x 41.8mm<\/td>\n<\/tr>\n<tr>\n<td>Package dimension (wxhxd):  921 x 181 x 604mm<\/td>\n<\/tr>\n<tr>\n<td>Set weight with stand:  8.1kg<\/td>\n<\/tr>\n<tr>\n<td>Set weight without stand:  5.8kg<\/td>\n<\/tr>\n<tr>\n<td>Package weight:  11.5kg<\/td>\n<\/tr>\n<tr>\n<td>Power cable length:  1.5 m<\/td>\n<\/tr>\n<tr>\n<td>Hdmi cable:  yes<\/td>\n<\/tr>\n<\/table>\n","protected":false},"excerpt":{"rendered":"<p>Screen size (class): 37 Flat \/ curved: flat Active display size (hxv) (mm): 808.0128 (h) x 454.5072 (v) Aspect ratio: 16:9 Panel type: va Brightness (typical): 350cd\/ and #13217; Brightness (min): 280cd\/ and #13217; Contrast ratio (static): 3000:1(typ) Contrast ratio (dynamic): mega and #8734; dcr Hdr(high dynamic range): hdr10 Resolution: 4k (3,840 x 2,160) Response [&hellip;]<\/p>\n","protected":false},"featured_media":0,"comment_status":"open","ping_status":"open","template":"","meta":[],"product_cat":[1741,1740],"product_tag":[1743],"acf":[],"yoast_head":"<!-- This site is optimized with the Yoast SEO plugin v21.7 - https:\/\/yoast.com\/wordpress\/plugins\/seo\/ -->\n<title>[ Samsung ] &#129351; Ls37d700ealxzx Monitor Led 37 Pulgadas \/ Viewfinity S7\/ 4k Uhd (3840 X 2160)\/ Plano\/ Va \/ 60 Hz \/ Dp \/hdmi \/ Negro<\/title>\n<meta name=\"description\" content=\"Compra Ls37d700ealxzx Monitor Led 37 Pulgadas \/ Viewfinity S7\/ 4k Uhd (3840 X 2160)\/ Plano\/ Va \/ 60 Hz \/ Dp \/hdmi \/ Negro + Env\u00edo a domicilio + Pago seguro + Garant\u00eda\" \/>\n<meta name=\"robots\" content=\"index, follow, max-snippet:-1, max-image-preview:large, max-video-preview:-1\" \/>\n<link rel=\"canonical\" href=\"https:\/\/compuviper.mx\/tienda\/producto\/samsung-ls37d700ealxzx-monitor-led-37-pulgadas-viewfinity-s7-4k-uhd-3840-x-2160-plano-va-60-hz-dp-hdmi-negro\/\" \/>\n<meta property=\"og:locale\" content=\"es_MX\" \/>\n<meta property=\"og:type\" content=\"article\" \/>\n<meta property=\"og:title\" content=\"[ Samsung ] &#129351; Ls37d700ealxzx Monitor Led 37 Pulgadas \/ Viewfinity S7\/ 4k Uhd (3840 X 2160)\/ Plano\/ Va \/ 60 Hz \/ Dp \/hdmi \/ Negro\" \/>\n<meta property=\"og:description\" content=\"Compra Ls37d700ealxzx Monitor Led 37 Pulgadas \/ Viewfinity S7\/ 4k Uhd (3840 X 2160)\/ Plano\/ Va \/ 60 Hz \/ Dp \/hdmi \/ Negro + Env\u00edo a domicilio + Pago seguro + Garant\u00eda\" \/>\n<meta property=\"og:url\" content=\"https:\/\/compuviper.mx\/tienda\/producto\/samsung-ls37d700ealxzx-monitor-led-37-pulgadas-viewfinity-s7-4k-uhd-3840-x-2160-plano-va-60-hz-dp-hdmi-negro\/\" \/>\n<meta property=\"og:site_name\" content=\"Compuviper\" \/>\n<meta property=\"article:publisher\" content=\"https:\/\/www.facebook.com\/compuviper\" \/>\n<meta property=\"article:modified_time\" content=\"2026-04-02T06:51:59+00:00\" \/>\n<meta name=\"twitter:card\" content=\"summary_large_image\" \/>\n<meta name=\"twitter:label1\" content=\"Precio\" \/>\n\t<meta name=\"twitter:data1\" content=\"&#36;7,140 con IVA\" \/>\n\t<meta name=\"twitter:label2\" content=\"Availability\" \/>\n\t<meta name=\"twitter:data2\" content=\"In stock\" \/>\n<script type=\"application\/ld+json\" class=\"yoast-schema-graph\">{\"@context\":\"https:\/\/schema.org\",\"@graph\":[{\"@type\":\"WebPage\",\"@id\":\"https:\/\/compuviper.mx\/tienda\/producto\/samsung-ls37d700ealxzx-monitor-led-37-pulgadas-viewfinity-s7-4k-uhd-3840-x-2160-plano-va-60-hz-dp-hdmi-negro\/\",\"url\":\"https:\/\/compuviper.mx\/tienda\/producto\/samsung-ls37d700ealxzx-monitor-led-37-pulgadas-viewfinity-s7-4k-uhd-3840-x-2160-plano-va-60-hz-dp-hdmi-negro\/\",\"name\":\"[ Samsung ] &#129351; Ls37d700ealxzx Monitor Led 37 Pulgadas \/ Viewfinity S7\/ 4k Uhd (3840 X 2160)\/ Plano\/ Va \/ 60 Hz \/ Dp \/hdmi \/ Negro\",\"isPartOf\":{\"@id\":\"https:\/\/compuviper.mx\/tienda\/#website\"},\"datePublished\":\"2026-04-02T06:51:58+00:00\",\"dateModified\":\"2026-04-02T06:51:59+00:00\",\"description\":\"Compra Ls37d700ealxzx Monitor Led 37 Pulgadas \/ Viewfinity S7\/ 4k Uhd (3840 X 2160)\/ Plano\/ Va \/ 60 Hz \/ Dp \/hdmi \/ Negro + Env\u00edo a domicilio + Pago seguro + Garant\u00eda\",\"breadcrumb\":{\"@id\":\"https:\/\/compuviper.mx\/tienda\/producto\/samsung-ls37d700ealxzx-monitor-led-37-pulgadas-viewfinity-s7-4k-uhd-3840-x-2160-plano-va-60-hz-dp-hdmi-negro\/#breadcrumb\"},\"inLanguage\":\"es-MX\",\"potentialAction\":[{\"@type\":\"ReadAction\",\"target\":[\"https:\/\/compuviper.mx\/tienda\/producto\/samsung-ls37d700ealxzx-monitor-led-37-pulgadas-viewfinity-s7-4k-uhd-3840-x-2160-plano-va-60-hz-dp-hdmi-negro\/\"]}]},{\"@type\":\"BreadcrumbList\",\"@id\":\"https:\/\/compuviper.mx\/tienda\/producto\/samsung-ls37d700ealxzx-monitor-led-37-pulgadas-viewfinity-s7-4k-uhd-3840-x-2160-plano-va-60-hz-dp-hdmi-negro\/#breadcrumb\",\"itemListElement\":[{\"@type\":\"ListItem\",\"position\":1,\"name\":\"Inicio\",\"item\":\"https:\/\/compuviper.mx\/tienda\/\"},{\"@type\":\"ListItem\",\"position\":2,\"name\":\"Productos\",\"item\":\"https:\/\/compuviper.mx\/tienda\/productos\/\"},{\"@type\":\"ListItem\",\"position\":3,\"name\":\"Monitores\",\"item\":\"https:\/\/compuviper.mx\/tienda\/categoria-producto\/monitores\/\"},{\"@type\":\"ListItem\",\"position\":4,\"name\":\"Led\",\"item\":\"https:\/\/compuviper.mx\/tienda\/categoria-producto\/monitores\/led\/\"},{\"@type\":\"ListItem\",\"position\":5,\"name\":\"Samsung Ls37d700ealxzx Monitor Led 37 Pulgadas \/ Viewfinity S7\/ 4k Uhd (3840 X 2160)\/ Plano\/ Va \/ 60 Hz \/ Dp \/hdmi \/ Negro\"}]},{\"@type\":\"WebSite\",\"@id\":\"https:\/\/compuviper.mx\/tienda\/#website\",\"url\":\"https:\/\/compuviper.mx\/tienda\/\",\"name\":\"Compuviper\",\"description\":\"Proveedor de Computadoras, Laptops, Servidores, Monitores, Puntos de Venta, Teclados,   Impresoras, T\u00f3ner, C\u00e1maras de Seguridad y m\u00e1s en tu tienda en l\u00ednea\",\"publisher\":{\"@id\":\"https:\/\/compuviper.mx\/tienda\/#organization\"},\"potentialAction\":[{\"@type\":\"SearchAction\",\"target\":{\"@type\":\"EntryPoint\",\"urlTemplate\":\"https:\/\/compuviper.mx\/tienda\/?s={search_term_string}\"},\"query-input\":\"required name=search_term_string\"}],\"inLanguage\":\"es-MX\"},{\"@type\":\"Organization\",\"@id\":\"https:\/\/compuviper.mx\/tienda\/#organization\",\"name\":\"Compuviper\",\"url\":\"https:\/\/compuviper.mx\/tienda\/\",\"logo\":{\"@type\":\"ImageObject\",\"inLanguage\":\"es-MX\",\"@id\":\"https:\/\/compuviper.mx\/tienda\/#\/schema\/logo\/image\/\",\"url\":\"https:\/\/compuviper.mx\/tienda\/wp-content\/uploads\/2021\/08\/Logo-Compuviper-10.png\",\"contentUrl\":\"https:\/\/compuviper.mx\/tienda\/wp-content\/uploads\/2021\/08\/Logo-Compuviper-10.png\",\"width\":1000,\"height\":500,\"caption\":\"Compuviper\"},\"image\":{\"@id\":\"https:\/\/compuviper.mx\/tienda\/#\/schema\/logo\/image\/\"},\"sameAs\":[\"https:\/\/www.facebook.com\/compuviper\",\"https:\/\/www.youtube.com\/channel\/UCf73dERp9Y3cfOq7q8BhLjA?view_as=subscriber\"]}]}<\/script>\n<meta property=\"product:brand\" content=\"SAMSUNG\" \/>\n<meta property=\"product:price:amount\" content=\"7140\" \/>\n<meta property=\"product:price:currency\" content=\"MXN\" \/>\n<meta property=\"og:availability\" content=\"instock\" \/>\n<meta property=\"product:availability\" content=\"instock\" \/>\n<meta property=\"product:retailer_item_id\" content=\"LS37D700EALXZX\" \/>\n<meta property=\"product:condition\" content=\"new\" \/>\n<!-- \/ Yoast SEO plugin. -->","yoast_head_json":{"title":"[ Samsung ] &#129351; Ls37d700ealxzx Monitor Led 37 Pulgadas \/ Viewfinity S7\/ 4k Uhd (3840 X 2160)\/ Plano\/ Va \/ 60 Hz \/ Dp \/hdmi \/ Negro","description":"Compra Ls37d700ealxzx Monitor Led 37 Pulgadas \/ Viewfinity S7\/ 4k Uhd (3840 X 2160)\/ Plano\/ Va \/ 60 Hz \/ Dp \/hdmi \/ Negro + Env\u00edo a domicilio + Pago seguro + Garant\u00eda","robots":{"index":"index","follow":"follow","max-snippet":"max-snippet:-1","max-image-preview":"max-image-preview:large","max-video-preview":"max-video-preview:-1"},"canonical":"https:\/\/compuviper.mx\/tienda\/producto\/samsung-ls37d700ealxzx-monitor-led-37-pulgadas-viewfinity-s7-4k-uhd-3840-x-2160-plano-va-60-hz-dp-hdmi-negro\/","og_locale":"es_MX","og_type":"article","og_title":"[ Samsung ] &#129351; Ls37d700ealxzx Monitor Led 37 Pulgadas \/ Viewfinity S7\/ 4k Uhd (3840 X 2160)\/ Plano\/ Va \/ 60 Hz \/ Dp \/hdmi \/ Negro","og_description":"Compra Ls37d700ealxzx Monitor Led 37 Pulgadas \/ Viewfinity S7\/ 4k Uhd (3840 X 2160)\/ Plano\/ Va \/ 60 Hz \/ Dp \/hdmi \/ Negro + Env\u00edo a domicilio + Pago seguro + Garant\u00eda","og_url":"https:\/\/compuviper.mx\/tienda\/producto\/samsung-ls37d700ealxzx-monitor-led-37-pulgadas-viewfinity-s7-4k-uhd-3840-x-2160-plano-va-60-hz-dp-hdmi-negro\/","og_site_name":"Compuviper","article_publisher":"https:\/\/www.facebook.com\/compuviper","article_modified_time":"2026-04-02T06:51:59+00:00","twitter_card":"summary_large_image","twitter_misc":{"Precio":"&#36;7,140 con IVA","Availability":"In stock"},"schema":{"@context":"https:\/\/schema.org","@graph":[{"@type":"WebPage","@id":"https:\/\/compuviper.mx\/tienda\/producto\/samsung-ls37d700ealxzx-monitor-led-37-pulgadas-viewfinity-s7-4k-uhd-3840-x-2160-plano-va-60-hz-dp-hdmi-negro\/","url":"https:\/\/compuviper.mx\/tienda\/producto\/samsung-ls37d700ealxzx-monitor-led-37-pulgadas-viewfinity-s7-4k-uhd-3840-x-2160-plano-va-60-hz-dp-hdmi-negro\/","name":"[ Samsung ] &#129351; Ls37d700ealxzx Monitor Led 37 Pulgadas \/ Viewfinity S7\/ 4k Uhd (3840 X 2160)\/ Plano\/ Va \/ 60 Hz \/ Dp \/hdmi \/ Negro","isPartOf":{"@id":"https:\/\/compuviper.mx\/tienda\/#website"},"datePublished":"2026-04-02T06:51:58+00:00","dateModified":"2026-04-02T06:51:59+00:00","description":"Compra Ls37d700ealxzx Monitor Led 37 Pulgadas \/ Viewfinity S7\/ 4k Uhd (3840 X 2160)\/ Plano\/ Va \/ 60 Hz \/ Dp \/hdmi \/ Negro + Env\u00edo a domicilio + Pago seguro + Garant\u00eda","breadcrumb":{"@id":"https:\/\/compuviper.mx\/tienda\/producto\/samsung-ls37d700ealxzx-monitor-led-37-pulgadas-viewfinity-s7-4k-uhd-3840-x-2160-plano-va-60-hz-dp-hdmi-negro\/#breadcrumb"},"inLanguage":"es-MX","potentialAction":[{"@type":"ReadAction","target":["https:\/\/compuviper.mx\/tienda\/producto\/samsung-ls37d700ealxzx-monitor-led-37-pulgadas-viewfinity-s7-4k-uhd-3840-x-2160-plano-va-60-hz-dp-hdmi-negro\/"]}]},{"@type":"BreadcrumbList","@id":"https:\/\/compuviper.mx\/tienda\/producto\/samsung-ls37d700ealxzx-monitor-led-37-pulgadas-viewfinity-s7-4k-uhd-3840-x-2160-plano-va-60-hz-dp-hdmi-negro\/#breadcrumb","itemListElement":[{"@type":"ListItem","position":1,"name":"Inicio","item":"https:\/\/compuviper.mx\/tienda\/"},{"@type":"ListItem","position":2,"name":"Productos","item":"https:\/\/compuviper.mx\/tienda\/productos\/"},{"@type":"ListItem","position":3,"name":"Monitores","item":"https:\/\/compuviper.mx\/tienda\/categoria-producto\/monitores\/"},{"@type":"ListItem","position":4,"name":"Led","item":"https:\/\/compuviper.mx\/tienda\/categoria-producto\/monitores\/led\/"},{"@type":"ListItem","position":5,"name":"Samsung Ls37d700ealxzx Monitor Led 37 Pulgadas \/ Viewfinity S7\/ 4k Uhd (3840 X 2160)\/ Plano\/ Va \/ 60 Hz \/ Dp \/hdmi \/ Negro"}]},{"@type":"WebSite","@id":"https:\/\/compuviper.mx\/tienda\/#website","url":"https:\/\/compuviper.mx\/tienda\/","name":"Compuviper","description":"Proveedor de Computadoras, Laptops, Servidores, Monitores, Puntos de Venta, Teclados,   Impresoras, T\u00f3ner, C\u00e1maras de Seguridad y m\u00e1s en tu tienda en l\u00ednea","publisher":{"@id":"https:\/\/compuviper.mx\/tienda\/#organization"},"potentialAction":[{"@type":"SearchAction","target":{"@type":"EntryPoint","urlTemplate":"https:\/\/compuviper.mx\/tienda\/?s={search_term_string}"},"query-input":"required name=search_term_string"}],"inLanguage":"es-MX"},{"@type":"Organization","@id":"https:\/\/compuviper.mx\/tienda\/#organization","name":"Compuviper","url":"https:\/\/compuviper.mx\/tienda\/","logo":{"@type":"ImageObject","inLanguage":"es-MX","@id":"https:\/\/compuviper.mx\/tienda\/#\/schema\/logo\/image\/","url":"https:\/\/compuviper.mx\/tienda\/wp-content\/uploads\/2021\/08\/Logo-Compuviper-10.png","contentUrl":"https:\/\/compuviper.mx\/tienda\/wp-content\/uploads\/2021\/08\/Logo-Compuviper-10.png","width":1000,"height":500,"caption":"Compuviper"},"image":{"@id":"https:\/\/compuviper.mx\/tienda\/#\/schema\/logo\/image\/"},"sameAs":["https:\/\/www.facebook.com\/compuviper","https:\/\/www.youtube.com\/channel\/UCf73dERp9Y3cfOq7q8BhLjA?view_as=subscriber"]}]},"product_brand":"SAMSUNG","product_price_amount":"7140","product_price_currency":"MXN","og_availability":"instock","product_availability":"instock","product_retailer_item_id":"LS37D700EALXZX","product_condition":"new"},"_links":{"self":[{"href":"https:\/\/compuviper.mx\/tienda\/wp-json\/wp\/v2\/product\/261298"}],"collection":[{"href":"https:\/\/compuviper.mx\/tienda\/wp-json\/wp\/v2\/product"}],"about":[{"href":"https:\/\/compuviper.mx\/tienda\/wp-json\/wp\/v2\/types\/product"}],"replies":[{"embeddable":true,"href":"https:\/\/compuviper.mx\/tienda\/wp-json\/wp\/v2\/comments?post=261298"}],"wp:attachment":[{"href":"https:\/\/compuviper.mx\/tienda\/wp-json\/wp\/v2\/media?parent=261298"}],"wp:term":[{"taxonomy":"product_cat","embeddable":true,"href":"https:\/\/compuviper.mx\/tienda\/wp-json\/wp\/v2\/product_cat?post=261298"},{"taxonomy":"product_tag","embeddable":true,"href":"https:\/\/compuviper.mx\/tienda\/wp-json\/wp\/v2\/product_tag?post=261298"}],"curies":[{"name":"wp","href":"https:\/\/api.w.org\/{rel}","templated":true}]}}