{"id":261276,"date":"2026-04-18T00:20:54","date_gmt":"2026-04-18T06:20:54","guid":{"rendered":"https:\/\/compuviper.mx\/tienda\/producto\/benq-5a-f9v14-ne1-camara-web-dv01k-plug-and-play-inteligente-4k-microfono-omnidireccional-x2-echo-cancellation-5-8-m-de-alcance-zoom-digital-5x\/"},"modified":"2026-04-18T00:20:54","modified_gmt":"2026-04-18T06:20:54","slug":"benq-5a-f9v14-ne1-camara-web-dv01k-plug-and-play-inteligente-4k-microfono-omnidireccional-x2-echo-cancellation-5-8-m-de-alcance-zoom-digital-5x","status":"publish","type":"product","link":"https:\/\/compuviper.mx\/tienda\/producto\/benq-5a-f9v14-ne1-camara-web-dv01k-plug-and-play-inteligente-4k-microfono-omnidireccional-x2-echo-cancellation-5-8-m-de-alcance-zoom-digital-5x\/","title":{"rendered":"Benq 5a.f9v14.ne1 Camara Web  Dv01k Plug And Play Inteligente 4k Microfono Omnidireccional X2 Echo-cancellation 5-8 M De Alcance Zoom Digital 5x"},"content":{"rendered":"<table class=\"descripcion\">\n<tr>\n<td>Dv01k camara web<\/td>\n<\/tr>\n<tr>\n<td>Caracteristicas<\/td>\n<\/tr>\n<tr>\n<td>Sensor 4k uhd<\/td>\n<\/tr>\n<tr>\n<td>Pixeles efectivos 16 9 8.29 mp<\/td>\n<\/tr>\n<tr>\n<td>Campo de vision 4k 30 fps 1080p 60 fps 720p 60 fps<\/td>\n<\/tr>\n<tr>\n<td>Enfoque fijo<\/td>\n<\/tr>\n<tr>\n<td>Tipo de lente vidrio<\/td>\n<\/tr>\n<tr>\n<td>Rendimiento con poca luz 0.01 lux<\/td>\n<\/tr>\n<tr>\n<td>Contraste de retroiluminacion auto on<\/td>\n<\/tr>\n<tr>\n<td>Exposicion auto manual<\/td>\n<\/tr>\n<tr>\n<td>Ajustes de video brillo nitidez definicion saturacion contraste balance de blancos ganancia antiparpadeo compensacion ajustable de bajo brillo<\/td>\n<\/tr>\n<tr>\n<td>Encuadre automatico si<\/td>\n<\/tr>\n<tr>\n<td>Audio<\/td>\n<\/tr>\n<tr>\n<td>Seguimiento de voz si<\/td>\n<\/tr>\n<tr>\n<td>Dnr 2d y 3d<\/td>\n<\/tr>\n<tr>\n<td>Snr 45db<\/td>\n<\/tr>\n<tr>\n<td>Microfono microfonos omnidireccionales x4<\/td>\n<\/tr>\n<tr>\n<td>Rango hasta 8m<\/td>\n<\/tr>\n<tr>\n<td>Cancelacion de ruido si<\/td>\n<\/tr>\n<tr>\n<td>Video<\/td>\n<\/tr>\n<tr>\n<td>Salida usb 2.0 tipo c<\/td>\n<\/tr>\n<tr>\n<td>Formato de compresion mjpeg yuy2 h.264 h.265<\/td>\n<\/tr>\n<tr>\n<td>Energia<\/td>\n<\/tr>\n<tr>\n<td>Voltaje de entrada dc5v<\/td>\n<\/tr>\n<tr>\n<td>Corriente de entrada 1a max<\/td>\n<\/tr>\n<tr>\n<td>Consimo de energia 5w max<\/td>\n<\/tr>\n<tr>\n<td>Compatibilidad<\/td>\n<\/tr>\n<tr>\n<td>Sistemas operativos windows 7 1080p 720p windows 8.1 windows 10 windows 11 macos tm 10 y superior linux uvc chrome tm os version 29.0.1547.70 y superior<\/td>\n<\/tr>\n<tr>\n<td>Usb plug and play<\/td>\n<\/tr>\n<tr>\n<td>Dimensiones<\/td>\n<\/tr>\n<tr>\n<td>Dimensiones an. x al. x pr. 168mm x 66.4mm x 58.3mm<\/td>\n<\/tr>\n<tr>\n<td>Peso 0.30<\/td>\n<\/tr>\n<tr>\n<td>Accesorios en caja<\/td>\n<\/tr>\n<tr>\n<td>Incluido camara web 4k uhd guia de inicio rapido cubierta de privacidad integrada<\/td>\n<\/tr>\n<\/table>\n","protected":false},"excerpt":{"rendered":"<p>Camara con ia para pantallas benq certificada por zoom tm. Optimizado para el rp04 rm04. Video uhd 4k mejorado. Encuadre automatico de inteligencia artificial ia. Cancelacion activa de ruido por inteligencia artificial<\/p>\n","protected":false},"featured_media":0,"comment_status":"open","ping_status":"open","template":"","meta":[],"product_cat":[1682,1608],"product_tag":[1744],"acf":[],"yoast_head":"<!-- This site is optimized with the Yoast SEO plugin v21.7 - https:\/\/yoast.com\/wordpress\/plugins\/seo\/ -->\n<title>[ Benq ] &#129351; 5a.f9v14.ne1 Camara Web Dv01k Plug And Play Inteligente 4k Microfono Omnidireccional X2 Echo-cancellation 5-8 M De Alcance Zoom Digital 5x<\/title>\n<meta name=\"description\" content=\"Compra 5a.f9v14.ne1 Camara Web Dv01k Plug And Play Inteligente 4k Microfono Omnidireccional X2 Echo-cancellation 5-8 M De Alcance Zoom Digital 5x + Env\u00edo a domicilio + Pago seguro + Garant\u00eda\" \/>\n<meta name=\"robots\" content=\"index, follow, max-snippet:-1, max-image-preview:large, max-video-preview:-1\" \/>\n<link rel=\"canonical\" href=\"https:\/\/compuviper.mx\/tienda\/producto\/benq-5a-f9v14-ne1-camara-web-dv01k-plug-and-play-inteligente-4k-microfono-omnidireccional-x2-echo-cancellation-5-8-m-de-alcance-zoom-digital-5x\/\" \/>\n<meta property=\"og:locale\" content=\"es_MX\" \/>\n<meta property=\"og:type\" content=\"article\" \/>\n<meta property=\"og:title\" content=\"[ Benq ] &#129351; 5a.f9v14.ne1 Camara Web Dv01k Plug And Play Inteligente 4k Microfono Omnidireccional X2 Echo-cancellation 5-8 M De Alcance Zoom Digital 5x\" \/>\n<meta property=\"og:description\" content=\"Compra 5a.f9v14.ne1 Camara Web Dv01k Plug And Play Inteligente 4k Microfono Omnidireccional X2 Echo-cancellation 5-8 M De Alcance Zoom Digital 5x + Env\u00edo a domicilio + Pago seguro + Garant\u00eda\" \/>\n<meta property=\"og:url\" content=\"https:\/\/compuviper.mx\/tienda\/producto\/benq-5a-f9v14-ne1-camara-web-dv01k-plug-and-play-inteligente-4k-microfono-omnidireccional-x2-echo-cancellation-5-8-m-de-alcance-zoom-digital-5x\/\" \/>\n<meta property=\"og:site_name\" content=\"Compuviper\" \/>\n<meta property=\"article:publisher\" content=\"https:\/\/www.facebook.com\/compuviper\" \/>\n<meta name=\"twitter:card\" content=\"summary_large_image\" \/>\n<meta name=\"twitter:label1\" content=\"Precio\" \/>\n\t<meta name=\"twitter:data1\" content=\"&#36;6,117 con IVA\" \/>\n\t<meta name=\"twitter:label2\" content=\"Availability\" \/>\n\t<meta name=\"twitter:data2\" content=\"On backorder\" \/>\n<script type=\"application\/ld+json\" class=\"yoast-schema-graph\">{\"@context\":\"https:\/\/schema.org\",\"@graph\":[{\"@type\":\"WebPage\",\"@id\":\"https:\/\/compuviper.mx\/tienda\/producto\/benq-5a-f9v14-ne1-camara-web-dv01k-plug-and-play-inteligente-4k-microfono-omnidireccional-x2-echo-cancellation-5-8-m-de-alcance-zoom-digital-5x\/\",\"url\":\"https:\/\/compuviper.mx\/tienda\/producto\/benq-5a-f9v14-ne1-camara-web-dv01k-plug-and-play-inteligente-4k-microfono-omnidireccional-x2-echo-cancellation-5-8-m-de-alcance-zoom-digital-5x\/\",\"name\":\"[ Benq ] &#129351; 5a.f9v14.ne1 Camara Web Dv01k Plug And Play Inteligente 4k Microfono Omnidireccional X2 Echo-cancellation 5-8 M De Alcance Zoom Digital 5x\",\"isPartOf\":{\"@id\":\"https:\/\/compuviper.mx\/tienda\/#website\"},\"datePublished\":\"2026-04-18T06:20:54+00:00\",\"dateModified\":\"2026-04-18T06:20:54+00:00\",\"description\":\"Compra 5a.f9v14.ne1 Camara Web Dv01k Plug And Play Inteligente 4k Microfono Omnidireccional X2 Echo-cancellation 5-8 M De Alcance Zoom Digital 5x + Env\u00edo a domicilio + Pago seguro + Garant\u00eda\",\"breadcrumb\":{\"@id\":\"https:\/\/compuviper.mx\/tienda\/producto\/benq-5a-f9v14-ne1-camara-web-dv01k-plug-and-play-inteligente-4k-microfono-omnidireccional-x2-echo-cancellation-5-8-m-de-alcance-zoom-digital-5x\/#breadcrumb\"},\"inLanguage\":\"es-MX\",\"potentialAction\":[{\"@type\":\"ReadAction\",\"target\":[\"https:\/\/compuviper.mx\/tienda\/producto\/benq-5a-f9v14-ne1-camara-web-dv01k-plug-and-play-inteligente-4k-microfono-omnidireccional-x2-echo-cancellation-5-8-m-de-alcance-zoom-digital-5x\/\"]}]},{\"@type\":\"BreadcrumbList\",\"@id\":\"https:\/\/compuviper.mx\/tienda\/producto\/benq-5a-f9v14-ne1-camara-web-dv01k-plug-and-play-inteligente-4k-microfono-omnidireccional-x2-echo-cancellation-5-8-m-de-alcance-zoom-digital-5x\/#breadcrumb\",\"itemListElement\":[{\"@type\":\"ListItem\",\"position\":1,\"name\":\"Inicio\",\"item\":\"https:\/\/compuviper.mx\/tienda\/\"},{\"@type\":\"ListItem\",\"position\":2,\"name\":\"Productos\",\"item\":\"https:\/\/compuviper.mx\/tienda\/productos\/\"},{\"@type\":\"ListItem\",\"position\":3,\"name\":\"Camaras\",\"item\":\"https:\/\/compuviper.mx\/tienda\/categoria-producto\/camaras-2\/\"},{\"@type\":\"ListItem\",\"position\":4,\"name\":\"Camara Web\",\"item\":\"https:\/\/compuviper.mx\/tienda\/categoria-producto\/camaras-2\/camara-web\/\"},{\"@type\":\"ListItem\",\"position\":5,\"name\":\"Benq 5a.f9v14.ne1 Camara Web Dv01k Plug And Play Inteligente 4k Microfono Omnidireccional X2 Echo-cancellation 5-8 M De Alcance Zoom Digital 5x\"}]},{\"@type\":\"WebSite\",\"@id\":\"https:\/\/compuviper.mx\/tienda\/#website\",\"url\":\"https:\/\/compuviper.mx\/tienda\/\",\"name\":\"Compuviper\",\"description\":\"Proveedor de Computadoras, Laptops, Servidores, Monitores, Puntos de Venta, Teclados,   Impresoras, T\u00f3ner, C\u00e1maras de Seguridad y m\u00e1s en tu tienda en l\u00ednea\",\"publisher\":{\"@id\":\"https:\/\/compuviper.mx\/tienda\/#organization\"},\"potentialAction\":[{\"@type\":\"SearchAction\",\"target\":{\"@type\":\"EntryPoint\",\"urlTemplate\":\"https:\/\/compuviper.mx\/tienda\/?s={search_term_string}\"},\"query-input\":\"required name=search_term_string\"}],\"inLanguage\":\"es-MX\"},{\"@type\":\"Organization\",\"@id\":\"https:\/\/compuviper.mx\/tienda\/#organization\",\"name\":\"Compuviper\",\"url\":\"https:\/\/compuviper.mx\/tienda\/\",\"logo\":{\"@type\":\"ImageObject\",\"inLanguage\":\"es-MX\",\"@id\":\"https:\/\/compuviper.mx\/tienda\/#\/schema\/logo\/image\/\",\"url\":\"https:\/\/compuviper.mx\/tienda\/wp-content\/uploads\/2021\/08\/Logo-Compuviper-10.png\",\"contentUrl\":\"https:\/\/compuviper.mx\/tienda\/wp-content\/uploads\/2021\/08\/Logo-Compuviper-10.png\",\"width\":1000,\"height\":500,\"caption\":\"Compuviper\"},\"image\":{\"@id\":\"https:\/\/compuviper.mx\/tienda\/#\/schema\/logo\/image\/\"},\"sameAs\":[\"https:\/\/www.facebook.com\/compuviper\",\"https:\/\/www.youtube.com\/channel\/UCf73dERp9Y3cfOq7q8BhLjA?view_as=subscriber\"]}]}<\/script>\n<meta property=\"product:brand\" content=\"BENQ\" \/>\n<meta property=\"product:price:amount\" content=\"6117\" \/>\n<meta property=\"product:price:currency\" content=\"MXN\" \/>\n<meta property=\"og:availability\" content=\"backorder\" \/>\n<meta property=\"product:availability\" content=\"available for order\" \/>\n<meta property=\"product:retailer_item_id\" content=\"5A.F9V14.NE1\" \/>\n<meta property=\"product:condition\" content=\"new\" \/>\n<!-- \/ Yoast SEO plugin. -->","yoast_head_json":{"title":"[ Benq ] &#129351; 5a.f9v14.ne1 Camara Web Dv01k Plug And Play Inteligente 4k Microfono Omnidireccional X2 Echo-cancellation 5-8 M De Alcance Zoom Digital 5x","description":"Compra 5a.f9v14.ne1 Camara Web Dv01k Plug And Play Inteligente 4k Microfono Omnidireccional X2 Echo-cancellation 5-8 M De Alcance Zoom Digital 5x + Env\u00edo a domicilio + Pago seguro + Garant\u00eda","robots":{"index":"index","follow":"follow","max-snippet":"max-snippet:-1","max-image-preview":"max-image-preview:large","max-video-preview":"max-video-preview:-1"},"canonical":"https:\/\/compuviper.mx\/tienda\/producto\/benq-5a-f9v14-ne1-camara-web-dv01k-plug-and-play-inteligente-4k-microfono-omnidireccional-x2-echo-cancellation-5-8-m-de-alcance-zoom-digital-5x\/","og_locale":"es_MX","og_type":"article","og_title":"[ Benq ] &#129351; 5a.f9v14.ne1 Camara Web Dv01k Plug And Play Inteligente 4k Microfono Omnidireccional X2 Echo-cancellation 5-8 M De Alcance Zoom Digital 5x","og_description":"Compra 5a.f9v14.ne1 Camara Web Dv01k Plug And Play Inteligente 4k Microfono Omnidireccional X2 Echo-cancellation 5-8 M De Alcance Zoom Digital 5x + Env\u00edo a domicilio + Pago seguro + Garant\u00eda","og_url":"https:\/\/compuviper.mx\/tienda\/producto\/benq-5a-f9v14-ne1-camara-web-dv01k-plug-and-play-inteligente-4k-microfono-omnidireccional-x2-echo-cancellation-5-8-m-de-alcance-zoom-digital-5x\/","og_site_name":"Compuviper","article_publisher":"https:\/\/www.facebook.com\/compuviper","twitter_card":"summary_large_image","twitter_misc":{"Precio":"&#36;6,117 con IVA","Availability":"On backorder"},"schema":{"@context":"https:\/\/schema.org","@graph":[{"@type":"WebPage","@id":"https:\/\/compuviper.mx\/tienda\/producto\/benq-5a-f9v14-ne1-camara-web-dv01k-plug-and-play-inteligente-4k-microfono-omnidireccional-x2-echo-cancellation-5-8-m-de-alcance-zoom-digital-5x\/","url":"https:\/\/compuviper.mx\/tienda\/producto\/benq-5a-f9v14-ne1-camara-web-dv01k-plug-and-play-inteligente-4k-microfono-omnidireccional-x2-echo-cancellation-5-8-m-de-alcance-zoom-digital-5x\/","name":"[ Benq ] &#129351; 5a.f9v14.ne1 Camara Web Dv01k Plug And Play Inteligente 4k Microfono Omnidireccional X2 Echo-cancellation 5-8 M De Alcance Zoom Digital 5x","isPartOf":{"@id":"https:\/\/compuviper.mx\/tienda\/#website"},"datePublished":"2026-04-18T06:20:54+00:00","dateModified":"2026-04-18T06:20:54+00:00","description":"Compra 5a.f9v14.ne1 Camara Web Dv01k Plug And Play Inteligente 4k Microfono Omnidireccional X2 Echo-cancellation 5-8 M De Alcance Zoom Digital 5x + Env\u00edo a domicilio + Pago seguro + Garant\u00eda","breadcrumb":{"@id":"https:\/\/compuviper.mx\/tienda\/producto\/benq-5a-f9v14-ne1-camara-web-dv01k-plug-and-play-inteligente-4k-microfono-omnidireccional-x2-echo-cancellation-5-8-m-de-alcance-zoom-digital-5x\/#breadcrumb"},"inLanguage":"es-MX","potentialAction":[{"@type":"ReadAction","target":["https:\/\/compuviper.mx\/tienda\/producto\/benq-5a-f9v14-ne1-camara-web-dv01k-plug-and-play-inteligente-4k-microfono-omnidireccional-x2-echo-cancellation-5-8-m-de-alcance-zoom-digital-5x\/"]}]},{"@type":"BreadcrumbList","@id":"https:\/\/compuviper.mx\/tienda\/producto\/benq-5a-f9v14-ne1-camara-web-dv01k-plug-and-play-inteligente-4k-microfono-omnidireccional-x2-echo-cancellation-5-8-m-de-alcance-zoom-digital-5x\/#breadcrumb","itemListElement":[{"@type":"ListItem","position":1,"name":"Inicio","item":"https:\/\/compuviper.mx\/tienda\/"},{"@type":"ListItem","position":2,"name":"Productos","item":"https:\/\/compuviper.mx\/tienda\/productos\/"},{"@type":"ListItem","position":3,"name":"Camaras","item":"https:\/\/compuviper.mx\/tienda\/categoria-producto\/camaras-2\/"},{"@type":"ListItem","position":4,"name":"Camara Web","item":"https:\/\/compuviper.mx\/tienda\/categoria-producto\/camaras-2\/camara-web\/"},{"@type":"ListItem","position":5,"name":"Benq 5a.f9v14.ne1 Camara Web Dv01k Plug And Play Inteligente 4k Microfono Omnidireccional X2 Echo-cancellation 5-8 M De Alcance Zoom Digital 5x"}]},{"@type":"WebSite","@id":"https:\/\/compuviper.mx\/tienda\/#website","url":"https:\/\/compuviper.mx\/tienda\/","name":"Compuviper","description":"Proveedor de Computadoras, Laptops, Servidores, Monitores, Puntos de Venta, Teclados,   Impresoras, T\u00f3ner, C\u00e1maras de Seguridad y m\u00e1s en tu tienda en l\u00ednea","publisher":{"@id":"https:\/\/compuviper.mx\/tienda\/#organization"},"potentialAction":[{"@type":"SearchAction","target":{"@type":"EntryPoint","urlTemplate":"https:\/\/compuviper.mx\/tienda\/?s={search_term_string}"},"query-input":"required name=search_term_string"}],"inLanguage":"es-MX"},{"@type":"Organization","@id":"https:\/\/compuviper.mx\/tienda\/#organization","name":"Compuviper","url":"https:\/\/compuviper.mx\/tienda\/","logo":{"@type":"ImageObject","inLanguage":"es-MX","@id":"https:\/\/compuviper.mx\/tienda\/#\/schema\/logo\/image\/","url":"https:\/\/compuviper.mx\/tienda\/wp-content\/uploads\/2021\/08\/Logo-Compuviper-10.png","contentUrl":"https:\/\/compuviper.mx\/tienda\/wp-content\/uploads\/2021\/08\/Logo-Compuviper-10.png","width":1000,"height":500,"caption":"Compuviper"},"image":{"@id":"https:\/\/compuviper.mx\/tienda\/#\/schema\/logo\/image\/"},"sameAs":["https:\/\/www.facebook.com\/compuviper","https:\/\/www.youtube.com\/channel\/UCf73dERp9Y3cfOq7q8BhLjA?view_as=subscriber"]}]},"product_brand":"BENQ","product_price_amount":"6117","product_price_currency":"MXN","og_availability":"backorder","product_availability":"available for order","product_retailer_item_id":"5A.F9V14.NE1","product_condition":"new"},"_links":{"self":[{"href":"https:\/\/compuviper.mx\/tienda\/wp-json\/wp\/v2\/product\/261276"}],"collection":[{"href":"https:\/\/compuviper.mx\/tienda\/wp-json\/wp\/v2\/product"}],"about":[{"href":"https:\/\/compuviper.mx\/tienda\/wp-json\/wp\/v2\/types\/product"}],"replies":[{"embeddable":true,"href":"https:\/\/compuviper.mx\/tienda\/wp-json\/wp\/v2\/comments?post=261276"}],"wp:attachment":[{"href":"https:\/\/compuviper.mx\/tienda\/wp-json\/wp\/v2\/media?parent=261276"}],"wp:term":[{"taxonomy":"product_cat","embeddable":true,"href":"https:\/\/compuviper.mx\/tienda\/wp-json\/wp\/v2\/product_cat?post=261276"},{"taxonomy":"product_tag","embeddable":true,"href":"https:\/\/compuviper.mx\/tienda\/wp-json\/wp\/v2\/product_tag?post=261276"}],"curies":[{"name":"wp","href":"https:\/\/api.w.org\/{rel}","templated":true}]}}