{"id":260232,"date":"2026-04-18T01:15:10","date_gmt":"2026-04-18T07:15:10","guid":{"rendered":"https:\/\/compuviper.mx\/tienda\/producto\/manhattan-208413-extensor-kit-extensor-kvm-hdmi-sobre-ip-1080p-120-m\/"},"modified":"2026-04-18T01:15:11","modified_gmt":"2026-04-18T07:15:11","slug":"manhattan-208413-extensor-kit-extensor-kvm-hdmi-sobre-ip-1080p-120-m","status":"publish","type":"product","link":"https:\/\/compuviper.mx\/tienda\/producto\/manhattan-208413-extensor-kit-extensor-kvm-hdmi-sobre-ip-1080p-120-m\/","title":{"rendered":"Manhattan 208413 Extensor\/\/\/kit Extensor Kvm Hdmi Sobre Ip 1080p, 120 M"},"content":{"rendered":"<table class=\"descripcion\">\n<tr>\n<td>General<\/td>\n<\/tr>\n<tr>\n<td>Resoluciones soportadas: 480p\/720p\/1080i\/1080p se recomienda un cable ethernet cat6 o superior para obtener la m\u00e1xima distancia y resolucin<\/td>\n<\/tr>\n<tr>\n<td>Ancho de banda de vdeo m\u00e1ximo: 1.65 gbps\/165mhz por canal 4.95 gbps todos los canales<\/td>\n<\/tr>\n<tr>\n<td>Conexiones\/botones<\/td>\n<\/tr>\n<tr>\n<td>Receptor<\/td>\n<\/tr>\n<tr>\n<td>&#8211; 1 x hdmi hembra de 19 pines<\/td>\n<\/tr>\n<tr>\n<td>&#8211; 2 x usb-a hembra de 4 pines para mouse y teclado<\/td>\n<\/tr>\n<tr>\n<td>&#8211; 1 x entrada dc 5.0 v<\/td>\n<\/tr>\n<tr>\n<td>&#8211; 1 x rj45 hembra<\/td>\n<\/tr>\n<tr>\n<td>&#8211; botn de reinicio<\/td>\n<\/tr>\n<tr>\n<td>&#8211; botn de conmutacin usb<\/td>\n<\/tr>\n<tr>\n<td>Transmisor<\/td>\n<\/tr>\n<tr>\n<td>&#8211; 1 x hdmi hembra de 19 pines<\/td>\n<\/tr>\n<tr>\n<td>&#8211; 1 x usb-a hembra de 4 pines para la computadora<\/td>\n<\/tr>\n<tr>\n<td>&#8211; 1 x entrada dc 5.0 v<\/td>\n<\/tr>\n<tr>\n<td>&#8211; 1 x rj45 hembra<\/td>\n<\/tr>\n<tr>\n<td>&#8211; botn de reinicio<\/td>\n<\/tr>\n<tr>\n<td>Leds<\/td>\n<\/tr>\n<tr>\n<td>Alimentacin<\/td>\n<\/tr>\n<tr>\n<td>Enlace\/actividad<\/td>\n<\/tr>\n<tr>\n<td>Conexiones usb<\/td>\n<\/tr>\n<tr>\n<td>Elctrico<\/td>\n<\/tr>\n<tr>\n<td>Dos adaptadores de corriente continua, cables de 1.2 m 4 pies<\/td>\n<\/tr>\n<tr>\n<td>&#8211; entrada: 100.0 &#8211; 240.0 vac, 50 &#8211; 60 hz; 0.4 a<\/td>\n<\/tr>\n<tr>\n<td>&#8211; salida: 5.0 vdc; 1.0 a<\/td>\n<\/tr>\n<tr>\n<td>Consumo de energa m\u00e1ximo: 3,5 w transmisor \/ 2,0 w receptor<\/td>\n<\/tr>\n<tr>\n<td>Datos fsicos<\/td>\n<\/tr>\n<tr>\n<td>Dimensiones por modulo l x an x al: 112 x 104 x 23 mm 4.41 x 4.09 x 0.91 in.<\/td>\n<\/tr>\n<tr>\n<td>Peso neto: 430 g 0.95 lbs.<\/td>\n<\/tr>\n<tr>\n<td>Peso bruto: 840 g 1.85 lbs.<\/td>\n<\/tr>\n<tr>\n<td>Carcasa: metal<\/td>\n<\/tr>\n<tr>\n<td>Entorno de funcionamiento<\/td>\n<\/tr>\n<tr>\n<td>Temperatura de funcionamiento: 0 &#8211; 50\u00b0c 32 &#8211; 122\u00b0f<\/td>\n<\/tr>\n<tr>\n<td>Temperatura de almacenamiento: -20 &#8211; 60 \u00b0 c -4 &#8211; 140 \u00b0 f<\/td>\n<\/tr>\n<tr>\n<td>Humedad sin condensacin 5 &#8211; 90<\/td>\n<\/tr>\n<tr>\n<td>Contenido del paquete<\/td>\n<\/tr>\n<tr>\n<td>Kit extensor kvm sobre ip hdmi 1080p<\/td>\n<\/tr>\n<tr>\n<td>Dos adaptadores de corriente continua, cables de 1.2 m 4 pies<\/td>\n<\/tr>\n<tr>\n<td>Instruccionesunda rgida de uso rudo para ipad\u00ae de 10.9 10\u00aa gen<\/td>\n<\/tr>\n<\/table>\n","protected":false},"excerpt":{"rendered":"<p>Extensor hdmi sobre ip con funcin kvm: acceso remoto a travs de pantalla hdmi, teclado usb y mouse. El kit extensor hdmi kvm sobre ip de 1080p de manhattan te permite acceder a cualquier computadora u otra fuente hdmi desde un teclado, mouse y pantalla a una distancia de hasta 120 m 394 pies. Puede realizar una conexin directa a travs de un solo cable ethernet rj45 se recomienda cat6 o superior para un alcance y rendimiento m\u00e1ximos o conectarlo a un conmutador en su red existente para superar las limitaciones de distancia. Opciones de conectividad vers\u00e1tiles. Utiliza este extensor hdmi sobre ip con funcin kvm como un extensor hdmi normal o como un switch kvm hdmi. Como extensor, los puertos hdmi y ethernet pueden enviar hasta 1080p a 60 hz 1920  1080 hdmi desde su nvr\/dvr, reproductor de blu-ray, decodificador o consola de juegos a una pantalla remota. Como conmutador kvm hdmi de control total, ambos mdulos tambin cuentan con puertos usb-a que conectan su pc, laptop o macbook\u00ae al transmisor y su teclado\/ratn al receptor. Dado que el extensor kvm hdmi es independiente de su sistema operativo, puede usar cualquier computadora que elija como su estacin de trabajo remota. Esta flexibilidad lo hace ideal para sistemas pos punto de venta en tiendas y mostradores de efectivo digitales con pantallas t\u00e1ctiles. Los soportes de montaje integrados en ambos mdulos le permiten instalar de manera ordenada su resistente carcasa de metal en la pared o el techo.<\/p>\n","protected":false},"featured_media":0,"comment_status":"open","ping_status":"open","template":"","meta":[],"product_cat":[1563,1564],"product_tag":[1487],"acf":[],"yoast_head":"<!-- This site is optimized with the Yoast SEO plugin v21.7 - https:\/\/yoast.com\/wordpress\/plugins\/seo\/ -->\n<title>[ Manhattan ] &#129351; 208413 Extensor\/\/\/kit Extensor Kvm Hdmi Sobre Ip 1080p, 120 M<\/title>\n<meta name=\"description\" content=\"Compra 208413 Extensor\/\/\/kit Extensor Kvm Hdmi Sobre Ip 1080p, 120 M + Env\u00edo a domicilio + Pago seguro + Garant\u00eda\" \/>\n<meta name=\"robots\" content=\"index, follow, max-snippet:-1, max-image-preview:large, max-video-preview:-1\" \/>\n<link rel=\"canonical\" href=\"https:\/\/compuviper.mx\/tienda\/producto\/manhattan-208413-extensor-kit-extensor-kvm-hdmi-sobre-ip-1080p-120-m\/\" \/>\n<meta property=\"og:locale\" content=\"es_MX\" \/>\n<meta property=\"og:type\" content=\"article\" \/>\n<meta property=\"og:title\" content=\"[ Manhattan ] &#129351; 208413 Extensor\/\/\/kit Extensor Kvm Hdmi Sobre Ip 1080p, 120 M\" \/>\n<meta property=\"og:description\" content=\"Compra 208413 Extensor\/\/\/kit Extensor Kvm Hdmi Sobre Ip 1080p, 120 M + Env\u00edo a domicilio + Pago seguro + Garant\u00eda\" \/>\n<meta property=\"og:url\" content=\"https:\/\/compuviper.mx\/tienda\/producto\/manhattan-208413-extensor-kit-extensor-kvm-hdmi-sobre-ip-1080p-120-m\/\" \/>\n<meta property=\"og:site_name\" content=\"Compuviper\" \/>\n<meta property=\"article:publisher\" content=\"https:\/\/www.facebook.com\/compuviper\" \/>\n<meta property=\"article:modified_time\" content=\"2026-04-18T07:15:11+00:00\" \/>\n<meta name=\"twitter:card\" content=\"summary_large_image\" \/>\n<meta name=\"twitter:label1\" content=\"Precio\" \/>\n\t<meta name=\"twitter:data1\" content=\"&#36;3,190 con IVA\" \/>\n\t<meta name=\"twitter:label2\" content=\"Availability\" \/>\n\t<meta name=\"twitter:data2\" content=\"Out of stock\" \/>\n<script type=\"application\/ld+json\" class=\"yoast-schema-graph\">{\"@context\":\"https:\/\/schema.org\",\"@graph\":[{\"@type\":\"WebPage\",\"@id\":\"https:\/\/compuviper.mx\/tienda\/producto\/manhattan-208413-extensor-kit-extensor-kvm-hdmi-sobre-ip-1080p-120-m\/\",\"url\":\"https:\/\/compuviper.mx\/tienda\/producto\/manhattan-208413-extensor-kit-extensor-kvm-hdmi-sobre-ip-1080p-120-m\/\",\"name\":\"[ Manhattan ] &#129351; 208413 Extensor\/\/\/kit Extensor Kvm Hdmi Sobre Ip 1080p, 120 M\",\"isPartOf\":{\"@id\":\"https:\/\/compuviper.mx\/tienda\/#website\"},\"datePublished\":\"2026-04-18T07:15:10+00:00\",\"dateModified\":\"2026-04-18T07:15:11+00:00\",\"description\":\"Compra 208413 Extensor\/\/\/kit Extensor Kvm Hdmi Sobre Ip 1080p, 120 M + Env\u00edo a domicilio + Pago seguro + Garant\u00eda\",\"breadcrumb\":{\"@id\":\"https:\/\/compuviper.mx\/tienda\/producto\/manhattan-208413-extensor-kit-extensor-kvm-hdmi-sobre-ip-1080p-120-m\/#breadcrumb\"},\"inLanguage\":\"es-MX\",\"potentialAction\":[{\"@type\":\"ReadAction\",\"target\":[\"https:\/\/compuviper.mx\/tienda\/producto\/manhattan-208413-extensor-kit-extensor-kvm-hdmi-sobre-ip-1080p-120-m\/\"]}]},{\"@type\":\"BreadcrumbList\",\"@id\":\"https:\/\/compuviper.mx\/tienda\/producto\/manhattan-208413-extensor-kit-extensor-kvm-hdmi-sobre-ip-1080p-120-m\/#breadcrumb\",\"itemListElement\":[{\"@type\":\"ListItem\",\"position\":1,\"name\":\"Inicio\",\"item\":\"https:\/\/compuviper.mx\/tienda\/\"},{\"@type\":\"ListItem\",\"position\":2,\"name\":\"Productos\",\"item\":\"https:\/\/compuviper.mx\/tienda\/productos\/\"},{\"@type\":\"ListItem\",\"position\":3,\"name\":\"Redes\",\"item\":\"https:\/\/compuviper.mx\/tienda\/categoria-producto\/redes\/\"},{\"@type\":\"ListItem\",\"position\":4,\"name\":\"Switch\",\"item\":\"https:\/\/compuviper.mx\/tienda\/categoria-producto\/redes\/switch\/\"},{\"@type\":\"ListItem\",\"position\":5,\"name\":\"Manhattan 208413 Extensor\/\/\/kit Extensor Kvm Hdmi Sobre Ip 1080p, 120 M\"}]},{\"@type\":\"WebSite\",\"@id\":\"https:\/\/compuviper.mx\/tienda\/#website\",\"url\":\"https:\/\/compuviper.mx\/tienda\/\",\"name\":\"Compuviper\",\"description\":\"Proveedor de Computadoras, Laptops, Servidores, Monitores, Puntos de Venta, Teclados,   Impresoras, T\u00f3ner, C\u00e1maras de Seguridad y m\u00e1s en tu tienda en l\u00ednea\",\"publisher\":{\"@id\":\"https:\/\/compuviper.mx\/tienda\/#organization\"},\"potentialAction\":[{\"@type\":\"SearchAction\",\"target\":{\"@type\":\"EntryPoint\",\"urlTemplate\":\"https:\/\/compuviper.mx\/tienda\/?s={search_term_string}\"},\"query-input\":\"required name=search_term_string\"}],\"inLanguage\":\"es-MX\"},{\"@type\":\"Organization\",\"@id\":\"https:\/\/compuviper.mx\/tienda\/#organization\",\"name\":\"Compuviper\",\"url\":\"https:\/\/compuviper.mx\/tienda\/\",\"logo\":{\"@type\":\"ImageObject\",\"inLanguage\":\"es-MX\",\"@id\":\"https:\/\/compuviper.mx\/tienda\/#\/schema\/logo\/image\/\",\"url\":\"https:\/\/compuviper.mx\/tienda\/wp-content\/uploads\/2021\/08\/Logo-Compuviper-10.png\",\"contentUrl\":\"https:\/\/compuviper.mx\/tienda\/wp-content\/uploads\/2021\/08\/Logo-Compuviper-10.png\",\"width\":1000,\"height\":500,\"caption\":\"Compuviper\"},\"image\":{\"@id\":\"https:\/\/compuviper.mx\/tienda\/#\/schema\/logo\/image\/\"},\"sameAs\":[\"https:\/\/www.facebook.com\/compuviper\",\"https:\/\/www.youtube.com\/channel\/UCf73dERp9Y3cfOq7q8BhLjA?view_as=subscriber\"]}]}<\/script>\n<meta property=\"product:brand\" content=\"MANHATTAN\" \/>\n<meta property=\"product:price:amount\" content=\"3190\" \/>\n<meta property=\"product:price:currency\" content=\"MXN\" \/>\n<meta property=\"og:availability\" content=\"out of stock\" \/>\n<meta property=\"product:availability\" content=\"out of stock\" \/>\n<meta property=\"product:retailer_item_id\" content=\"208413\" \/>\n<meta property=\"product:condition\" content=\"new\" \/>\n<!-- \/ Yoast SEO plugin. -->","yoast_head_json":{"title":"[ Manhattan ] &#129351; 208413 Extensor\/\/\/kit Extensor Kvm Hdmi Sobre Ip 1080p, 120 M","description":"Compra 208413 Extensor\/\/\/kit Extensor Kvm Hdmi Sobre Ip 1080p, 120 M + Env\u00edo a domicilio + Pago seguro + Garant\u00eda","robots":{"index":"index","follow":"follow","max-snippet":"max-snippet:-1","max-image-preview":"max-image-preview:large","max-video-preview":"max-video-preview:-1"},"canonical":"https:\/\/compuviper.mx\/tienda\/producto\/manhattan-208413-extensor-kit-extensor-kvm-hdmi-sobre-ip-1080p-120-m\/","og_locale":"es_MX","og_type":"article","og_title":"[ Manhattan ] &#129351; 208413 Extensor\/\/\/kit Extensor Kvm Hdmi Sobre Ip 1080p, 120 M","og_description":"Compra 208413 Extensor\/\/\/kit Extensor Kvm Hdmi Sobre Ip 1080p, 120 M + Env\u00edo a domicilio + Pago seguro + Garant\u00eda","og_url":"https:\/\/compuviper.mx\/tienda\/producto\/manhattan-208413-extensor-kit-extensor-kvm-hdmi-sobre-ip-1080p-120-m\/","og_site_name":"Compuviper","article_publisher":"https:\/\/www.facebook.com\/compuviper","article_modified_time":"2026-04-18T07:15:11+00:00","twitter_card":"summary_large_image","twitter_misc":{"Precio":"&#36;3,190 con IVA","Availability":"Out of stock"},"schema":{"@context":"https:\/\/schema.org","@graph":[{"@type":"WebPage","@id":"https:\/\/compuviper.mx\/tienda\/producto\/manhattan-208413-extensor-kit-extensor-kvm-hdmi-sobre-ip-1080p-120-m\/","url":"https:\/\/compuviper.mx\/tienda\/producto\/manhattan-208413-extensor-kit-extensor-kvm-hdmi-sobre-ip-1080p-120-m\/","name":"[ Manhattan ] &#129351; 208413 Extensor\/\/\/kit Extensor Kvm Hdmi Sobre Ip 1080p, 120 M","isPartOf":{"@id":"https:\/\/compuviper.mx\/tienda\/#website"},"datePublished":"2026-04-18T07:15:10+00:00","dateModified":"2026-04-18T07:15:11+00:00","description":"Compra 208413 Extensor\/\/\/kit Extensor Kvm Hdmi Sobre Ip 1080p, 120 M + Env\u00edo a domicilio + Pago seguro + Garant\u00eda","breadcrumb":{"@id":"https:\/\/compuviper.mx\/tienda\/producto\/manhattan-208413-extensor-kit-extensor-kvm-hdmi-sobre-ip-1080p-120-m\/#breadcrumb"},"inLanguage":"es-MX","potentialAction":[{"@type":"ReadAction","target":["https:\/\/compuviper.mx\/tienda\/producto\/manhattan-208413-extensor-kit-extensor-kvm-hdmi-sobre-ip-1080p-120-m\/"]}]},{"@type":"BreadcrumbList","@id":"https:\/\/compuviper.mx\/tienda\/producto\/manhattan-208413-extensor-kit-extensor-kvm-hdmi-sobre-ip-1080p-120-m\/#breadcrumb","itemListElement":[{"@type":"ListItem","position":1,"name":"Inicio","item":"https:\/\/compuviper.mx\/tienda\/"},{"@type":"ListItem","position":2,"name":"Productos","item":"https:\/\/compuviper.mx\/tienda\/productos\/"},{"@type":"ListItem","position":3,"name":"Redes","item":"https:\/\/compuviper.mx\/tienda\/categoria-producto\/redes\/"},{"@type":"ListItem","position":4,"name":"Switch","item":"https:\/\/compuviper.mx\/tienda\/categoria-producto\/redes\/switch\/"},{"@type":"ListItem","position":5,"name":"Manhattan 208413 Extensor\/\/\/kit Extensor Kvm Hdmi Sobre Ip 1080p, 120 M"}]},{"@type":"WebSite","@id":"https:\/\/compuviper.mx\/tienda\/#website","url":"https:\/\/compuviper.mx\/tienda\/","name":"Compuviper","description":"Proveedor de Computadoras, Laptops, Servidores, Monitores, Puntos de Venta, Teclados,   Impresoras, T\u00f3ner, C\u00e1maras de Seguridad y m\u00e1s en tu tienda en l\u00ednea","publisher":{"@id":"https:\/\/compuviper.mx\/tienda\/#organization"},"potentialAction":[{"@type":"SearchAction","target":{"@type":"EntryPoint","urlTemplate":"https:\/\/compuviper.mx\/tienda\/?s={search_term_string}"},"query-input":"required name=search_term_string"}],"inLanguage":"es-MX"},{"@type":"Organization","@id":"https:\/\/compuviper.mx\/tienda\/#organization","name":"Compuviper","url":"https:\/\/compuviper.mx\/tienda\/","logo":{"@type":"ImageObject","inLanguage":"es-MX","@id":"https:\/\/compuviper.mx\/tienda\/#\/schema\/logo\/image\/","url":"https:\/\/compuviper.mx\/tienda\/wp-content\/uploads\/2021\/08\/Logo-Compuviper-10.png","contentUrl":"https:\/\/compuviper.mx\/tienda\/wp-content\/uploads\/2021\/08\/Logo-Compuviper-10.png","width":1000,"height":500,"caption":"Compuviper"},"image":{"@id":"https:\/\/compuviper.mx\/tienda\/#\/schema\/logo\/image\/"},"sameAs":["https:\/\/www.facebook.com\/compuviper","https:\/\/www.youtube.com\/channel\/UCf73dERp9Y3cfOq7q8BhLjA?view_as=subscriber"]}]},"product_brand":"MANHATTAN","product_price_amount":"3190","product_price_currency":"MXN","og_availability":"out of stock","product_availability":"out of stock","product_retailer_item_id":"208413","product_condition":"new"},"_links":{"self":[{"href":"https:\/\/compuviper.mx\/tienda\/wp-json\/wp\/v2\/product\/260232"}],"collection":[{"href":"https:\/\/compuviper.mx\/tienda\/wp-json\/wp\/v2\/product"}],"about":[{"href":"https:\/\/compuviper.mx\/tienda\/wp-json\/wp\/v2\/types\/product"}],"replies":[{"embeddable":true,"href":"https:\/\/compuviper.mx\/tienda\/wp-json\/wp\/v2\/comments?post=260232"}],"wp:attachment":[{"href":"https:\/\/compuviper.mx\/tienda\/wp-json\/wp\/v2\/media?parent=260232"}],"wp:term":[{"taxonomy":"product_cat","embeddable":true,"href":"https:\/\/compuviper.mx\/tienda\/wp-json\/wp\/v2\/product_cat?post=260232"},{"taxonomy":"product_tag","embeddable":true,"href":"https:\/\/compuviper.mx\/tienda\/wp-json\/wp\/v2\/product_tag?post=260232"}],"curies":[{"name":"wp","href":"https:\/\/api.w.org\/{rel}","templated":true}]}}