{"id":258287,"date":"2026-04-15T02:11:24","date_gmt":"2026-04-15T08:11:24","guid":{"rendered":"https:\/\/compuviper.mx\/tienda\/producto\/panasonic-ec-rb-m600be-k-audifonos-bluetooth-tipo-diadema-on-ear-panasonic-color-negro-funcion-manos-libres-microfono-cancelacion-activa-65-horas-bateria-ultralivianos\/"},"modified":"2026-04-15T02:11:24","modified_gmt":"2026-04-15T08:11:24","slug":"panasonic-ec-rb-m600be-k-audifonos-bluetooth-tipo-diadema-on-ear-panasonic-color-negro-funcion-manos-libres-microfono-cancelacion-activa-65-horas-bateria-ultralivianos","status":"publish","type":"product","link":"https:\/\/compuviper.mx\/tienda\/producto\/panasonic-ec-rb-m600be-k-audifonos-bluetooth-tipo-diadema-on-ear-panasonic-color-negro-funcion-manos-libres-microfono-cancelacion-activa-65-horas-bateria-ultralivianos\/","title":{"rendered":"Panasonic Ec Rb-m600be-k Audifonos Bluetooth Tipo Diadema (on-ear) Panasonic , Color Negro, Funcion Manos Libres\/microfono, Cancelacion Activa, 65 Horas Bateria, Ultralivianos"},"content":{"rendered":"<table class=\"descripcion\">\n<tr>\n<td>\u0095 conectividad inalambrica por bluetooth<\/td>\n<\/tr>\n<tr>\n<td>\u0095 driver de 30mm<\/td>\n<\/tr>\n<tr>\n<td>\u0095 cancelacion de ruido activa<\/td>\n<\/tr>\n<tr>\n<td>\u0095 graves potentes y sonidos vocales claros<\/td>\n<\/tr>\n<tr>\n<td>\u0095 tipo diadema (on ear)<\/td>\n<\/tr>\n<tr>\n<td>\u0095 ultra ligeros<\/td>\n<\/tr>\n<tr>\n<td>\u0095 microfono\/manos libres para contestar las llamadas telefonicas<\/td>\n<\/tr>\n<tr>\n<td>\u0095 duracion de la bateria de 65 horas<\/td>\n<\/tr>\n<tr>\n<td>\u0095 carga rapida  (15 minutos carga \/ 2 hora de musica)<\/td>\n<\/tr>\n<tr>\n<td>\u0095 iman de neodimio<\/td>\n<\/tr>\n<\/table>\n","protected":false},"excerpt":{"rendered":"<p>Serie con conectividad inalambrica por medio de bluetooth, comodidad y calidad de audio, escucha tu musica en cualquier lugar con la maxima fidelidad de panasonic, ultraligeros, bateria con duracion de 65 horas, con carga rapida solo carga durante 15 minutos y disfruta 2 horas de tu musica<\/p>\n","protected":false},"featured_media":260945,"comment_status":"open","ping_status":"open","template":"","meta":[],"product_cat":[1552,1816],"product_tag":[2098],"acf":[],"yoast_head":"<!-- This site is optimized with the Yoast SEO plugin v21.7 - https:\/\/yoast.com\/wordpress\/plugins\/seo\/ -->\n<title>[ Panasonic Ec ] &#129351; Rb-m600be-k Audifonos Bluetooth Tipo Diadema (on-ear) Panasonic , Color Negro, Funcion Manos Libres\/microfono, Cancelacion Activa, 65 Horas Bateria, Ultralivianos<\/title>\n<meta name=\"description\" content=\"Compra Rb-m600be-k Audifonos Bluetooth Tipo Diadema (on-ear) Panasonic , Color Negro, Funcion Manos Libres\/microfono, Cancelacion Activa, 65 Horas Bateria, Ultralivianos + Env\u00edo a domicilio + Pago seguro + Garant\u00eda\" \/>\n<meta name=\"robots\" content=\"index, follow, max-snippet:-1, max-image-preview:large, max-video-preview:-1\" \/>\n<link rel=\"canonical\" href=\"https:\/\/compuviper.mx\/tienda\/producto\/panasonic-ec-rb-m600be-k-audifonos-bluetooth-tipo-diadema-on-ear-panasonic-color-negro-funcion-manos-libres-microfono-cancelacion-activa-65-horas-bateria-ultralivianos\/\" \/>\n<meta property=\"og:locale\" content=\"es_MX\" \/>\n<meta property=\"og:type\" content=\"article\" \/>\n<meta property=\"og:title\" content=\"[ Panasonic Ec ] &#129351; Rb-m600be-k Audifonos Bluetooth Tipo Diadema (on-ear) Panasonic , Color Negro, Funcion Manos Libres\/microfono, Cancelacion Activa, 65 Horas Bateria, Ultralivianos\" \/>\n<meta property=\"og:description\" content=\"Compra Rb-m600be-k Audifonos Bluetooth Tipo Diadema (on-ear) Panasonic , Color Negro, Funcion Manos Libres\/microfono, Cancelacion Activa, 65 Horas Bateria, Ultralivianos + Env\u00edo a domicilio + Pago seguro + Garant\u00eda\" \/>\n<meta property=\"og:url\" content=\"https:\/\/compuviper.mx\/tienda\/producto\/panasonic-ec-rb-m600be-k-audifonos-bluetooth-tipo-diadema-on-ear-panasonic-color-negro-funcion-manos-libres-microfono-cancelacion-activa-65-horas-bateria-ultralivianos\/\" \/>\n<meta property=\"og:site_name\" content=\"Compuviper\" \/>\n<meta property=\"article:publisher\" content=\"https:\/\/www.facebook.com\/compuviper\" \/>\n<meta property=\"og:image\" content=\"https:\/\/compuviper.mx\/tienda\/wp-content\/uploads\/2025\/10\/Audifonos-bluetooth-tipo-diadema-on-ear-panasonic-rb-m600be-k-color-negro-funcion-manos-libresmicrofono-cancelacion-activa-65-horas-bateria-ultralivianos.jpg\" \/>\n\t<meta property=\"og:image:width\" content=\"200\" \/>\n\t<meta property=\"og:image:height\" content=\"200\" \/>\n\t<meta property=\"og:image:type\" content=\"image\/jpeg\" \/>\n<meta name=\"twitter:card\" content=\"summary_large_image\" \/>\n<meta name=\"twitter:label1\" content=\"Precio\" \/>\n\t<meta name=\"twitter:data1\" content=\"&#36;1,057 &#36;1,035 con IVA\" \/>\n\t<meta name=\"twitter:label2\" content=\"Availability\" \/>\n\t<meta name=\"twitter:data2\" content=\"In stock\" \/>\n<script type=\"application\/ld+json\" class=\"yoast-schema-graph\">{\"@context\":\"https:\/\/schema.org\",\"@graph\":[{\"@type\":\"WebPage\",\"@id\":\"https:\/\/compuviper.mx\/tienda\/producto\/panasonic-ec-rb-m600be-k-audifonos-bluetooth-tipo-diadema-on-ear-panasonic-color-negro-funcion-manos-libres-microfono-cancelacion-activa-65-horas-bateria-ultralivianos\/\",\"url\":\"https:\/\/compuviper.mx\/tienda\/producto\/panasonic-ec-rb-m600be-k-audifonos-bluetooth-tipo-diadema-on-ear-panasonic-color-negro-funcion-manos-libres-microfono-cancelacion-activa-65-horas-bateria-ultralivianos\/\",\"name\":\"[ Panasonic Ec ] &#129351; Rb-m600be-k Audifonos Bluetooth Tipo Diadema (on-ear) Panasonic , Color Negro, Funcion Manos Libres\/microfono, Cancelacion Activa, 65 Horas Bateria, Ultralivianos\",\"isPartOf\":{\"@id\":\"https:\/\/compuviper.mx\/tienda\/#website\"},\"datePublished\":\"2026-04-15T08:11:24+00:00\",\"dateModified\":\"2026-04-15T08:11:24+00:00\",\"description\":\"Compra Rb-m600be-k Audifonos Bluetooth Tipo Diadema (on-ear) Panasonic , Color Negro, Funcion Manos Libres\/microfono, Cancelacion Activa, 65 Horas Bateria, Ultralivianos + Env\u00edo a domicilio + Pago seguro + Garant\u00eda\",\"breadcrumb\":{\"@id\":\"https:\/\/compuviper.mx\/tienda\/producto\/panasonic-ec-rb-m600be-k-audifonos-bluetooth-tipo-diadema-on-ear-panasonic-color-negro-funcion-manos-libres-microfono-cancelacion-activa-65-horas-bateria-ultralivianos\/#breadcrumb\"},\"inLanguage\":\"es-MX\",\"potentialAction\":[{\"@type\":\"ReadAction\",\"target\":[\"https:\/\/compuviper.mx\/tienda\/producto\/panasonic-ec-rb-m600be-k-audifonos-bluetooth-tipo-diadema-on-ear-panasonic-color-negro-funcion-manos-libres-microfono-cancelacion-activa-65-horas-bateria-ultralivianos\/\"]}]},{\"@type\":\"BreadcrumbList\",\"@id\":\"https:\/\/compuviper.mx\/tienda\/producto\/panasonic-ec-rb-m600be-k-audifonos-bluetooth-tipo-diadema-on-ear-panasonic-color-negro-funcion-manos-libres-microfono-cancelacion-activa-65-horas-bateria-ultralivianos\/#breadcrumb\",\"itemListElement\":[{\"@type\":\"ListItem\",\"position\":1,\"name\":\"Inicio\",\"item\":\"https:\/\/compuviper.mx\/tienda\/\"},{\"@type\":\"ListItem\",\"position\":2,\"name\":\"Productos\",\"item\":\"https:\/\/compuviper.mx\/tienda\/productos\/\"},{\"@type\":\"ListItem\",\"position\":3,\"name\":\"Audifonos Y Micro\",\"item\":\"https:\/\/compuviper.mx\/tienda\/categoria-producto\/audifonos-y-micro\/\"},{\"@type\":\"ListItem\",\"position\":4,\"name\":\"Audifono Con Microfono\",\"item\":\"https:\/\/compuviper.mx\/tienda\/categoria-producto\/audifonos-y-micro\/audifono-con-microfono\/\"},{\"@type\":\"ListItem\",\"position\":5,\"name\":\"Panasonic Ec Rb-m600be-k Audifonos Bluetooth Tipo Diadema (on-ear) Panasonic , Color Negro, Funcion Manos Libres\/microfono, Cancelacion Activa, 65 Horas Bateria, Ultralivianos\"}]},{\"@type\":\"WebSite\",\"@id\":\"https:\/\/compuviper.mx\/tienda\/#website\",\"url\":\"https:\/\/compuviper.mx\/tienda\/\",\"name\":\"Compuviper\",\"description\":\"Proveedor de Computadoras, Laptops, Servidores, Monitores, Puntos de Venta, Teclados,   Impresoras, T\u00f3ner, C\u00e1maras de Seguridad y m\u00e1s en tu tienda en l\u00ednea\",\"publisher\":{\"@id\":\"https:\/\/compuviper.mx\/tienda\/#organization\"},\"potentialAction\":[{\"@type\":\"SearchAction\",\"target\":{\"@type\":\"EntryPoint\",\"urlTemplate\":\"https:\/\/compuviper.mx\/tienda\/?s={search_term_string}\"},\"query-input\":\"required name=search_term_string\"}],\"inLanguage\":\"es-MX\"},{\"@type\":\"Organization\",\"@id\":\"https:\/\/compuviper.mx\/tienda\/#organization\",\"name\":\"Compuviper\",\"url\":\"https:\/\/compuviper.mx\/tienda\/\",\"logo\":{\"@type\":\"ImageObject\",\"inLanguage\":\"es-MX\",\"@id\":\"https:\/\/compuviper.mx\/tienda\/#\/schema\/logo\/image\/\",\"url\":\"https:\/\/compuviper.mx\/tienda\/wp-content\/uploads\/2021\/08\/Logo-Compuviper-10.png\",\"contentUrl\":\"https:\/\/compuviper.mx\/tienda\/wp-content\/uploads\/2021\/08\/Logo-Compuviper-10.png\",\"width\":1000,\"height\":500,\"caption\":\"Compuviper\"},\"image\":{\"@id\":\"https:\/\/compuviper.mx\/tienda\/#\/schema\/logo\/image\/\"},\"sameAs\":[\"https:\/\/www.facebook.com\/compuviper\",\"https:\/\/www.youtube.com\/channel\/UCf73dERp9Y3cfOq7q8BhLjA?view_as=subscriber\"]}]}<\/script>\n<meta property=\"product:brand\" content=\"Panasonic Ec\" \/>\n<meta property=\"product:price:amount\" content=\"1035\" \/>\n<meta property=\"product:price:currency\" content=\"MXN\" \/>\n<meta property=\"og:availability\" content=\"instock\" \/>\n<meta property=\"product:availability\" content=\"instock\" \/>\n<meta property=\"product:retailer_item_id\" content=\"RB-M600BE-K\" \/>\n<meta property=\"product:condition\" content=\"new\" \/>\n<!-- \/ Yoast SEO plugin. -->","yoast_head_json":{"title":"[ Panasonic Ec ] &#129351; Rb-m600be-k Audifonos Bluetooth Tipo Diadema (on-ear) Panasonic , Color Negro, Funcion Manos Libres\/microfono, Cancelacion Activa, 65 Horas Bateria, Ultralivianos","description":"Compra Rb-m600be-k Audifonos Bluetooth Tipo Diadema (on-ear) Panasonic , Color Negro, Funcion Manos Libres\/microfono, Cancelacion Activa, 65 Horas Bateria, Ultralivianos + Env\u00edo a domicilio + Pago seguro + Garant\u00eda","robots":{"index":"index","follow":"follow","max-snippet":"max-snippet:-1","max-image-preview":"max-image-preview:large","max-video-preview":"max-video-preview:-1"},"canonical":"https:\/\/compuviper.mx\/tienda\/producto\/panasonic-ec-rb-m600be-k-audifonos-bluetooth-tipo-diadema-on-ear-panasonic-color-negro-funcion-manos-libres-microfono-cancelacion-activa-65-horas-bateria-ultralivianos\/","og_locale":"es_MX","og_type":"article","og_title":"[ Panasonic Ec ] &#129351; Rb-m600be-k Audifonos Bluetooth Tipo Diadema (on-ear) Panasonic , Color Negro, Funcion Manos Libres\/microfono, Cancelacion Activa, 65 Horas Bateria, Ultralivianos","og_description":"Compra Rb-m600be-k Audifonos Bluetooth Tipo Diadema (on-ear) Panasonic , Color Negro, Funcion Manos Libres\/microfono, Cancelacion Activa, 65 Horas Bateria, Ultralivianos + Env\u00edo a domicilio + Pago seguro + Garant\u00eda","og_url":"https:\/\/compuviper.mx\/tienda\/producto\/panasonic-ec-rb-m600be-k-audifonos-bluetooth-tipo-diadema-on-ear-panasonic-color-negro-funcion-manos-libres-microfono-cancelacion-activa-65-horas-bateria-ultralivianos\/","og_site_name":"Compuviper","article_publisher":"https:\/\/www.facebook.com\/compuviper","og_image":[{"width":200,"height":200,"url":"https:\/\/compuviper.mx\/tienda\/wp-content\/uploads\/2025\/10\/Audifonos-bluetooth-tipo-diadema-on-ear-panasonic-rb-m600be-k-color-negro-funcion-manos-libresmicrofono-cancelacion-activa-65-horas-bateria-ultralivianos.jpg","type":"image\/jpeg"}],"twitter_card":"summary_large_image","twitter_misc":{"Precio":"&#36;1,057 &#36;1,035 con IVA","Availability":"In stock"},"schema":{"@context":"https:\/\/schema.org","@graph":[{"@type":"WebPage","@id":"https:\/\/compuviper.mx\/tienda\/producto\/panasonic-ec-rb-m600be-k-audifonos-bluetooth-tipo-diadema-on-ear-panasonic-color-negro-funcion-manos-libres-microfono-cancelacion-activa-65-horas-bateria-ultralivianos\/","url":"https:\/\/compuviper.mx\/tienda\/producto\/panasonic-ec-rb-m600be-k-audifonos-bluetooth-tipo-diadema-on-ear-panasonic-color-negro-funcion-manos-libres-microfono-cancelacion-activa-65-horas-bateria-ultralivianos\/","name":"[ Panasonic Ec ] &#129351; Rb-m600be-k Audifonos Bluetooth Tipo Diadema (on-ear) Panasonic , Color Negro, Funcion Manos Libres\/microfono, Cancelacion Activa, 65 Horas Bateria, Ultralivianos","isPartOf":{"@id":"https:\/\/compuviper.mx\/tienda\/#website"},"datePublished":"2026-04-15T08:11:24+00:00","dateModified":"2026-04-15T08:11:24+00:00","description":"Compra Rb-m600be-k Audifonos Bluetooth Tipo Diadema (on-ear) Panasonic , Color Negro, Funcion Manos Libres\/microfono, Cancelacion Activa, 65 Horas Bateria, Ultralivianos + Env\u00edo a domicilio + Pago seguro + Garant\u00eda","breadcrumb":{"@id":"https:\/\/compuviper.mx\/tienda\/producto\/panasonic-ec-rb-m600be-k-audifonos-bluetooth-tipo-diadema-on-ear-panasonic-color-negro-funcion-manos-libres-microfono-cancelacion-activa-65-horas-bateria-ultralivianos\/#breadcrumb"},"inLanguage":"es-MX","potentialAction":[{"@type":"ReadAction","target":["https:\/\/compuviper.mx\/tienda\/producto\/panasonic-ec-rb-m600be-k-audifonos-bluetooth-tipo-diadema-on-ear-panasonic-color-negro-funcion-manos-libres-microfono-cancelacion-activa-65-horas-bateria-ultralivianos\/"]}]},{"@type":"BreadcrumbList","@id":"https:\/\/compuviper.mx\/tienda\/producto\/panasonic-ec-rb-m600be-k-audifonos-bluetooth-tipo-diadema-on-ear-panasonic-color-negro-funcion-manos-libres-microfono-cancelacion-activa-65-horas-bateria-ultralivianos\/#breadcrumb","itemListElement":[{"@type":"ListItem","position":1,"name":"Inicio","item":"https:\/\/compuviper.mx\/tienda\/"},{"@type":"ListItem","position":2,"name":"Productos","item":"https:\/\/compuviper.mx\/tienda\/productos\/"},{"@type":"ListItem","position":3,"name":"Audifonos Y Micro","item":"https:\/\/compuviper.mx\/tienda\/categoria-producto\/audifonos-y-micro\/"},{"@type":"ListItem","position":4,"name":"Audifono Con Microfono","item":"https:\/\/compuviper.mx\/tienda\/categoria-producto\/audifonos-y-micro\/audifono-con-microfono\/"},{"@type":"ListItem","position":5,"name":"Panasonic Ec Rb-m600be-k Audifonos Bluetooth Tipo Diadema (on-ear) Panasonic , Color Negro, Funcion Manos Libres\/microfono, Cancelacion Activa, 65 Horas Bateria, Ultralivianos"}]},{"@type":"WebSite","@id":"https:\/\/compuviper.mx\/tienda\/#website","url":"https:\/\/compuviper.mx\/tienda\/","name":"Compuviper","description":"Proveedor de Computadoras, Laptops, Servidores, Monitores, Puntos de Venta, Teclados,   Impresoras, T\u00f3ner, C\u00e1maras de Seguridad y m\u00e1s en tu tienda en l\u00ednea","publisher":{"@id":"https:\/\/compuviper.mx\/tienda\/#organization"},"potentialAction":[{"@type":"SearchAction","target":{"@type":"EntryPoint","urlTemplate":"https:\/\/compuviper.mx\/tienda\/?s={search_term_string}"},"query-input":"required name=search_term_string"}],"inLanguage":"es-MX"},{"@type":"Organization","@id":"https:\/\/compuviper.mx\/tienda\/#organization","name":"Compuviper","url":"https:\/\/compuviper.mx\/tienda\/","logo":{"@type":"ImageObject","inLanguage":"es-MX","@id":"https:\/\/compuviper.mx\/tienda\/#\/schema\/logo\/image\/","url":"https:\/\/compuviper.mx\/tienda\/wp-content\/uploads\/2021\/08\/Logo-Compuviper-10.png","contentUrl":"https:\/\/compuviper.mx\/tienda\/wp-content\/uploads\/2021\/08\/Logo-Compuviper-10.png","width":1000,"height":500,"caption":"Compuviper"},"image":{"@id":"https:\/\/compuviper.mx\/tienda\/#\/schema\/logo\/image\/"},"sameAs":["https:\/\/www.facebook.com\/compuviper","https:\/\/www.youtube.com\/channel\/UCf73dERp9Y3cfOq7q8BhLjA?view_as=subscriber"]}]},"product_brand":"Panasonic Ec","product_price_amount":"1035","product_price_currency":"MXN","og_availability":"instock","product_availability":"instock","product_retailer_item_id":"RB-M600BE-K","product_condition":"new"},"_links":{"self":[{"href":"https:\/\/compuviper.mx\/tienda\/wp-json\/wp\/v2\/product\/258287"}],"collection":[{"href":"https:\/\/compuviper.mx\/tienda\/wp-json\/wp\/v2\/product"}],"about":[{"href":"https:\/\/compuviper.mx\/tienda\/wp-json\/wp\/v2\/types\/product"}],"replies":[{"embeddable":true,"href":"https:\/\/compuviper.mx\/tienda\/wp-json\/wp\/v2\/comments?post=258287"}],"wp:featuredmedia":[{"embeddable":true,"href":"https:\/\/compuviper.mx\/tienda\/wp-json\/wp\/v2\/media\/260945"}],"wp:attachment":[{"href":"https:\/\/compuviper.mx\/tienda\/wp-json\/wp\/v2\/media?parent=258287"}],"wp:term":[{"taxonomy":"product_cat","embeddable":true,"href":"https:\/\/compuviper.mx\/tienda\/wp-json\/wp\/v2\/product_cat?post=258287"},{"taxonomy":"product_tag","embeddable":true,"href":"https:\/\/compuviper.mx\/tienda\/wp-json\/wp\/v2\/product_tag?post=258287"}],"curies":[{"name":"wp","href":"https:\/\/api.w.org\/{rel}","templated":true}]}}