{"id":258184,"date":"2026-04-17T23:50:50","date_gmt":"2026-04-18T05:50:50","guid":{"rendered":"https:\/\/compuviper.mx\/tienda\/producto\/hikvision-pro-cat-6-air-linkedpro-by-epcom-bobina-de-cable-ftp-con-mensajero-de-acero-de-305-m-cat6-calibre-23-color-negro-para-aplicaciones-en-video-vigilancia-y-redes-de-datos-uso-en-intemperie\/"},"modified":"2026-04-17T23:50:50","modified_gmt":"2026-04-18T05:50:50","slug":"hikvision-pro-cat-6-air-linkedpro-by-epcom-bobina-de-cable-ftp-con-mensajero-de-acero-de-305-m-cat6-calibre-23-color-negro-para-aplicaciones-en-video-vigilancia-y-redes-de-datos-uso-en-intemperie","status":"publish","type":"product","link":"https:\/\/compuviper.mx\/tienda\/producto\/hikvision-pro-cat-6-air-linkedpro-by-epcom-bobina-de-cable-ftp-con-mensajero-de-acero-de-305-m-cat6-calibre-23-color-negro-para-aplicaciones-en-video-vigilancia-y-redes-de-datos-uso-en-intemperie\/","title":{"rendered":"Hikvision Pro-cat-6-air Linkedpro By Epcom Bobina De Cable Ftp Con Mensajero De Acero De 305 M Cat6+ Calibre 23, Color Negro, Para Aplicaciones En Video Vigilancia Y Redes De Datos \/ Uso En Intemperie Y Aplicaciones A?reas"},"content":{"rendered":"<table class=\"descripcion\">\n<tr>\n<td>Caracter\u00edsticas principales:<\/td>\n<\/tr>\n<tr>\n<td>Instalaciones gigabit de voz\/datos.<\/td>\n<\/tr>\n<tr>\n<td>Instalaciones aereas.<\/td>\n<\/tr>\n<tr>\n<td>Cable tensor incorporado.<\/td>\n<\/tr>\n<tr>\n<td>Env\u00edo de poe en largas distancias.<\/td>\n<\/tr>\n<tr>\n<td>Conductores de puro cobre.<\/td>\n<\/tr>\n<tr>\n<td>Para instalaciones en exterior (cmx) y protecci\u00f3n uv.<\/td>\n<\/tr>\n<tr>\n<td>Dise\u00f1ado para: aplicaciones de datos de alta velocidad, fast ethernet.<\/td>\n<\/tr>\n<tr>\n<td>Span 100 metros<\/td>\n<\/tr>\n<tr>\n<td>Caracter\u00edsticas f\u00edsicas y el\u00e9ctricas:<\/td>\n<\/tr>\n<tr>\n<td>Cable tierra bc.<\/td>\n<\/tr>\n<tr>\n<td>Aislamiento pvc.<\/td>\n<\/tr>\n<tr>\n<td>Conductor: 100% cobre<\/td>\n<\/tr>\n<tr>\n<td>Color exterior: negro.<\/td>\n<\/tr>\n<tr>\n<td>Construcci\u00f3n: ftp.<\/td>\n<\/tr>\n<tr>\n<td>Conductor: cobre solido 23 awg.<\/td>\n<\/tr>\n<tr>\n<td>Mensajero (viajero): 1.2 mm de di\u00e1metro<\/td>\n<\/tr>\n<tr>\n<td>Di\u00e1metro: 7.4 \u00b1 0.1 mm.<\/td>\n<\/tr>\n<tr>\n<td>Aplicaci\u00f3n : intemperie.<\/td>\n<\/tr>\n<tr>\n<td>Est\u00e1ndares y certificaciones:<\/td>\n<\/tr>\n<tr>\n<td>Ul ( e488955 )<\/td>\n<\/tr>\n<tr>\n<td>Ansi eia\/tia 568 c.2<\/td>\n<\/tr>\n<tr>\n<td>Iso\/iec 11801 2 nd edition<\/td>\n<\/tr>\n<tr>\n<td>En 50173; en 50288-3-1<\/td>\n<\/tr>\n<tr>\n<td>Cumple con las pruebas de rendimiento para enlace permanente a 90 metros<\/td>\n<\/tr>\n<\/table>\n","protected":false},"excerpt":{"rendered":"<p>Caracter\u00edsticas principales: Instalaciones gigabit de voz\/datos. Instalaciones aereas. Cable tensor incorporado. Env\u00edo de poe en largas distancias. Conductores de puro cobre. Para instalaciones en exterior (cmx) y protecci\u00f3n uv. Dise\u00f1ado para: aplicaciones de datos de alta velocidad, fast ethernet. Span 100 metros Caracter\u00edsticas f\u00edsicas y el\u00e9ctricas: Cable tierra bc. Aislamiento pvc. Conductor: 100% cobre Color [&hellip;]<\/p>\n","protected":false},"featured_media":259071,"comment_status":"open","ping_status":"open","template":"","meta":[],"product_cat":[1549,1550],"product_tag":[1595],"acf":[],"yoast_head":"<!-- This site is optimized with the Yoast SEO plugin v21.7 - https:\/\/yoast.com\/wordpress\/plugins\/seo\/ -->\n<title>[ Hikvision ] &#129351; Pro-cat-6-air Linkedpro By Epcom Bobina De Cable Ftp Con Mensajero De Acero De 305 M Cat6+ Calibre 23, Color Negro, Para Aplicaciones En Video Vigilancia Y Redes De Datos \/ Uso En Intemperie Y Aplicaciones A\u00e9reas<\/title>\n<meta name=\"description\" content=\"Compra Pro-cat-6-air Linkedpro By Epcom Bobina De Cable Ftp Con Mensajero De Acero De 305 M Cat6+ Calibre 23, Color Negro, Para Aplicaciones En Video Vigilancia Y Redes De Datos \/ Uso En Intemperie Y Aplicaciones A\u00e9reas + Env\u00edo a domicilio + Pago seguro + Garant\u00eda\" \/>\n<meta name=\"robots\" content=\"index, follow, max-snippet:-1, max-image-preview:large, max-video-preview:-1\" \/>\n<link rel=\"canonical\" href=\"https:\/\/compuviper.mx\/tienda\/producto\/hikvision-pro-cat-6-air-linkedpro-by-epcom-bobina-de-cable-ftp-con-mensajero-de-acero-de-305-m-cat6-calibre-23-color-negro-para-aplicaciones-en-video-vigilancia-y-redes-de-datos-uso-en-intemperie\/\" \/>\n<meta property=\"og:locale\" content=\"es_MX\" \/>\n<meta property=\"og:type\" content=\"article\" \/>\n<meta property=\"og:title\" content=\"[ Hikvision ] &#129351; Pro-cat-6-air Linkedpro By Epcom Bobina De Cable Ftp Con Mensajero De Acero De 305 M Cat6+ Calibre 23, Color Negro, Para Aplicaciones En Video Vigilancia Y Redes De Datos \/ Uso En Intemperie Y Aplicaciones A\u00e9reas\" \/>\n<meta property=\"og:description\" content=\"Compra Pro-cat-6-air Linkedpro By Epcom Bobina De Cable Ftp Con Mensajero De Acero De 305 M Cat6+ Calibre 23, Color Negro, Para Aplicaciones En Video Vigilancia Y Redes De Datos \/ Uso En Intemperie Y Aplicaciones A\u00e9reas + Env\u00edo a domicilio + Pago seguro + Garant\u00eda\" \/>\n<meta property=\"og:url\" content=\"https:\/\/compuviper.mx\/tienda\/producto\/hikvision-pro-cat-6-air-linkedpro-by-epcom-bobina-de-cable-ftp-con-mensajero-de-acero-de-305-m-cat6-calibre-23-color-negro-para-aplicaciones-en-video-vigilancia-y-redes-de-datos-uso-en-intemperie\/\" \/>\n<meta property=\"og:site_name\" content=\"Compuviper\" \/>\n<meta property=\"article:publisher\" content=\"https:\/\/www.facebook.com\/compuviper\" \/>\n<meta property=\"og:image\" content=\"https:\/\/compuviper.mx\/tienda\/wp-content\/uploads\/2025\/10\/Linkedpro-by-epcom-bobina-de-cable-ftp-con-mensajero-de-acero-de-305-m-cat6-calibre-23-color-negro-para-aplicaciones-en-video-vigilancia-y-redes-de-datos-uso-en-intemperie-y-aplicaciones-aereas.jpg\" \/>\n\t<meta property=\"og:image:width\" content=\"200\" \/>\n\t<meta property=\"og:image:height\" content=\"200\" \/>\n\t<meta property=\"og:image:type\" content=\"image\/jpeg\" \/>\n<meta name=\"twitter:card\" content=\"summary_large_image\" \/>\n<meta name=\"twitter:label1\" content=\"Precio\" \/>\n\t<meta name=\"twitter:data1\" content=\"&#36;4,236 con IVA\" \/>\n\t<meta name=\"twitter:label2\" content=\"Availability\" \/>\n\t<meta name=\"twitter:data2\" content=\"Out of stock\" \/>\n<script type=\"application\/ld+json\" class=\"yoast-schema-graph\">{\"@context\":\"https:\/\/schema.org\",\"@graph\":[{\"@type\":\"WebPage\",\"@id\":\"https:\/\/compuviper.mx\/tienda\/producto\/hikvision-pro-cat-6-air-linkedpro-by-epcom-bobina-de-cable-ftp-con-mensajero-de-acero-de-305-m-cat6-calibre-23-color-negro-para-aplicaciones-en-video-vigilancia-y-redes-de-datos-uso-en-intemperie\/\",\"url\":\"https:\/\/compuviper.mx\/tienda\/producto\/hikvision-pro-cat-6-air-linkedpro-by-epcom-bobina-de-cable-ftp-con-mensajero-de-acero-de-305-m-cat6-calibre-23-color-negro-para-aplicaciones-en-video-vigilancia-y-redes-de-datos-uso-en-intemperie\/\",\"name\":\"[ Hikvision ] &#129351; Pro-cat-6-air Linkedpro By Epcom Bobina De Cable Ftp Con Mensajero De Acero De 305 M Cat6+ Calibre 23, Color Negro, Para Aplicaciones En Video Vigilancia Y Redes De Datos \/ Uso En Intemperie Y Aplicaciones A\u00e9reas\",\"isPartOf\":{\"@id\":\"https:\/\/compuviper.mx\/tienda\/#website\"},\"datePublished\":\"2026-04-18T05:50:50+00:00\",\"dateModified\":\"2026-04-18T05:50:50+00:00\",\"description\":\"Compra Pro-cat-6-air Linkedpro By Epcom Bobina De Cable Ftp Con Mensajero De Acero De 305 M Cat6+ Calibre 23, Color Negro, Para Aplicaciones En Video Vigilancia Y Redes De Datos \/ Uso En Intemperie Y Aplicaciones A\u00e9reas + Env\u00edo a domicilio + Pago seguro + Garant\u00eda\",\"breadcrumb\":{\"@id\":\"https:\/\/compuviper.mx\/tienda\/producto\/hikvision-pro-cat-6-air-linkedpro-by-epcom-bobina-de-cable-ftp-con-mensajero-de-acero-de-305-m-cat6-calibre-23-color-negro-para-aplicaciones-en-video-vigilancia-y-redes-de-datos-uso-en-intemperie\/#breadcrumb\"},\"inLanguage\":\"es-MX\",\"potentialAction\":[{\"@type\":\"ReadAction\",\"target\":[\"https:\/\/compuviper.mx\/tienda\/producto\/hikvision-pro-cat-6-air-linkedpro-by-epcom-bobina-de-cable-ftp-con-mensajero-de-acero-de-305-m-cat6-calibre-23-color-negro-para-aplicaciones-en-video-vigilancia-y-redes-de-datos-uso-en-intemperie\/\"]}]},{\"@type\":\"BreadcrumbList\",\"@id\":\"https:\/\/compuviper.mx\/tienda\/producto\/hikvision-pro-cat-6-air-linkedpro-by-epcom-bobina-de-cable-ftp-con-mensajero-de-acero-de-305-m-cat6-calibre-23-color-negro-para-aplicaciones-en-video-vigilancia-y-redes-de-datos-uso-en-intemperie\/#breadcrumb\",\"itemListElement\":[{\"@type\":\"ListItem\",\"position\":1,\"name\":\"Inicio\",\"item\":\"https:\/\/compuviper.mx\/tienda\/\"},{\"@type\":\"ListItem\",\"position\":2,\"name\":\"Productos\",\"item\":\"https:\/\/compuviper.mx\/tienda\/productos\/\"},{\"@type\":\"ListItem\",\"position\":3,\"name\":\"Cables\",\"item\":\"https:\/\/compuviper.mx\/tienda\/categoria-producto\/cables\/\"},{\"@type\":\"ListItem\",\"position\":4,\"name\":\"Cable De Video\",\"item\":\"https:\/\/compuviper.mx\/tienda\/categoria-producto\/cables\/cable-de-video\/\"},{\"@type\":\"ListItem\",\"position\":5,\"name\":\"Hikvision Pro-cat-6-air Linkedpro By Epcom Bobina De Cable Ftp Con Mensajero De Acero De 305 M Cat6+ Calibre 23, Color Negro, Para Aplicaciones En Video Vigilancia Y Redes De Datos \/ Uso En Intemperie Y Aplicaciones A?reas\"}]},{\"@type\":\"WebSite\",\"@id\":\"https:\/\/compuviper.mx\/tienda\/#website\",\"url\":\"https:\/\/compuviper.mx\/tienda\/\",\"name\":\"Compuviper\",\"description\":\"Proveedor de Computadoras, Laptops, Servidores, Monitores, Puntos de Venta, Teclados,   Impresoras, T\u00f3ner, C\u00e1maras de Seguridad y m\u00e1s en tu tienda en l\u00ednea\",\"publisher\":{\"@id\":\"https:\/\/compuviper.mx\/tienda\/#organization\"},\"potentialAction\":[{\"@type\":\"SearchAction\",\"target\":{\"@type\":\"EntryPoint\",\"urlTemplate\":\"https:\/\/compuviper.mx\/tienda\/?s={search_term_string}\"},\"query-input\":\"required name=search_term_string\"}],\"inLanguage\":\"es-MX\"},{\"@type\":\"Organization\",\"@id\":\"https:\/\/compuviper.mx\/tienda\/#organization\",\"name\":\"Compuviper\",\"url\":\"https:\/\/compuviper.mx\/tienda\/\",\"logo\":{\"@type\":\"ImageObject\",\"inLanguage\":\"es-MX\",\"@id\":\"https:\/\/compuviper.mx\/tienda\/#\/schema\/logo\/image\/\",\"url\":\"https:\/\/compuviper.mx\/tienda\/wp-content\/uploads\/2021\/08\/Logo-Compuviper-10.png\",\"contentUrl\":\"https:\/\/compuviper.mx\/tienda\/wp-content\/uploads\/2021\/08\/Logo-Compuviper-10.png\",\"width\":1000,\"height\":500,\"caption\":\"Compuviper\"},\"image\":{\"@id\":\"https:\/\/compuviper.mx\/tienda\/#\/schema\/logo\/image\/\"},\"sameAs\":[\"https:\/\/www.facebook.com\/compuviper\",\"https:\/\/www.youtube.com\/channel\/UCf73dERp9Y3cfOq7q8BhLjA?view_as=subscriber\"]}]}<\/script>\n<meta property=\"product:brand\" content=\"HIKVISION\" \/>\n<meta property=\"product:price:amount\" content=\"4236\" \/>\n<meta property=\"product:price:currency\" content=\"MXN\" \/>\n<meta property=\"og:availability\" content=\"out of stock\" \/>\n<meta property=\"product:availability\" content=\"out of stock\" \/>\n<meta property=\"product:retailer_item_id\" content=\"PRO-CAT-6-AIR\" \/>\n<meta property=\"product:condition\" content=\"new\" \/>\n<!-- \/ Yoast SEO plugin. -->","yoast_head_json":{"title":"[ Hikvision ] &#129351; Pro-cat-6-air Linkedpro By Epcom Bobina De Cable Ftp Con Mensajero De Acero De 305 M Cat6+ Calibre 23, Color Negro, Para Aplicaciones En Video Vigilancia Y Redes De Datos \/ Uso En Intemperie Y Aplicaciones A\u00e9reas","description":"Compra Pro-cat-6-air Linkedpro By Epcom Bobina De Cable Ftp Con Mensajero De Acero De 305 M Cat6+ Calibre 23, Color Negro, Para Aplicaciones En Video Vigilancia Y Redes De Datos \/ Uso En Intemperie Y Aplicaciones A\u00e9reas + Env\u00edo a domicilio + Pago seguro + Garant\u00eda","robots":{"index":"index","follow":"follow","max-snippet":"max-snippet:-1","max-image-preview":"max-image-preview:large","max-video-preview":"max-video-preview:-1"},"canonical":"https:\/\/compuviper.mx\/tienda\/producto\/hikvision-pro-cat-6-air-linkedpro-by-epcom-bobina-de-cable-ftp-con-mensajero-de-acero-de-305-m-cat6-calibre-23-color-negro-para-aplicaciones-en-video-vigilancia-y-redes-de-datos-uso-en-intemperie\/","og_locale":"es_MX","og_type":"article","og_title":"[ Hikvision ] &#129351; Pro-cat-6-air Linkedpro By Epcom Bobina De Cable Ftp Con Mensajero De Acero De 305 M Cat6+ Calibre 23, Color Negro, Para Aplicaciones En Video Vigilancia Y Redes De Datos \/ Uso En Intemperie Y Aplicaciones A\u00e9reas","og_description":"Compra Pro-cat-6-air Linkedpro By Epcom Bobina De Cable Ftp Con Mensajero De Acero De 305 M Cat6+ Calibre 23, Color Negro, Para Aplicaciones En Video Vigilancia Y Redes De Datos \/ Uso En Intemperie Y Aplicaciones A\u00e9reas + Env\u00edo a domicilio + Pago seguro + Garant\u00eda","og_url":"https:\/\/compuviper.mx\/tienda\/producto\/hikvision-pro-cat-6-air-linkedpro-by-epcom-bobina-de-cable-ftp-con-mensajero-de-acero-de-305-m-cat6-calibre-23-color-negro-para-aplicaciones-en-video-vigilancia-y-redes-de-datos-uso-en-intemperie\/","og_site_name":"Compuviper","article_publisher":"https:\/\/www.facebook.com\/compuviper","og_image":[{"width":200,"height":200,"url":"https:\/\/compuviper.mx\/tienda\/wp-content\/uploads\/2025\/10\/Linkedpro-by-epcom-bobina-de-cable-ftp-con-mensajero-de-acero-de-305-m-cat6-calibre-23-color-negro-para-aplicaciones-en-video-vigilancia-y-redes-de-datos-uso-en-intemperie-y-aplicaciones-aereas.jpg","type":"image\/jpeg"}],"twitter_card":"summary_large_image","twitter_misc":{"Precio":"&#36;4,236 con IVA","Availability":"Out of stock"},"schema":{"@context":"https:\/\/schema.org","@graph":[{"@type":"WebPage","@id":"https:\/\/compuviper.mx\/tienda\/producto\/hikvision-pro-cat-6-air-linkedpro-by-epcom-bobina-de-cable-ftp-con-mensajero-de-acero-de-305-m-cat6-calibre-23-color-negro-para-aplicaciones-en-video-vigilancia-y-redes-de-datos-uso-en-intemperie\/","url":"https:\/\/compuviper.mx\/tienda\/producto\/hikvision-pro-cat-6-air-linkedpro-by-epcom-bobina-de-cable-ftp-con-mensajero-de-acero-de-305-m-cat6-calibre-23-color-negro-para-aplicaciones-en-video-vigilancia-y-redes-de-datos-uso-en-intemperie\/","name":"[ Hikvision ] &#129351; Pro-cat-6-air Linkedpro By Epcom Bobina De Cable Ftp Con Mensajero De Acero De 305 M Cat6+ Calibre 23, Color Negro, Para Aplicaciones En Video Vigilancia Y Redes De Datos \/ Uso En Intemperie Y Aplicaciones A\u00e9reas","isPartOf":{"@id":"https:\/\/compuviper.mx\/tienda\/#website"},"datePublished":"2026-04-18T05:50:50+00:00","dateModified":"2026-04-18T05:50:50+00:00","description":"Compra Pro-cat-6-air Linkedpro By Epcom Bobina De Cable Ftp Con Mensajero De Acero De 305 M Cat6+ Calibre 23, Color Negro, Para Aplicaciones En Video Vigilancia Y Redes De Datos \/ Uso En Intemperie Y Aplicaciones A\u00e9reas + Env\u00edo a domicilio + Pago seguro + Garant\u00eda","breadcrumb":{"@id":"https:\/\/compuviper.mx\/tienda\/producto\/hikvision-pro-cat-6-air-linkedpro-by-epcom-bobina-de-cable-ftp-con-mensajero-de-acero-de-305-m-cat6-calibre-23-color-negro-para-aplicaciones-en-video-vigilancia-y-redes-de-datos-uso-en-intemperie\/#breadcrumb"},"inLanguage":"es-MX","potentialAction":[{"@type":"ReadAction","target":["https:\/\/compuviper.mx\/tienda\/producto\/hikvision-pro-cat-6-air-linkedpro-by-epcom-bobina-de-cable-ftp-con-mensajero-de-acero-de-305-m-cat6-calibre-23-color-negro-para-aplicaciones-en-video-vigilancia-y-redes-de-datos-uso-en-intemperie\/"]}]},{"@type":"BreadcrumbList","@id":"https:\/\/compuviper.mx\/tienda\/producto\/hikvision-pro-cat-6-air-linkedpro-by-epcom-bobina-de-cable-ftp-con-mensajero-de-acero-de-305-m-cat6-calibre-23-color-negro-para-aplicaciones-en-video-vigilancia-y-redes-de-datos-uso-en-intemperie\/#breadcrumb","itemListElement":[{"@type":"ListItem","position":1,"name":"Inicio","item":"https:\/\/compuviper.mx\/tienda\/"},{"@type":"ListItem","position":2,"name":"Productos","item":"https:\/\/compuviper.mx\/tienda\/productos\/"},{"@type":"ListItem","position":3,"name":"Cables","item":"https:\/\/compuviper.mx\/tienda\/categoria-producto\/cables\/"},{"@type":"ListItem","position":4,"name":"Cable De Video","item":"https:\/\/compuviper.mx\/tienda\/categoria-producto\/cables\/cable-de-video\/"},{"@type":"ListItem","position":5,"name":"Hikvision Pro-cat-6-air Linkedpro By Epcom Bobina De Cable Ftp Con Mensajero De Acero De 305 M Cat6+ Calibre 23, Color Negro, Para Aplicaciones En Video Vigilancia Y Redes De Datos \/ Uso En Intemperie Y Aplicaciones A?reas"}]},{"@type":"WebSite","@id":"https:\/\/compuviper.mx\/tienda\/#website","url":"https:\/\/compuviper.mx\/tienda\/","name":"Compuviper","description":"Proveedor de Computadoras, Laptops, Servidores, Monitores, Puntos de Venta, Teclados,   Impresoras, T\u00f3ner, C\u00e1maras de Seguridad y m\u00e1s en tu tienda en l\u00ednea","publisher":{"@id":"https:\/\/compuviper.mx\/tienda\/#organization"},"potentialAction":[{"@type":"SearchAction","target":{"@type":"EntryPoint","urlTemplate":"https:\/\/compuviper.mx\/tienda\/?s={search_term_string}"},"query-input":"required name=search_term_string"}],"inLanguage":"es-MX"},{"@type":"Organization","@id":"https:\/\/compuviper.mx\/tienda\/#organization","name":"Compuviper","url":"https:\/\/compuviper.mx\/tienda\/","logo":{"@type":"ImageObject","inLanguage":"es-MX","@id":"https:\/\/compuviper.mx\/tienda\/#\/schema\/logo\/image\/","url":"https:\/\/compuviper.mx\/tienda\/wp-content\/uploads\/2021\/08\/Logo-Compuviper-10.png","contentUrl":"https:\/\/compuviper.mx\/tienda\/wp-content\/uploads\/2021\/08\/Logo-Compuviper-10.png","width":1000,"height":500,"caption":"Compuviper"},"image":{"@id":"https:\/\/compuviper.mx\/tienda\/#\/schema\/logo\/image\/"},"sameAs":["https:\/\/www.facebook.com\/compuviper","https:\/\/www.youtube.com\/channel\/UCf73dERp9Y3cfOq7q8BhLjA?view_as=subscriber"]}]},"product_brand":"HIKVISION","product_price_amount":"4236","product_price_currency":"MXN","og_availability":"out of stock","product_availability":"out of stock","product_retailer_item_id":"PRO-CAT-6-AIR","product_condition":"new"},"_links":{"self":[{"href":"https:\/\/compuviper.mx\/tienda\/wp-json\/wp\/v2\/product\/258184"}],"collection":[{"href":"https:\/\/compuviper.mx\/tienda\/wp-json\/wp\/v2\/product"}],"about":[{"href":"https:\/\/compuviper.mx\/tienda\/wp-json\/wp\/v2\/types\/product"}],"replies":[{"embeddable":true,"href":"https:\/\/compuviper.mx\/tienda\/wp-json\/wp\/v2\/comments?post=258184"}],"wp:featuredmedia":[{"embeddable":true,"href":"https:\/\/compuviper.mx\/tienda\/wp-json\/wp\/v2\/media\/259071"}],"wp:attachment":[{"href":"https:\/\/compuviper.mx\/tienda\/wp-json\/wp\/v2\/media?parent=258184"}],"wp:term":[{"taxonomy":"product_cat","embeddable":true,"href":"https:\/\/compuviper.mx\/tienda\/wp-json\/wp\/v2\/product_cat?post=258184"},{"taxonomy":"product_tag","embeddable":true,"href":"https:\/\/compuviper.mx\/tienda\/wp-json\/wp\/v2\/product_tag?post=258184"}],"curies":[{"name":"wp","href":"https:\/\/api.w.org\/{rel}","templated":true}]}}