{"id":258175,"date":"2026-04-02T02:19:32","date_gmt":"2026-04-02T08:19:32","guid":{"rendered":"https:\/\/compuviper.mx\/tienda\/producto\/microsoft-cfq7ttc0lfn50002p1y-csp-dynamics-365-sales-professional-annual\/"},"modified":"2026-04-02T02:19:33","modified_gmt":"2026-04-02T08:19:33","slug":"microsoft-cfq7ttc0lfn50002p1y-csp-dynamics-365-sales-professional-annual","status":"publish","type":"product","link":"https:\/\/compuviper.mx\/tienda\/producto\/microsoft-cfq7ttc0lfn50002p1y-csp-dynamics-365-sales-professional-annual\/","title":{"rendered":"Microsoft Cfq7ttc0lfn5:0002:p1y  Csp Dynamics 365 Sales Professional &#8211; Annual"},"content":{"rendered":"<table class=\"descripcion\">\n<tr>\n<td>Funcionalidades principales:<\/td>\n<\/tr>\n<tr>\n<td>Gesti\u00f3n de clientes potenciales y oportunidades<\/td>\n<\/tr>\n<tr>\n<td>Creaci\u00f3n, seguimiento y calificaci\u00f3n de leads<\/td>\n<\/tr>\n<tr>\n<td>Conversi\u00f3n de oportunidades en ventas<\/td>\n<\/tr>\n<tr>\n<td>Automatizaci\u00f3n de tareas<\/td>\n<\/tr>\n<tr>\n<td>Recordatorios, correos, llamadas y citas<\/td>\n<\/tr>\n<tr>\n<td>Secuencias automatizadas de acciones de ventas<\/td>\n<\/tr>\n<tr>\n<td>Copilot para ventas<\/td>\n<\/tr>\n<tr>\n<td>Redacci\u00f3n autom\u00e1tica de correos<\/td>\n<\/tr>\n<tr>\n<td>Res\u00famenes de llamadas y reuniones<\/td>\n<\/tr>\n<tr>\n<td>Sugerencias de pr\u00f3ximos pasos<\/td>\n<\/tr>\n<tr>\n<td>Inteligencia de ventas<\/td>\n<\/tr>\n<tr>\n<td>Modelos de puntuaci\u00f3n de oportunidades<\/td>\n<\/tr>\n<tr>\n<td>Paneles de rendimiento y kpis<\/td>\n<\/tr>\n<tr>\n<td>Predicci\u00f3n de ingresos y an\u00e1lisis de conversi\u00f3n<\/td>\n<\/tr>\n<tr>\n<td>Colaboraci\u00f3n integrada<\/td>\n<\/tr>\n<tr>\n<td>Trabajo en equipo con teams<\/td>\n<\/tr>\n<tr>\n<td>Acceso a datos desde outlook y excel<\/td>\n<\/tr>\n<tr>\n<td>Seguridad y cumplimiento<\/td>\n<\/tr>\n<tr>\n<td>Control de acceso basado en roles<\/td>\n<\/tr>\n<tr>\n<td>Protecci\u00f3n de datos y auditor\u00eda<\/td>\n<\/tr>\n<tr>\n<td> beneficios clave<\/td>\n<\/tr>\n<tr>\n<td>Aumento de la productividad del equipo de ventas<\/td>\n<\/tr>\n<tr>\n<td>Mejora en la tasa de conversi\u00f3n de oportunidades<\/td>\n<\/tr>\n<tr>\n<td>Reducci\u00f3n del ciclo de ventas<\/td>\n<\/tr>\n<tr>\n<td>Experiencia personalizada para el cliente<\/td>\n<\/tr>\n<tr>\n<td>Escalabilidad para empresas en crecimiento<\/td>\n<\/tr>\n<\/table>\n","protected":false},"excerpt":{"rendered":"<p>Es una soluci\u00f3n crm basada en la nube que permite a los equipos de ventas cerrar m\u00e1s negocios, mejorar la eficiencia y fortalecer las relaciones con los clientes. Est\u00e1 dise\u00f1ada para empresas que buscan una herramienta \u00e1gil, integrada con microsoft 365, y potenciada por inteligencia artificial.<\/p>\n","protected":false},"featured_media":258465,"comment_status":"open","ping_status":"open","template":"","meta":[],"product_cat":[2108,1827],"product_tag":[1831],"acf":[],"yoast_head":"<!-- This site is optimized with the Yoast SEO plugin v21.7 - https:\/\/yoast.com\/wordpress\/plugins\/seo\/ -->\n<title>[ Microsoft ] &#129351; Cfq7ttc0lfn5:0002:p1y Csp Dynamics 365 Sales Professional - Annual<\/title>\n<meta name=\"description\" content=\"Compra Cfq7ttc0lfn5:0002:p1y Csp Dynamics 365 Sales Professional - Annual + Env\u00edo a domicilio + Pago seguro + Garant\u00eda\" \/>\n<meta name=\"robots\" content=\"index, follow, max-snippet:-1, max-image-preview:large, max-video-preview:-1\" \/>\n<link rel=\"canonical\" href=\"https:\/\/compuviper.mx\/tienda\/producto\/microsoft-cfq7ttc0lfn50002p1y-csp-dynamics-365-sales-professional-annual\/\" \/>\n<meta property=\"og:locale\" content=\"es_MX\" \/>\n<meta property=\"og:type\" content=\"article\" \/>\n<meta property=\"og:title\" content=\"[ Microsoft ] &#129351; Cfq7ttc0lfn5:0002:p1y Csp Dynamics 365 Sales Professional - Annual\" \/>\n<meta property=\"og:description\" content=\"Compra Cfq7ttc0lfn5:0002:p1y Csp Dynamics 365 Sales Professional - Annual + Env\u00edo a domicilio + Pago seguro + Garant\u00eda\" \/>\n<meta property=\"og:url\" content=\"https:\/\/compuviper.mx\/tienda\/producto\/microsoft-cfq7ttc0lfn50002p1y-csp-dynamics-365-sales-professional-annual\/\" \/>\n<meta property=\"og:site_name\" content=\"Compuviper\" \/>\n<meta property=\"article:publisher\" content=\"https:\/\/www.facebook.com\/compuviper\" \/>\n<meta property=\"article:modified_time\" content=\"2026-04-02T08:19:33+00:00\" \/>\n<meta property=\"og:image\" content=\"https:\/\/compuviper.mx\/tienda\/wp-content\/uploads\/2025\/10\/Microsoft-csp-dynamics-365-sales-professional-annual.jpg\" \/>\n\t<meta property=\"og:image:width\" content=\"200\" \/>\n\t<meta property=\"og:image:height\" content=\"200\" \/>\n\t<meta property=\"og:image:type\" content=\"image\/jpeg\" \/>\n<meta name=\"twitter:card\" content=\"summary_large_image\" \/>\n<meta name=\"twitter:label1\" content=\"Precio\" \/>\n\t<meta name=\"twitter:data1\" content=\"&#36;12,500 con IVA\" \/>\n\t<meta name=\"twitter:label2\" content=\"Availability\" \/>\n\t<meta name=\"twitter:data2\" content=\"On backorder\" \/>\n<script type=\"application\/ld+json\" class=\"yoast-schema-graph\">{\"@context\":\"https:\/\/schema.org\",\"@graph\":[{\"@type\":\"WebPage\",\"@id\":\"https:\/\/compuviper.mx\/tienda\/producto\/microsoft-cfq7ttc0lfn50002p1y-csp-dynamics-365-sales-professional-annual\/\",\"url\":\"https:\/\/compuviper.mx\/tienda\/producto\/microsoft-cfq7ttc0lfn50002p1y-csp-dynamics-365-sales-professional-annual\/\",\"name\":\"[ Microsoft ] &#129351; Cfq7ttc0lfn5:0002:p1y Csp Dynamics 365 Sales Professional - Annual\",\"isPartOf\":{\"@id\":\"https:\/\/compuviper.mx\/tienda\/#website\"},\"datePublished\":\"2026-04-02T08:19:32+00:00\",\"dateModified\":\"2026-04-02T08:19:33+00:00\",\"description\":\"Compra Cfq7ttc0lfn5:0002:p1y Csp Dynamics 365 Sales Professional - Annual + Env\u00edo a domicilio + Pago seguro + Garant\u00eda\",\"breadcrumb\":{\"@id\":\"https:\/\/compuviper.mx\/tienda\/producto\/microsoft-cfq7ttc0lfn50002p1y-csp-dynamics-365-sales-professional-annual\/#breadcrumb\"},\"inLanguage\":\"es-MX\",\"potentialAction\":[{\"@type\":\"ReadAction\",\"target\":[\"https:\/\/compuviper.mx\/tienda\/producto\/microsoft-cfq7ttc0lfn50002p1y-csp-dynamics-365-sales-professional-annual\/\"]}]},{\"@type\":\"BreadcrumbList\",\"@id\":\"https:\/\/compuviper.mx\/tienda\/producto\/microsoft-cfq7ttc0lfn50002p1y-csp-dynamics-365-sales-professional-annual\/#breadcrumb\",\"itemListElement\":[{\"@type\":\"ListItem\",\"position\":1,\"name\":\"Inicio\",\"item\":\"https:\/\/compuviper.mx\/tienda\/\"},{\"@type\":\"ListItem\",\"position\":2,\"name\":\"Productos\",\"item\":\"https:\/\/compuviper.mx\/tienda\/productos\/\"},{\"@type\":\"ListItem\",\"position\":3,\"name\":\"Software\",\"item\":\"https:\/\/compuviper.mx\/tienda\/categoria-producto\/software\/\"},{\"@type\":\"ListItem\",\"position\":4,\"name\":\"Licenciamiento Microsoft Csp\",\"item\":\"https:\/\/compuviper.mx\/tienda\/categoria-producto\/software\/licenciamiento-microsoft-csp\/\"},{\"@type\":\"ListItem\",\"position\":5,\"name\":\"Microsoft Cfq7ttc0lfn5:0002:p1y Csp Dynamics 365 Sales Professional &#8211; Annual\"}]},{\"@type\":\"WebSite\",\"@id\":\"https:\/\/compuviper.mx\/tienda\/#website\",\"url\":\"https:\/\/compuviper.mx\/tienda\/\",\"name\":\"Compuviper\",\"description\":\"Proveedor de Computadoras, Laptops, Servidores, Monitores, Puntos de Venta, Teclados,   Impresoras, T\u00f3ner, C\u00e1maras de Seguridad y m\u00e1s en tu tienda en l\u00ednea\",\"publisher\":{\"@id\":\"https:\/\/compuviper.mx\/tienda\/#organization\"},\"potentialAction\":[{\"@type\":\"SearchAction\",\"target\":{\"@type\":\"EntryPoint\",\"urlTemplate\":\"https:\/\/compuviper.mx\/tienda\/?s={search_term_string}\"},\"query-input\":\"required name=search_term_string\"}],\"inLanguage\":\"es-MX\"},{\"@type\":\"Organization\",\"@id\":\"https:\/\/compuviper.mx\/tienda\/#organization\",\"name\":\"Compuviper\",\"url\":\"https:\/\/compuviper.mx\/tienda\/\",\"logo\":{\"@type\":\"ImageObject\",\"inLanguage\":\"es-MX\",\"@id\":\"https:\/\/compuviper.mx\/tienda\/#\/schema\/logo\/image\/\",\"url\":\"https:\/\/compuviper.mx\/tienda\/wp-content\/uploads\/2021\/08\/Logo-Compuviper-10.png\",\"contentUrl\":\"https:\/\/compuviper.mx\/tienda\/wp-content\/uploads\/2021\/08\/Logo-Compuviper-10.png\",\"width\":1000,\"height\":500,\"caption\":\"Compuviper\"},\"image\":{\"@id\":\"https:\/\/compuviper.mx\/tienda\/#\/schema\/logo\/image\/\"},\"sameAs\":[\"https:\/\/www.facebook.com\/compuviper\",\"https:\/\/www.youtube.com\/channel\/UCf73dERp9Y3cfOq7q8BhLjA?view_as=subscriber\"]}]}<\/script>\n<meta property=\"product:brand\" content=\"MICROSOFT\" \/>\n<meta property=\"product:price:amount\" content=\"12500\" \/>\n<meta property=\"product:price:currency\" content=\"MXN\" \/>\n<meta property=\"og:availability\" content=\"backorder\" \/>\n<meta property=\"product:availability\" content=\"available for order\" \/>\n<meta property=\"product:retailer_item_id\" content=\"CFQ7TTC0LFN5:0002:P1Y\" \/>\n<meta property=\"product:condition\" content=\"new\" \/>\n<!-- \/ Yoast SEO plugin. -->","yoast_head_json":{"title":"[ Microsoft ] &#129351; Cfq7ttc0lfn5:0002:p1y Csp Dynamics 365 Sales Professional - Annual","description":"Compra Cfq7ttc0lfn5:0002:p1y Csp Dynamics 365 Sales Professional - Annual + Env\u00edo a domicilio + Pago seguro + Garant\u00eda","robots":{"index":"index","follow":"follow","max-snippet":"max-snippet:-1","max-image-preview":"max-image-preview:large","max-video-preview":"max-video-preview:-1"},"canonical":"https:\/\/compuviper.mx\/tienda\/producto\/microsoft-cfq7ttc0lfn50002p1y-csp-dynamics-365-sales-professional-annual\/","og_locale":"es_MX","og_type":"article","og_title":"[ Microsoft ] &#129351; Cfq7ttc0lfn5:0002:p1y Csp Dynamics 365 Sales Professional - Annual","og_description":"Compra Cfq7ttc0lfn5:0002:p1y Csp Dynamics 365 Sales Professional - Annual + Env\u00edo a domicilio + Pago seguro + Garant\u00eda","og_url":"https:\/\/compuviper.mx\/tienda\/producto\/microsoft-cfq7ttc0lfn50002p1y-csp-dynamics-365-sales-professional-annual\/","og_site_name":"Compuviper","article_publisher":"https:\/\/www.facebook.com\/compuviper","article_modified_time":"2026-04-02T08:19:33+00:00","og_image":[{"width":200,"height":200,"url":"https:\/\/compuviper.mx\/tienda\/wp-content\/uploads\/2025\/10\/Microsoft-csp-dynamics-365-sales-professional-annual.jpg","type":"image\/jpeg"}],"twitter_card":"summary_large_image","twitter_misc":{"Precio":"&#36;12,500 con IVA","Availability":"On backorder"},"schema":{"@context":"https:\/\/schema.org","@graph":[{"@type":"WebPage","@id":"https:\/\/compuviper.mx\/tienda\/producto\/microsoft-cfq7ttc0lfn50002p1y-csp-dynamics-365-sales-professional-annual\/","url":"https:\/\/compuviper.mx\/tienda\/producto\/microsoft-cfq7ttc0lfn50002p1y-csp-dynamics-365-sales-professional-annual\/","name":"[ Microsoft ] &#129351; Cfq7ttc0lfn5:0002:p1y Csp Dynamics 365 Sales Professional - Annual","isPartOf":{"@id":"https:\/\/compuviper.mx\/tienda\/#website"},"datePublished":"2026-04-02T08:19:32+00:00","dateModified":"2026-04-02T08:19:33+00:00","description":"Compra Cfq7ttc0lfn5:0002:p1y Csp Dynamics 365 Sales Professional - Annual + Env\u00edo a domicilio + Pago seguro + Garant\u00eda","breadcrumb":{"@id":"https:\/\/compuviper.mx\/tienda\/producto\/microsoft-cfq7ttc0lfn50002p1y-csp-dynamics-365-sales-professional-annual\/#breadcrumb"},"inLanguage":"es-MX","potentialAction":[{"@type":"ReadAction","target":["https:\/\/compuviper.mx\/tienda\/producto\/microsoft-cfq7ttc0lfn50002p1y-csp-dynamics-365-sales-professional-annual\/"]}]},{"@type":"BreadcrumbList","@id":"https:\/\/compuviper.mx\/tienda\/producto\/microsoft-cfq7ttc0lfn50002p1y-csp-dynamics-365-sales-professional-annual\/#breadcrumb","itemListElement":[{"@type":"ListItem","position":1,"name":"Inicio","item":"https:\/\/compuviper.mx\/tienda\/"},{"@type":"ListItem","position":2,"name":"Productos","item":"https:\/\/compuviper.mx\/tienda\/productos\/"},{"@type":"ListItem","position":3,"name":"Software","item":"https:\/\/compuviper.mx\/tienda\/categoria-producto\/software\/"},{"@type":"ListItem","position":4,"name":"Licenciamiento Microsoft Csp","item":"https:\/\/compuviper.mx\/tienda\/categoria-producto\/software\/licenciamiento-microsoft-csp\/"},{"@type":"ListItem","position":5,"name":"Microsoft Cfq7ttc0lfn5:0002:p1y Csp Dynamics 365 Sales Professional &#8211; Annual"}]},{"@type":"WebSite","@id":"https:\/\/compuviper.mx\/tienda\/#website","url":"https:\/\/compuviper.mx\/tienda\/","name":"Compuviper","description":"Proveedor de Computadoras, Laptops, Servidores, Monitores, Puntos de Venta, Teclados,   Impresoras, T\u00f3ner, C\u00e1maras de Seguridad y m\u00e1s en tu tienda en l\u00ednea","publisher":{"@id":"https:\/\/compuviper.mx\/tienda\/#organization"},"potentialAction":[{"@type":"SearchAction","target":{"@type":"EntryPoint","urlTemplate":"https:\/\/compuviper.mx\/tienda\/?s={search_term_string}"},"query-input":"required name=search_term_string"}],"inLanguage":"es-MX"},{"@type":"Organization","@id":"https:\/\/compuviper.mx\/tienda\/#organization","name":"Compuviper","url":"https:\/\/compuviper.mx\/tienda\/","logo":{"@type":"ImageObject","inLanguage":"es-MX","@id":"https:\/\/compuviper.mx\/tienda\/#\/schema\/logo\/image\/","url":"https:\/\/compuviper.mx\/tienda\/wp-content\/uploads\/2021\/08\/Logo-Compuviper-10.png","contentUrl":"https:\/\/compuviper.mx\/tienda\/wp-content\/uploads\/2021\/08\/Logo-Compuviper-10.png","width":1000,"height":500,"caption":"Compuviper"},"image":{"@id":"https:\/\/compuviper.mx\/tienda\/#\/schema\/logo\/image\/"},"sameAs":["https:\/\/www.facebook.com\/compuviper","https:\/\/www.youtube.com\/channel\/UCf73dERp9Y3cfOq7q8BhLjA?view_as=subscriber"]}]},"product_brand":"MICROSOFT","product_price_amount":"12500","product_price_currency":"MXN","og_availability":"backorder","product_availability":"available for order","product_retailer_item_id":"CFQ7TTC0LFN5:0002:P1Y","product_condition":"new"},"_links":{"self":[{"href":"https:\/\/compuviper.mx\/tienda\/wp-json\/wp\/v2\/product\/258175"}],"collection":[{"href":"https:\/\/compuviper.mx\/tienda\/wp-json\/wp\/v2\/product"}],"about":[{"href":"https:\/\/compuviper.mx\/tienda\/wp-json\/wp\/v2\/types\/product"}],"replies":[{"embeddable":true,"href":"https:\/\/compuviper.mx\/tienda\/wp-json\/wp\/v2\/comments?post=258175"}],"wp:featuredmedia":[{"embeddable":true,"href":"https:\/\/compuviper.mx\/tienda\/wp-json\/wp\/v2\/media\/258465"}],"wp:attachment":[{"href":"https:\/\/compuviper.mx\/tienda\/wp-json\/wp\/v2\/media?parent=258175"}],"wp:term":[{"taxonomy":"product_cat","embeddable":true,"href":"https:\/\/compuviper.mx\/tienda\/wp-json\/wp\/v2\/product_cat?post=258175"},{"taxonomy":"product_tag","embeddable":true,"href":"https:\/\/compuviper.mx\/tienda\/wp-json\/wp\/v2\/product_tag?post=258175"}],"curies":[{"name":"wp","href":"https:\/\/api.w.org\/{rel}","templated":true}]}}