{"id":258036,"date":"2026-04-07T01:39:17","date_gmt":"2026-04-07T07:39:17","guid":{"rendered":"https:\/\/compuviper.mx\/tienda\/producto\/epson-c31cl45001-miniprinter-tm-t20ivl-001-termica-usb-serial-para-recibos-color-negra\/"},"modified":"2026-04-07T01:39:17","modified_gmt":"2026-04-07T07:39:17","slug":"epson-c31cl45001-miniprinter-tm-t20ivl-001-termica-usb-serial-para-recibos-color-negra","status":"publish","type":"product","link":"https:\/\/compuviper.mx\/tienda\/producto\/epson-c31cl45001-miniprinter-tm-t20ivl-001-termica-usb-serial-para-recibos-color-negra\/","title":{"rendered":"Epson C31cl45001 Miniprinter  Tm-t20ivl-001, Termica ,usb, Serial, Para Recibos, Color Negra"},"content":{"rendered":"<table class=\"descripcion\">\n<tr>\n<td>**** impresion<\/td>\n<\/tr>\n<tr>\n<td>* metodo de impresion impresion termica directa<\/td>\n<\/tr>\n<tr>\n<td>* velocidad de impresion max 250 mm\/seg<\/td>\n<\/tr>\n<tr>\n<td>* fuentes:<\/td>\n<\/tr>\n<tr>\n<td>Fuente a (predeterminada): 12 x 24 (incluido el espaciado horizontal de 2 puntos)<\/td>\n<\/tr>\n<tr>\n<td>Fuente b: 9 x 17 (incluido espaciado horizontal de 2 puntos)<\/td>\n<\/tr>\n<tr>\n<td>* capacidad de columnas<\/td>\n<\/tr>\n<tr>\n<td>Estandar: modelo de ancho de papel de 80 mm, 48\/64 columnas<\/td>\n<\/tr>\n<tr>\n<td>Modo de 42 columnas: ancho de papel 80 mm, 42\/60 columnas<\/td>\n<\/tr>\n<tr>\n<td>* tama\u00f1o de caracter (ancho x alto)<\/td>\n<\/tr>\n<tr>\n<td>Fuente a: 1,25 x 3 mm, fuente b: 0,88 x 2,13 mm<\/td>\n<\/tr>\n<tr>\n<td>* codigo de barras<\/td>\n<\/tr>\n<tr>\n<td>Upc-a\/e, jan8 (ean8), jan13 (ean13), itf, codabar (nw-7), code 39\/93\/128\/128 auto, gs1-128, gs1 databar omnidirectional\/truncated\/stacked\/stacked omnidirectional\/limited\/expanded\/expanded stacked, pdf417, qr code, maxicode, composite symbology<\/td>\n<\/tr>\n<tr>\n<td>**** manejo de papel<\/td>\n<\/tr>\n<tr>\n<td>Dimensiones del papel grosor manejo de papel 80 mm: 79,5 \u00b1 0,5 mm 3,27 (diametro exterior maximo) 53 &#8211; 75  and #956;m<\/td>\n<\/tr>\n<tr>\n<td>**** conectividad<\/td>\n<\/tr>\n<tr>\n<td>Modelo serial: usb + serial (rs-232)<\/td>\n<\/tr>\n<tr>\n<td>**** garantia<\/td>\n<\/tr>\n<tr>\n<td>Garantia limitada estandar de 1 a\u00f1o<\/td>\n<\/tr>\n<tr>\n<td>**** dimensiones ancho x profundo x alto :137 mm x 192 mm x 140 mm<\/td>\n<\/tr>\n<tr>\n<td>**** peso: 2.33 kg<\/td>\n<\/tr>\n<tr>\n<td>**** que hay en la caja<\/td>\n<\/tr>\n<tr>\n<td>Impresora termica de recibos epson tm-t20ivl, papel termico en rollo rollo inicial, guia de instalacion<\/td>\n<\/tr>\n<\/table>\n","protected":false},"excerpt":{"rendered":"<p>Dise\u00f1o renovado, precio asequible y rendimiento confiable en cada impresion<\/p>\n","protected":false},"featured_media":260632,"comment_status":"open","ping_status":"open","template":"","meta":[],"product_cat":[1777,1778],"product_tag":[1624],"acf":[],"yoast_head":"<!-- This site is optimized with the Yoast SEO plugin v21.7 - https:\/\/yoast.com\/wordpress\/plugins\/seo\/ -->\n<title>[ Epson ] &#129351; C31cl45001 Miniprinter Tm-t20ivl-001, Termica ,usb, Serial, Para Recibos, Color Negra<\/title>\n<meta name=\"description\" content=\"Compra C31cl45001 Miniprinter Tm-t20ivl-001, Termica ,usb, Serial, Para Recibos, Color Negra + Env\u00edo a domicilio + Pago seguro + Garant\u00eda\" \/>\n<meta name=\"robots\" content=\"index, follow, max-snippet:-1, max-image-preview:large, max-video-preview:-1\" \/>\n<link rel=\"canonical\" href=\"https:\/\/compuviper.mx\/tienda\/producto\/epson-c31cl45001-miniprinter-tm-t20ivl-001-termica-usb-serial-para-recibos-color-negra\/\" \/>\n<meta property=\"og:locale\" content=\"es_MX\" \/>\n<meta property=\"og:type\" content=\"article\" \/>\n<meta property=\"og:title\" content=\"[ Epson ] &#129351; C31cl45001 Miniprinter Tm-t20ivl-001, Termica ,usb, Serial, Para Recibos, Color Negra\" \/>\n<meta property=\"og:description\" content=\"Compra C31cl45001 Miniprinter Tm-t20ivl-001, Termica ,usb, Serial, Para Recibos, Color Negra + Env\u00edo a domicilio + Pago seguro + Garant\u00eda\" \/>\n<meta property=\"og:url\" content=\"https:\/\/compuviper.mx\/tienda\/producto\/epson-c31cl45001-miniprinter-tm-t20ivl-001-termica-usb-serial-para-recibos-color-negra\/\" \/>\n<meta property=\"og:site_name\" content=\"Compuviper\" \/>\n<meta property=\"article:publisher\" content=\"https:\/\/www.facebook.com\/compuviper\" \/>\n<meta property=\"og:image\" content=\"https:\/\/compuviper.mx\/tienda\/wp-content\/uploads\/2025\/10\/Miniprinter-epson-tm-t20ivl-001-termica-usb-serial-para-recibos-color-negra.jpg\" \/>\n\t<meta property=\"og:image:width\" content=\"200\" \/>\n\t<meta property=\"og:image:height\" content=\"200\" \/>\n\t<meta property=\"og:image:type\" content=\"image\/jpeg\" \/>\n<meta name=\"twitter:card\" content=\"summary_large_image\" \/>\n<meta name=\"twitter:label1\" content=\"Precio\" \/>\n\t<meta name=\"twitter:data1\" content=\"&#36;3,251 &#36;2,665 con IVA\" \/>\n\t<meta name=\"twitter:label2\" content=\"Availability\" \/>\n\t<meta name=\"twitter:data2\" content=\"In stock\" \/>\n<script type=\"application\/ld+json\" class=\"yoast-schema-graph\">{\"@context\":\"https:\/\/schema.org\",\"@graph\":[{\"@type\":\"WebPage\",\"@id\":\"https:\/\/compuviper.mx\/tienda\/producto\/epson-c31cl45001-miniprinter-tm-t20ivl-001-termica-usb-serial-para-recibos-color-negra\/\",\"url\":\"https:\/\/compuviper.mx\/tienda\/producto\/epson-c31cl45001-miniprinter-tm-t20ivl-001-termica-usb-serial-para-recibos-color-negra\/\",\"name\":\"[ Epson ] &#129351; C31cl45001 Miniprinter Tm-t20ivl-001, Termica ,usb, Serial, Para Recibos, Color Negra\",\"isPartOf\":{\"@id\":\"https:\/\/compuviper.mx\/tienda\/#website\"},\"datePublished\":\"2026-04-07T07:39:17+00:00\",\"dateModified\":\"2026-04-07T07:39:17+00:00\",\"description\":\"Compra C31cl45001 Miniprinter Tm-t20ivl-001, Termica ,usb, Serial, Para Recibos, Color Negra + Env\u00edo a domicilio + Pago seguro + Garant\u00eda\",\"breadcrumb\":{\"@id\":\"https:\/\/compuviper.mx\/tienda\/producto\/epson-c31cl45001-miniprinter-tm-t20ivl-001-termica-usb-serial-para-recibos-color-negra\/#breadcrumb\"},\"inLanguage\":\"es-MX\",\"potentialAction\":[{\"@type\":\"ReadAction\",\"target\":[\"https:\/\/compuviper.mx\/tienda\/producto\/epson-c31cl45001-miniprinter-tm-t20ivl-001-termica-usb-serial-para-recibos-color-negra\/\"]}]},{\"@type\":\"BreadcrumbList\",\"@id\":\"https:\/\/compuviper.mx\/tienda\/producto\/epson-c31cl45001-miniprinter-tm-t20ivl-001-termica-usb-serial-para-recibos-color-negra\/#breadcrumb\",\"itemListElement\":[{\"@type\":\"ListItem\",\"position\":1,\"name\":\"Inicio\",\"item\":\"https:\/\/compuviper.mx\/tienda\/\"},{\"@type\":\"ListItem\",\"position\":2,\"name\":\"Productos\",\"item\":\"https:\/\/compuviper.mx\/tienda\/productos\/\"},{\"@type\":\"ListItem\",\"position\":3,\"name\":\"Impresoras\",\"item\":\"https:\/\/compuviper.mx\/tienda\/categoria-producto\/impresoras\/\"},{\"@type\":\"ListItem\",\"position\":4,\"name\":\"Punto De Venta\",\"item\":\"https:\/\/compuviper.mx\/tienda\/categoria-producto\/impresoras\/punto-de-venta-impresoras\/\"},{\"@type\":\"ListItem\",\"position\":5,\"name\":\"Epson C31cl45001 Miniprinter Tm-t20ivl-001, Termica ,usb, Serial, Para Recibos, Color Negra\"}]},{\"@type\":\"WebSite\",\"@id\":\"https:\/\/compuviper.mx\/tienda\/#website\",\"url\":\"https:\/\/compuviper.mx\/tienda\/\",\"name\":\"Compuviper\",\"description\":\"Proveedor de Computadoras, Laptops, Servidores, Monitores, Puntos de Venta, Teclados,   Impresoras, T\u00f3ner, C\u00e1maras de Seguridad y m\u00e1s en tu tienda en l\u00ednea\",\"publisher\":{\"@id\":\"https:\/\/compuviper.mx\/tienda\/#organization\"},\"potentialAction\":[{\"@type\":\"SearchAction\",\"target\":{\"@type\":\"EntryPoint\",\"urlTemplate\":\"https:\/\/compuviper.mx\/tienda\/?s={search_term_string}\"},\"query-input\":\"required name=search_term_string\"}],\"inLanguage\":\"es-MX\"},{\"@type\":\"Organization\",\"@id\":\"https:\/\/compuviper.mx\/tienda\/#organization\",\"name\":\"Compuviper\",\"url\":\"https:\/\/compuviper.mx\/tienda\/\",\"logo\":{\"@type\":\"ImageObject\",\"inLanguage\":\"es-MX\",\"@id\":\"https:\/\/compuviper.mx\/tienda\/#\/schema\/logo\/image\/\",\"url\":\"https:\/\/compuviper.mx\/tienda\/wp-content\/uploads\/2021\/08\/Logo-Compuviper-10.png\",\"contentUrl\":\"https:\/\/compuviper.mx\/tienda\/wp-content\/uploads\/2021\/08\/Logo-Compuviper-10.png\",\"width\":1000,\"height\":500,\"caption\":\"Compuviper\"},\"image\":{\"@id\":\"https:\/\/compuviper.mx\/tienda\/#\/schema\/logo\/image\/\"},\"sameAs\":[\"https:\/\/www.facebook.com\/compuviper\",\"https:\/\/www.youtube.com\/channel\/UCf73dERp9Y3cfOq7q8BhLjA?view_as=subscriber\"]}]}<\/script>\n<meta property=\"product:brand\" content=\"EPSON\" \/>\n<meta property=\"product:price:amount\" content=\"2665\" \/>\n<meta property=\"product:price:currency\" content=\"MXN\" \/>\n<meta property=\"og:availability\" content=\"instock\" \/>\n<meta property=\"product:availability\" content=\"instock\" \/>\n<meta property=\"product:retailer_item_id\" content=\"C31CL45001\" \/>\n<meta property=\"product:condition\" content=\"new\" \/>\n<!-- \/ Yoast SEO plugin. -->","yoast_head_json":{"title":"[ Epson ] &#129351; C31cl45001 Miniprinter Tm-t20ivl-001, Termica ,usb, Serial, Para Recibos, Color Negra","description":"Compra C31cl45001 Miniprinter Tm-t20ivl-001, Termica ,usb, Serial, Para Recibos, Color Negra + Env\u00edo a domicilio + Pago seguro + Garant\u00eda","robots":{"index":"index","follow":"follow","max-snippet":"max-snippet:-1","max-image-preview":"max-image-preview:large","max-video-preview":"max-video-preview:-1"},"canonical":"https:\/\/compuviper.mx\/tienda\/producto\/epson-c31cl45001-miniprinter-tm-t20ivl-001-termica-usb-serial-para-recibos-color-negra\/","og_locale":"es_MX","og_type":"article","og_title":"[ Epson ] &#129351; C31cl45001 Miniprinter Tm-t20ivl-001, Termica ,usb, Serial, Para Recibos, Color Negra","og_description":"Compra C31cl45001 Miniprinter Tm-t20ivl-001, Termica ,usb, Serial, Para Recibos, Color Negra + Env\u00edo a domicilio + Pago seguro + Garant\u00eda","og_url":"https:\/\/compuviper.mx\/tienda\/producto\/epson-c31cl45001-miniprinter-tm-t20ivl-001-termica-usb-serial-para-recibos-color-negra\/","og_site_name":"Compuviper","article_publisher":"https:\/\/www.facebook.com\/compuviper","og_image":[{"width":200,"height":200,"url":"https:\/\/compuviper.mx\/tienda\/wp-content\/uploads\/2025\/10\/Miniprinter-epson-tm-t20ivl-001-termica-usb-serial-para-recibos-color-negra.jpg","type":"image\/jpeg"}],"twitter_card":"summary_large_image","twitter_misc":{"Precio":"&#36;3,251 &#36;2,665 con IVA","Availability":"In stock"},"schema":{"@context":"https:\/\/schema.org","@graph":[{"@type":"WebPage","@id":"https:\/\/compuviper.mx\/tienda\/producto\/epson-c31cl45001-miniprinter-tm-t20ivl-001-termica-usb-serial-para-recibos-color-negra\/","url":"https:\/\/compuviper.mx\/tienda\/producto\/epson-c31cl45001-miniprinter-tm-t20ivl-001-termica-usb-serial-para-recibos-color-negra\/","name":"[ Epson ] &#129351; C31cl45001 Miniprinter Tm-t20ivl-001, Termica ,usb, Serial, Para Recibos, Color Negra","isPartOf":{"@id":"https:\/\/compuviper.mx\/tienda\/#website"},"datePublished":"2026-04-07T07:39:17+00:00","dateModified":"2026-04-07T07:39:17+00:00","description":"Compra C31cl45001 Miniprinter Tm-t20ivl-001, Termica ,usb, Serial, Para Recibos, Color Negra + Env\u00edo a domicilio + Pago seguro + Garant\u00eda","breadcrumb":{"@id":"https:\/\/compuviper.mx\/tienda\/producto\/epson-c31cl45001-miniprinter-tm-t20ivl-001-termica-usb-serial-para-recibos-color-negra\/#breadcrumb"},"inLanguage":"es-MX","potentialAction":[{"@type":"ReadAction","target":["https:\/\/compuviper.mx\/tienda\/producto\/epson-c31cl45001-miniprinter-tm-t20ivl-001-termica-usb-serial-para-recibos-color-negra\/"]}]},{"@type":"BreadcrumbList","@id":"https:\/\/compuviper.mx\/tienda\/producto\/epson-c31cl45001-miniprinter-tm-t20ivl-001-termica-usb-serial-para-recibos-color-negra\/#breadcrumb","itemListElement":[{"@type":"ListItem","position":1,"name":"Inicio","item":"https:\/\/compuviper.mx\/tienda\/"},{"@type":"ListItem","position":2,"name":"Productos","item":"https:\/\/compuviper.mx\/tienda\/productos\/"},{"@type":"ListItem","position":3,"name":"Impresoras","item":"https:\/\/compuviper.mx\/tienda\/categoria-producto\/impresoras\/"},{"@type":"ListItem","position":4,"name":"Punto De Venta","item":"https:\/\/compuviper.mx\/tienda\/categoria-producto\/impresoras\/punto-de-venta-impresoras\/"},{"@type":"ListItem","position":5,"name":"Epson C31cl45001 Miniprinter Tm-t20ivl-001, Termica ,usb, Serial, Para Recibos, Color Negra"}]},{"@type":"WebSite","@id":"https:\/\/compuviper.mx\/tienda\/#website","url":"https:\/\/compuviper.mx\/tienda\/","name":"Compuviper","description":"Proveedor de Computadoras, Laptops, Servidores, Monitores, Puntos de Venta, Teclados,   Impresoras, T\u00f3ner, C\u00e1maras de Seguridad y m\u00e1s en tu tienda en l\u00ednea","publisher":{"@id":"https:\/\/compuviper.mx\/tienda\/#organization"},"potentialAction":[{"@type":"SearchAction","target":{"@type":"EntryPoint","urlTemplate":"https:\/\/compuviper.mx\/tienda\/?s={search_term_string}"},"query-input":"required name=search_term_string"}],"inLanguage":"es-MX"},{"@type":"Organization","@id":"https:\/\/compuviper.mx\/tienda\/#organization","name":"Compuviper","url":"https:\/\/compuviper.mx\/tienda\/","logo":{"@type":"ImageObject","inLanguage":"es-MX","@id":"https:\/\/compuviper.mx\/tienda\/#\/schema\/logo\/image\/","url":"https:\/\/compuviper.mx\/tienda\/wp-content\/uploads\/2021\/08\/Logo-Compuviper-10.png","contentUrl":"https:\/\/compuviper.mx\/tienda\/wp-content\/uploads\/2021\/08\/Logo-Compuviper-10.png","width":1000,"height":500,"caption":"Compuviper"},"image":{"@id":"https:\/\/compuviper.mx\/tienda\/#\/schema\/logo\/image\/"},"sameAs":["https:\/\/www.facebook.com\/compuviper","https:\/\/www.youtube.com\/channel\/UCf73dERp9Y3cfOq7q8BhLjA?view_as=subscriber"]}]},"product_brand":"EPSON","product_price_amount":"2665","product_price_currency":"MXN","og_availability":"instock","product_availability":"instock","product_retailer_item_id":"C31CL45001","product_condition":"new"},"_links":{"self":[{"href":"https:\/\/compuviper.mx\/tienda\/wp-json\/wp\/v2\/product\/258036"}],"collection":[{"href":"https:\/\/compuviper.mx\/tienda\/wp-json\/wp\/v2\/product"}],"about":[{"href":"https:\/\/compuviper.mx\/tienda\/wp-json\/wp\/v2\/types\/product"}],"replies":[{"embeddable":true,"href":"https:\/\/compuviper.mx\/tienda\/wp-json\/wp\/v2\/comments?post=258036"}],"wp:featuredmedia":[{"embeddable":true,"href":"https:\/\/compuviper.mx\/tienda\/wp-json\/wp\/v2\/media\/260632"}],"wp:attachment":[{"href":"https:\/\/compuviper.mx\/tienda\/wp-json\/wp\/v2\/media?parent=258036"}],"wp:term":[{"taxonomy":"product_cat","embeddable":true,"href":"https:\/\/compuviper.mx\/tienda\/wp-json\/wp\/v2\/product_cat?post=258036"},{"taxonomy":"product_tag","embeddable":true,"href":"https:\/\/compuviper.mx\/tienda\/wp-json\/wp\/v2\/product_tag?post=258036"}],"curies":[{"name":"wp","href":"https:\/\/api.w.org\/{rel}","templated":true}]}}