{"id":257931,"date":"2026-05-07T23:20:13","date_gmt":"2026-05-08T05:20:13","guid":{"rendered":"https:\/\/compuviper.mx\/tienda\/producto\/brobotix-406047-soporte-de-pared-para-pantalla-de-32-a-85-con-inclinacin-soporta-55-kg\/"},"modified":"2026-05-07T23:20:13","modified_gmt":"2026-05-08T05:20:13","slug":"brobotix-406047-soporte-de-pared-para-pantalla-de-32-a-85-con-inclinacin-soporta-55-kg","status":"publish","type":"product","link":"https:\/\/compuviper.mx\/tienda\/producto\/brobotix-406047-soporte-de-pared-para-pantalla-de-32-a-85-con-inclinacin-soporta-55-kg\/","title":{"rendered":"Brobotix 406047 Soporte  De Pared Para Pantalla De 32 A 85 Con Inclinaci?n. Soporta 55 Kg"},"content":{"rendered":"<table class=\"descripcion\">\n<tr>\n<td>Descripcin<\/td>\n<\/tr>\n<tr>\n<td>El nuevo soporte de pared brobotix\u00ae de pared para pantallas de 32 a 85 ultradelgado y de perfil bajo, es justo lo que necesitas si buscas integrar la tv perfectamente con la decoracin. cuenta con inclinacin de hasta 12\u00b0, lo cual te permite instalar sin problema cables, brindandote mayor comodidad y evitando reflejos.<\/td>\n<\/tr>\n<tr>\n<td>Caractersticas<\/td>\n<\/tr>\n<tr>\n<td>\u0095soporte de pared para pantallas\/monitores de 32 a 85 pulgadas planas o curvas.<\/td>\n<\/tr>\n<tr>\n<td>\u0095capacidad de carga: 55 kg<\/td>\n<\/tr>\n<tr>\n<td>\u0095resistencia slida gracias a su construccin de acero.<\/td>\n<\/tr>\n<tr>\n<td>\u0095grado de inclinacin: 12\u00b0 hacia abajo.<\/td>\n<\/tr>\n<tr>\n<td>\u0095perfil: 26 mm 1<\/td>\n<\/tr>\n<tr>\n<td>\u0095incluye tornillera.<\/td>\n<\/tr>\n<tr>\n<td>Especificaciones<\/td>\n<\/tr>\n<tr>\n<td>Compatible con pantallas de 30\u0094 a 85\u0094 76,2 cm<\/td>\n<\/tr>\n<tr>\n<td>A 215,9 cm<\/td>\n<\/tr>\n<tr>\n<td>\u0095material: acero.<\/td>\n<\/tr>\n<tr>\n<td>\u0095color: negro.<\/td>\n<\/tr>\n<tr>\n<td>\u0095vesa: 200&#215;200 &#8211; 200&#215;300 &#8211; 200&#215;600 &#8211; 300&#215;300 &#8211; 300&#215;400 &#8211; 400&#215;200 &#8211; 400&#215;400 &#8211; 600&#215;400.<\/td>\n<\/tr>\n<tr>\n<td>\u0095capacidad de carga: 55 kg<\/td>\n<\/tr>\n<tr>\n<td>\u0095grado de inclinacin: 12\u00ba hacia abajo.<\/td>\n<\/tr>\n<tr>\n<td>\u0095peso neto: 995 gr<\/td>\n<\/tr>\n<tr>\n<td>\u0095dimensiones del empaque: 19.5 x 65 x 3 cm<\/td>\n<\/tr>\n<tr>\n<td>Recomendaciones<\/td>\n<\/tr>\n<tr>\n<td>Recomendacines:<\/td>\n<\/tr>\n<tr>\n<td>-favor de verificar el peso y vesa de la pantalla antes de adquirir este producto.<\/td>\n<\/tr>\n<tr>\n<td>-considera tener a la mano: flexmetro, desarmadores, martillo, taladro y llaves para la correcta instalacin de tu soporte.<\/td>\n<\/tr>\n<tr>\n<td>Contenido<\/td>\n<\/tr>\n<tr>\n<td>\u0095soporte para pantalla.<\/td>\n<\/tr>\n<tr>\n<td>\u0095tornillera incluida:<\/td>\n<\/tr>\n<tr>\n<td>-taquetes b 4 pzas<\/td>\n<\/tr>\n<tr>\n<td>-pija st6.3 x 55 4 pzas<\/td>\n<\/tr>\n<tr>\n<td>-nivel de burbuja 1 pza<\/td>\n<\/tr>\n<tr>\n<td>-tornillo m4x12 mm 4 pzas<\/td>\n<\/tr>\n<tr>\n<td>-tornillo m5x12 mm 4 pzas<\/td>\n<\/tr>\n<tr>\n<td>-tornillo m6x16 mm 4 pzas<\/td>\n<\/tr>\n<tr>\n<td>-tornillo m8x16 mm 4 pzas<\/td>\n<\/tr>\n<tr>\n<td>\u0095arandelas:<\/td>\n<\/tr>\n<tr>\n<td>-d5 4 pzas<\/td>\n<\/tr>\n<tr>\n<td>-d6 4 pzas<\/td>\n<\/tr>\n<tr>\n<td>-d8 4 pzas<\/td>\n<\/tr>\n<tr>\n<td>-j 4 pzas<\/td>\n<\/tr>\n<tr>\n<td>\u0095gua de instalacin.<\/td>\n<\/tr>\n<\/table>\n","protected":false},"excerpt":{"rendered":"<p>El nuevo soporte brobotix\u00ae de pared para pantallas de 32 a 85 ultradelgado y de perfil bajo, es justo lo que necesitas si buscas integrar la tv perfectamente con la decoracin. Cuenta con inclinacin de hasta 12\u00b0, lo cual te permite instalar sin problema cables, brindandote mayor comodidad y evitando reflejos.<\/p>\n","protected":false},"featured_media":258964,"comment_status":"open","ping_status":"open","template":"","meta":[],"product_cat":[2321,2265],"product_tag":[2142],"acf":[],"yoast_head":"<!-- This site is optimized with the Yoast SEO plugin v21.7 - https:\/\/yoast.com\/wordpress\/plugins\/seo\/ -->\n<title>[ Brobotix ] &#129351; 406047 Soporte De Pared Para Pantalla De 32 A 85 Con Inclinaci\u00f3n. Soporta 55 Kg<\/title>\n<meta name=\"description\" content=\"Compra 406047 Soporte De Pared Para Pantalla De 32 A 85 Con Inclinaci\u00f3n. Soporta 55 Kg + Env\u00edo a domicilio + Pago seguro + Garant\u00eda\" \/>\n<meta name=\"robots\" content=\"index, follow, max-snippet:-1, max-image-preview:large, max-video-preview:-1\" \/>\n<link rel=\"canonical\" href=\"https:\/\/compuviper.mx\/tienda\/producto\/brobotix-406047-soporte-de-pared-para-pantalla-de-32-a-85-con-inclinacin-soporta-55-kg\/\" \/>\n<meta property=\"og:locale\" content=\"es_MX\" \/>\n<meta property=\"og:type\" content=\"article\" \/>\n<meta property=\"og:title\" content=\"[ Brobotix ] &#129351; 406047 Soporte De Pared Para Pantalla De 32 A 85 Con Inclinaci\u00f3n. Soporta 55 Kg\" \/>\n<meta property=\"og:description\" content=\"Compra 406047 Soporte De Pared Para Pantalla De 32 A 85 Con Inclinaci\u00f3n. Soporta 55 Kg + Env\u00edo a domicilio + Pago seguro + Garant\u00eda\" \/>\n<meta property=\"og:url\" content=\"https:\/\/compuviper.mx\/tienda\/producto\/brobotix-406047-soporte-de-pared-para-pantalla-de-32-a-85-con-inclinacin-soporta-55-kg\/\" \/>\n<meta property=\"og:site_name\" content=\"Compuviper\" \/>\n<meta property=\"article:publisher\" content=\"https:\/\/www.facebook.com\/compuviper\" \/>\n<meta property=\"og:image\" content=\"https:\/\/compuviper.mx\/tienda\/wp-content\/uploads\/2025\/10\/Soporte-brobotix-de-pared-para-pantalla-de-32-a-85-con-inclinacion.-soporta-55-kg.jpg\" \/>\n\t<meta property=\"og:image:width\" content=\"200\" \/>\n\t<meta property=\"og:image:height\" content=\"200\" \/>\n\t<meta property=\"og:image:type\" content=\"image\/jpeg\" \/>\n<meta name=\"twitter:card\" content=\"summary_large_image\" \/>\n<meta name=\"twitter:label1\" content=\"Precio\" \/>\n\t<meta name=\"twitter:data1\" content=\"&#36;167 con IVA\" \/>\n\t<meta name=\"twitter:label2\" content=\"Availability\" \/>\n\t<meta name=\"twitter:data2\" content=\"On backorder\" \/>\n<script type=\"application\/ld+json\" class=\"yoast-schema-graph\">{\"@context\":\"https:\/\/schema.org\",\"@graph\":[{\"@type\":\"WebPage\",\"@id\":\"https:\/\/compuviper.mx\/tienda\/producto\/brobotix-406047-soporte-de-pared-para-pantalla-de-32-a-85-con-inclinacin-soporta-55-kg\/\",\"url\":\"https:\/\/compuviper.mx\/tienda\/producto\/brobotix-406047-soporte-de-pared-para-pantalla-de-32-a-85-con-inclinacin-soporta-55-kg\/\",\"name\":\"[ Brobotix ] &#129351; 406047 Soporte De Pared Para Pantalla De 32 A 85 Con Inclinaci\u00f3n. Soporta 55 Kg\",\"isPartOf\":{\"@id\":\"https:\/\/compuviper.mx\/tienda\/#website\"},\"datePublished\":\"2026-05-08T05:20:13+00:00\",\"dateModified\":\"2026-05-08T05:20:13+00:00\",\"description\":\"Compra 406047 Soporte De Pared Para Pantalla De 32 A 85 Con Inclinaci\u00f3n. Soporta 55 Kg + Env\u00edo a domicilio + Pago seguro + Garant\u00eda\",\"breadcrumb\":{\"@id\":\"https:\/\/compuviper.mx\/tienda\/producto\/brobotix-406047-soporte-de-pared-para-pantalla-de-32-a-85-con-inclinacin-soporta-55-kg\/#breadcrumb\"},\"inLanguage\":\"es-MX\",\"potentialAction\":[{\"@type\":\"ReadAction\",\"target\":[\"https:\/\/compuviper.mx\/tienda\/producto\/brobotix-406047-soporte-de-pared-para-pantalla-de-32-a-85-con-inclinacin-soporta-55-kg\/\"]}]},{\"@type\":\"BreadcrumbList\",\"@id\":\"https:\/\/compuviper.mx\/tienda\/producto\/brobotix-406047-soporte-de-pared-para-pantalla-de-32-a-85-con-inclinacin-soporta-55-kg\/#breadcrumb\",\"itemListElement\":[{\"@type\":\"ListItem\",\"position\":1,\"name\":\"Inicio\",\"item\":\"https:\/\/compuviper.mx\/tienda\/\"},{\"@type\":\"ListItem\",\"position\":2,\"name\":\"Productos\",\"item\":\"https:\/\/compuviper.mx\/tienda\/productos\/\"},{\"@type\":\"ListItem\",\"position\":3,\"name\":\"Soportes Y Bases P\/tv\/ Proyectores\/dvd\/consolas\/bocinas\/pantallas\/monotores\",\"item\":\"https:\/\/compuviper.mx\/tienda\/categoria-producto\/soportes-y-bases-p-tv-proyectores-dvd-consolas-bocinas-pantallas-monotores\/\"},{\"@type\":\"ListItem\",\"position\":4,\"name\":\"Soporte Y Base Para Tv\/pantallas\/monitores\/kiosko\",\"item\":\"https:\/\/compuviper.mx\/tienda\/categoria-producto\/soportes-y-bases-p-tv-proyectores-dvd-consolas-bocinas-pantallas-monotores\/soporte-y-base-para-tv-pantallas-monitores-kiosko\/\"},{\"@type\":\"ListItem\",\"position\":5,\"name\":\"Brobotix 406047 Soporte De Pared Para Pantalla De 32 A 85 Con Inclinaci?n. Soporta 55 Kg\"}]},{\"@type\":\"WebSite\",\"@id\":\"https:\/\/compuviper.mx\/tienda\/#website\",\"url\":\"https:\/\/compuviper.mx\/tienda\/\",\"name\":\"Compuviper\",\"description\":\"Proveedor de Computadoras, Laptops, Servidores, Monitores, Puntos de Venta, Teclados,   Impresoras, T\u00f3ner, C\u00e1maras de Seguridad y m\u00e1s en tu tienda en l\u00ednea\",\"publisher\":{\"@id\":\"https:\/\/compuviper.mx\/tienda\/#organization\"},\"potentialAction\":[{\"@type\":\"SearchAction\",\"target\":{\"@type\":\"EntryPoint\",\"urlTemplate\":\"https:\/\/compuviper.mx\/tienda\/?s={search_term_string}\"},\"query-input\":\"required name=search_term_string\"}],\"inLanguage\":\"es-MX\"},{\"@type\":\"Organization\",\"@id\":\"https:\/\/compuviper.mx\/tienda\/#organization\",\"name\":\"Compuviper\",\"url\":\"https:\/\/compuviper.mx\/tienda\/\",\"logo\":{\"@type\":\"ImageObject\",\"inLanguage\":\"es-MX\",\"@id\":\"https:\/\/compuviper.mx\/tienda\/#\/schema\/logo\/image\/\",\"url\":\"https:\/\/compuviper.mx\/tienda\/wp-content\/uploads\/2021\/08\/Logo-Compuviper-10.png\",\"contentUrl\":\"https:\/\/compuviper.mx\/tienda\/wp-content\/uploads\/2021\/08\/Logo-Compuviper-10.png\",\"width\":1000,\"height\":500,\"caption\":\"Compuviper\"},\"image\":{\"@id\":\"https:\/\/compuviper.mx\/tienda\/#\/schema\/logo\/image\/\"},\"sameAs\":[\"https:\/\/www.facebook.com\/compuviper\",\"https:\/\/www.youtube.com\/channel\/UCf73dERp9Y3cfOq7q8BhLjA?view_as=subscriber\"]}]}<\/script>\n<meta property=\"product:brand\" content=\"Brobotix\" \/>\n<meta property=\"product:price:amount\" content=\"167\" \/>\n<meta property=\"product:price:currency\" content=\"MXN\" \/>\n<meta property=\"og:availability\" content=\"backorder\" \/>\n<meta property=\"product:availability\" content=\"available for order\" \/>\n<meta property=\"product:retailer_item_id\" content=\"406047\" \/>\n<meta property=\"product:condition\" content=\"new\" \/>\n<!-- \/ Yoast SEO plugin. -->","yoast_head_json":{"title":"[ Brobotix ] &#129351; 406047 Soporte De Pared Para Pantalla De 32 A 85 Con Inclinaci\u00f3n. Soporta 55 Kg","description":"Compra 406047 Soporte De Pared Para Pantalla De 32 A 85 Con Inclinaci\u00f3n. Soporta 55 Kg + Env\u00edo a domicilio + Pago seguro + Garant\u00eda","robots":{"index":"index","follow":"follow","max-snippet":"max-snippet:-1","max-image-preview":"max-image-preview:large","max-video-preview":"max-video-preview:-1"},"canonical":"https:\/\/compuviper.mx\/tienda\/producto\/brobotix-406047-soporte-de-pared-para-pantalla-de-32-a-85-con-inclinacin-soporta-55-kg\/","og_locale":"es_MX","og_type":"article","og_title":"[ Brobotix ] &#129351; 406047 Soporte De Pared Para Pantalla De 32 A 85 Con Inclinaci\u00f3n. Soporta 55 Kg","og_description":"Compra 406047 Soporte De Pared Para Pantalla De 32 A 85 Con Inclinaci\u00f3n. Soporta 55 Kg + Env\u00edo a domicilio + Pago seguro + Garant\u00eda","og_url":"https:\/\/compuviper.mx\/tienda\/producto\/brobotix-406047-soporte-de-pared-para-pantalla-de-32-a-85-con-inclinacin-soporta-55-kg\/","og_site_name":"Compuviper","article_publisher":"https:\/\/www.facebook.com\/compuviper","og_image":[{"width":200,"height":200,"url":"https:\/\/compuviper.mx\/tienda\/wp-content\/uploads\/2025\/10\/Soporte-brobotix-de-pared-para-pantalla-de-32-a-85-con-inclinacion.-soporta-55-kg.jpg","type":"image\/jpeg"}],"twitter_card":"summary_large_image","twitter_misc":{"Precio":"&#36;167 con IVA","Availability":"On backorder"},"schema":{"@context":"https:\/\/schema.org","@graph":[{"@type":"WebPage","@id":"https:\/\/compuviper.mx\/tienda\/producto\/brobotix-406047-soporte-de-pared-para-pantalla-de-32-a-85-con-inclinacin-soporta-55-kg\/","url":"https:\/\/compuviper.mx\/tienda\/producto\/brobotix-406047-soporte-de-pared-para-pantalla-de-32-a-85-con-inclinacin-soporta-55-kg\/","name":"[ Brobotix ] &#129351; 406047 Soporte De Pared Para Pantalla De 32 A 85 Con Inclinaci\u00f3n. Soporta 55 Kg","isPartOf":{"@id":"https:\/\/compuviper.mx\/tienda\/#website"},"datePublished":"2026-05-08T05:20:13+00:00","dateModified":"2026-05-08T05:20:13+00:00","description":"Compra 406047 Soporte De Pared Para Pantalla De 32 A 85 Con Inclinaci\u00f3n. Soporta 55 Kg + Env\u00edo a domicilio + Pago seguro + Garant\u00eda","breadcrumb":{"@id":"https:\/\/compuviper.mx\/tienda\/producto\/brobotix-406047-soporte-de-pared-para-pantalla-de-32-a-85-con-inclinacin-soporta-55-kg\/#breadcrumb"},"inLanguage":"es-MX","potentialAction":[{"@type":"ReadAction","target":["https:\/\/compuviper.mx\/tienda\/producto\/brobotix-406047-soporte-de-pared-para-pantalla-de-32-a-85-con-inclinacin-soporta-55-kg\/"]}]},{"@type":"BreadcrumbList","@id":"https:\/\/compuviper.mx\/tienda\/producto\/brobotix-406047-soporte-de-pared-para-pantalla-de-32-a-85-con-inclinacin-soporta-55-kg\/#breadcrumb","itemListElement":[{"@type":"ListItem","position":1,"name":"Inicio","item":"https:\/\/compuviper.mx\/tienda\/"},{"@type":"ListItem","position":2,"name":"Productos","item":"https:\/\/compuviper.mx\/tienda\/productos\/"},{"@type":"ListItem","position":3,"name":"Soportes Y Bases P\/tv\/ Proyectores\/dvd\/consolas\/bocinas\/pantallas\/monotores","item":"https:\/\/compuviper.mx\/tienda\/categoria-producto\/soportes-y-bases-p-tv-proyectores-dvd-consolas-bocinas-pantallas-monotores\/"},{"@type":"ListItem","position":4,"name":"Soporte Y Base Para Tv\/pantallas\/monitores\/kiosko","item":"https:\/\/compuviper.mx\/tienda\/categoria-producto\/soportes-y-bases-p-tv-proyectores-dvd-consolas-bocinas-pantallas-monotores\/soporte-y-base-para-tv-pantallas-monitores-kiosko\/"},{"@type":"ListItem","position":5,"name":"Brobotix 406047 Soporte De Pared Para Pantalla De 32 A 85 Con Inclinaci?n. Soporta 55 Kg"}]},{"@type":"WebSite","@id":"https:\/\/compuviper.mx\/tienda\/#website","url":"https:\/\/compuviper.mx\/tienda\/","name":"Compuviper","description":"Proveedor de Computadoras, Laptops, Servidores, Monitores, Puntos de Venta, Teclados,   Impresoras, T\u00f3ner, C\u00e1maras de Seguridad y m\u00e1s en tu tienda en l\u00ednea","publisher":{"@id":"https:\/\/compuviper.mx\/tienda\/#organization"},"potentialAction":[{"@type":"SearchAction","target":{"@type":"EntryPoint","urlTemplate":"https:\/\/compuviper.mx\/tienda\/?s={search_term_string}"},"query-input":"required name=search_term_string"}],"inLanguage":"es-MX"},{"@type":"Organization","@id":"https:\/\/compuviper.mx\/tienda\/#organization","name":"Compuviper","url":"https:\/\/compuviper.mx\/tienda\/","logo":{"@type":"ImageObject","inLanguage":"es-MX","@id":"https:\/\/compuviper.mx\/tienda\/#\/schema\/logo\/image\/","url":"https:\/\/compuviper.mx\/tienda\/wp-content\/uploads\/2021\/08\/Logo-Compuviper-10.png","contentUrl":"https:\/\/compuviper.mx\/tienda\/wp-content\/uploads\/2021\/08\/Logo-Compuviper-10.png","width":1000,"height":500,"caption":"Compuviper"},"image":{"@id":"https:\/\/compuviper.mx\/tienda\/#\/schema\/logo\/image\/"},"sameAs":["https:\/\/www.facebook.com\/compuviper","https:\/\/www.youtube.com\/channel\/UCf73dERp9Y3cfOq7q8BhLjA?view_as=subscriber"]}]},"product_brand":"Brobotix","product_price_amount":"167","product_price_currency":"MXN","og_availability":"backorder","product_availability":"available for order","product_retailer_item_id":"406047","product_condition":"new"},"_links":{"self":[{"href":"https:\/\/compuviper.mx\/tienda\/wp-json\/wp\/v2\/product\/257931"}],"collection":[{"href":"https:\/\/compuviper.mx\/tienda\/wp-json\/wp\/v2\/product"}],"about":[{"href":"https:\/\/compuviper.mx\/tienda\/wp-json\/wp\/v2\/types\/product"}],"replies":[{"embeddable":true,"href":"https:\/\/compuviper.mx\/tienda\/wp-json\/wp\/v2\/comments?post=257931"}],"wp:featuredmedia":[{"embeddable":true,"href":"https:\/\/compuviper.mx\/tienda\/wp-json\/wp\/v2\/media\/258964"}],"wp:attachment":[{"href":"https:\/\/compuviper.mx\/tienda\/wp-json\/wp\/v2\/media?parent=257931"}],"wp:term":[{"taxonomy":"product_cat","embeddable":true,"href":"https:\/\/compuviper.mx\/tienda\/wp-json\/wp\/v2\/product_cat?post=257931"},{"taxonomy":"product_tag","embeddable":true,"href":"https:\/\/compuviper.mx\/tienda\/wp-json\/wp\/v2\/product_tag?post=257931"}],"curies":[{"name":"wp","href":"https:\/\/api.w.org\/{rel}","templated":true}]}}