{"id":257789,"date":"2026-05-08T01:21:11","date_gmt":"2026-05-08T07:21:11","guid":{"rendered":"https:\/\/compuviper.mx\/tienda\/producto\/asus-ux8406ca-pz166x-laptop-zenbook-ux8406ca-core-u9-285h-32gb-1tb-ssd-14-0-pulgadas-3k-win-11-pro-color-inkewell-gray-grado-militar-touch-screen-1-ao-de-garanta\/"},"modified":"2026-05-08T01:21:11","modified_gmt":"2026-05-08T07:21:11","slug":"asus-ux8406ca-pz166x-laptop-zenbook-duo-ux8406ca-14-pulgadas-3k-2800x1800-touch-screen-core-u-9-285h-32gb-ram-1tb-pcie-g4-ssd-windows-pro-11-1-ao-de-garanta","status":"publish","type":"product","link":"https:\/\/compuviper.mx\/tienda\/producto\/asus-ux8406ca-pz166x-laptop-zenbook-duo-ux8406ca-14-pulgadas-3k-2800x1800-touch-screen-core-u-9-285h-32gb-ram-1tb-pcie-g4-ssd-windows-pro-11-1-ao-de-garanta\/","title":{"rendered":"Asus Ux8406ca-pz166x Laptop  Zenbook Duo Ux8406ca, 14 Pulgadas 3k 2800&#215;1800, Touch Screen, Core U 9 285h, 32gb Ram, 1tb Pcie G4 Ssd, Windows Pro 11, 1 A?o De Garant?a."},"content":{"rendered":"<table class=\"descripcion\">\n<tr>\n<td>Cod fabricante: ux8406ca-pz166x<\/td>\n<\/tr>\n<tr>\n<td>Num parte: 90nb14x1-m00dy0<\/td>\n<\/tr>\n<tr>\n<td>Procesador: intel core ultra 9 processor 2.9 ghz 24mb cache, up to 5.4 ghz, 16 cores, 16 threads<\/td>\n<\/tr>\n<tr>\n<td>Igpu: intel\u00ae arc\u0099 graphics<\/td>\n<\/tr>\n<tr>\n<td>Diseo: 14.0-inch 3k 2880 x 1800 oled 16:10<\/td>\n<\/tr>\n<tr>\n<td>Memoria ram: 32gb lpddr5x<\/td>\n<\/tr>\n<tr>\n<td>Expansion slot inluides used:<\/td>\n<\/tr>\n<tr>\n<td>1x m.2 2280 pcie 7. 0x4<\/td>\n<\/tr>\n<tr>\n<td>Almacenamiento: 1tb m.2 nvme\u0099 pcie\u00ae 4.0 ssd<\/td>\n<\/tr>\n<tr>\n<td>Teclado: soft keyboard<\/td>\n<\/tr>\n<tr>\n<td>Peso: 1.65 kg 3.64 lbs<\/td>\n<\/tr>\n<tr>\n<td>Dimensiones del equipo: 31.35 x 21.79 x 1.46 ~ 1.99 cm 12.34 x 8.58 x 0.57 ~ 0.78<\/td>\n<\/tr>\n<tr>\n<td>Color: inkewell gray<\/td>\n<\/tr>\n<tr>\n<td>Sistema operativo: windows 11 pro<\/td>\n<\/tr>\n<tr>\n<td>Grado militar: us mil-std 810h military-grade standar<\/td>\n<\/tr>\n<tr>\n<td>Garantia de 1 ao, directamente con marca<\/td>\n<\/tr>\n<\/table>\n","protected":false},"excerpt":{"rendered":"<p>Asus zenbook duo es una revolucionaria laptop convertible de con dos pantallas t\u00e1ctiles oled de tamao completo 1, teclado desmontable de tamao completo y soporte incorporado, que combina de manera perfecta la versatilidad multitarea con una excelente movilidad. Con dos pantallas oled 3k de 14 pulgadas y 120 hz, puedes ampliar instantaneamentetu espacio de trabajo hasta 19.8 pulgadas. El rendimiento excepcional est\u00e1 garantizado con un procesador intel\u00ae core\u0099 ultra 9 serie 2 impulsado por ia y una memoria lpddr5x de 32 gb, adem\u00e1s de un ssd pcie\u00ae 4.0 de hasta 2tb. Junto con un software inteligente dedicado, un control de gestos intuitivo y una batera de 75 wh de vida til mejorada, la zenbook duo f\u00e1cil de usar maximiza la productividad, sin complicaciones. Vamos hazte con tu duo.<\/p>\n","protected":false},"featured_media":260390,"comment_status":"open","ping_status":"open","template":"","meta":[],"product_cat":[1886,1889],"product_tag":[1729],"acf":[],"yoast_head":"<!-- This site is optimized with the Yoast SEO plugin v21.7 - https:\/\/yoast.com\/wordpress\/plugins\/seo\/ -->\n<title>[ Asus ] &#129351; Ux8406ca-pz166x Laptop Zenbook Duo Ux8406ca, 14 Pulgadas 3k 2800x1800, Touch Screen, Core U 9 285h, 32gb Ram, 1tb Pcie G4 Ssd, Windows Pro 11, 1 A\u00f1o De Garant\u00eda.<\/title>\n<meta name=\"description\" content=\"Compra Ux8406ca-pz166x Laptop Zenbook Duo Ux8406ca, 14 Pulgadas 3k 2800x1800, Touch Screen, Core U 9 285h, 32gb Ram, 1tb Pcie G4 Ssd, Windows Pro 11, 1 A\u00f1o De Garant\u00eda. + Env\u00edo a domicilio + Pago seguro + Garant\u00eda\" \/>\n<meta name=\"robots\" content=\"index, follow, max-snippet:-1, max-image-preview:large, max-video-preview:-1\" \/>\n<link rel=\"canonical\" href=\"https:\/\/compuviper.mx\/tienda\/producto\/asus-ux8406ca-pz166x-laptop-zenbook-duo-ux8406ca-14-pulgadas-3k-2800x1800-touch-screen-core-u-9-285h-32gb-ram-1tb-pcie-g4-ssd-windows-pro-11-1-ao-de-garanta\/\" \/>\n<meta property=\"og:locale\" content=\"es_MX\" \/>\n<meta property=\"og:type\" content=\"article\" \/>\n<meta property=\"og:title\" content=\"[ Asus ] &#129351; Ux8406ca-pz166x Laptop Zenbook Duo Ux8406ca, 14 Pulgadas 3k 2800x1800, Touch Screen, Core U 9 285h, 32gb Ram, 1tb Pcie G4 Ssd, Windows Pro 11, 1 A\u00f1o De Garant\u00eda.\" \/>\n<meta property=\"og:description\" content=\"Compra Ux8406ca-pz166x Laptop Zenbook Duo Ux8406ca, 14 Pulgadas 3k 2800x1800, Touch Screen, Core U 9 285h, 32gb Ram, 1tb Pcie G4 Ssd, Windows Pro 11, 1 A\u00f1o De Garant\u00eda. + Env\u00edo a domicilio + Pago seguro + Garant\u00eda\" \/>\n<meta property=\"og:url\" content=\"https:\/\/compuviper.mx\/tienda\/producto\/asus-ux8406ca-pz166x-laptop-zenbook-duo-ux8406ca-14-pulgadas-3k-2800x1800-touch-screen-core-u-9-285h-32gb-ram-1tb-pcie-g4-ssd-windows-pro-11-1-ao-de-garanta\/\" \/>\n<meta property=\"og:site_name\" content=\"Compuviper\" \/>\n<meta property=\"article:publisher\" content=\"https:\/\/www.facebook.com\/compuviper\" \/>\n<meta property=\"og:image\" content=\"https:\/\/compuviper.mx\/tienda\/wp-content\/uploads\/2025\/10\/Laptop-asus-zenbook-ux8406ca-core-u9-285h-32gb-1tb-ssd-14.0-pulgadas-3k-win-11-pro-color-inkewell-gray-grado-militar-touch-screen-1-ano-de-garantia.jpg\" \/>\n\t<meta property=\"og:image:width\" content=\"200\" \/>\n\t<meta property=\"og:image:height\" content=\"200\" \/>\n\t<meta property=\"og:image:type\" content=\"image\/jpeg\" \/>\n<meta name=\"twitter:card\" content=\"summary_large_image\" \/>\n<meta name=\"twitter:label1\" content=\"Precio\" \/>\n\t<meta name=\"twitter:data1\" content=\"&#36;37,623 con IVA\" \/>\n\t<meta name=\"twitter:label2\" content=\"Availability\" \/>\n\t<meta name=\"twitter:data2\" content=\"In stock\" \/>\n<script type=\"application\/ld+json\" class=\"yoast-schema-graph\">{\"@context\":\"https:\/\/schema.org\",\"@graph\":[{\"@type\":\"WebPage\",\"@id\":\"https:\/\/compuviper.mx\/tienda\/producto\/asus-ux8406ca-pz166x-laptop-zenbook-duo-ux8406ca-14-pulgadas-3k-2800x1800-touch-screen-core-u-9-285h-32gb-ram-1tb-pcie-g4-ssd-windows-pro-11-1-ao-de-garanta\/\",\"url\":\"https:\/\/compuviper.mx\/tienda\/producto\/asus-ux8406ca-pz166x-laptop-zenbook-duo-ux8406ca-14-pulgadas-3k-2800x1800-touch-screen-core-u-9-285h-32gb-ram-1tb-pcie-g4-ssd-windows-pro-11-1-ao-de-garanta\/\",\"name\":\"[ Asus ] &#129351; Ux8406ca-pz166x Laptop Zenbook Duo Ux8406ca, 14 Pulgadas 3k 2800x1800, Touch Screen, Core U 9 285h, 32gb Ram, 1tb Pcie G4 Ssd, Windows Pro 11, 1 A\u00f1o De Garant\u00eda.\",\"isPartOf\":{\"@id\":\"https:\/\/compuviper.mx\/tienda\/#website\"},\"datePublished\":\"2026-05-08T07:21:11+00:00\",\"dateModified\":\"2026-05-08T07:21:11+00:00\",\"description\":\"Compra Ux8406ca-pz166x Laptop Zenbook Duo Ux8406ca, 14 Pulgadas 3k 2800x1800, Touch Screen, Core U 9 285h, 32gb Ram, 1tb Pcie G4 Ssd, Windows Pro 11, 1 A\u00f1o De Garant\u00eda. + Env\u00edo a domicilio + Pago seguro + Garant\u00eda\",\"breadcrumb\":{\"@id\":\"https:\/\/compuviper.mx\/tienda\/producto\/asus-ux8406ca-pz166x-laptop-zenbook-duo-ux8406ca-14-pulgadas-3k-2800x1800-touch-screen-core-u-9-285h-32gb-ram-1tb-pcie-g4-ssd-windows-pro-11-1-ao-de-garanta\/#breadcrumb\"},\"inLanguage\":\"es-MX\",\"potentialAction\":[{\"@type\":\"ReadAction\",\"target\":[\"https:\/\/compuviper.mx\/tienda\/producto\/asus-ux8406ca-pz166x-laptop-zenbook-duo-ux8406ca-14-pulgadas-3k-2800x1800-touch-screen-core-u-9-285h-32gb-ram-1tb-pcie-g4-ssd-windows-pro-11-1-ao-de-garanta\/\"]}]},{\"@type\":\"BreadcrumbList\",\"@id\":\"https:\/\/compuviper.mx\/tienda\/producto\/asus-ux8406ca-pz166x-laptop-zenbook-duo-ux8406ca-14-pulgadas-3k-2800x1800-touch-screen-core-u-9-285h-32gb-ram-1tb-pcie-g4-ssd-windows-pro-11-1-ao-de-garanta\/#breadcrumb\",\"itemListElement\":[{\"@type\":\"ListItem\",\"position\":1,\"name\":\"Inicio\",\"item\":\"https:\/\/compuviper.mx\/tienda\/\"},{\"@type\":\"ListItem\",\"position\":2,\"name\":\"Productos\",\"item\":\"https:\/\/compuviper.mx\/tienda\/productos\/\"},{\"@type\":\"ListItem\",\"position\":3,\"name\":\"Laptops\",\"item\":\"https:\/\/compuviper.mx\/tienda\/categoria-producto\/laptops\/\"},{\"@type\":\"ListItem\",\"position\":4,\"name\":\"Workstation\",\"item\":\"https:\/\/compuviper.mx\/tienda\/categoria-producto\/laptops\/workstation-laptops\/\"},{\"@type\":\"ListItem\",\"position\":5,\"name\":\"Asus Ux8406ca-pz166x Laptop Zenbook Duo Ux8406ca, 14 Pulgadas 3k 2800&#215;1800, Touch Screen, Core U 9 285h, 32gb Ram, 1tb Pcie G4 Ssd, Windows Pro 11, 1 A?o De Garant?a.\"}]},{\"@type\":\"WebSite\",\"@id\":\"https:\/\/compuviper.mx\/tienda\/#website\",\"url\":\"https:\/\/compuviper.mx\/tienda\/\",\"name\":\"Compuviper\",\"description\":\"Proveedor de Computadoras, Laptops, Servidores, Monitores, Puntos de Venta, Teclados,   Impresoras, T\u00f3ner, C\u00e1maras de Seguridad y m\u00e1s en tu tienda en l\u00ednea\",\"publisher\":{\"@id\":\"https:\/\/compuviper.mx\/tienda\/#organization\"},\"potentialAction\":[{\"@type\":\"SearchAction\",\"target\":{\"@type\":\"EntryPoint\",\"urlTemplate\":\"https:\/\/compuviper.mx\/tienda\/?s={search_term_string}\"},\"query-input\":\"required name=search_term_string\"}],\"inLanguage\":\"es-MX\"},{\"@type\":\"Organization\",\"@id\":\"https:\/\/compuviper.mx\/tienda\/#organization\",\"name\":\"Compuviper\",\"url\":\"https:\/\/compuviper.mx\/tienda\/\",\"logo\":{\"@type\":\"ImageObject\",\"inLanguage\":\"es-MX\",\"@id\":\"https:\/\/compuviper.mx\/tienda\/#\/schema\/logo\/image\/\",\"url\":\"https:\/\/compuviper.mx\/tienda\/wp-content\/uploads\/2021\/08\/Logo-Compuviper-10.png\",\"contentUrl\":\"https:\/\/compuviper.mx\/tienda\/wp-content\/uploads\/2021\/08\/Logo-Compuviper-10.png\",\"width\":1000,\"height\":500,\"caption\":\"Compuviper\"},\"image\":{\"@id\":\"https:\/\/compuviper.mx\/tienda\/#\/schema\/logo\/image\/\"},\"sameAs\":[\"https:\/\/www.facebook.com\/compuviper\",\"https:\/\/www.youtube.com\/channel\/UCf73dERp9Y3cfOq7q8BhLjA?view_as=subscriber\"]}]}<\/script>\n<meta property=\"product:brand\" content=\"ASUS\" \/>\n<meta property=\"product:price:amount\" content=\"37623\" \/>\n<meta property=\"product:price:currency\" content=\"MXN\" \/>\n<meta property=\"og:availability\" content=\"instock\" \/>\n<meta property=\"product:availability\" content=\"instock\" \/>\n<meta property=\"product:retailer_item_id\" content=\"UX8406CA-PZ166X\" \/>\n<meta property=\"product:condition\" content=\"new\" \/>\n<!-- \/ Yoast SEO plugin. -->","yoast_head_json":{"title":"[ Asus ] &#129351; Ux8406ca-pz166x Laptop Zenbook Duo Ux8406ca, 14 Pulgadas 3k 2800x1800, Touch Screen, Core U 9 285h, 32gb Ram, 1tb Pcie G4 Ssd, Windows Pro 11, 1 A\u00f1o De Garant\u00eda.","description":"Compra Ux8406ca-pz166x Laptop Zenbook Duo Ux8406ca, 14 Pulgadas 3k 2800x1800, Touch Screen, Core U 9 285h, 32gb Ram, 1tb Pcie G4 Ssd, Windows Pro 11, 1 A\u00f1o De Garant\u00eda. + Env\u00edo a domicilio + Pago seguro + Garant\u00eda","robots":{"index":"index","follow":"follow","max-snippet":"max-snippet:-1","max-image-preview":"max-image-preview:large","max-video-preview":"max-video-preview:-1"},"canonical":"https:\/\/compuviper.mx\/tienda\/producto\/asus-ux8406ca-pz166x-laptop-zenbook-duo-ux8406ca-14-pulgadas-3k-2800x1800-touch-screen-core-u-9-285h-32gb-ram-1tb-pcie-g4-ssd-windows-pro-11-1-ao-de-garanta\/","og_locale":"es_MX","og_type":"article","og_title":"[ Asus ] &#129351; Ux8406ca-pz166x Laptop Zenbook Duo Ux8406ca, 14 Pulgadas 3k 2800x1800, Touch Screen, Core U 9 285h, 32gb Ram, 1tb Pcie G4 Ssd, Windows Pro 11, 1 A\u00f1o De Garant\u00eda.","og_description":"Compra Ux8406ca-pz166x Laptop Zenbook Duo Ux8406ca, 14 Pulgadas 3k 2800x1800, Touch Screen, Core U 9 285h, 32gb Ram, 1tb Pcie G4 Ssd, Windows Pro 11, 1 A\u00f1o De Garant\u00eda. + Env\u00edo a domicilio + Pago seguro + Garant\u00eda","og_url":"https:\/\/compuviper.mx\/tienda\/producto\/asus-ux8406ca-pz166x-laptop-zenbook-duo-ux8406ca-14-pulgadas-3k-2800x1800-touch-screen-core-u-9-285h-32gb-ram-1tb-pcie-g4-ssd-windows-pro-11-1-ao-de-garanta\/","og_site_name":"Compuviper","article_publisher":"https:\/\/www.facebook.com\/compuviper","og_image":[{"width":200,"height":200,"url":"https:\/\/compuviper.mx\/tienda\/wp-content\/uploads\/2025\/10\/Laptop-asus-zenbook-ux8406ca-core-u9-285h-32gb-1tb-ssd-14.0-pulgadas-3k-win-11-pro-color-inkewell-gray-grado-militar-touch-screen-1-ano-de-garantia.jpg","type":"image\/jpeg"}],"twitter_card":"summary_large_image","twitter_misc":{"Precio":"&#36;37,623 con IVA","Availability":"In stock"},"schema":{"@context":"https:\/\/schema.org","@graph":[{"@type":"WebPage","@id":"https:\/\/compuviper.mx\/tienda\/producto\/asus-ux8406ca-pz166x-laptop-zenbook-duo-ux8406ca-14-pulgadas-3k-2800x1800-touch-screen-core-u-9-285h-32gb-ram-1tb-pcie-g4-ssd-windows-pro-11-1-ao-de-garanta\/","url":"https:\/\/compuviper.mx\/tienda\/producto\/asus-ux8406ca-pz166x-laptop-zenbook-duo-ux8406ca-14-pulgadas-3k-2800x1800-touch-screen-core-u-9-285h-32gb-ram-1tb-pcie-g4-ssd-windows-pro-11-1-ao-de-garanta\/","name":"[ Asus ] &#129351; Ux8406ca-pz166x Laptop Zenbook Duo Ux8406ca, 14 Pulgadas 3k 2800x1800, Touch Screen, Core U 9 285h, 32gb Ram, 1tb Pcie G4 Ssd, Windows Pro 11, 1 A\u00f1o De Garant\u00eda.","isPartOf":{"@id":"https:\/\/compuviper.mx\/tienda\/#website"},"datePublished":"2026-05-08T07:21:11+00:00","dateModified":"2026-05-08T07:21:11+00:00","description":"Compra Ux8406ca-pz166x Laptop Zenbook Duo Ux8406ca, 14 Pulgadas 3k 2800x1800, Touch Screen, Core U 9 285h, 32gb Ram, 1tb Pcie G4 Ssd, Windows Pro 11, 1 A\u00f1o De Garant\u00eda. + Env\u00edo a domicilio + Pago seguro + Garant\u00eda","breadcrumb":{"@id":"https:\/\/compuviper.mx\/tienda\/producto\/asus-ux8406ca-pz166x-laptop-zenbook-duo-ux8406ca-14-pulgadas-3k-2800x1800-touch-screen-core-u-9-285h-32gb-ram-1tb-pcie-g4-ssd-windows-pro-11-1-ao-de-garanta\/#breadcrumb"},"inLanguage":"es-MX","potentialAction":[{"@type":"ReadAction","target":["https:\/\/compuviper.mx\/tienda\/producto\/asus-ux8406ca-pz166x-laptop-zenbook-duo-ux8406ca-14-pulgadas-3k-2800x1800-touch-screen-core-u-9-285h-32gb-ram-1tb-pcie-g4-ssd-windows-pro-11-1-ao-de-garanta\/"]}]},{"@type":"BreadcrumbList","@id":"https:\/\/compuviper.mx\/tienda\/producto\/asus-ux8406ca-pz166x-laptop-zenbook-duo-ux8406ca-14-pulgadas-3k-2800x1800-touch-screen-core-u-9-285h-32gb-ram-1tb-pcie-g4-ssd-windows-pro-11-1-ao-de-garanta\/#breadcrumb","itemListElement":[{"@type":"ListItem","position":1,"name":"Inicio","item":"https:\/\/compuviper.mx\/tienda\/"},{"@type":"ListItem","position":2,"name":"Productos","item":"https:\/\/compuviper.mx\/tienda\/productos\/"},{"@type":"ListItem","position":3,"name":"Laptops","item":"https:\/\/compuviper.mx\/tienda\/categoria-producto\/laptops\/"},{"@type":"ListItem","position":4,"name":"Workstation","item":"https:\/\/compuviper.mx\/tienda\/categoria-producto\/laptops\/workstation-laptops\/"},{"@type":"ListItem","position":5,"name":"Asus Ux8406ca-pz166x Laptop Zenbook Duo Ux8406ca, 14 Pulgadas 3k 2800&#215;1800, Touch Screen, Core U 9 285h, 32gb Ram, 1tb Pcie G4 Ssd, Windows Pro 11, 1 A?o De Garant?a."}]},{"@type":"WebSite","@id":"https:\/\/compuviper.mx\/tienda\/#website","url":"https:\/\/compuviper.mx\/tienda\/","name":"Compuviper","description":"Proveedor de Computadoras, Laptops, Servidores, Monitores, Puntos de Venta, Teclados,   Impresoras, T\u00f3ner, C\u00e1maras de Seguridad y m\u00e1s en tu tienda en l\u00ednea","publisher":{"@id":"https:\/\/compuviper.mx\/tienda\/#organization"},"potentialAction":[{"@type":"SearchAction","target":{"@type":"EntryPoint","urlTemplate":"https:\/\/compuviper.mx\/tienda\/?s={search_term_string}"},"query-input":"required name=search_term_string"}],"inLanguage":"es-MX"},{"@type":"Organization","@id":"https:\/\/compuviper.mx\/tienda\/#organization","name":"Compuviper","url":"https:\/\/compuviper.mx\/tienda\/","logo":{"@type":"ImageObject","inLanguage":"es-MX","@id":"https:\/\/compuviper.mx\/tienda\/#\/schema\/logo\/image\/","url":"https:\/\/compuviper.mx\/tienda\/wp-content\/uploads\/2021\/08\/Logo-Compuviper-10.png","contentUrl":"https:\/\/compuviper.mx\/tienda\/wp-content\/uploads\/2021\/08\/Logo-Compuviper-10.png","width":1000,"height":500,"caption":"Compuviper"},"image":{"@id":"https:\/\/compuviper.mx\/tienda\/#\/schema\/logo\/image\/"},"sameAs":["https:\/\/www.facebook.com\/compuviper","https:\/\/www.youtube.com\/channel\/UCf73dERp9Y3cfOq7q8BhLjA?view_as=subscriber"]}]},"product_brand":"ASUS","product_price_amount":"37623","product_price_currency":"MXN","og_availability":"instock","product_availability":"instock","product_retailer_item_id":"UX8406CA-PZ166X","product_condition":"new"},"_links":{"self":[{"href":"https:\/\/compuviper.mx\/tienda\/wp-json\/wp\/v2\/product\/257789"}],"collection":[{"href":"https:\/\/compuviper.mx\/tienda\/wp-json\/wp\/v2\/product"}],"about":[{"href":"https:\/\/compuviper.mx\/tienda\/wp-json\/wp\/v2\/types\/product"}],"replies":[{"embeddable":true,"href":"https:\/\/compuviper.mx\/tienda\/wp-json\/wp\/v2\/comments?post=257789"}],"wp:featuredmedia":[{"embeddable":true,"href":"https:\/\/compuviper.mx\/tienda\/wp-json\/wp\/v2\/media\/260390"}],"wp:attachment":[{"href":"https:\/\/compuviper.mx\/tienda\/wp-json\/wp\/v2\/media?parent=257789"}],"wp:term":[{"taxonomy":"product_cat","embeddable":true,"href":"https:\/\/compuviper.mx\/tienda\/wp-json\/wp\/v2\/product_cat?post=257789"},{"taxonomy":"product_tag","embeddable":true,"href":"https:\/\/compuviper.mx\/tienda\/wp-json\/wp\/v2\/product_tag?post=257789"}],"curies":[{"name":"wp","href":"https:\/\/api.w.org\/{rel}","templated":true}]}}