{"id":257698,"date":"2026-04-02T00:51:45","date_gmt":"2026-04-02T06:51:45","guid":{"rendered":"https:\/\/compuviper.mx\/tienda\/producto\/dell-210-bqhs-monitor-led-u322qe-ultrasharp-31-5-pulgadas-4k-uhd-3840-x-2160-dp-hdmi-thunderbolt-usb-c-usb-a-rj45-3-5-u3225qe\/"},"modified":"2026-04-02T00:51:46","modified_gmt":"2026-04-02T06:51:46","slug":"dell-210-bqhs-monitor-led-u322qe-ultrasharp-31-5-pulgadas-4k-uhd-3840-x-2160-dp-hdmi-thunderbolt-usb-c-usb-a-rj45-3-5-u3225qe","status":"publish","type":"product","link":"https:\/\/compuviper.mx\/tienda\/producto\/dell-210-bqhs-monitor-led-u322qe-ultrasharp-31-5-pulgadas-4k-uhd-3840-x-2160-dp-hdmi-thunderbolt-usb-c-usb-a-rj45-3-5-u3225qe\/","title":{"rendered":"Dell 210-bqhs Monitor  Led U322qe Ultrasharp 31.5  Pulgadas 4k Uhd 3840 X 2160 | Dp, Hdmi, Thunderbolt, Usb-c, Usb-a, Rj45, 3.5 | -u3225qe"},"content":{"rendered":"<table class=\"descripcion\">\n<tr>\n<td>Clase de tamao de pantalla<\/td>\n<\/tr>\n<tr>\n<td>32<\/td>\n<\/tr>\n<tr>\n<td>Tamao de pantalla visible<\/td>\n<\/tr>\n<tr>\n<td>31,5 80 cm<\/td>\n<\/tr>\n<tr>\n<td>Tecnologa de pantalla<\/td>\n<\/tr>\n<tr>\n<td>Tecnologa de conmutacin en plano ips black<\/td>\n<\/tr>\n<tr>\n<td>Detalles de tiempo de respuesta<\/td>\n<\/tr>\n<tr>\n<td>5ms gtg rpido<\/td>\n<\/tr>\n<tr>\n<td>8ms gtg<\/td>\n<\/tr>\n<tr>\n<td>Relacin de aspecto<\/td>\n<\/tr>\n<tr>\n<td>16:9<\/td>\n<\/tr>\n<tr>\n<td>Tamao de pixel<\/td>\n<\/tr>\n<tr>\n<td>0,18159 mm x 0,18159 mm<\/td>\n<\/tr>\n<tr>\n<td>Angulo de visin horizontal<\/td>\n<\/tr>\n<tr>\n<td>178\u00b0<\/td>\n<\/tr>\n<tr>\n<td>\u00e1ngulo de visin vertical<\/td>\n<\/tr>\n<tr>\n<td>178\u00b0<\/td>\n<\/tr>\n<tr>\n<td>Compatibilidad con hdcp<\/td>\n<\/tr>\n<tr>\n<td>S<\/td>\n<\/tr>\n<tr>\n<td>Altura mxima ajustable<\/td>\n<\/tr>\n<tr>\n<td>150 mm<\/td>\n<\/tr>\n<tr>\n<td>\u00e1ngulo de inclinacin<\/td>\n<\/tr>\n<tr>\n<td>-5\u00b0 a 21\u00b0<\/td>\n<\/tr>\n<tr>\n<td>\u00e1ngulo de giro<\/td>\n<\/tr>\n<tr>\n<td>-30\u00b0 a 30\u00b0<\/td>\n<\/tr>\n<tr>\n<td>\u00e1ngulo de giro<\/td>\n<\/tr>\n<tr>\n<td>-90\u00b0 a 90\u00b0<\/td>\n<\/tr>\n<tr>\n<td>Caractersticas<\/td>\n<\/tr>\n<tr>\n<td>Antirreflejos<\/td>\n<\/tr>\n<tr>\n<td>Tecnologa eye comfort<\/td>\n<\/tr>\n<tr>\n<td>Imagen junto a imagen<\/td>\n<\/tr>\n<tr>\n<td>Cuadro en cuadro<\/td>\n<\/tr>\n<tr>\n<td>Vesa displayhdr 600<\/td>\n<\/tr>\n<tr>\n<td>Calibracin de color<\/td>\n<\/tr>\n<tr>\n<td>Sensor de luz ambiental<\/td>\n<\/tr>\n<tr>\n<td>Bloqueo de seguridad<\/td>\n<\/tr>\n<tr>\n<td>Ranura de candado<\/td>\n<\/tr>\n<tr>\n<td>Sin bfr<\/td>\n<\/tr>\n<tr>\n<td>Sin pvc<\/td>\n<\/tr>\n<tr>\n<td>Sklo bez obsahu arznu<\/td>\n<\/tr>\n<tr>\n<td>Sin mercurio<\/td>\n<\/tr>\n<tr>\n<td>Narrow bezel<\/td>\n<\/tr>\n<tr>\n<td>Conectividad<\/td>\n<\/tr>\n<tr>\n<td>1 puerto displayport 1.4 con soporte dsc drr para microsoft windows<\/td>\n<\/tr>\n<tr>\n<td>1 salida de puerto displayport 1.4<\/td>\n<\/tr>\n<tr>\n<td>1 puerto hdmi admite hasta uhd 3840 x 2160 120hz frl, vrr segn lo especificado en hdmi2.1<\/td>\n<\/tr>\n<tr>\n<td>1 puerto ascendente thunderbolt 4 dp1.4 hdcp 2.2 con compatibilidad con dsc, pd: de hasta 140w epr, conmutacin de 2\/4 carriles<\/td>\n<\/tr>\n<tr>\n<td>1 puerto descendente thunderbolt 4 descendente, conexin en cadena, 15 w<\/td>\n<\/tr>\n<tr>\n<td>1 puerto de subida usb-c kvm usb de 10 gbps<\/td>\n<\/tr>\n<tr>\n<td>1 puerto de salida de lnea de audio analgico 2.0 conector de 3,5 mm<\/td>\n<\/tr>\n<tr>\n<td>4 puertos usb tipo a de 10 gbps<\/td>\n<\/tr>\n<tr>\n<td>1 puerto ethernet rj45, 2,5 gbe<\/td>\n<\/tr>\n<tr>\n<td>Puerto de acceso rpido:<\/td>\n<\/tr>\n<tr>\n<td>1 puerto usb tipo a de 10 gbps con bc 1.2<\/td>\n<\/tr>\n<tr>\n<td>2 puertos usb-c de bajada de 10 gbps<\/td>\n<\/tr>\n<\/table>\n","protected":false},"excerpt":{"rendered":"<p>Un monitor de 31,5 con el primer panel ips black mejorado del mundo con una relacin de contraste de 3000:1 y una mayor comodidad visual gracias a comfortview plus mejorado, un sensor de luz ambiental y una frecuencia de actualizacin de 120 hz. 3 aos de servicio de cambio por adelantado y garanta limitada de hardware. Upc: 884116484561<\/p>\n","protected":false},"featured_media":260018,"comment_status":"open","ping_status":"open","template":"","meta":[],"product_cat":[1741,1740],"product_tag":[1537],"acf":[],"yoast_head":"<!-- This site is optimized with the Yoast SEO plugin v21.7 - https:\/\/yoast.com\/wordpress\/plugins\/seo\/ -->\n<title>[ Dell ] &#129351; 210-bqhs Monitor Led U322qe Ultrasharp 31.5 Pulgadas 4k Uhd 3840 X 2160 | Dp, Hdmi, Thunderbolt, Usb-c, Usb-a, Rj45, 3.5 | -u3225qe<\/title>\n<meta name=\"description\" content=\"Compra 210-bqhs Monitor Led U322qe Ultrasharp 31.5 Pulgadas 4k Uhd 3840 X 2160 | Dp, Hdmi, Thunderbolt, Usb-c, Usb-a, Rj45, 3.5 | -u3225qe + Env\u00edo a domicilio + Pago seguro + Garant\u00eda\" \/>\n<meta name=\"robots\" content=\"index, follow, max-snippet:-1, max-image-preview:large, max-video-preview:-1\" \/>\n<link rel=\"canonical\" href=\"https:\/\/compuviper.mx\/tienda\/producto\/dell-210-bqhs-monitor-led-u322qe-ultrasharp-31-5-pulgadas-4k-uhd-3840-x-2160-dp-hdmi-thunderbolt-usb-c-usb-a-rj45-3-5-u3225qe\/\" \/>\n<meta property=\"og:locale\" content=\"es_MX\" \/>\n<meta property=\"og:type\" content=\"article\" \/>\n<meta property=\"og:title\" content=\"[ Dell ] &#129351; 210-bqhs Monitor Led U322qe Ultrasharp 31.5 Pulgadas 4k Uhd 3840 X 2160 | Dp, Hdmi, Thunderbolt, Usb-c, Usb-a, Rj45, 3.5 | -u3225qe\" \/>\n<meta property=\"og:description\" content=\"Compra 210-bqhs Monitor Led U322qe Ultrasharp 31.5 Pulgadas 4k Uhd 3840 X 2160 | Dp, Hdmi, Thunderbolt, Usb-c, Usb-a, Rj45, 3.5 | -u3225qe + Env\u00edo a domicilio + Pago seguro + Garant\u00eda\" \/>\n<meta property=\"og:url\" content=\"https:\/\/compuviper.mx\/tienda\/producto\/dell-210-bqhs-monitor-led-u322qe-ultrasharp-31-5-pulgadas-4k-uhd-3840-x-2160-dp-hdmi-thunderbolt-usb-c-usb-a-rj45-3-5-u3225qe\/\" \/>\n<meta property=\"og:site_name\" content=\"Compuviper\" \/>\n<meta property=\"article:publisher\" content=\"https:\/\/www.facebook.com\/compuviper\" \/>\n<meta property=\"article:modified_time\" content=\"2026-04-02T06:51:46+00:00\" \/>\n<meta property=\"og:image\" content=\"https:\/\/compuviper.mx\/tienda\/wp-content\/uploads\/2025\/10\/Monitor-dell-led-u322qe-ultrasharp-31.5-pulgadas-4k-uhd-3840-x-2160-dp-hdmi-thunderbolt-usb-c-usb-a-rj45-3.5-dell-u3225qe.jpg\" \/>\n\t<meta property=\"og:image:width\" content=\"200\" \/>\n\t<meta property=\"og:image:height\" content=\"200\" \/>\n\t<meta property=\"og:image:type\" content=\"image\/jpeg\" \/>\n<meta name=\"twitter:card\" content=\"summary_large_image\" \/>\n<meta name=\"twitter:label1\" content=\"Precio\" \/>\n\t<meta name=\"twitter:data1\" content=\"&#36;13,573 con IVA\" \/>\n\t<meta name=\"twitter:label2\" content=\"Availability\" \/>\n\t<meta name=\"twitter:data2\" content=\"On backorder\" \/>\n<script type=\"application\/ld+json\" class=\"yoast-schema-graph\">{\"@context\":\"https:\/\/schema.org\",\"@graph\":[{\"@type\":\"WebPage\",\"@id\":\"https:\/\/compuviper.mx\/tienda\/producto\/dell-210-bqhs-monitor-led-u322qe-ultrasharp-31-5-pulgadas-4k-uhd-3840-x-2160-dp-hdmi-thunderbolt-usb-c-usb-a-rj45-3-5-u3225qe\/\",\"url\":\"https:\/\/compuviper.mx\/tienda\/producto\/dell-210-bqhs-monitor-led-u322qe-ultrasharp-31-5-pulgadas-4k-uhd-3840-x-2160-dp-hdmi-thunderbolt-usb-c-usb-a-rj45-3-5-u3225qe\/\",\"name\":\"[ Dell ] &#129351; 210-bqhs Monitor Led U322qe Ultrasharp 31.5 Pulgadas 4k Uhd 3840 X 2160 | Dp, Hdmi, Thunderbolt, Usb-c, Usb-a, Rj45, 3.5 | -u3225qe\",\"isPartOf\":{\"@id\":\"https:\/\/compuviper.mx\/tienda\/#website\"},\"datePublished\":\"2026-04-02T06:51:45+00:00\",\"dateModified\":\"2026-04-02T06:51:46+00:00\",\"description\":\"Compra 210-bqhs Monitor Led U322qe Ultrasharp 31.5 Pulgadas 4k Uhd 3840 X 2160 | Dp, Hdmi, Thunderbolt, Usb-c, Usb-a, Rj45, 3.5 | -u3225qe + Env\u00edo a domicilio + Pago seguro + Garant\u00eda\",\"breadcrumb\":{\"@id\":\"https:\/\/compuviper.mx\/tienda\/producto\/dell-210-bqhs-monitor-led-u322qe-ultrasharp-31-5-pulgadas-4k-uhd-3840-x-2160-dp-hdmi-thunderbolt-usb-c-usb-a-rj45-3-5-u3225qe\/#breadcrumb\"},\"inLanguage\":\"es-MX\",\"potentialAction\":[{\"@type\":\"ReadAction\",\"target\":[\"https:\/\/compuviper.mx\/tienda\/producto\/dell-210-bqhs-monitor-led-u322qe-ultrasharp-31-5-pulgadas-4k-uhd-3840-x-2160-dp-hdmi-thunderbolt-usb-c-usb-a-rj45-3-5-u3225qe\/\"]}]},{\"@type\":\"BreadcrumbList\",\"@id\":\"https:\/\/compuviper.mx\/tienda\/producto\/dell-210-bqhs-monitor-led-u322qe-ultrasharp-31-5-pulgadas-4k-uhd-3840-x-2160-dp-hdmi-thunderbolt-usb-c-usb-a-rj45-3-5-u3225qe\/#breadcrumb\",\"itemListElement\":[{\"@type\":\"ListItem\",\"position\":1,\"name\":\"Inicio\",\"item\":\"https:\/\/compuviper.mx\/tienda\/\"},{\"@type\":\"ListItem\",\"position\":2,\"name\":\"Productos\",\"item\":\"https:\/\/compuviper.mx\/tienda\/productos\/\"},{\"@type\":\"ListItem\",\"position\":3,\"name\":\"Monitores\",\"item\":\"https:\/\/compuviper.mx\/tienda\/categoria-producto\/monitores\/\"},{\"@type\":\"ListItem\",\"position\":4,\"name\":\"Led\",\"item\":\"https:\/\/compuviper.mx\/tienda\/categoria-producto\/monitores\/led\/\"},{\"@type\":\"ListItem\",\"position\":5,\"name\":\"Dell 210-bqhs Monitor Led U322qe Ultrasharp 31.5 Pulgadas 4k Uhd 3840 X 2160 | Dp, Hdmi, Thunderbolt, Usb-c, Usb-a, Rj45, 3.5 | -u3225qe\"}]},{\"@type\":\"WebSite\",\"@id\":\"https:\/\/compuviper.mx\/tienda\/#website\",\"url\":\"https:\/\/compuviper.mx\/tienda\/\",\"name\":\"Compuviper\",\"description\":\"Proveedor de Computadoras, Laptops, Servidores, Monitores, Puntos de Venta, Teclados,   Impresoras, T\u00f3ner, C\u00e1maras de Seguridad y m\u00e1s en tu tienda en l\u00ednea\",\"publisher\":{\"@id\":\"https:\/\/compuviper.mx\/tienda\/#organization\"},\"potentialAction\":[{\"@type\":\"SearchAction\",\"target\":{\"@type\":\"EntryPoint\",\"urlTemplate\":\"https:\/\/compuviper.mx\/tienda\/?s={search_term_string}\"},\"query-input\":\"required name=search_term_string\"}],\"inLanguage\":\"es-MX\"},{\"@type\":\"Organization\",\"@id\":\"https:\/\/compuviper.mx\/tienda\/#organization\",\"name\":\"Compuviper\",\"url\":\"https:\/\/compuviper.mx\/tienda\/\",\"logo\":{\"@type\":\"ImageObject\",\"inLanguage\":\"es-MX\",\"@id\":\"https:\/\/compuviper.mx\/tienda\/#\/schema\/logo\/image\/\",\"url\":\"https:\/\/compuviper.mx\/tienda\/wp-content\/uploads\/2021\/08\/Logo-Compuviper-10.png\",\"contentUrl\":\"https:\/\/compuviper.mx\/tienda\/wp-content\/uploads\/2021\/08\/Logo-Compuviper-10.png\",\"width\":1000,\"height\":500,\"caption\":\"Compuviper\"},\"image\":{\"@id\":\"https:\/\/compuviper.mx\/tienda\/#\/schema\/logo\/image\/\"},\"sameAs\":[\"https:\/\/www.facebook.com\/compuviper\",\"https:\/\/www.youtube.com\/channel\/UCf73dERp9Y3cfOq7q8BhLjA?view_as=subscriber\"]}]}<\/script>\n<meta property=\"product:brand\" content=\"DELL\" \/>\n<meta property=\"product:price:amount\" content=\"13573\" \/>\n<meta property=\"product:price:currency\" content=\"MXN\" \/>\n<meta property=\"og:availability\" content=\"backorder\" \/>\n<meta property=\"product:availability\" content=\"available for order\" \/>\n<meta property=\"product:retailer_item_id\" content=\"210-BQHS\" \/>\n<meta property=\"product:condition\" content=\"new\" \/>\n<!-- \/ Yoast SEO plugin. -->","yoast_head_json":{"title":"[ Dell ] &#129351; 210-bqhs Monitor Led U322qe Ultrasharp 31.5 Pulgadas 4k Uhd 3840 X 2160 | Dp, Hdmi, Thunderbolt, Usb-c, Usb-a, Rj45, 3.5 | -u3225qe","description":"Compra 210-bqhs Monitor Led U322qe Ultrasharp 31.5 Pulgadas 4k Uhd 3840 X 2160 | Dp, Hdmi, Thunderbolt, Usb-c, Usb-a, Rj45, 3.5 | -u3225qe + Env\u00edo a domicilio + Pago seguro + Garant\u00eda","robots":{"index":"index","follow":"follow","max-snippet":"max-snippet:-1","max-image-preview":"max-image-preview:large","max-video-preview":"max-video-preview:-1"},"canonical":"https:\/\/compuviper.mx\/tienda\/producto\/dell-210-bqhs-monitor-led-u322qe-ultrasharp-31-5-pulgadas-4k-uhd-3840-x-2160-dp-hdmi-thunderbolt-usb-c-usb-a-rj45-3-5-u3225qe\/","og_locale":"es_MX","og_type":"article","og_title":"[ Dell ] &#129351; 210-bqhs Monitor Led U322qe Ultrasharp 31.5 Pulgadas 4k Uhd 3840 X 2160 | Dp, Hdmi, Thunderbolt, Usb-c, Usb-a, Rj45, 3.5 | -u3225qe","og_description":"Compra 210-bqhs Monitor Led U322qe Ultrasharp 31.5 Pulgadas 4k Uhd 3840 X 2160 | Dp, Hdmi, Thunderbolt, Usb-c, Usb-a, Rj45, 3.5 | -u3225qe + Env\u00edo a domicilio + Pago seguro + Garant\u00eda","og_url":"https:\/\/compuviper.mx\/tienda\/producto\/dell-210-bqhs-monitor-led-u322qe-ultrasharp-31-5-pulgadas-4k-uhd-3840-x-2160-dp-hdmi-thunderbolt-usb-c-usb-a-rj45-3-5-u3225qe\/","og_site_name":"Compuviper","article_publisher":"https:\/\/www.facebook.com\/compuviper","article_modified_time":"2026-04-02T06:51:46+00:00","og_image":[{"width":200,"height":200,"url":"https:\/\/compuviper.mx\/tienda\/wp-content\/uploads\/2025\/10\/Monitor-dell-led-u322qe-ultrasharp-31.5-pulgadas-4k-uhd-3840-x-2160-dp-hdmi-thunderbolt-usb-c-usb-a-rj45-3.5-dell-u3225qe.jpg","type":"image\/jpeg"}],"twitter_card":"summary_large_image","twitter_misc":{"Precio":"&#36;13,573 con IVA","Availability":"On backorder"},"schema":{"@context":"https:\/\/schema.org","@graph":[{"@type":"WebPage","@id":"https:\/\/compuviper.mx\/tienda\/producto\/dell-210-bqhs-monitor-led-u322qe-ultrasharp-31-5-pulgadas-4k-uhd-3840-x-2160-dp-hdmi-thunderbolt-usb-c-usb-a-rj45-3-5-u3225qe\/","url":"https:\/\/compuviper.mx\/tienda\/producto\/dell-210-bqhs-monitor-led-u322qe-ultrasharp-31-5-pulgadas-4k-uhd-3840-x-2160-dp-hdmi-thunderbolt-usb-c-usb-a-rj45-3-5-u3225qe\/","name":"[ Dell ] &#129351; 210-bqhs Monitor Led U322qe Ultrasharp 31.5 Pulgadas 4k Uhd 3840 X 2160 | Dp, Hdmi, Thunderbolt, Usb-c, Usb-a, Rj45, 3.5 | -u3225qe","isPartOf":{"@id":"https:\/\/compuviper.mx\/tienda\/#website"},"datePublished":"2026-04-02T06:51:45+00:00","dateModified":"2026-04-02T06:51:46+00:00","description":"Compra 210-bqhs Monitor Led U322qe Ultrasharp 31.5 Pulgadas 4k Uhd 3840 X 2160 | Dp, Hdmi, Thunderbolt, Usb-c, Usb-a, Rj45, 3.5 | -u3225qe + Env\u00edo a domicilio + Pago seguro + Garant\u00eda","breadcrumb":{"@id":"https:\/\/compuviper.mx\/tienda\/producto\/dell-210-bqhs-monitor-led-u322qe-ultrasharp-31-5-pulgadas-4k-uhd-3840-x-2160-dp-hdmi-thunderbolt-usb-c-usb-a-rj45-3-5-u3225qe\/#breadcrumb"},"inLanguage":"es-MX","potentialAction":[{"@type":"ReadAction","target":["https:\/\/compuviper.mx\/tienda\/producto\/dell-210-bqhs-monitor-led-u322qe-ultrasharp-31-5-pulgadas-4k-uhd-3840-x-2160-dp-hdmi-thunderbolt-usb-c-usb-a-rj45-3-5-u3225qe\/"]}]},{"@type":"BreadcrumbList","@id":"https:\/\/compuviper.mx\/tienda\/producto\/dell-210-bqhs-monitor-led-u322qe-ultrasharp-31-5-pulgadas-4k-uhd-3840-x-2160-dp-hdmi-thunderbolt-usb-c-usb-a-rj45-3-5-u3225qe\/#breadcrumb","itemListElement":[{"@type":"ListItem","position":1,"name":"Inicio","item":"https:\/\/compuviper.mx\/tienda\/"},{"@type":"ListItem","position":2,"name":"Productos","item":"https:\/\/compuviper.mx\/tienda\/productos\/"},{"@type":"ListItem","position":3,"name":"Monitores","item":"https:\/\/compuviper.mx\/tienda\/categoria-producto\/monitores\/"},{"@type":"ListItem","position":4,"name":"Led","item":"https:\/\/compuviper.mx\/tienda\/categoria-producto\/monitores\/led\/"},{"@type":"ListItem","position":5,"name":"Dell 210-bqhs Monitor Led U322qe Ultrasharp 31.5 Pulgadas 4k Uhd 3840 X 2160 | Dp, Hdmi, Thunderbolt, Usb-c, Usb-a, Rj45, 3.5 | -u3225qe"}]},{"@type":"WebSite","@id":"https:\/\/compuviper.mx\/tienda\/#website","url":"https:\/\/compuviper.mx\/tienda\/","name":"Compuviper","description":"Proveedor de Computadoras, Laptops, Servidores, Monitores, Puntos de Venta, Teclados,   Impresoras, T\u00f3ner, C\u00e1maras de Seguridad y m\u00e1s en tu tienda en l\u00ednea","publisher":{"@id":"https:\/\/compuviper.mx\/tienda\/#organization"},"potentialAction":[{"@type":"SearchAction","target":{"@type":"EntryPoint","urlTemplate":"https:\/\/compuviper.mx\/tienda\/?s={search_term_string}"},"query-input":"required name=search_term_string"}],"inLanguage":"es-MX"},{"@type":"Organization","@id":"https:\/\/compuviper.mx\/tienda\/#organization","name":"Compuviper","url":"https:\/\/compuviper.mx\/tienda\/","logo":{"@type":"ImageObject","inLanguage":"es-MX","@id":"https:\/\/compuviper.mx\/tienda\/#\/schema\/logo\/image\/","url":"https:\/\/compuviper.mx\/tienda\/wp-content\/uploads\/2021\/08\/Logo-Compuviper-10.png","contentUrl":"https:\/\/compuviper.mx\/tienda\/wp-content\/uploads\/2021\/08\/Logo-Compuviper-10.png","width":1000,"height":500,"caption":"Compuviper"},"image":{"@id":"https:\/\/compuviper.mx\/tienda\/#\/schema\/logo\/image\/"},"sameAs":["https:\/\/www.facebook.com\/compuviper","https:\/\/www.youtube.com\/channel\/UCf73dERp9Y3cfOq7q8BhLjA?view_as=subscriber"]}]},"product_brand":"DELL","product_price_amount":"13573","product_price_currency":"MXN","og_availability":"backorder","product_availability":"available for order","product_retailer_item_id":"210-BQHS","product_condition":"new"},"_links":{"self":[{"href":"https:\/\/compuviper.mx\/tienda\/wp-json\/wp\/v2\/product\/257698"}],"collection":[{"href":"https:\/\/compuviper.mx\/tienda\/wp-json\/wp\/v2\/product"}],"about":[{"href":"https:\/\/compuviper.mx\/tienda\/wp-json\/wp\/v2\/types\/product"}],"replies":[{"embeddable":true,"href":"https:\/\/compuviper.mx\/tienda\/wp-json\/wp\/v2\/comments?post=257698"}],"wp:featuredmedia":[{"embeddable":true,"href":"https:\/\/compuviper.mx\/tienda\/wp-json\/wp\/v2\/media\/260018"}],"wp:attachment":[{"href":"https:\/\/compuviper.mx\/tienda\/wp-json\/wp\/v2\/media?parent=257698"}],"wp:term":[{"taxonomy":"product_cat","embeddable":true,"href":"https:\/\/compuviper.mx\/tienda\/wp-json\/wp\/v2\/product_cat?post=257698"},{"taxonomy":"product_tag","embeddable":true,"href":"https:\/\/compuviper.mx\/tienda\/wp-json\/wp\/v2\/product_tag?post=257698"}],"curies":[{"name":"wp","href":"https:\/\/api.w.org\/{rel}","templated":true}]}}